Build Information
Failed to build PerfectLib, reference 4.0.1 (859e69), with Swift 6.4 for watchOS using Xcode 27.0 on 17 Sep 2026 13:51:47 UTC.
Build Command
env DEVELOPER_DIR=/Applications/Xcode-27.0.0-Release.Candidate.app xcrun xcodebuild -IDEClonedSourcePackagesDirPathOverride=$PWD/.dependencies -skipMacroValidation -skipPackagePluginValidation -derivedDataPath $PWD/.derivedData build -scheme PerfectLib -destination generic/platform=watchOSBuild Log
========================================
RunAll
========================================
Builder version: 5.1.0
Interrupt handler set up.
========================================
Checkout
========================================
Clone URL: https://github.com/perfectlysoft/perfect.git
Reference: 4.0.1
Initialized empty Git repository in /Users/admin/builder/spi-builder-workspace/.git/
From https://github.com/perfectlysoft/perfect
* tag 4.0.1 -> FETCH_HEAD
HEAD is now at 859e696 Merge pull request #301 from omrd/master
Cloned https://github.com/perfectlysoft/perfect.git
Revision (git rev-parse @):
859e696457fa91a9f998ad94080632f20b47fe58
SUCCESS checkout https://github.com/perfectlysoft/perfect.git at 4.0.1
========================================
Build
========================================
Selected platform: watchOS
Swift version: 6.4
Building package at path: $PWD
https://github.com/perfectlysoft/perfect.git
Command line invocation:
/Applications/Xcode-27.0.0-Release.Candidate.app/Contents/Developer/usr/bin/xcodebuild -IDEClonedSourcePackagesDirPathOverride=/Users/admin/builder/spi-builder-workspace/.dependencies -resolvePackageDependencies
Resolve Package Graph
Resolve Package Graph
Resolved source packages:
PerfectLib: /Users/admin/builder/spi-builder-workspace
resolved source packages: PerfectLib
2026-09-17 09:50:56.239 xcodebuild[529:3015] [MT] IDERunDestination: Supported platforms for the buildables in the current scheme is empty.
{
"dependencies" : [
],
"manifest_display_name" : "PerfectLib",
"name" : "PerfectLib",
"path" : "/Users/admin/builder/spi-builder-workspace",
"platforms" : [
{
"name" : "macos",
"version" : "10.15"
}
],
"products" : [
{
"name" : "PerfectLib",
"targets" : [
"PerfectLib"
],
"type" : {
"library" : [
"automatic"
]
}
}
],
"targets" : [
{
"c99name" : "PerfectLibTests",
"module_type" : "SwiftTarget",
"name" : "PerfectLibTests",
"path" : "Tests/PerfectLibTests",
"sources" : [
"PerfectLibTests.swift",
"XCTestManifests.swift"
],
"target_dependencies" : [
"PerfectLib"
],
"type" : "test"
},
{
"c99name" : "PerfectLib",
"module_type" : "SwiftTarget",
"name" : "PerfectLib",
"path" : "Sources/PerfectLib",
"product_memberships" : [
"PerfectLib"
],
"sources" : [
"Bytes.swift",
"Dir.swift",
"File.swift",
"JSONConvertible.swift",
"Log.swift",
"PerfectError.swift",
"PerfectServer.swift",
"SysProcess.swift",
"Utilities.swift"
],
"type" : "library"
}
],
"tools_version" : "5.1"
}
{
"workspace" : {
"name" : "PerfectLib",
"schemes" : [
"PerfectLib"
]
}
}
2026-09-17 09:51:37.690 xcodebuild[647:4131] [MT] IDERunDestination: Supported platforms for the buildables in the current scheme is empty.
Running build ...
env DEVELOPER_DIR=/Applications/Xcode-27.0.0-Release.Candidate.app xcrun xcodebuild -IDEClonedSourcePackagesDirPathOverride=$PWD/.dependencies -skipMacroValidation -skipPackagePluginValidation -derivedDataPath $PWD/.derivedData build -scheme PerfectLib -destination generic/platform=watchOS
Command line invocation:
/Applications/Xcode-27.0.0-Release.Candidate.app/Contents/Developer/usr/bin/xcodebuild -IDEClonedSourcePackagesDirPathOverride=/Users/admin/builder/spi-builder-workspace/.dependencies -skipMacroValidation -skipPackagePluginValidation -derivedDataPath /Users/admin/builder/spi-builder-workspace/.derivedData build -scheme PerfectLib -destination generic/platform=watchOS
Resolve Package Graph
Resolved source packages:
PerfectLib: /Users/admin/builder/spi-builder-workspace
ComputePackagePrebuildTargetDependencyGraph
Prepare packages
CreateBuildRequest
SendProjectDescription
CreateBuildOperation
ComputeTargetDependencyGraph
note: Building targets in dependency order
note: Target dependency graph (2 targets)
Target 'PerfectLib-product' in project 'PerfectLib'
➜ Explicit dependency on target 'PerfectLib' in project 'PerfectLib'
Target 'PerfectLib' in project 'PerfectLib' (no dependencies)
GatherProvisioningInputs
CreateBuildDescription
ExecuteExternalTool /Applications/Xcode-27.0.0-Release.Candidate.app/Contents/Developer/Toolchains/XcodeDefault.xctoolchain/usr/bin/clang -v -E -dM -isysroot /Applications/Xcode-27.0.0-Release.Candidate.app/Contents/Developer/Platforms/WatchOS.platform/Developer/SDKs/WatchOS27.0.sdk -x c -c /dev/null
ExecuteExternalTool /Applications/Xcode-27.0.0-Release.Candidate.app/Contents/Developer/Toolchains/XcodeDefault.xctoolchain/usr/bin/swiftc --version
ExecuteExternalTool /Applications/Xcode-27.0.0-Release.Candidate.app/Contents/Developer/Toolchains/XcodeDefault.xctoolchain/usr/bin/ld -version_details
Build description signature: c20647e9ba12eb0e5409c3296b301c99
Build description path: /Users/admin/builder/spi-builder-workspace/.derivedData/Build/Intermediates.noindex/XCBuildData/c20647e9ba12eb0e5409c3296b301c99.xcbuilddata
CreateBuildDirectory /Users/admin/builder/spi-builder-workspace/.derivedData/ModuleCache.noindex
cd /Users/admin/builder/spi-builder-workspace/.swiftpm/xcode
builtin-create-build-directory /Users/admin/builder/spi-builder-workspace/.derivedData/ModuleCache.noindex
CreateBuildDirectory /Users/admin/builder/spi-builder-workspace/.derivedData/SDKExplicitPrecompiledModules
cd /Users/admin/builder/spi-builder-workspace/.swiftpm/xcode
builtin-create-build-directory /Users/admin/builder/spi-builder-workspace/.derivedData/SDKExplicitPrecompiledModules
CreateBuildDirectory /Users/admin/builder/spi-builder-workspace/.derivedData/CompilationCache.noindex
cd /Users/admin/builder/spi-builder-workspace/.swiftpm/xcode
builtin-create-build-directory /Users/admin/builder/spi-builder-workspace/.derivedData/CompilationCache.noindex
CreateBuildDirectory /Users/admin/builder/spi-builder-workspace/.derivedData/Build/Products
cd /Users/admin/builder/spi-builder-workspace/.swiftpm/xcode
builtin-create-build-directory /Users/admin/builder/spi-builder-workspace/.derivedData/Build/Products
ClangStatCache /Applications/Xcode-27.0.0-Release.Candidate.app/Contents/Developer/Toolchains/XcodeDefault.xctoolchain/usr/bin/clang-stat-cache /Applications/Xcode-27.0.0-Release.Candidate.app/Contents/Developer/Platforms/WatchOS.platform/Developer/SDKs/WatchOS27.0.sdk /Users/admin/builder/spi-builder-workspace/.derivedData/SDKStatCaches.noindex/watchos27.0-24R360-e829b21a6f8c9b70876ba0858053c04477534ef55a1706bf4c1112bbb242f0a2.sdkstatcache
cd /Users/admin/builder/spi-builder-workspace/.swiftpm/xcode
/Applications/Xcode-27.0.0-Release.Candidate.app/Contents/Developer/Toolchains/XcodeDefault.xctoolchain/usr/bin/clang-stat-cache /Applications/Xcode-27.0.0-Release.Candidate.app/Contents/Developer/Platforms/WatchOS.platform/Developer/SDKs/WatchOS27.0.sdk -o /Users/admin/builder/spi-builder-workspace/.derivedData/SDKStatCaches.noindex/watchos27.0-24R360-e829b21a6f8c9b70876ba0858053c04477534ef55a1706bf4c1112bbb242f0a2.sdkstatcache
CreateBuildDirectory /Users/admin/builder/spi-builder-workspace/.derivedData/Build/Intermediates.noindex
cd /Users/admin/builder/spi-builder-workspace/.swiftpm/xcode
builtin-create-build-directory /Users/admin/builder/spi-builder-workspace/.derivedData/Build/Intermediates.noindex
CreateBuildDirectory /Users/admin/builder/spi-builder-workspace/.derivedData/Build/Intermediates.noindex/PrecompiledHeaders
cd /Users/admin/builder/spi-builder-workspace/.swiftpm/xcode
builtin-create-build-directory /Users/admin/builder/spi-builder-workspace/.derivedData/Build/Intermediates.noindex/PrecompiledHeaders
CreateBuildDirectory /Users/admin/builder/spi-builder-workspace/.derivedData/Build/Intermediates.noindex/ExplicitPrecompiledModules
cd /Users/admin/builder/spi-builder-workspace/.swiftpm/xcode
builtin-create-build-directory /Users/admin/builder/spi-builder-workspace/.derivedData/Build/Intermediates.noindex/ExplicitPrecompiledModules
CreateBuildDirectory /Users/admin/builder/spi-builder-workspace/.derivedData/Build/Intermediates.noindex/SwiftExplicitPrecompiledModules
cd /Users/admin/builder/spi-builder-workspace/.swiftpm/xcode
builtin-create-build-directory /Users/admin/builder/spi-builder-workspace/.derivedData/Build/Intermediates.noindex/SwiftExplicitPrecompiledModules
CreateBuildDirectory /Users/admin/builder/spi-builder-workspace/.derivedData/Build/Intermediates.noindex/EagerLinkingTBDs/Debug-watchos
cd /Users/admin/builder/spi-builder-workspace/.swiftpm/xcode
builtin-create-build-directory /Users/admin/builder/spi-builder-workspace/.derivedData/Build/Intermediates.noindex/EagerLinkingTBDs/Debug-watchos
CreateBuildDirectory /Users/admin/builder/spi-builder-workspace/.derivedData/Build/Products/Debug-watchos
cd /Users/admin/builder/spi-builder-workspace/.swiftpm/xcode
builtin-create-build-directory /Users/admin/builder/spi-builder-workspace/.derivedData/Build/Products/Debug-watchos
CreateBuildDirectory /Users/admin/builder/spi-builder-workspace/.derivedData/Build/Products/Debug-watchos/PackageFrameworks
cd /Users/admin/builder/spi-builder-workspace/.swiftpm/xcode
builtin-create-build-directory /Users/admin/builder/spi-builder-workspace/.derivedData/Build/Products/Debug-watchos/PackageFrameworks
WriteAuxiliaryFile /Users/admin/builder/spi-builder-workspace/.derivedData/Build/Intermediates.noindex/PerfectLib.build/Debug-watchos/PerfectLib-t.build/PerfectLib.modulemap (in target 'PerfectLib' from project 'PerfectLib')
cd /Users/admin/builder/spi-builder-workspace
write-file /Users/admin/builder/spi-builder-workspace/.derivedData/Build/Intermediates.noindex/PerfectLib.build/Debug-watchos/PerfectLib-t.build/PerfectLib.modulemap
WriteAuxiliaryFile /Users/admin/builder/spi-builder-workspace/.derivedData/Build/Intermediates.noindex/PerfectLib.build/Debug-watchos/PerfectLib-t.build/PerfectLib.DependencyStaticMetadataFileList (in target 'PerfectLib' from project 'PerfectLib')
cd /Users/admin/builder/spi-builder-workspace
write-file /Users/admin/builder/spi-builder-workspace/.derivedData/Build/Intermediates.noindex/PerfectLib.build/Debug-watchos/PerfectLib-t.build/PerfectLib.DependencyStaticMetadataFileList
WriteAuxiliaryFile /Users/admin/builder/spi-builder-workspace/.derivedData/Build/Intermediates.noindex/PerfectLib.build/Debug-watchos/PerfectLib-t.build/PerfectLib.DependencyMetadataFileList (in target 'PerfectLib' from project 'PerfectLib')
cd /Users/admin/builder/spi-builder-workspace
write-file /Users/admin/builder/spi-builder-workspace/.derivedData/Build/Intermediates.noindex/PerfectLib.build/Debug-watchos/PerfectLib-t.build/PerfectLib.DependencyMetadataFileList
WriteAuxiliaryFile /Users/admin/builder/spi-builder-workspace/.derivedData/Build/Intermediates.noindex/PerfectLib.build/Debug-watchos/PerfectLib-t.build/Objects-normal/arm64_32/PerfectLib-OutputFileMap.json (in target 'PerfectLib' from project 'PerfectLib')
cd /Users/admin/builder/spi-builder-workspace
write-file /Users/admin/builder/spi-builder-workspace/.derivedData/Build/Intermediates.noindex/PerfectLib.build/Debug-watchos/PerfectLib-t.build/Objects-normal/arm64_32/PerfectLib-OutputFileMap.json
WriteAuxiliaryFile /Users/admin/builder/spi-builder-workspace/.derivedData/Build/Intermediates.noindex/PerfectLib.build/Debug-watchos/PerfectLib-t.build/Objects-normal/arm64_32/PerfectLib_const_extract_protocols.json (in target 'PerfectLib' from project 'PerfectLib')
cd /Users/admin/builder/spi-builder-workspace
write-file /Users/admin/builder/spi-builder-workspace/.derivedData/Build/Intermediates.noindex/PerfectLib.build/Debug-watchos/PerfectLib-t.build/Objects-normal/arm64_32/PerfectLib_const_extract_protocols.json
WriteAuxiliaryFile /Users/admin/builder/spi-builder-workspace/.derivedData/Build/Intermediates.noindex/PerfectLib.build/Debug-watchos/PerfectLib-t.build/Objects-normal/arm64_32/PerfectLib.SwiftConstValuesFileList (in target 'PerfectLib' from project 'PerfectLib')
cd /Users/admin/builder/spi-builder-workspace
write-file /Users/admin/builder/spi-builder-workspace/.derivedData/Build/Intermediates.noindex/PerfectLib.build/Debug-watchos/PerfectLib-t.build/Objects-normal/arm64_32/PerfectLib.SwiftConstValuesFileList
WriteAuxiliaryFile /Users/admin/builder/spi-builder-workspace/.derivedData/Build/Intermediates.noindex/PerfectLib.build/Debug-watchos/PerfectLib-t.build/Objects-normal/arm64_32/PerfectLib.SwiftFileList (in target 'PerfectLib' from project 'PerfectLib')
cd /Users/admin/builder/spi-builder-workspace
write-file /Users/admin/builder/spi-builder-workspace/.derivedData/Build/Intermediates.noindex/PerfectLib.build/Debug-watchos/PerfectLib-t.build/Objects-normal/arm64_32/PerfectLib.SwiftFileList
WriteAuxiliaryFile /Users/admin/builder/spi-builder-workspace/.derivedData/Build/Intermediates.noindex/PerfectLib.build/Debug-watchos/PerfectLib-t.build/Objects-normal/arm64/PerfectLib_const_extract_protocols.json (in target 'PerfectLib' from project 'PerfectLib')
cd /Users/admin/builder/spi-builder-workspace
write-file /Users/admin/builder/spi-builder-workspace/.derivedData/Build/Intermediates.noindex/PerfectLib.build/Debug-watchos/PerfectLib-t.build/Objects-normal/arm64/PerfectLib_const_extract_protocols.json
WriteAuxiliaryFile /Users/admin/builder/spi-builder-workspace/.derivedData/Build/Intermediates.noindex/PerfectLib.build/Debug-watchos/PerfectLib-t.build/Objects-normal/arm64_32/PerfectLib.LinkFileList (in target 'PerfectLib' from project 'PerfectLib')
cd /Users/admin/builder/spi-builder-workspace
write-file /Users/admin/builder/spi-builder-workspace/.derivedData/Build/Intermediates.noindex/PerfectLib.build/Debug-watchos/PerfectLib-t.build/Objects-normal/arm64_32/PerfectLib.LinkFileList
WriteAuxiliaryFile /Users/admin/builder/spi-builder-workspace/.derivedData/Build/Intermediates.noindex/PerfectLib.build/Debug-watchos/PerfectLib-t.build/Objects-normal/arm64/PerfectLib.SwiftFileList (in target 'PerfectLib' from project 'PerfectLib')
cd /Users/admin/builder/spi-builder-workspace
write-file /Users/admin/builder/spi-builder-workspace/.derivedData/Build/Intermediates.noindex/PerfectLib.build/Debug-watchos/PerfectLib-t.build/Objects-normal/arm64/PerfectLib.SwiftFileList
WriteAuxiliaryFile /Users/admin/builder/spi-builder-workspace/.derivedData/Build/Intermediates.noindex/PerfectLib.build/Debug-watchos/PerfectLib-t.build/Objects-normal/arm64/PerfectLib.SwiftConstValuesFileList (in target 'PerfectLib' from project 'PerfectLib')
cd /Users/admin/builder/spi-builder-workspace
write-file /Users/admin/builder/spi-builder-workspace/.derivedData/Build/Intermediates.noindex/PerfectLib.build/Debug-watchos/PerfectLib-t.build/Objects-normal/arm64/PerfectLib.SwiftConstValuesFileList
WriteAuxiliaryFile /Users/admin/builder/spi-builder-workspace/.derivedData/Build/Intermediates.noindex/PerfectLib.build/Debug-watchos/PerfectLib-t.build/Objects-normal/arm64/PerfectLib.LinkFileList (in target 'PerfectLib' from project 'PerfectLib')
cd /Users/admin/builder/spi-builder-workspace
write-file /Users/admin/builder/spi-builder-workspace/.derivedData/Build/Intermediates.noindex/PerfectLib.build/Debug-watchos/PerfectLib-t.build/Objects-normal/arm64/PerfectLib.LinkFileList
WriteAuxiliaryFile /Users/admin/builder/spi-builder-workspace/.derivedData/Build/Intermediates.noindex/PerfectLib.build/Debug-watchos/PerfectLib-t.build/Objects-normal/arm64/PerfectLib-OutputFileMap.json (in target 'PerfectLib' from project 'PerfectLib')
cd /Users/admin/builder/spi-builder-workspace
write-file /Users/admin/builder/spi-builder-workspace/.derivedData/Build/Intermediates.noindex/PerfectLib.build/Debug-watchos/PerfectLib-t.build/Objects-normal/arm64/PerfectLib-OutputFileMap.json
Copy /Users/admin/builder/spi-builder-workspace/.derivedData/Build/Intermediates.noindex/GeneratedModuleMaps-watchos/PerfectLib.modulemap /Users/admin/builder/spi-builder-workspace/.derivedData/Build/Intermediates.noindex/PerfectLib.build/Debug-watchos/PerfectLib-t.build/PerfectLib.modulemap (in target 'PerfectLib' from project 'PerfectLib')
cd /Users/admin/builder/spi-builder-workspace
builtin-copy -exclude .DS_Store -exclude CVS -exclude .svn -exclude .git -exclude .hg -resolve-src-symlinks /Users/admin/builder/spi-builder-workspace/.derivedData/Build/Intermediates.noindex/PerfectLib.build/Debug-watchos/PerfectLib-t.build/PerfectLib.modulemap /Users/admin/builder/spi-builder-workspace/.derivedData/Build/Intermediates.noindex/GeneratedModuleMaps-watchos
SwiftDriver PerfectLib normal arm64_32 com.apple.xcode.tools.swift.compiler (in target 'PerfectLib' from project 'PerfectLib')
cd /Users/admin/builder/spi-builder-workspace/.swiftpm/xcode
builtin-SwiftDriver -- /Applications/Xcode-27.0.0-Release.Candidate.app/Contents/Developer/Toolchains/XcodeDefault.xctoolchain/usr/bin/swiftc -parse-as-library -module-name PerfectLib -Onone @/Users/admin/builder/spi-builder-workspace/.derivedData/Build/Intermediates.noindex/PerfectLib.build/Debug-watchos/PerfectLib-t.build/Objects-normal/arm64_32/PerfectLib.SwiftFileList -DSWIFT_PACKAGE -DDEBUG -DSWIFT_MODULE_RESOURCE_BUNDLE_UNAVAILABLE -DXcode -plugin-path /Applications/Xcode-27.0.0-Release.Candidate.app/Contents/Developer/Toolchains/XcodeDefault.xctoolchain/usr/lib/swift/host/plugins/testing -enable-experimental-feature DebugDescriptionMacro -sdk /Applications/Xcode-27.0.0-Release.Candidate.app/Contents/Developer/Platforms/WatchOS.platform/Developer/SDKs/WatchOS27.0.sdk -target arm64_32-apple-watchos9.0 -g -module-cache-path /Users/admin/builder/spi-builder-workspace/.derivedData/ModuleCache.noindex -Xfrontend -serialize-debugging-options -profile-coverage-mapping -profile-generate -enable-testing -index-store-path /Users/admin/builder/spi-builder-workspace/.derivedData/Index.noindex/DataStore -Xcc -D_LIBCPP_HARDENING_MODE\=_LIBCPP_HARDENING_MODE_DEBUG -swift-version 5 -I /Users/admin/builder/spi-builder-workspace/.derivedData/Build/Products/Debug-watchos -Isystem /Applications/Xcode-27.0.0-Release.Candidate.app/Contents/Developer/Platforms/WatchOS.platform/Developer/usr/lib -F /Users/admin/builder/spi-builder-workspace/.derivedData/Build/Products/Debug-watchos -F /Applications/Xcode-27.0.0-Release.Candidate.app/Contents/Developer/Platforms/WatchOS.platform/Developer/Library/Frameworks -F /Applications/Xcode-27.0.0-Release.Candidate.app/Contents/Developer/Platforms/WatchOS.platform/Developer/SDKs/WatchOS27.0.sdk/Developer/Library/Frameworks -c -j10 -enable-batch-mode -incremental -Xcc -ivfsstatcache -Xcc /Users/admin/builder/spi-builder-workspace/.derivedData/SDKStatCaches.noindex/watchos27.0-24R360-e829b21a6f8c9b70876ba0858053c04477534ef55a1706bf4c1112bbb242f0a2.sdkstatcache -output-file-map /Users/admin/builder/spi-builder-workspace/.derivedData/Build/Intermediates.noindex/PerfectLib.build/Debug-watchos/PerfectLib-t.build/Objects-normal/arm64_32/PerfectLib-OutputFileMap.json -save-temps -no-color-diagnostics -explicit-module-build -module-cache-path /Users/admin/builder/spi-builder-workspace/.derivedData/Build/Intermediates.noindex/SwiftExplicitPrecompiledModules -clang-scanner-module-cache-path /Users/admin/builder/spi-builder-workspace/.derivedData/ModuleCache.noindex -sdk-module-cache-path /Users/admin/builder/spi-builder-workspace/.derivedData/SDKExplicitPrecompiledModules -emit-dependencies -emit-module -emit-module-path /Users/admin/builder/spi-builder-workspace/.derivedData/Build/Intermediates.noindex/PerfectLib.build/Debug-watchos/PerfectLib-t.build/Objects-normal/arm64_32/PerfectLib.swiftmodule -serialize-diagnostics -dependency-scan-serialize-diagnostics-path /Users/admin/builder/spi-builder-workspace/.derivedData/Build/Intermediates.noindex/PerfectLib.build/Debug-watchos/PerfectLib-t.build/Objects-normal/arm64_32/PerfectLib-dependency-scan.dia -validate-clang-modules-once -clang-build-session-file /Users/admin/builder/spi-builder-workspace/.derivedData/ModuleCache.noindex/Session.modulevalidation -Xcc -fmodules-prune-interval\=86400 -Xcc -fmodules-prune-after\=345600 -emit-const-values -const-gather-protocols-list /Users/admin/builder/spi-builder-workspace/.derivedData/Build/Intermediates.noindex/PerfectLib.build/Debug-watchos/PerfectLib-t.build/Objects-normal/arm64_32/PerfectLib_const_extract_protocols.json -Xcc -I/Users/admin/builder/spi-builder-workspace/.derivedData/Build/Products/Debug-watchos/include -Xcc -I/Users/admin/builder/spi-builder-workspace/.derivedData/Build/Intermediates.noindex/PerfectLib.build/Debug-watchos/PerfectLib-t.build/DerivedSources-normal/arm64_32 -Xcc -I/Users/admin/builder/spi-builder-workspace/.derivedData/Build/Intermediates.noindex/PerfectLib.build/Debug-watchos/PerfectLib-t.build/DerivedSources/arm64_32 -Xcc -I/Users/admin/builder/spi-builder-workspace/.derivedData/Build/Intermediates.noindex/PerfectLib.build/Debug-watchos/PerfectLib-t.build/DerivedSources -Xcc -DSWIFT_PACKAGE -Xcc -DDEBUG\=1 -emit-objc-header -emit-objc-header-path /Users/admin/builder/spi-builder-workspace/.derivedData/Build/Intermediates.noindex/PerfectLib.build/Debug-watchos/PerfectLib-t.build/Objects-normal/arm64_32/PerfectLib-Swift.h -working-directory /Users/admin/builder/spi-builder-workspace/.swiftpm/xcode -experimental-emit-module-separately -disable-cmo
SwiftDriver PerfectLib normal arm64 com.apple.xcode.tools.swift.compiler (in target 'PerfectLib' from project 'PerfectLib')
cd /Users/admin/builder/spi-builder-workspace/.swiftpm/xcode
builtin-SwiftDriver -- /Applications/Xcode-27.0.0-Release.Candidate.app/Contents/Developer/Toolchains/XcodeDefault.xctoolchain/usr/bin/swiftc -parse-as-library -module-name PerfectLib -Onone @/Users/admin/builder/spi-builder-workspace/.derivedData/Build/Intermediates.noindex/PerfectLib.build/Debug-watchos/PerfectLib-t.build/Objects-normal/arm64/PerfectLib.SwiftFileList -DSWIFT_PACKAGE -DDEBUG -DSWIFT_MODULE_RESOURCE_BUNDLE_UNAVAILABLE -DXcode -plugin-path /Applications/Xcode-27.0.0-Release.Candidate.app/Contents/Developer/Toolchains/XcodeDefault.xctoolchain/usr/lib/swift/host/plugins/testing -enable-experimental-feature DebugDescriptionMacro -sdk /Applications/Xcode-27.0.0-Release.Candidate.app/Contents/Developer/Platforms/WatchOS.platform/Developer/SDKs/WatchOS27.0.sdk -target arm64-apple-watchos9.0 -g -module-cache-path /Users/admin/builder/spi-builder-workspace/.derivedData/ModuleCache.noindex -Xfrontend -serialize-debugging-options -profile-coverage-mapping -profile-generate -enable-testing -index-store-path /Users/admin/builder/spi-builder-workspace/.derivedData/Index.noindex/DataStore -Xcc -D_LIBCPP_HARDENING_MODE\=_LIBCPP_HARDENING_MODE_DEBUG -swift-version 5 -I /Users/admin/builder/spi-builder-workspace/.derivedData/Build/Products/Debug-watchos -Isystem /Applications/Xcode-27.0.0-Release.Candidate.app/Contents/Developer/Platforms/WatchOS.platform/Developer/usr/lib -F /Users/admin/builder/spi-builder-workspace/.derivedData/Build/Products/Debug-watchos -F /Applications/Xcode-27.0.0-Release.Candidate.app/Contents/Developer/Platforms/WatchOS.platform/Developer/Library/Frameworks -F /Applications/Xcode-27.0.0-Release.Candidate.app/Contents/Developer/Platforms/WatchOS.platform/Developer/SDKs/WatchOS27.0.sdk/Developer/Library/Frameworks -c -j10 -enable-batch-mode -incremental -Xcc -ivfsstatcache -Xcc /Users/admin/builder/spi-builder-workspace/.derivedData/SDKStatCaches.noindex/watchos27.0-24R360-e829b21a6f8c9b70876ba0858053c04477534ef55a1706bf4c1112bbb242f0a2.sdkstatcache -output-file-map /Users/admin/builder/spi-builder-workspace/.derivedData/Build/Intermediates.noindex/PerfectLib.build/Debug-watchos/PerfectLib-t.build/Objects-normal/arm64/PerfectLib-OutputFileMap.json -save-temps -no-color-diagnostics -explicit-module-build -module-cache-path /Users/admin/builder/spi-builder-workspace/.derivedData/Build/Intermediates.noindex/SwiftExplicitPrecompiledModules -clang-scanner-module-cache-path /Users/admin/builder/spi-builder-workspace/.derivedData/ModuleCache.noindex -sdk-module-cache-path /Users/admin/builder/spi-builder-workspace/.derivedData/SDKExplicitPrecompiledModules -emit-dependencies -emit-module -emit-module-path /Users/admin/builder/spi-builder-workspace/.derivedData/Build/Intermediates.noindex/PerfectLib.build/Debug-watchos/PerfectLib-t.build/Objects-normal/arm64/PerfectLib.swiftmodule -serialize-diagnostics -dependency-scan-serialize-diagnostics-path /Users/admin/builder/spi-builder-workspace/.derivedData/Build/Intermediates.noindex/PerfectLib.build/Debug-watchos/PerfectLib-t.build/Objects-normal/arm64/PerfectLib-dependency-scan.dia -validate-clang-modules-once -clang-build-session-file /Users/admin/builder/spi-builder-workspace/.derivedData/ModuleCache.noindex/Session.modulevalidation -Xcc -fmodules-prune-interval\=86400 -Xcc -fmodules-prune-after\=345600 -emit-const-values -const-gather-protocols-list /Users/admin/builder/spi-builder-workspace/.derivedData/Build/Intermediates.noindex/PerfectLib.build/Debug-watchos/PerfectLib-t.build/Objects-normal/arm64/PerfectLib_const_extract_protocols.json -Xcc -I/Users/admin/builder/spi-builder-workspace/.derivedData/Build/Products/Debug-watchos/include -Xcc -I/Users/admin/builder/spi-builder-workspace/.derivedData/Build/Intermediates.noindex/PerfectLib.build/Debug-watchos/PerfectLib-t.build/DerivedSources-normal/arm64 -Xcc -I/Users/admin/builder/spi-builder-workspace/.derivedData/Build/Intermediates.noindex/PerfectLib.build/Debug-watchos/PerfectLib-t.build/DerivedSources/arm64 -Xcc -I/Users/admin/builder/spi-builder-workspace/.derivedData/Build/Intermediates.noindex/PerfectLib.build/Debug-watchos/PerfectLib-t.build/DerivedSources -Xcc -DSWIFT_PACKAGE -Xcc -DDEBUG\=1 -emit-objc-header -emit-objc-header-path /Users/admin/builder/spi-builder-workspace/.derivedData/Build/Intermediates.noindex/PerfectLib.build/Debug-watchos/PerfectLib-t.build/Objects-normal/arm64/PerfectLib-Swift.h -working-directory /Users/admin/builder/spi-builder-workspace/.swiftpm/xcode -experimental-emit-module-separately -disable-cmo
SwiftExplicitDependencyGeneratePcm arm64 /Users/admin/builder/spi-builder-workspace/.derivedData/SDKExplicitPrecompiledModules/ptrcheck-AIF0NDOYZ8ORBNHQAQR5NNB8M.pcm
SwiftExplicitDependencyGeneratePcm arm64_32 /Users/admin/builder/spi-builder-workspace/.derivedData/SDKExplicitPrecompiledModules/_SwiftConcurrencyShims-6RTBPQ03V7BM9SPRK8SUE055H.pcm
SwiftExplicitDependencyGeneratePcm arm64_32 /Users/admin/builder/spi-builder-workspace/.derivedData/SDKExplicitPrecompiledModules/ptrauth-BFXF358ME5AK535N5A9Z766WU.pcm
SwiftExplicitDependencyGeneratePcm arm64 /Users/admin/builder/spi-builder-workspace/.derivedData/SDKExplicitPrecompiledModules/_SwiftConcurrencyShims-659N52XSKR5F0QSB880BH2FJR.pcm
SwiftExplicitDependencyGeneratePcm arm64 /Users/admin/builder/spi-builder-workspace/.derivedData/SDKExplicitPrecompiledModules/_Builtin_stdbool-83J96QSOFE9VX04AAS6310UAE.pcm
SwiftExplicitDependencyGeneratePcm arm64 /Users/admin/builder/spi-builder-workspace/.derivedData/SDKExplicitPrecompiledModules/_Builtin_stddef-1FU30Y8SWFB7OUUHMJQH5J6FM.pcm
SwiftExplicitDependencyGeneratePcm arm64_32 /Users/admin/builder/spi-builder-workspace/.derivedData/SDKExplicitPrecompiledModules/SwiftShims-9CQQGWTSNTN9EB5NSHDWUJICH.pcm
SwiftExplicitDependencyGeneratePcm arm64 /Users/admin/builder/spi-builder-workspace/.derivedData/SDKExplicitPrecompiledModules/ptrauth-3TZ9WJCGLYD25HQPWH4968ONX.pcm
SwiftExplicitDependencyGeneratePcm arm64 /Users/admin/builder/spi-builder-workspace/.derivedData/SDKExplicitPrecompiledModules/_Builtin_float-C0CW5Q4HGBQYKE77TC42IAFB5.pcm
SwiftExplicitDependencyGeneratePcm arm64 /Users/admin/builder/spi-builder-workspace/.derivedData/SDKExplicitPrecompiledModules/_Builtin_stdarg-A7UU8LE6MP85SM26YO7PBZNUQ.pcm
SwiftExplicitDependencyGeneratePcm arm64_32 /Users/admin/builder/spi-builder-workspace/.derivedData/SDKExplicitPrecompiledModules/_Builtin_stdbool-A967K8W8YUYEC9SN52KJ7OO88.pcm
SwiftExplicitDependencyGeneratePcm arm64_32 /Users/admin/builder/spi-builder-workspace/.derivedData/SDKExplicitPrecompiledModules/_AvailabilityInternal-244WAN3Z1QBT7PIA64EZEFY1R.pcm
SwiftExplicitDependencyGeneratePcm arm64_32 /Users/admin/builder/spi-builder-workspace/.derivedData/SDKExplicitPrecompiledModules/_Builtin_stdarg-D305JG44A2WPI6CJY37X3QJE8.pcm
SwiftExplicitDependencyGeneratePcm arm64 /Users/admin/builder/spi-builder-workspace/.derivedData/SDKExplicitPrecompiledModules/SwiftShims-4MXFZPV6FEB0XBYXCGPWAMQGL.pcm
SwiftExplicitDependencyGeneratePcm arm64_32 /Users/admin/builder/spi-builder-workspace/.derivedData/SDKExplicitPrecompiledModules/_Builtin_float-6KO8O3PEWRCA4WC6PPLOYO6WJ.pcm
SwiftExplicitDependencyGeneratePcm arm64 /Users/admin/builder/spi-builder-workspace/.derivedData/SDKExplicitPrecompiledModules/_AvailabilityInternal-BUNV3UXM65NT37THI4W1AM0SF.pcm
SwiftExplicitDependencyGeneratePcm arm64_32 /Users/admin/builder/spi-builder-workspace/.derivedData/SDKExplicitPrecompiledModules/ptrcheck-7ELIH9BTIGVKX3UBITM9N72WD.pcm
SwiftExplicitDependencyGeneratePcm arm64_32 /Users/admin/builder/spi-builder-workspace/.derivedData/SDKExplicitPrecompiledModules/_Builtin_stddef-H44EFHQX6XSS5MZ7QP6YJZ76.pcm
SwiftExplicitDependencyGeneratePcm arm64_32 /Users/admin/builder/spi-builder-workspace/.derivedData/SDKExplicitPrecompiledModules/_DarwinFoundation1-2GWF9RFMPLQW4PDHS3NARVI3G.pcm
SwiftExplicitDependencyGeneratePcm arm64 /Users/admin/builder/spi-builder-workspace/.derivedData/SDKExplicitPrecompiledModules/_DarwinFoundation1-7SPX3MD0HMP55E4OLNCPNDQ53.pcm
SwiftExplicitDependencyGeneratePcm arm64_32 /Users/admin/builder/spi-builder-workspace/.derivedData/SDKExplicitPrecompiledModules/_Builtin_limits-3VKBU2AFTD65PAJZ5CJ3LHFM2.pcm
SwiftExplicitDependencyGeneratePcm arm64_32 /Users/admin/builder/spi-builder-workspace/.derivedData/SDKExplicitPrecompiledModules/_DarwinFoundation2-9MY8GOSYRO0M9MKNXF6D3MBNK.pcm
SwiftExplicitDependencyGeneratePcm arm64 /Users/admin/builder/spi-builder-workspace/.derivedData/SDKExplicitPrecompiledModules/_Builtin_limits-9GWPA2B0H20DYUNYHYCWKABJG.pcm
SwiftExplicitDependencyGeneratePcm arm64 /Users/admin/builder/spi-builder-workspace/.derivedData/SDKExplicitPrecompiledModules/_DarwinFoundation2-D0XAPJU49S5E9XMKYOFGSTB1Q.pcm
SwiftExplicitDependencyGeneratePcm arm64 /Users/admin/builder/spi-builder-workspace/.derivedData/SDKExplicitPrecompiledModules/sys_types-2KXQLI78OUCDP779AE68GZJ2.pcm
SwiftExplicitDependencyGeneratePcm arm64 /Users/admin/builder/spi-builder-workspace/.derivedData/SDKExplicitPrecompiledModules/_Builtin_stdint-8XMILLJZEGRN2XG7XZUXZ5RLX.pcm
SwiftExplicitDependencyGeneratePcm arm64 /Users/admin/builder/spi-builder-workspace/.derivedData/SDKExplicitPrecompiledModules/string_h-E6PRXK75PHIPCZFWOFCQ3QBMK.pcm
SwiftExplicitDependencyGeneratePcm arm64_32 /Users/admin/builder/spi-builder-workspace/.derivedData/SDKExplicitPrecompiledModules/sys_types-8TLLMW08ZJWDGIIPKOYFGHHZW.pcm
SwiftExplicitDependencyGeneratePcm arm64_32 /Users/admin/builder/spi-builder-workspace/.derivedData/SDKExplicitPrecompiledModules/string_h-BFVLUQUSBZWYMLCU9QI7VZALW.pcm
SwiftExplicitDependencyGeneratePcm arm64_32 /Users/admin/builder/spi-builder-workspace/.derivedData/SDKExplicitPrecompiledModules/_Builtin_stdint-1HMXWI3V0V4TXHRWZOMZGZ80Y.pcm
SwiftExplicitDependencyGeneratePcm arm64 /Users/admin/builder/spi-builder-workspace/.derivedData/SDKExplicitPrecompiledModules/_DarwinFoundation3-B97LRG0E9GON2NUE65TVG81HU.pcm
SwiftExplicitDependencyGeneratePcm arm64 /Users/admin/builder/spi-builder-workspace/.derivedData/SDKExplicitPrecompiledModules/_Builtin_stdatomic-7JEFA3KBJJJN6TKJWY3OG1VG5.pcm
SwiftExplicitDependencyGeneratePcm arm64_32 /Users/admin/builder/spi-builder-workspace/.derivedData/SDKExplicitPrecompiledModules/_Builtin_stdatomic-1TY035TURL76BF2U98PZPPZRX.pcm
SwiftExplicitDependencyGeneratePcm arm64_32 /Users/admin/builder/spi-builder-workspace/.derivedData/SDKExplicitPrecompiledModules/_DarwinFoundation3-3DUTYQDQSD9HUAAVY947NMWOI.pcm
SwiftExplicitDependencyGeneratePcm arm64_32 /Users/admin/builder/spi-builder-workspace/.derivedData/SDKExplicitPrecompiledModules/_Builtin_inttypes-D2KPCR4PEX9AQA33NGLUT5SBR.pcm
SwiftExplicitDependencyGeneratePcm arm64 /Users/admin/builder/spi-builder-workspace/.derivedData/SDKExplicitPrecompiledModules/_Builtin_inttypes-3UQSCM7WNM9EK4HZML8TY5J3D.pcm
SwiftExplicitDependencyGeneratePcm arm64_32 /Users/admin/builder/spi-builder-workspace/.derivedData/SDKExplicitPrecompiledModules/Darwin-3FVT1SKLN2ZQ5RVOABMTQBB34.pcm
SwiftExplicitDependencyGeneratePcm arm64 /Users/admin/builder/spi-builder-workspace/.derivedData/SDKExplicitPrecompiledModules/Darwin-3984OXKFNSPE77NT743WK8SEX.pcm
SwiftExplicitDependencyGeneratePcm arm64_32 /Users/admin/builder/spi-builder-workspace/.derivedData/SDKExplicitPrecompiledModules/MachO-56838ZJ0NC1EBAJ0O6O8QMPDX.pcm
SwiftExplicitDependencyGeneratePcm arm64_32 /Users/admin/builder/spi-builder-workspace/.derivedData/SDKExplicitPrecompiledModules/ObjectiveC-6IJNELR2E80E7LUKESVCP2KET.pcm
SwiftExplicitDependencyGeneratePcm arm64 /Users/admin/builder/spi-builder-workspace/.derivedData/SDKExplicitPrecompiledModules/ObjectiveC-72IVD3VS2RS8Q28D9PIMY0KQP.pcm
SwiftExplicitDependencyGeneratePcm arm64 /Users/admin/builder/spi-builder-workspace/.derivedData/SDKExplicitPrecompiledModules/MachO-2U90NNSAQILBNBPS1SA4F8TYP.pcm
SwiftExplicitDependencyGeneratePcm arm64_32 /Users/admin/builder/spi-builder-workspace/.derivedData/SDKExplicitPrecompiledModules/os_object-5YWTC6L4756IWSTPGXS5NM0D0.pcm
SwiftExplicitDependencyGeneratePcm arm64 /Users/admin/builder/spi-builder-workspace/.derivedData/SDKExplicitPrecompiledModules/os_object-3SDKD7F87FTZ26OON37DRYT6O.pcm
SwiftExplicitDependencyGeneratePcm arm64_32 /Users/admin/builder/spi-builder-workspace/.derivedData/SDKExplicitPrecompiledModules/os_workgroup-5JHTPDMNBUNHLJI8LPHKQK1JK.pcm
SwiftExplicitDependencyGeneratePcm arm64 /Users/admin/builder/spi-builder-workspace/.derivedData/SDKExplicitPrecompiledModules/os_workgroup-89GG5G7YC2D0ZTK6AZXXQ20DH.pcm
SwiftExplicitDependencyGeneratePcm arm64_32 /Users/admin/builder/spi-builder-workspace/.derivedData/SDKExplicitPrecompiledModules/Dispatch-2P62F1T4XV63S4P99TUDTOK2Q.pcm
SwiftExplicitDependencyGeneratePcm arm64 /Users/admin/builder/spi-builder-workspace/.derivedData/SDKExplicitPrecompiledModules/Dispatch-1NLJOVAK60XP0DUB05XA59EIM.pcm
SwiftExplicitDependencyGeneratePcm arm64 /Users/admin/builder/spi-builder-workspace/.derivedData/SDKExplicitPrecompiledModules/XPC-40DR0X1DHKGCV4J1IOLFS8MOU.pcm
SwiftExplicitDependencyGeneratePcm arm64 /Users/admin/builder/spi-builder-workspace/.derivedData/SDKExplicitPrecompiledModules/CoreFoundation-8T2L24YC5NU7WO6WQJWRY7W08.pcm
SwiftExplicitDependencyGeneratePcm arm64_32 /Users/admin/builder/spi-builder-workspace/.derivedData/SDKExplicitPrecompiledModules/CoreFoundation-8E6Y4BA3EXYKUGJ24GT9LGV3N.pcm
SwiftExplicitDependencyGeneratePcm arm64_32 /Users/admin/builder/spi-builder-workspace/.derivedData/SDKExplicitPrecompiledModules/XPC-81Y45QFY96XYYFCW2GT6FY8S4.pcm
SwiftExplicitDependencyGeneratePcm arm64 /Users/admin/builder/spi-builder-workspace/.derivedData/SDKExplicitPrecompiledModules/os-5DIL6Z9LFIGLMZAHM7X2T5435.pcm
SwiftExplicitDependencyGeneratePcm arm64_32 /Users/admin/builder/spi-builder-workspace/.derivedData/SDKExplicitPrecompiledModules/os-E5IGB442IA6SBB25TTCOLK2OC.pcm
SwiftExplicitDependencyGeneratePcm arm64_32 /Users/admin/builder/spi-builder-workspace/.derivedData/SDKExplicitPrecompiledModules/Security-D7TOWF88VWF67TB9HAFP5UWB1.pcm
SwiftExplicitDependencyGeneratePcm arm64 /Users/admin/builder/spi-builder-workspace/.derivedData/SDKExplicitPrecompiledModules/Security-6RZ6YBRU8WCUHRFFRVUK5WKMM.pcm
SwiftExplicitDependencyGeneratePcm arm64 /Users/admin/builder/spi-builder-workspace/.derivedData/SDKExplicitPrecompiledModules/Foundation-DLBKUSGXN8QHAT8W0OARR9S8A.pcm
SwiftExplicitDependencyGeneratePcm arm64_32 /Users/admin/builder/spi-builder-workspace/.derivedData/SDKExplicitPrecompiledModules/Foundation-BJ2VQGI3OGR34500MEQ1VKHPH.pcm
SwiftCompile normal arm64_32 Compiling\ PerfectError.swift /Users/admin/builder/spi-builder-workspace/Sources/PerfectLib/PerfectError.swift (in target 'PerfectLib' from project 'PerfectLib')
SwiftCompile normal arm64_32 /Users/admin/builder/spi-builder-workspace/Sources/PerfectLib/PerfectError.swift (in target 'PerfectLib' from project 'PerfectLib')
cd /Users/admin/builder/spi-builder-workspace/.swiftpm/xcode
builtin-SwiftPerFileCompile PerfectError.swift
SwiftCompile normal arm64_32 Compiling\ Utilities.swift /Users/admin/builder/spi-builder-workspace/Sources/PerfectLib/Utilities.swift (in target 'PerfectLib' from project 'PerfectLib')
SwiftCompile normal arm64_32 /Users/admin/builder/spi-builder-workspace/Sources/PerfectLib/Utilities.swift (in target 'PerfectLib' from project 'PerfectLib')
cd /Users/admin/builder/spi-builder-workspace/.swiftpm/xcode
builtin-SwiftPerFileCompile Utilities.swift
SwiftCompile normal arm64_32 Compiling\ Dir.swift /Users/admin/builder/spi-builder-workspace/Sources/PerfectLib/Dir.swift (in target 'PerfectLib' from project 'PerfectLib')
SwiftCompile normal arm64_32 /Users/admin/builder/spi-builder-workspace/Sources/PerfectLib/Dir.swift (in target 'PerfectLib' from project 'PerfectLib')
cd /Users/admin/builder/spi-builder-workspace/.swiftpm/xcode
builtin-SwiftPerFileCompile Dir.swift
SwiftCompile normal arm64_32 Compiling\ SysProcess.swift /Users/admin/builder/spi-builder-workspace/Sources/PerfectLib/SysProcess.swift (in target 'PerfectLib' from project 'PerfectLib')
/Users/admin/builder/spi-builder-workspace/Sources/PerfectLib/SysProcess.swift:108:3: error: 'posix_spawn_file_actions_init' is unavailable in watchOS
106 | var spawnRes = 0
107 | #else
108 | posix_spawn_file_actions_init(&action);
| `- error: 'posix_spawn_file_actions_init' is unavailable in watchOS
109 | posix_spawn_file_actions_adddup2(&action, fSTDOUT[1], STDOUT_FILENO);
110 | posix_spawn_file_actions_adddup2(&action, fSTDIN[0], STDIN_FILENO);
/Applications/Xcode-27.0.0-Release.Candidate.app/Contents/Developer/Platforms/WatchOS.platform/Developer/SDKs/WatchOS27.0.sdk/usr/include/spawn.h:89:9: note: 'posix_spawn_file_actions_init' has been explicitly marked unavailable here
87 | int posix_spawn_file_actions_destroy(posix_spawn_file_actions_t *) __API_AVAILABLE(macos(10.5), ios(2.0)) __API_UNAVAILABLE(watchos, tvos);
88 |
89 | int posix_spawn_file_actions_init(posix_spawn_file_actions_t *) __API_AVAILABLE(macos(10.5), ios(2.0)) __API_UNAVAILABLE(watchos, tvos);
| `- note: 'posix_spawn_file_actions_init' has been explicitly marked unavailable here
90 |
91 | int posix_spawnattr_destroy(posix_spawnattr_t *) __API_AVAILABLE(macos(10.5), ios(2.0)) __API_UNAVAILABLE(watchos, tvos);
/Users/admin/builder/spi-builder-workspace/Sources/PerfectLib/SysProcess.swift:108:3: warning: result of call to 'posix_spawn_file_actions_init' is unused [#NoUsage]
106 | var spawnRes = 0
107 | #else
108 | posix_spawn_file_actions_init(&action);
| `- warning: result of call to 'posix_spawn_file_actions_init' is unused [#NoUsage]
109 | posix_spawn_file_actions_adddup2(&action, fSTDOUT[1], STDOUT_FILENO);
110 | posix_spawn_file_actions_adddup2(&action, fSTDIN[0], STDIN_FILENO);
/Users/admin/builder/spi-builder-workspace/Sources/PerfectLib/SysProcess.swift:109:3: error: 'posix_spawn_file_actions_adddup2' is unavailable in watchOS
107 | #else
108 | posix_spawn_file_actions_init(&action);
109 | posix_spawn_file_actions_adddup2(&action, fSTDOUT[1], STDOUT_FILENO);
| `- error: 'posix_spawn_file_actions_adddup2' is unavailable in watchOS
110 | posix_spawn_file_actions_adddup2(&action, fSTDIN[0], STDIN_FILENO);
111 | posix_spawn_file_actions_adddup2(&action, fSTDERR[1], STDERR_FILENO);
/Applications/Xcode-27.0.0-Release.Candidate.app/Contents/Developer/Platforms/WatchOS.platform/Developer/SDKs/WatchOS27.0.sdk/usr/include/spawn.h:80:9: note: 'posix_spawn_file_actions_adddup2' has been explicitly marked unavailable here
78 | int posix_spawn_file_actions_addclose(posix_spawn_file_actions_t *, int) __API_AVAILABLE(macos(10.5), ios(2.0)) __API_UNAVAILABLE(watchos, tvos);
79 |
80 | int posix_spawn_file_actions_adddup2(posix_spawn_file_actions_t *, int,
| `- note: 'posix_spawn_file_actions_adddup2' has been explicitly marked unavailable here
81 | int) __API_AVAILABLE(macos(10.5), ios(2.0)) __API_UNAVAILABLE(watchos, tvos);
82 |
/Users/admin/builder/spi-builder-workspace/Sources/PerfectLib/SysProcess.swift:109:3: warning: result of call to 'posix_spawn_file_actions_adddup2' is unused [#NoUsage]
107 | #else
108 | posix_spawn_file_actions_init(&action);
109 | posix_spawn_file_actions_adddup2(&action, fSTDOUT[1], STDOUT_FILENO);
| `- warning: result of call to 'posix_spawn_file_actions_adddup2' is unused [#NoUsage]
110 | posix_spawn_file_actions_adddup2(&action, fSTDIN[0], STDIN_FILENO);
111 | posix_spawn_file_actions_adddup2(&action, fSTDERR[1], STDERR_FILENO);
/Users/admin/builder/spi-builder-workspace/Sources/PerfectLib/SysProcess.swift:110:3: error: 'posix_spawn_file_actions_adddup2' is unavailable in watchOS
108 | posix_spawn_file_actions_init(&action);
109 | posix_spawn_file_actions_adddup2(&action, fSTDOUT[1], STDOUT_FILENO);
110 | posix_spawn_file_actions_adddup2(&action, fSTDIN[0], STDIN_FILENO);
| `- error: 'posix_spawn_file_actions_adddup2' is unavailable in watchOS
111 | posix_spawn_file_actions_adddup2(&action, fSTDERR[1], STDERR_FILENO);
112 |
/Applications/Xcode-27.0.0-Release.Candidate.app/Contents/Developer/Platforms/WatchOS.platform/Developer/SDKs/WatchOS27.0.sdk/usr/include/spawn.h:80:9: note: 'posix_spawn_file_actions_adddup2' has been explicitly marked unavailable here
78 | int posix_spawn_file_actions_addclose(posix_spawn_file_actions_t *, int) __API_AVAILABLE(macos(10.5), ios(2.0)) __API_UNAVAILABLE(watchos, tvos);
79 |
80 | int posix_spawn_file_actions_adddup2(posix_spawn_file_actions_t *, int,
| `- note: 'posix_spawn_file_actions_adddup2' has been explicitly marked unavailable here
81 | int) __API_AVAILABLE(macos(10.5), ios(2.0)) __API_UNAVAILABLE(watchos, tvos);
82 |
/Users/admin/builder/spi-builder-workspace/Sources/PerfectLib/SysProcess.swift:110:3: warning: result of call to 'posix_spawn_file_actions_adddup2' is unused [#NoUsage]
108 | posix_spawn_file_actions_init(&action);
109 | posix_spawn_file_actions_adddup2(&action, fSTDOUT[1], STDOUT_FILENO);
110 | posix_spawn_file_actions_adddup2(&action, fSTDIN[0], STDIN_FILENO);
| `- warning: result of call to 'posix_spawn_file_actions_adddup2' is unused [#NoUsage]
111 | posix_spawn_file_actions_adddup2(&action, fSTDERR[1], STDERR_FILENO);
112 |
/Users/admin/builder/spi-builder-workspace/Sources/PerfectLib/SysProcess.swift:111:3: error: 'posix_spawn_file_actions_adddup2' is unavailable in watchOS
109 | posix_spawn_file_actions_adddup2(&action, fSTDOUT[1], STDOUT_FILENO);
110 | posix_spawn_file_actions_adddup2(&action, fSTDIN[0], STDIN_FILENO);
111 | posix_spawn_file_actions_adddup2(&action, fSTDERR[1], STDERR_FILENO);
| `- error: 'posix_spawn_file_actions_adddup2' is unavailable in watchOS
112 |
113 | posix_spawn_file_actions_addclose(&action, fSTDOUT[0]);
/Applications/Xcode-27.0.0-Release.Candidate.app/Contents/Developer/Platforms/WatchOS.platform/Developer/SDKs/WatchOS27.0.sdk/usr/include/spawn.h:80:9: note: 'posix_spawn_file_actions_adddup2' has been explicitly marked unavailable here
78 | int posix_spawn_file_actions_addclose(posix_spawn_file_actions_t *, int) __API_AVAILABLE(macos(10.5), ios(2.0)) __API_UNAVAILABLE(watchos, tvos);
79 |
80 | int posix_spawn_file_actions_adddup2(posix_spawn_file_actions_t *, int,
| `- note: 'posix_spawn_file_actions_adddup2' has been explicitly marked unavailable here
81 | int) __API_AVAILABLE(macos(10.5), ios(2.0)) __API_UNAVAILABLE(watchos, tvos);
82 |
/Users/admin/builder/spi-builder-workspace/Sources/PerfectLib/SysProcess.swift:111:3: warning: result of call to 'posix_spawn_file_actions_adddup2' is unused [#NoUsage]
109 | posix_spawn_file_actions_adddup2(&action, fSTDOUT[1], STDOUT_FILENO);
110 | posix_spawn_file_actions_adddup2(&action, fSTDIN[0], STDIN_FILENO);
111 | posix_spawn_file_actions_adddup2(&action, fSTDERR[1], STDERR_FILENO);
| `- warning: result of call to 'posix_spawn_file_actions_adddup2' is unused [#NoUsage]
112 |
113 | posix_spawn_file_actions_addclose(&action, fSTDOUT[0]);
/Users/admin/builder/spi-builder-workspace/Sources/PerfectLib/SysProcess.swift:113:3: error: 'posix_spawn_file_actions_addclose' is unavailable in watchOS
111 | posix_spawn_file_actions_adddup2(&action, fSTDERR[1], STDERR_FILENO);
112 |
113 | posix_spawn_file_actions_addclose(&action, fSTDOUT[0]);
| `- error: 'posix_spawn_file_actions_addclose' is unavailable in watchOS
114 | posix_spawn_file_actions_addclose(&action, fSTDIN[0]);
115 | posix_spawn_file_actions_addclose(&action, fSTDERR[0]);
/Applications/Xcode-27.0.0-Release.Candidate.app/Contents/Developer/Platforms/WatchOS.platform/Developer/SDKs/WatchOS27.0.sdk/usr/include/spawn.h:78:9: note: 'posix_spawn_file_actions_addclose' has been explicitly marked unavailable here
76 | int) __API_AVAILABLE(macos(26.0)) __API_UNAVAILABLE(ios, tvos, watchos, visionos);
77 |
78 | int posix_spawn_file_actions_addclose(posix_spawn_file_actions_t *, int) __API_AVAILABLE(macos(10.5), ios(2.0)) __API_UNAVAILABLE(watchos, tvos);
| `- note: 'posix_spawn_file_actions_addclose' has been explicitly marked unavailable here
79 |
80 | int posix_spawn_file_actions_adddup2(posix_spawn_file_actions_t *, int,
/Users/admin/builder/spi-builder-workspace/Sources/PerfectLib/SysProcess.swift:113:3: warning: result of call to 'posix_spawn_file_actions_addclose' is unused [#NoUsage]
111 | posix_spawn_file_actions_adddup2(&action, fSTDERR[1], STDERR_FILENO);
112 |
113 | posix_spawn_file_actions_addclose(&action, fSTDOUT[0]);
| `- warning: result of call to 'posix_spawn_file_actions_addclose' is unused [#NoUsage]
114 | posix_spawn_file_actions_addclose(&action, fSTDIN[0]);
115 | posix_spawn_file_actions_addclose(&action, fSTDERR[0]);
/Users/admin/builder/spi-builder-workspace/Sources/PerfectLib/SysProcess.swift:114:3: error: 'posix_spawn_file_actions_addclose' is unavailable in watchOS
112 |
113 | posix_spawn_file_actions_addclose(&action, fSTDOUT[0]);
114 | posix_spawn_file_actions_addclose(&action, fSTDIN[0]);
| `- error: 'posix_spawn_file_actions_addclose' is unavailable in watchOS
115 | posix_spawn_file_actions_addclose(&action, fSTDERR[0]);
116 | posix_spawn_file_actions_addclose(&action, fSTDOUT[1]);
/Applications/Xcode-27.0.0-Release.Candidate.app/Contents/Developer/Platforms/WatchOS.platform/Developer/SDKs/WatchOS27.0.sdk/usr/include/spawn.h:78:9: note: 'posix_spawn_file_actions_addclose' has been explicitly marked unavailable here
76 | int) __API_AVAILABLE(macos(26.0)) __API_UNAVAILABLE(ios, tvos, watchos, visionos);
77 |
78 | int posix_spawn_file_actions_addclose(posix_spawn_file_actions_t *, int) __API_AVAILABLE(macos(10.5), ios(2.0)) __API_UNAVAILABLE(watchos, tvos);
| `- note: 'posix_spawn_file_actions_addclose' has been explicitly marked unavailable here
79 |
80 | int posix_spawn_file_actions_adddup2(posix_spawn_file_actions_t *, int,
/Users/admin/builder/spi-builder-workspace/Sources/PerfectLib/SysProcess.swift:114:3: warning: result of call to 'posix_spawn_file_actions_addclose' is unused [#NoUsage]
112 |
113 | posix_spawn_file_actions_addclose(&action, fSTDOUT[0]);
114 | posix_spawn_file_actions_addclose(&action, fSTDIN[0]);
| `- warning: result of call to 'posix_spawn_file_actions_addclose' is unused [#NoUsage]
115 | posix_spawn_file_actions_addclose(&action, fSTDERR[0]);
116 | posix_spawn_file_actions_addclose(&action, fSTDOUT[1]);
/Users/admin/builder/spi-builder-workspace/Sources/PerfectLib/SysProcess.swift:115:3: error: 'posix_spawn_file_actions_addclose' is unavailable in watchOS
113 | posix_spawn_file_actions_addclose(&action, fSTDOUT[0]);
114 | posix_spawn_file_actions_addclose(&action, fSTDIN[0]);
115 | posix_spawn_file_actions_addclose(&action, fSTDERR[0]);
| `- error: 'posix_spawn_file_actions_addclose' is unavailable in watchOS
116 | posix_spawn_file_actions_addclose(&action, fSTDOUT[1]);
117 | posix_spawn_file_actions_addclose(&action, fSTDIN[1]);
/Applications/Xcode-27.0.0-Release.Candidate.app/Contents/Developer/Platforms/WatchOS.platform/Developer/SDKs/WatchOS27.0.sdk/usr/include/spawn.h:78:9: note: 'posix_spawn_file_actions_addclose' has been explicitly marked unavailable here
76 | int) __API_AVAILABLE(macos(26.0)) __API_UNAVAILABLE(ios, tvos, watchos, visionos);
77 |
78 | int posix_spawn_file_actions_addclose(posix_spawn_file_actions_t *, int) __API_AVAILABLE(macos(10.5), ios(2.0)) __API_UNAVAILABLE(watchos, tvos);
| `- note: 'posix_spawn_file_actions_addclose' has been explicitly marked unavailable here
79 |
80 | int posix_spawn_file_actions_adddup2(posix_spawn_file_actions_t *, int,
/Users/admin/builder/spi-builder-workspace/Sources/PerfectLib/SysProcess.swift:115:3: warning: result of call to 'posix_spawn_file_actions_addclose' is unused [#NoUsage]
113 | posix_spawn_file_actions_addclose(&action, fSTDOUT[0]);
114 | posix_spawn_file_actions_addclose(&action, fSTDIN[0]);
115 | posix_spawn_file_actions_addclose(&action, fSTDERR[0]);
| `- warning: result of call to 'posix_spawn_file_actions_addclose' is unused [#NoUsage]
116 | posix_spawn_file_actions_addclose(&action, fSTDOUT[1]);
117 | posix_spawn_file_actions_addclose(&action, fSTDIN[1]);
/Users/admin/builder/spi-builder-workspace/Sources/PerfectLib/SysProcess.swift:116:3: error: 'posix_spawn_file_actions_addclose' is unavailable in watchOS
114 | posix_spawn_file_actions_addclose(&action, fSTDIN[0]);
115 | posix_spawn_file_actions_addclose(&action, fSTDERR[0]);
116 | posix_spawn_file_actions_addclose(&action, fSTDOUT[1]);
| `- error: 'posix_spawn_file_actions_addclose' is unavailable in watchOS
117 | posix_spawn_file_actions_addclose(&action, fSTDIN[1]);
118 | posix_spawn_file_actions_addclose(&action, fSTDERR[1]);
/Applications/Xcode-27.0.0-Release.Candidate.app/Contents/Developer/Platforms/WatchOS.platform/Developer/SDKs/WatchOS27.0.sdk/usr/include/spawn.h:78:9: note: 'posix_spawn_file_actions_addclose' has been explicitly marked unavailable here
76 | int) __API_AVAILABLE(macos(26.0)) __API_UNAVAILABLE(ios, tvos, watchos, visionos);
77 |
78 | int posix_spawn_file_actions_addclose(posix_spawn_file_actions_t *, int) __API_AVAILABLE(macos(10.5), ios(2.0)) __API_UNAVAILABLE(watchos, tvos);
| `- note: 'posix_spawn_file_actions_addclose' has been explicitly marked unavailable here
79 |
80 | int posix_spawn_file_actions_adddup2(posix_spawn_file_actions_t *, int,
/Users/admin/builder/spi-builder-workspace/Sources/PerfectLib/SysProcess.swift:116:3: warning: result of call to 'posix_spawn_file_actions_addclose' is unused [#NoUsage]
114 | posix_spawn_file_actions_addclose(&action, fSTDIN[0]);
115 | posix_spawn_file_actions_addclose(&action, fSTDERR[0]);
116 | posix_spawn_file_actions_addclose(&action, fSTDOUT[1]);
| `- warning: result of call to 'posix_spawn_file_actions_addclose' is unused [#NoUsage]
117 | posix_spawn_file_actions_addclose(&action, fSTDIN[1]);
118 | posix_spawn_file_actions_addclose(&action, fSTDERR[1]);
/Users/admin/builder/spi-builder-workspace/Sources/PerfectLib/SysProcess.swift:117:3: error: 'posix_spawn_file_actions_addclose' is unavailable in watchOS
115 | posix_spawn_file_actions_addclose(&action, fSTDERR[0]);
116 | posix_spawn_file_actions_addclose(&action, fSTDOUT[1]);
117 | posix_spawn_file_actions_addclose(&action, fSTDIN[1]);
| `- error: 'posix_spawn_file_actions_addclose' is unavailable in watchOS
118 | posix_spawn_file_actions_addclose(&action, fSTDERR[1]);
119 |
/Applications/Xcode-27.0.0-Release.Candidate.app/Contents/Developer/Platforms/WatchOS.platform/Developer/SDKs/WatchOS27.0.sdk/usr/include/spawn.h:78:9: note: 'posix_spawn_file_actions_addclose' has been explicitly marked unavailable here
76 | int) __API_AVAILABLE(macos(26.0)) __API_UNAVAILABLE(ios, tvos, watchos, visionos);
77 |
78 | int posix_spawn_file_actions_addclose(posix_spawn_file_actions_t *, int) __API_AVAILABLE(macos(10.5), ios(2.0)) __API_UNAVAILABLE(watchos, tvos);
| `- note: 'posix_spawn_file_actions_addclose' has been explicitly marked unavailable here
79 |
80 | int posix_spawn_file_actions_adddup2(posix_spawn_file_actions_t *, int,
/Users/admin/builder/spi-builder-workspace/Sources/PerfectLib/SysProcess.swift:117:3: warning: result of call to 'posix_spawn_file_actions_addclose' is unused [#NoUsage]
115 | posix_spawn_file_actions_addclose(&action, fSTDERR[0]);
116 | posix_spawn_file_actions_addclose(&action, fSTDOUT[1]);
117 | posix_spawn_file_actions_addclose(&action, fSTDIN[1]);
| `- warning: result of call to 'posix_spawn_file_actions_addclose' is unused [#NoUsage]
118 | posix_spawn_file_actions_addclose(&action, fSTDERR[1]);
119 |
/Users/admin/builder/spi-builder-workspace/Sources/PerfectLib/SysProcess.swift:118:3: error: 'posix_spawn_file_actions_addclose' is unavailable in watchOS
116 | posix_spawn_file_actions_addclose(&action, fSTDOUT[1]);
117 | posix_spawn_file_actions_addclose(&action, fSTDIN[1]);
118 | posix_spawn_file_actions_addclose(&action, fSTDERR[1]);
| `- error: 'posix_spawn_file_actions_addclose' is unavailable in watchOS
119 |
120 | posix_spawnattr_init(&attr)
/Applications/Xcode-27.0.0-Release.Candidate.app/Contents/Developer/Platforms/WatchOS.platform/Developer/SDKs/WatchOS27.0.sdk/usr/include/spawn.h:78:9: note: 'posix_spawn_file_actions_addclose' has been explicitly marked unavailable here
76 | int) __API_AVAILABLE(macos(26.0)) __API_UNAVAILABLE(ios, tvos, watchos, visionos);
77 |
78 | int posix_spawn_file_actions_addclose(posix_spawn_file_actions_t *, int) __API_AVAILABLE(macos(10.5), ios(2.0)) __API_UNAVAILABLE(watchos, tvos);
| `- note: 'posix_spawn_file_actions_addclose' has been explicitly marked unavailable here
79 |
80 | int posix_spawn_file_actions_adddup2(posix_spawn_file_actions_t *, int,
/Users/admin/builder/spi-builder-workspace/Sources/PerfectLib/SysProcess.swift:118:3: warning: result of call to 'posix_spawn_file_actions_addclose' is unused [#NoUsage]
116 | posix_spawn_file_actions_addclose(&action, fSTDOUT[1]);
117 | posix_spawn_file_actions_addclose(&action, fSTDIN[1]);
118 | posix_spawn_file_actions_addclose(&action, fSTDERR[1]);
| `- warning: result of call to 'posix_spawn_file_actions_addclose' is unused [#NoUsage]
119 |
120 | posix_spawnattr_init(&attr)
/Users/admin/builder/spi-builder-workspace/Sources/PerfectLib/SysProcess.swift:120:3: error: 'posix_spawnattr_init' is unavailable in watchOS
118 | posix_spawn_file_actions_addclose(&action, fSTDERR[1]);
119 |
120 | posix_spawnattr_init(&attr)
| `- error: 'posix_spawnattr_init' is unavailable in watchOS
121 |
122 | if newGroup {
/Applications/Xcode-27.0.0-Release.Candidate.app/Contents/Developer/Platforms/WatchOS.platform/Developer/SDKs/WatchOS27.0.sdk/usr/include/spawn.h:105:9: note: 'posix_spawnattr_init' has been explicitly marked unavailable here
103 | sigset_t * __restrict) __API_AVAILABLE(macos(10.5), ios(2.0)) __API_UNAVAILABLE(watchos, tvos);
104 |
105 | int posix_spawnattr_init(posix_spawnattr_t *) __API_AVAILABLE(macos(10.5), ios(2.0)) __API_UNAVAILABLE(watchos, tvos);
| `- note: 'posix_spawnattr_init' has been explicitly marked unavailable here
106 |
107 | int posix_spawnattr_setsigdefault(posix_spawnattr_t * __restrict,
/Users/admin/builder/spi-builder-workspace/Sources/PerfectLib/SysProcess.swift:120:3: warning: result of call to 'posix_spawnattr_init' is unused [#NoUsage]
118 | posix_spawn_file_actions_addclose(&action, fSTDERR[1]);
119 |
120 | posix_spawnattr_init(&attr)
| `- warning: result of call to 'posix_spawnattr_init' is unused [#NoUsage]
121 |
122 | if newGroup {
/Users/admin/builder/spi-builder-workspace/Sources/PerfectLib/SysProcess.swift:125:4: error: 'posix_spawnattr_setflags' is unavailable in watchOS
123 | // By default, all flags are unset after the init call
124 | // so no need to OR in the existing flags.
125 | posix_spawnattr_setflags(&attr, Int16(POSIX_SPAWN_SETPGROUP))
| `- error: 'posix_spawnattr_setflags' is unavailable in watchOS
126 | }
127 |
/Applications/Xcode-27.0.0-Release.Candidate.app/Contents/Developer/Platforms/WatchOS.platform/Developer/SDKs/WatchOS27.0.sdk/usr/include/spawn.h:110:9: note: 'posix_spawnattr_setflags' has been explicitly marked unavailable here
108 | const sigset_t * __restrict) __API_AVAILABLE(macos(10.5), ios(2.0)) __API_UNAVAILABLE(watchos, tvos);
109 |
110 | int posix_spawnattr_setflags(posix_spawnattr_t *, short) __API_AVAILABLE(macos(10.5), ios(2.0)) __API_UNAVAILABLE(watchos, tvos);
| `- note: 'posix_spawnattr_setflags' has been explicitly marked unavailable here
111 |
112 | int posix_spawnattr_setpgroup(posix_spawnattr_t *, pid_t) __API_AVAILABLE(macos(10.5), ios(2.0)) __API_UNAVAILABLE(watchos, tvos);
/Users/admin/builder/spi-builder-workspace/Sources/PerfectLib/SysProcess.swift:125:4: warning: result of call to 'posix_spawnattr_setflags' is unused [#NoUsage]
123 | // By default, all flags are unset after the init call
124 | // so no need to OR in the existing flags.
125 | posix_spawnattr_setflags(&attr, Int16(POSIX_SPAWN_SETPGROUP))
| `- warning: result of call to 'posix_spawnattr_setflags' is unused [#NoUsage]
126 | }
127 |
/Users/admin/builder/spi-builder-workspace/Sources/PerfectLib/SysProcess.swift:130:3: error: 'posix_spawn_file_actions_destroy' is unavailable in watchOS
128 | var procPid = pid_t()
129 | let spawnRes = posix_spawnp(&procPid, cmd, &action, &attr, cArgs, cEnv)
130 | posix_spawn_file_actions_destroy(&action)
| `- error: 'posix_spawn_file_actions_destroy' is unavailable in watchOS
131 | posix_spawnattr_destroy(&attr)
132 |
/Applications/Xcode-27.0.0-Release.Candidate.app/Contents/Developer/Platforms/WatchOS.platform/Developer/SDKs/WatchOS27.0.sdk/usr/include/spawn.h:87:9: note: 'posix_spawn_file_actions_destroy' has been explicitly marked unavailable here
85 | const char * __restrict, int, mode_t) __API_AVAILABLE(macos(10.5), ios(2.0)) __API_UNAVAILABLE(watchos, tvos);
86 |
87 | int posix_spawn_file_actions_destroy(posix_spawn_file_actions_t *) __API_AVAILABLE(macos(10.5), ios(2.0)) __API_UNAVAILABLE(watchos, tvos);
| `- note: 'posix_spawn_file_actions_destroy' has been explicitly marked unavailable here
88 |
89 | int posix_spawn_file_actions_init(posix_spawn_file_actions_t *) __API_AVAILABLE(macos(10.5), ios(2.0)) __API_UNAVAILABLE(watchos, tvos);
/Users/admin/builder/spi-builder-workspace/Sources/PerfectLib/SysProcess.swift:130:3: warning: result of call to 'posix_spawn_file_actions_destroy' is unused [#NoUsage]
128 | var procPid = pid_t()
129 | let spawnRes = posix_spawnp(&procPid, cmd, &action, &attr, cArgs, cEnv)
130 | posix_spawn_file_actions_destroy(&action)
| `- warning: result of call to 'posix_spawn_file_actions_destroy' is unused [#NoUsage]
131 | posix_spawnattr_destroy(&attr)
132 |
/Users/admin/builder/spi-builder-workspace/Sources/PerfectLib/SysProcess.swift:131:3: error: 'posix_spawnattr_destroy' is unavailable in watchOS
129 | let spawnRes = posix_spawnp(&procPid, cmd, &action, &attr, cArgs, cEnv)
130 | posix_spawn_file_actions_destroy(&action)
131 | posix_spawnattr_destroy(&attr)
| `- error: 'posix_spawnattr_destroy' is unavailable in watchOS
132 |
133 | for idx in 0..<cArgsCount {
/Applications/Xcode-27.0.0-Release.Candidate.app/Contents/Developer/Platforms/WatchOS.platform/Developer/SDKs/WatchOS27.0.sdk/usr/include/spawn.h:91:9: note: 'posix_spawnattr_destroy' has been explicitly marked unavailable here
89 | int posix_spawn_file_actions_init(posix_spawn_file_actions_t *) __API_AVAILABLE(macos(10.5), ios(2.0)) __API_UNAVAILABLE(watchos, tvos);
90 |
91 | int posix_spawnattr_destroy(posix_spawnattr_t *) __API_AVAILABLE(macos(10.5), ios(2.0)) __API_UNAVAILABLE(watchos, tvos);
| `- note: 'posix_spawnattr_destroy' has been explicitly marked unavailable here
92 |
93 | int posix_spawnattr_getsigdefault(const posix_spawnattr_t * __restrict,
SwiftCompile normal arm64_32 /Users/admin/builder/spi-builder-workspace/Sources/PerfectLib/SysProcess.swift (in target 'PerfectLib' from project 'PerfectLib')
cd /Users/admin/builder/spi-builder-workspace/.swiftpm/xcode
builtin-SwiftPerFileCompile SysProcess.swift
SwiftEmitModule normal arm64_32 Emitting\ module\ for\ PerfectLib (in target 'PerfectLib' from project 'PerfectLib')
/Users/admin/builder/spi-builder-workspace/Sources/PerfectLib/SysProcess.swift:108:3: error: 'posix_spawn_file_actions_init' is unavailable in watchOS
106 | var spawnRes = 0
107 | #else
108 | posix_spawn_file_actions_init(&action);
| `- error: 'posix_spawn_file_actions_init' is unavailable in watchOS
109 | posix_spawn_file_actions_adddup2(&action, fSTDOUT[1], STDOUT_FILENO);
110 | posix_spawn_file_actions_adddup2(&action, fSTDIN[0], STDIN_FILENO);
/Applications/Xcode-27.0.0-Release.Candidate.app/Contents/Developer/Platforms/WatchOS.platform/Developer/SDKs/WatchOS27.0.sdk/usr/include/spawn.h:89:9: note: 'posix_spawn_file_actions_init' has been explicitly marked unavailable here
87 | int posix_spawn_file_actions_destroy(posix_spawn_file_actions_t *) __API_AVAILABLE(macos(10.5), ios(2.0)) __API_UNAVAILABLE(watchos, tvos);
88 |
89 | int posix_spawn_file_actions_init(posix_spawn_file_actions_t *) __API_AVAILABLE(macos(10.5), ios(2.0)) __API_UNAVAILABLE(watchos, tvos);
| `- note: 'posix_spawn_file_actions_init' has been explicitly marked unavailable here
90 |
91 | int posix_spawnattr_destroy(posix_spawnattr_t *) __API_AVAILABLE(macos(10.5), ios(2.0)) __API_UNAVAILABLE(watchos, tvos);
/Users/admin/builder/spi-builder-workspace/Sources/PerfectLib/SysProcess.swift:108:3: warning: result of call to 'posix_spawn_file_actions_init' is unused [#NoUsage]
106 | var spawnRes = 0
107 | #else
108 | posix_spawn_file_actions_init(&action);
| `- warning: result of call to 'posix_spawn_file_actions_init' is unused [#NoUsage]
109 | posix_spawn_file_actions_adddup2(&action, fSTDOUT[1], STDOUT_FILENO);
110 | posix_spawn_file_actions_adddup2(&action, fSTDIN[0], STDIN_FILENO);
/Users/admin/builder/spi-builder-workspace/Sources/PerfectLib/SysProcess.swift:109:3: error: 'posix_spawn_file_actions_adddup2' is unavailable in watchOS
107 | #else
108 | posix_spawn_file_actions_init(&action);
109 | posix_spawn_file_actions_adddup2(&action, fSTDOUT[1], STDOUT_FILENO);
| `- error: 'posix_spawn_file_actions_adddup2' is unavailable in watchOS
110 | posix_spawn_file_actions_adddup2(&action, fSTDIN[0], STDIN_FILENO);
111 | posix_spawn_file_actions_adddup2(&action, fSTDERR[1], STDERR_FILENO);
/Applications/Xcode-27.0.0-Release.Candidate.app/Contents/Developer/Platforms/WatchOS.platform/Developer/SDKs/WatchOS27.0.sdk/usr/include/spawn.h:80:9: note: 'posix_spawn_file_actions_adddup2' has been explicitly marked unavailable here
78 | int posix_spawn_file_actions_addclose(posix_spawn_file_actions_t *, int) __API_AVAILABLE(macos(10.5), ios(2.0)) __API_UNAVAILABLE(watchos, tvos);
79 |
80 | int posix_spawn_file_actions_adddup2(posix_spawn_file_actions_t *, int,
| `- note: 'posix_spawn_file_actions_adddup2' has been explicitly marked unavailable here
81 | int) __API_AVAILABLE(macos(10.5), ios(2.0)) __API_UNAVAILABLE(watchos, tvos);
82 |
/Users/admin/builder/spi-builder-workspace/Sources/PerfectLib/SysProcess.swift:109:3: warning: result of call to 'posix_spawn_file_actions_adddup2' is unused [#NoUsage]
107 | #else
108 | posix_spawn_file_actions_init(&action);
109 | posix_spawn_file_actions_adddup2(&action, fSTDOUT[1], STDOUT_FILENO);
| `- warning: result of call to 'posix_spawn_file_actions_adddup2' is unused [#NoUsage]
110 | posix_spawn_file_actions_adddup2(&action, fSTDIN[0], STDIN_FILENO);
111 | posix_spawn_file_actions_adddup2(&action, fSTDERR[1], STDERR_FILENO);
/Users/admin/builder/spi-builder-workspace/Sources/PerfectLib/SysProcess.swift:110:3: error: 'posix_spawn_file_actions_adddup2' is unavailable in watchOS
108 | posix_spawn_file_actions_init(&action);
109 | posix_spawn_file_actions_adddup2(&action, fSTDOUT[1], STDOUT_FILENO);
110 | posix_spawn_file_actions_adddup2(&action, fSTDIN[0], STDIN_FILENO);
| `- error: 'posix_spawn_file_actions_adddup2' is unavailable in watchOS
111 | posix_spawn_file_actions_adddup2(&action, fSTDERR[1], STDERR_FILENO);
112 |
/Applications/Xcode-27.0.0-Release.Candidate.app/Contents/Developer/Platforms/WatchOS.platform/Developer/SDKs/WatchOS27.0.sdk/usr/include/spawn.h:80:9: note: 'posix_spawn_file_actions_adddup2' has been explicitly marked unavailable here
78 | int posix_spawn_file_actions_addclose(posix_spawn_file_actions_t *, int) __API_AVAILABLE(macos(10.5), ios(2.0)) __API_UNAVAILABLE(watchos, tvos);
79 |
80 | int posix_spawn_file_actions_adddup2(posix_spawn_file_actions_t *, int,
| `- note: 'posix_spawn_file_actions_adddup2' has been explicitly marked unavailable here
81 | int) __API_AVAILABLE(macos(10.5), ios(2.0)) __API_UNAVAILABLE(watchos, tvos);
82 |
/Users/admin/builder/spi-builder-workspace/Sources/PerfectLib/SysProcess.swift:110:3: warning: result of call to 'posix_spawn_file_actions_adddup2' is unused [#NoUsage]
108 | posix_spawn_file_actions_init(&action);
109 | posix_spawn_file_actions_adddup2(&action, fSTDOUT[1], STDOUT_FILENO);
110 | posix_spawn_file_actions_adddup2(&action, fSTDIN[0], STDIN_FILENO);
| `- warning: result of call to 'posix_spawn_file_actions_adddup2' is unused [#NoUsage]
111 | posix_spawn_file_actions_adddup2(&action, fSTDERR[1], STDERR_FILENO);
112 |
/Users/admin/builder/spi-builder-workspace/Sources/PerfectLib/SysProcess.swift:111:3: error: 'posix_spawn_file_actions_adddup2' is unavailable in watchOS
109 | posix_spawn_file_actions_adddup2(&action, fSTDOUT[1], STDOUT_FILENO);
110 | posix_spawn_file_actions_adddup2(&action, fSTDIN[0], STDIN_FILENO);
111 | posix_spawn_file_actions_adddup2(&action, fSTDERR[1], STDERR_FILENO);
| `- error: 'posix_spawn_file_actions_adddup2' is unavailable in watchOS
112 |
113 | posix_spawn_file_actions_addclose(&action, fSTDOUT[0]);
/Applications/Xcode-27.0.0-Release.Candidate.app/Contents/Developer/Platforms/WatchOS.platform/Developer/SDKs/WatchOS27.0.sdk/usr/include/spawn.h:80:9: note: 'posix_spawn_file_actions_adddup2' has been explicitly marked unavailable here
78 | int posix_spawn_file_actions_addclose(posix_spawn_file_actions_t *, int) __API_AVAILABLE(macos(10.5), ios(2.0)) __API_UNAVAILABLE(watchos, tvos);
79 |
80 | int posix_spawn_file_actions_adddup2(posix_spawn_file_actions_t *, int,
| `- note: 'posix_spawn_file_actions_adddup2' has been explicitly marked unavailable here
81 | int) __API_AVAILABLE(macos(10.5), ios(2.0)) __API_UNAVAILABLE(watchos, tvos);
82 |
/Users/admin/builder/spi-builder-workspace/Sources/PerfectLib/SysProcess.swift:111:3: warning: result of call to 'posix_spawn_file_actions_adddup2' is unused [#NoUsage]
109 | posix_spawn_file_actions_adddup2(&action, fSTDOUT[1], STDOUT_FILENO);
110 | posix_spawn_file_actions_adddup2(&action, fSTDIN[0], STDIN_FILENO);
111 | posix_spawn_file_actions_adddup2(&action, fSTDERR[1], STDERR_FILENO);
| `- warning: result of call to 'posix_spawn_file_actions_adddup2' is unused [#NoUsage]
112 |
113 | posix_spawn_file_actions_addclose(&action, fSTDOUT[0]);
/Users/admin/builder/spi-builder-workspace/Sources/PerfectLib/SysProcess.swift:113:3: error: 'posix_spawn_file_actions_addclose' is unavailable in watchOS
111 | posix_spawn_file_actions_adddup2(&action, fSTDERR[1], STDERR_FILENO);
112 |
113 | posix_spawn_file_actions_addclose(&action, fSTDOUT[0]);
| `- error: 'posix_spawn_file_actions_addclose' is unavailable in watchOS
114 | posix_spawn_file_actions_addclose(&action, fSTDIN[0]);
115 | posix_spawn_file_actions_addclose(&action, fSTDERR[0]);
/Applications/Xcode-27.0.0-Release.Candidate.app/Contents/Developer/Platforms/WatchOS.platform/Developer/SDKs/WatchOS27.0.sdk/usr/include/spawn.h:78:9: note: 'posix_spawn_file_actions_addclose' has been explicitly marked unavailable here
76 | int) __API_AVAILABLE(macos(26.0)) __API_UNAVAILABLE(ios, tvos, watchos, visionos);
77 |
78 | int posix_spawn_file_actions_addclose(posix_spawn_file_actions_t *, int) __API_AVAILABLE(macos(10.5), ios(2.0)) __API_UNAVAILABLE(watchos, tvos);
| `- note: 'posix_spawn_file_actions_addclose' has been explicitly marked unavailable here
79 |
80 | int posix_spawn_file_actions_adddup2(posix_spawn_file_actions_t *, int,
/Users/admin/builder/spi-builder-workspace/Sources/PerfectLib/SysProcess.swift:113:3: warning: result of call to 'posix_spawn_file_actions_addclose' is unused [#NoUsage]
111 | posix_spawn_file_actions_adddup2(&action, fSTDERR[1], STDERR_FILENO);
112 |
113 | posix_spawn_file_actions_addclose(&action, fSTDOUT[0]);
| `- warning: result of call to 'posix_spawn_file_actions_addclose' is unused [#NoUsage]
114 | posix_spawn_file_actions_addclose(&action, fSTDIN[0]);
115 | posix_spawn_file_actions_addclose(&action, fSTDERR[0]);
/Users/admin/builder/spi-builder-workspace/Sources/PerfectLib/SysProcess.swift:114:3: error: 'posix_spawn_file_actions_addclose' is unavailable in watchOS
112 |
113 | posix_spawn_file_actions_addclose(&action, fSTDOUT[0]);
114 | posix_spawn_file_actions_addclose(&action, fSTDIN[0]);
| `- error: 'posix_spawn_file_actions_addclose' is unavailable in watchOS
115 | posix_spawn_file_actions_addclose(&action, fSTDERR[0]);
116 | posix_spawn_file_actions_addclose(&action, fSTDOUT[1]);
/Applications/Xcode-27.0.0-Release.Candidate.app/Contents/Developer/Platforms/WatchOS.platform/Developer/SDKs/WatchOS27.0.sdk/usr/include/spawn.h:78:9: note: 'posix_spawn_file_actions_addclose' has been explicitly marked unavailable here
76 | int) __API_AVAILABLE(macos(26.0)) __API_UNAVAILABLE(ios, tvos, watchos, visionos);
77 |
78 | int posix_spawn_file_actions_addclose(posix_spawn_file_actions_t *, int) __API_AVAILABLE(macos(10.5), ios(2.0)) __API_UNAVAILABLE(watchos, tvos);
| `- note: 'posix_spawn_file_actions_addclose' has been explicitly marked unavailable here
79 |
80 | int posix_spawn_file_actions_adddup2(posix_spawn_file_actions_t *, int,
/Users/admin/builder/spi-builder-workspace/Sources/PerfectLib/SysProcess.swift:114:3: warning: result of call to 'posix_spawn_file_actions_addclose' is unused [#NoUsage]
112 |
113 | posix_spawn_file_actions_addclose(&action, fSTDOUT[0]);
114 | posix_spawn_file_actions_addclose(&action, fSTDIN[0]);
| `- warning: result of call to 'posix_spawn_file_actions_addclose' is unused [#NoUsage]
115 | posix_spawn_file_actions_addclose(&action, fSTDERR[0]);
116 | posix_spawn_file_actions_addclose(&action, fSTDOUT[1]);
/Users/admin/builder/spi-builder-workspace/Sources/PerfectLib/SysProcess.swift:115:3: error: 'posix_spawn_file_actions_addclose' is unavailable in watchOS
113 | posix_spawn_file_actions_addclose(&action, fSTDOUT[0]);
114 | posix_spawn_file_actions_addclose(&action, fSTDIN[0]);
115 | posix_spawn_file_actions_addclose(&action, fSTDERR[0]);
| `- error: 'posix_spawn_file_actions_addclose' is unavailable in watchOS
116 | posix_spawn_file_actions_addclose(&action, fSTDOUT[1]);
117 | posix_spawn_file_actions_addclose(&action, fSTDIN[1]);
/Applications/Xcode-27.0.0-Release.Candidate.app/Contents/Developer/Platforms/WatchOS.platform/Developer/SDKs/WatchOS27.0.sdk/usr/include/spawn.h:78:9: note: 'posix_spawn_file_actions_addclose' has been explicitly marked unavailable here
76 | int) __API_AVAILABLE(macos(26.0)) __API_UNAVAILABLE(ios, tvos, watchos, visionos);
77 |
78 | int posix_spawn_file_actions_addclose(posix_spawn_file_actions_t *, int) __API_AVAILABLE(macos(10.5), ios(2.0)) __API_UNAVAILABLE(watchos, tvos);
| `- note: 'posix_spawn_file_actions_addclose' has been explicitly marked unavailable here
79 |
80 | int posix_spawn_file_actions_adddup2(posix_spawn_file_actions_t *, int,
/Users/admin/builder/spi-builder-workspace/Sources/PerfectLib/SysProcess.swift:115:3: warning: result of call to 'posix_spawn_file_actions_addclose' is unused [#NoUsage]
113 | posix_spawn_file_actions_addclose(&action, fSTDOUT[0]);
114 | posix_spawn_file_actions_addclose(&action, fSTDIN[0]);
115 | posix_spawn_file_actions_addclose(&action, fSTDERR[0]);
| `- warning: result of call to 'posix_spawn_file_actions_addclose' is unused [#NoUsage]
116 | posix_spawn_file_actions_addclose(&action, fSTDOUT[1]);
117 | posix_spawn_file_actions_addclose(&action, fSTDIN[1]);
/Users/admin/builder/spi-builder-workspace/Sources/PerfectLib/SysProcess.swift:116:3: error: 'posix_spawn_file_actions_addclose' is unavailable in watchOS
114 | posix_spawn_file_actions_addclose(&action, fSTDIN[0]);
115 | posix_spawn_file_actions_addclose(&action, fSTDERR[0]);
116 | posix_spawn_file_actions_addclose(&action, fSTDOUT[1]);
| `- error: 'posix_spawn_file_actions_addclose' is unavailable in watchOS
117 | posix_spawn_file_actions_addclose(&action, fSTDIN[1]);
118 | posix_spawn_file_actions_addclose(&action, fSTDERR[1]);
/Applications/Xcode-27.0.0-Release.Candidate.app/Contents/Developer/Platforms/WatchOS.platform/Developer/SDKs/WatchOS27.0.sdk/usr/include/spawn.h:78:9: note: 'posix_spawn_file_actions_addclose' has been explicitly marked unavailable here
76 | int) __API_AVAILABLE(macos(26.0)) __API_UNAVAILABLE(ios, tvos, watchos, visionos);
77 |
78 | int posix_spawn_file_actions_addclose(posix_spawn_file_actions_t *, int) __API_AVAILABLE(macos(10.5), ios(2.0)) __API_UNAVAILABLE(watchos, tvos);
| `- note: 'posix_spawn_file_actions_addclose' has been explicitly marked unavailable here
79 |
80 | int posix_spawn_file_actions_adddup2(posix_spawn_file_actions_t *, int,
/Users/admin/builder/spi-builder-workspace/Sources/PerfectLib/SysProcess.swift:116:3: warning: result of call to 'posix_spawn_file_actions_addclose' is unused [#NoUsage]
114 | posix_spawn_file_actions_addclose(&action, fSTDIN[0]);
115 | posix_spawn_file_actions_addclose(&action, fSTDERR[0]);
116 | posix_spawn_file_actions_addclose(&action, fSTDOUT[1]);
| `- warning: result of call to 'posix_spawn_file_actions_addclose' is unused [#NoUsage]
117 | posix_spawn_file_actions_addclose(&action, fSTDIN[1]);
118 | posix_spawn_file_actions_addclose(&action, fSTDERR[1]);
/Users/admin/builder/spi-builder-workspace/Sources/PerfectLib/SysProcess.swift:117:3: error: 'posix_spawn_file_actions_addclose' is unavailable in watchOS
115 | posix_spawn_file_actions_addclose(&action, fSTDERR[0]);
116 | posix_spawn_file_actions_addclose(&action, fSTDOUT[1]);
117 | posix_spawn_file_actions_addclose(&action, fSTDIN[1]);
| `- error: 'posix_spawn_file_actions_addclose' is unavailable in watchOS
118 | posix_spawn_file_actions_addclose(&action, fSTDERR[1]);
119 |
/Applications/Xcode-27.0.0-Release.Candidate.app/Contents/Developer/Platforms/WatchOS.platform/Developer/SDKs/WatchOS27.0.sdk/usr/include/spawn.h:78:9: note: 'posix_spawn_file_actions_addclose' has been explicitly marked unavailable here
76 | int) __API_AVAILABLE(macos(26.0)) __API_UNAVAILABLE(ios, tvos, watchos, visionos);
77 |
78 | int posix_spawn_file_actions_addclose(posix_spawn_file_actions_t *, int) __API_AVAILABLE(macos(10.5), ios(2.0)) __API_UNAVAILABLE(watchos, tvos);
| `- note: 'posix_spawn_file_actions_addclose' has been explicitly marked unavailable here
79 |
80 | int posix_spawn_file_actions_adddup2(posix_spawn_file_actions_t *, int,
/Users/admin/builder/spi-builder-workspace/Sources/PerfectLib/SysProcess.swift:117:3: warning: result of call to 'posix_spawn_file_actions_addclose' is unused [#NoUsage]
115 | posix_spawn_file_actions_addclose(&action, fSTDERR[0]);
116 | posix_spawn_file_actions_addclose(&action, fSTDOUT[1]);
117 | posix_spawn_file_actions_addclose(&action, fSTDIN[1]);
| `- warning: result of call to 'posix_spawn_file_actions_addclose' is unused [#NoUsage]
118 | posix_spawn_file_actions_addclose(&action, fSTDERR[1]);
119 |
/Users/admin/builder/spi-builder-workspace/Sources/PerfectLib/SysProcess.swift:118:3: error: 'posix_spawn_file_actions_addclose' is unavailable in watchOS
116 | posix_spawn_file_actions_addclose(&action, fSTDOUT[1]);
117 | posix_spawn_file_actions_addclose(&action, fSTDIN[1]);
118 | posix_spawn_file_actions_addclose(&action, fSTDERR[1]);
| `- error: 'posix_spawn_file_actions_addclose' is unavailable in watchOS
119 |
120 | posix_spawnattr_init(&attr)
/Applications/Xcode-27.0.0-Release.Candidate.app/Contents/Developer/Platforms/WatchOS.platform/Developer/SDKs/WatchOS27.0.sdk/usr/include/spawn.h:78:9: note: 'posix_spawn_file_actions_addclose' has been explicitly marked unavailable here
76 | int) __API_AVAILABLE(macos(26.0)) __API_UNAVAILABLE(ios, tvos, watchos, visionos);
77 |
78 | int posix_spawn_file_actions_addclose(posix_spawn_file_actions_t *, int) __API_AVAILABLE(macos(10.5), ios(2.0)) __API_UNAVAILABLE(watchos, tvos);
| `- note: 'posix_spawn_file_actions_addclose' has been explicitly marked unavailable here
79 |
80 | int posix_spawn_file_actions_adddup2(posix_spawn_file_actions_t *, int,
/Users/admin/builder/spi-builder-workspace/Sources/PerfectLib/SysProcess.swift:118:3: warning: result of call to 'posix_spawn_file_actions_addclose' is unused [#NoUsage]
116 | posix_spawn_file_actions_addclose(&action, fSTDOUT[1]);
117 | posix_spawn_file_actions_addclose(&action, fSTDIN[1]);
118 | posix_spawn_file_actions_addclose(&action, fSTDERR[1]);
| `- warning: result of call to 'posix_spawn_file_actions_addclose' is unused [#NoUsage]
119 |
120 | posix_spawnattr_init(&attr)
/Users/admin/builder/spi-builder-workspace/Sources/PerfectLib/SysProcess.swift:120:3: error: 'posix_spawnattr_init' is unavailable in watchOS
118 | posix_spawn_file_actions_addclose(&action, fSTDERR[1]);
119 |
120 | posix_spawnattr_init(&attr)
| `- error: 'posix_spawnattr_init' is unavailable in watchOS
121 |
122 | if newGroup {
/Applications/Xcode-27.0.0-Release.Candidate.app/Contents/Developer/Platforms/WatchOS.platform/Developer/SDKs/WatchOS27.0.sdk/usr/include/spawn.h:105:9: note: 'posix_spawnattr_init' has been explicitly marked unavailable here
103 | sigset_t * __restrict) __API_AVAILABLE(macos(10.5), ios(2.0)) __API_UNAVAILABLE(watchos, tvos);
104 |
105 | int posix_spawnattr_init(posix_spawnattr_t *) __API_AVAILABLE(macos(10.5), ios(2.0)) __API_UNAVAILABLE(watchos, tvos);
| `- note: 'posix_spawnattr_init' has been explicitly marked unavailable here
106 |
107 | int posix_spawnattr_setsigdefault(posix_spawnattr_t * __restrict,
/Users/admin/builder/spi-builder-workspace/Sources/PerfectLib/SysProcess.swift:120:3: warning: result of call to 'posix_spawnattr_init' is unused [#NoUsage]
118 | posix_spawn_file_actions_addclose(&action, fSTDERR[1]);
119 |
120 | posix_spawnattr_init(&attr)
| `- warning: result of call to 'posix_spawnattr_init' is unused [#NoUsage]
121 |
122 | if newGroup {
/Users/admin/builder/spi-builder-workspace/Sources/PerfectLib/SysProcess.swift:125:4: error: 'posix_spawnattr_setflags' is unavailable in watchOS
123 | // By default, all flags are unset after the init call
124 | // so no need to OR in the existing flags.
125 | posix_spawnattr_setflags(&attr, Int16(POSIX_SPAWN_SETPGROUP))
| `- error: 'posix_spawnattr_setflags' is unavailable in watchOS
126 | }
127 |
/Applications/Xcode-27.0.0-Release.Candidate.app/Contents/Developer/Platforms/WatchOS.platform/Developer/SDKs/WatchOS27.0.sdk/usr/include/spawn.h:110:9: note: 'posix_spawnattr_setflags' has been explicitly marked unavailable here
108 | const sigset_t * __restrict) __API_AVAILABLE(macos(10.5), ios(2.0)) __API_UNAVAILABLE(watchos, tvos);
109 |
110 | int posix_spawnattr_setflags(posix_spawnattr_t *, short) __API_AVAILABLE(macos(10.5), ios(2.0)) __API_UNAVAILABLE(watchos, tvos);
| `- note: 'posix_spawnattr_setflags' has been explicitly marked unavailable here
111 |
112 | int posix_spawnattr_setpgroup(posix_spawnattr_t *, pid_t) __API_AVAILABLE(macos(10.5), ios(2.0)) __API_UNAVAILABLE(watchos, tvos);
/Users/admin/builder/spi-builder-workspace/Sources/PerfectLib/SysProcess.swift:125:4: warning: result of call to 'posix_spawnattr_setflags' is unused [#NoUsage]
123 | // By default, all flags are unset after the init call
124 | // so no need to OR in the existing flags.
125 | posix_spawnattr_setflags(&attr, Int16(POSIX_SPAWN_SETPGROUP))
| `- warning: result of call to 'posix_spawnattr_setflags' is unused [#NoUsage]
126 | }
127 |
/Users/admin/builder/spi-builder-workspace/Sources/PerfectLib/SysProcess.swift:130:3: error: 'posix_spawn_file_actions_destroy' is unavailable in watchOS
128 | var procPid = pid_t()
129 | let spawnRes = posix_spawnp(&procPid, cmd, &action, &attr, cArgs, cEnv)
130 | posix_spawn_file_actions_destroy(&action)
| `- error: 'posix_spawn_file_actions_destroy' is unavailable in watchOS
131 | posix_spawnattr_destroy(&attr)
132 |
/Applications/Xcode-27.0.0-Release.Candidate.app/Contents/Developer/Platforms/WatchOS.platform/Developer/SDKs/WatchOS27.0.sdk/usr/include/spawn.h:87:9: note: 'posix_spawn_file_actions_destroy' has been explicitly marked unavailable here
85 | const char * __restrict, int, mode_t) __API_AVAILABLE(macos(10.5), ios(2.0)) __API_UNAVAILABLE(watchos, tvos);
86 |
87 | int posix_spawn_file_actions_destroy(posix_spawn_file_actions_t *) __API_AVAILABLE(macos(10.5), ios(2.0)) __API_UNAVAILABLE(watchos, tvos);
| `- note: 'posix_spawn_file_actions_destroy' has been explicitly marked unavailable here
88 |
89 | int posix_spawn_file_actions_init(posix_spawn_file_actions_t *) __API_AVAILABLE(macos(10.5), ios(2.0)) __API_UNAVAILABLE(watchos, tvos);
/Users/admin/builder/spi-builder-workspace/Sources/PerfectLib/SysProcess.swift:130:3: warning: result of call to 'posix_spawn_file_actions_destroy' is unused [#NoUsage]
128 | var procPid = pid_t()
129 | let spawnRes = posix_spawnp(&procPid, cmd, &action, &attr, cArgs, cEnv)
130 | posix_spawn_file_actions_destroy(&action)
| `- warning: result of call to 'posix_spawn_file_actions_destroy' is unused [#NoUsage]
131 | posix_spawnattr_destroy(&attr)
132 |
/Users/admin/builder/spi-builder-workspace/Sources/PerfectLib/SysProcess.swift:131:3: error: 'posix_spawnattr_destroy' is unavailable in watchOS
129 | let spawnRes = posix_spawnp(&procPid, cmd, &action, &attr, cArgs, cEnv)
130 | posix_spawn_file_actions_destroy(&action)
131 | posix_spawnattr_destroy(&attr)
| `- error: 'posix_spawnattr_destroy' is unavailable in watchOS
132 |
133 | for idx in 0..<cArgsCount {
/Applications/Xcode-27.0.0-Release.Candidate.app/Contents/Developer/Platforms/WatchOS.platform/Developer/SDKs/WatchOS27.0.sdk/usr/include/spawn.h:91:9: note: 'posix_spawnattr_destroy' has been explicitly marked unavailable here
89 | int posix_spawn_file_actions_init(posix_spawn_file_actions_t *) __API_AVAILABLE(macos(10.5), ios(2.0)) __API_UNAVAILABLE(watchos, tvos);
90 |
91 | int posix_spawnattr_destroy(posix_spawnattr_t *) __API_AVAILABLE(macos(10.5), ios(2.0)) __API_UNAVAILABLE(watchos, tvos);
| `- note: 'posix_spawnattr_destroy' has been explicitly marked unavailable here
92 |
93 | int posix_spawnattr_getsigdefault(const posix_spawnattr_t * __restrict,
/Users/admin/builder/spi-builder-workspace/Sources/PerfectLib/SysProcess.swift:131:3: warning: result of call to 'posix_spawnattr_destroy' is unused [#NoUsage]
129 | let spawnRes = posix_spawnp(&procPid, cmd, &action, &attr, cArgs, cEnv)
130 | posix_spawn_file_actions_destroy(&action)
131 | posix_spawnattr_destroy(&attr)
| `- warning: result of call to 'posix_spawnattr_destroy' is unused [#NoUsage]
132 |
133 | for idx in 0..<cArgsCount {
[#NoUsage]: <https://docs.swift.org/compiler/documentation/diagnostics/no-usage>
Failed frontend command:
/Applications/Xcode-27.0.0-Release.Candidate.app/Contents/Developer/Toolchains/XcodeDefault.xctoolchain/usr/bin/swift-frontend -frontend -emit-module -experimental-skip-non-inlinable-function-bodies-without-types /Users/admin/builder/spi-builder-workspace/Sources/PerfectLib/Bytes.swift /Users/admin/builder/spi-builder-workspace/Sources/PerfectLib/Dir.swift /Users/admin/builder/spi-builder-workspace/Sources/PerfectLib/File.swift /Users/admin/builder/spi-builder-workspace/Sources/PerfectLib/JSONConvertible.swift /Users/admin/builder/spi-builder-workspace/Sources/PerfectLib/Log.swift /Users/admin/builder/spi-builder-workspace/Sources/PerfectLib/PerfectError.swift /Users/admin/builder/spi-builder-workspace/Sources/PerfectLib/PerfectServer.swift /Users/admin/builder/spi-builder-workspace/Sources/PerfectLib/SysProcess.swift /Users/admin/builder/spi-builder-workspace/Sources/PerfectLib/Utilities.swift -target arm64_32-apple-watchos9.0 -disable-cross-import-overlay-search -swift-module-cross-import Darwin /Applications/Xcode-27.0.0-Release.Candidate.app/Contents/Developer/Platforms/WatchOS.platform/Developer/SDKs/WatchOS.sdk/usr/include/Darwin.swiftcrossimport/xlocale.swiftoverlay -load-resolved-plugin /Applications/Xcode-27.0.0-Release.Candidate.app/Contents/Developer/Platforms/WatchOS.platform/Developer/usr/lib/swift/host/plugins/libFoundationMacros.dylib\#/Applications/Xcode-27.0.0-Release.Candidate.app/Contents/Developer/Platforms/WatchOS.platform/Developer/usr/bin/swift-plugin-server\#FoundationMacros -load-resolved-plugin /Applications/Xcode-27.0.0-Release.Candidate.app/Contents/Developer/Platforms/WatchOS.platform/Developer/usr/lib/swift/host/plugins/libObservationMacros.dylib\#/Applications/Xcode-27.0.0-Release.Candidate.app/Contents/Developer/Platforms/WatchOS.platform/Developer/usr/bin/swift-plugin-server\#ObservationMacros -load-resolved-plugin /Applications/Xcode-27.0.0-Release.Candidate.app/Contents/Developer/Platforms/WatchOS.platform/Developer/usr/lib/swift/host/plugins/libSwiftMacros.dylib\#/Applications/Xcode-27.0.0-Release.Candidate.app/Contents/Developer/Platforms/WatchOS.platform/Developer/usr/bin/swift-plugin-server\#SwiftMacros -disable-implicit-swift-modules -Xcc -fno-implicit-modules -Xcc -fno-implicit-module-maps -explicit-swift-module-map-file /Users/admin/builder/spi-builder-workspace/.derivedData/Build/Intermediates.noindex/PerfectLib.build/Debug-watchos/PerfectLib-t.build/Objects-normal/arm64_32/PerfectLib-dependencies-2.json -enable-objc-interop -sdk /Applications/Xcode-27.0.0-Release.Candidate.app/Contents/Developer/Platforms/WatchOS.platform/Developer/SDKs/WatchOS27.0.sdk -I /Users/admin/builder/spi-builder-workspace/.derivedData/Build/Products/Debug-watchos -Isystem /Applications/Xcode-27.0.0-Release.Candidate.app/Contents/Developer/Platforms/WatchOS.platform/Developer/usr/lib -F /Users/admin/builder/spi-builder-workspace/.derivedData/Build/Products/Debug-watchos -F /Applications/Xcode-27.0.0-Release.Candidate.app/Contents/Developer/Platforms/WatchOS.platform/Developer/Library/Frameworks -F /Applications/Xcode-27.0.0-Release.Candidate.app/Contents/Developer/Platforms/WatchOS.platform/Developer/SDKs/WatchOS27.0.sdk/Developer/Library/Frameworks -module-cache-path /Users/admin/builder/spi-builder-workspace/.derivedData/Build/Intermediates.noindex/SwiftExplicitPrecompiledModules -no-color-diagnostics -Xcc -fno-color-diagnostics -enable-testing -g -debug-info-format\=dwarf -dwarf-version\=4 -profile-generate -profile-coverage-mapping -swift-version 5 -Onone -D SWIFT_PACKAGE -D DEBUG -D SWIFT_MODULE_RESOURCE_BUNDLE_UNAVAILABLE -D Xcode -serialize-debugging-options -enable-experimental-feature DebugDescriptionMacro -empty-abi-descriptor -validate-clang-modules-once -clang-build-session-file /Users/admin/builder/spi-builder-workspace/.derivedData/ModuleCache.noindex/Session.modulevalidation -Xcc -working-directory -Xcc /Users/admin/builder/spi-builder-workspace/.swiftpm/xcode -enable-anonymous-context-mangled-names -file-compilation-dir /Users/admin/builder/spi-builder-workspace/.swiftpm/xcode -Xcc -D_LIBCPP_HARDENING_MODE\=_LIBCPP_HARDENING_MODE_DEBUG -Xcc -ivfsstatcache -Xcc /Users/admin/builder/spi-builder-workspace/.derivedData/SDKStatCaches.noindex/watchos27.0-24R360-e829b21a6f8c9b70876ba0858053c04477534ef55a1706bf4c1112bbb242f0a2.sdkstatcache -Xcc -fmodules-prune-interval\=86400 -Xcc -fmodules-prune-after\=345600 -Xcc -I/Users/admin/builder/spi-builder-workspace/.derivedData/Build/Products/Debug-watchos/include -Xcc -I/Users/admin/builder/spi-builder-workspace/.derivedData/Build/Intermediates.noindex/PerfectLib.build/Debug-watchos/PerfectLib-t.build/DerivedSources-normal/arm64_32 -Xcc -I/Users/admin/builder/spi-builder-workspace/.derivedData/Build/Intermediates.noindex/PerfectLib.build/Debug-watchos/PerfectLib-t.build/DerivedSources/arm64_32 -Xcc -I/Users/admin/builder/spi-builder-workspace/.derivedData/Build/Intermediates.noindex/PerfectLib.build/Debug-watchos/PerfectLib-t.build/DerivedSources -Xcc -DSWIFT_PACKAGE -Xcc -DDEBUG\=1 -no-auto-bridging-header-chaining -module-name PerfectLib -const-gather-protocols-file /Users/admin/builder/spi-builder-workspace/.derivedData/Build/Intermediates.noindex/PerfectLib.build/Debug-watchos/PerfectLib-t.build/Objects-normal/arm64_32/PerfectLib_const_extract_protocols.json -disable-clang-spi -clang-target arm64_32-apple-watchos27.0 -target-sdk-version 27.0 -target-sdk-name watchos27.0 -in-process-plugin-server-path /Applications/Xcode-27.0.0-Release.Candidate.app/Contents/Developer/Toolchains/XcodeDefault.xctoolchain/usr/lib/swift/host/libSwiftInProcPluginServer.dylib -emit-module-doc-path /Users/admin/builder/spi-builder-workspace/.derivedData/Build/Intermediates.noindex/PerfectLib.build/Debug-watchos/PerfectLib-t.build/Objects-normal/arm64_32/PerfectLib.swiftdoc -emit-module-source-info-path /Users/admin/builder/spi-builder-workspace/.derivedData/Build/Intermediates.noindex/PerfectLib.build/Debug-watchos/PerfectLib-t.build/Objects-normal/arm64_32/PerfectLib.swiftsourceinfo -emit-objc-header-path /Users/admin/builder/spi-builder-workspace/.derivedData/Build/Intermediates.noindex/PerfectLib.build/Debug-watchos/PerfectLib-t.build/Objects-normal/arm64_32/PerfectLib-Swift.h -serialize-diagnostics-path /Users/admin/builder/spi-builder-workspace/.derivedData/Build/Intermediates.noindex/PerfectLib.build/Debug-watchos/PerfectLib-t.build/Objects-normal/arm64_32/PerfectLib-primary-emit-module.dia -emit-dependencies-path /Users/admin/builder/spi-builder-workspace/.derivedData/Build/Intermediates.noindex/PerfectLib.build/Debug-watchos/PerfectLib-t.build/Objects-normal/arm64_32/PerfectLib-primary-emit-module.d -parse-as-library -o /Users/admin/builder/spi-builder-workspace/.derivedData/Build/Intermediates.noindex/PerfectLib.build/Debug-watchos/PerfectLib-t.build/Objects-normal/arm64_32/PerfectLib.swiftmodule -emit-abi-descriptor-path /Users/admin/builder/spi-builder-workspace/.derivedData/Build/Intermediates.noindex/PerfectLib.build/Debug-watchos/PerfectLib-t.build/Objects-normal/arm64_32/PerfectLib.abi.json
SwiftCompile normal arm64_32 (in target 'PerfectLib' from project 'PerfectLib')
cd /Users/admin/builder/spi-builder-workspace/.swiftpm/xcode
SwiftCompile normal arm64_32 Compiling\ Bytes.swift /Users/admin/builder/spi-builder-workspace/Sources/PerfectLib/Bytes.swift (in target 'PerfectLib' from project 'PerfectLib')
SwiftCompile normal arm64_32 /Users/admin/builder/spi-builder-workspace/Sources/PerfectLib/Bytes.swift (in target 'PerfectLib' from project 'PerfectLib')
cd /Users/admin/builder/spi-builder-workspace/.swiftpm/xcode
builtin-SwiftPerFileCompile Bytes.swift
SwiftCompile normal arm64_32 Compiling\ PerfectServer.swift /Users/admin/builder/spi-builder-workspace/Sources/PerfectLib/PerfectServer.swift (in target 'PerfectLib' from project 'PerfectLib')
SwiftCompile normal arm64_32 /Users/admin/builder/spi-builder-workspace/Sources/PerfectLib/PerfectServer.swift (in target 'PerfectLib' from project 'PerfectLib')
cd /Users/admin/builder/spi-builder-workspace/.swiftpm/xcode
builtin-SwiftPerFileCompile PerfectServer.swift
SwiftCompile normal arm64_32 Compiling\ JSONConvertible.swift /Users/admin/builder/spi-builder-workspace/Sources/PerfectLib/JSONConvertible.swift (in target 'PerfectLib' from project 'PerfectLib')
SwiftCompile normal arm64_32 /Users/admin/builder/spi-builder-workspace/Sources/PerfectLib/JSONConvertible.swift (in target 'PerfectLib' from project 'PerfectLib')
cd /Users/admin/builder/spi-builder-workspace/.swiftpm/xcode
builtin-SwiftPerFileCompile JSONConvertible.swift
SwiftCompile normal arm64_32 Compiling\ File.swift /Users/admin/builder/spi-builder-workspace/Sources/PerfectLib/File.swift (in target 'PerfectLib' from project 'PerfectLib')
SwiftCompile normal arm64_32 /Users/admin/builder/spi-builder-workspace/Sources/PerfectLib/File.swift (in target 'PerfectLib' from project 'PerfectLib')
cd /Users/admin/builder/spi-builder-workspace/.swiftpm/xcode
builtin-SwiftPerFileCompile File.swift
/Users/admin/builder/spi-builder-workspace/Sources/PerfectLib/File.swift:120:15: error: 'wordexp' is unavailable in watchOS
118 | if !inPath.isEmpty && inPath[inPath.startIndex] == "~" {
119 | var wexp = wordexp_t()
120 | guard 0 == wordexp(inPath, &wexp, 0),
| `- error: 'wordexp' is unavailable in watchOS
121 | let we_wordv = wexp.we_wordv else {
122 | return inPath
/Applications/Xcode-27.0.0-Release.Candidate.app/Contents/Developer/Platforms/WatchOS.platform/Developer/SDKs/WatchOS.sdk/usr/include/wordexp.h:84:5: note: 'wordexp' has been explicitly marked unavailable here
82 |
83 | __BEGIN_DECLS
84 | int wordexp(const char * __restrict, wordexp_t * __restrict, int) __OSX_AVAILABLE_STARTING(__MAC_10_0, __IPHONE_NA);
| `- note: 'wordexp' has been explicitly marked unavailable here
85 | void wordfree(wordexp_t *) __OSX_AVAILABLE_STARTING(__MAC_10_0, __IPHONE_NA);
86 | __END_DECLS
SwiftCompile normal arm64_32 Compiling\ Log.swift /Users/admin/builder/spi-builder-workspace/Sources/PerfectLib/Log.swift (in target 'PerfectLib' from project 'PerfectLib')
SwiftCompile normal arm64_32 /Users/admin/builder/spi-builder-workspace/Sources/PerfectLib/Log.swift (in target 'PerfectLib' from project 'PerfectLib')
cd /Users/admin/builder/spi-builder-workspace/.swiftpm/xcode
builtin-SwiftPerFileCompile Log.swift
SwiftEmitModule normal arm64 Emitting\ module\ for\ PerfectLib (in target 'PerfectLib' from project 'PerfectLib')
SwiftCompile normal arm64 (in target 'PerfectLib' from project 'PerfectLib')
cd /Users/admin/builder/spi-builder-workspace/.swiftpm/xcode
PruneExplicitPrecompiledModules /Users/admin/builder/spi-builder-workspace/.derivedData/Build/Intermediates.noindex/SwiftExplicitPrecompiledModules
PruneExplicitPrecompiledModules /Users/admin/builder/spi-builder-workspace/.derivedData/Build/Intermediates.noindex/ExplicitPrecompiledModules
PruneExplicitPrecompiledModules /Users/admin/builder/spi-builder-workspace/.derivedData/SDKExplicitPrecompiledModules
2026-09-17 09:51:39.367 xcodebuild[648:4173] [MT] IDERunDestination: Supported platforms for the buildables in the current scheme is empty.
** BUILD FAILED **
The following build commands failed:
SwiftEmitModule normal arm64_32 Emitting\ module\ for\ PerfectLib (in target 'PerfectLib' from project 'PerfectLib')
SwiftCompile normal arm64_32 (in target 'PerfectLib' from project 'PerfectLib')
Building workspace PerfectLib with scheme PerfectLib
(3 failures)
Command line invocation:
/Applications/Xcode-27.0.0-Release.Candidate.app/Contents/Developer/usr/bin/xcodebuild -IDEClonedSourcePackagesDirPathOverride=/Users/admin/builder/spi-builder-workspace/.dependencies -resolvePackageDependencies
Resolve Package Graph
Resolved source packages:
PerfectLib: /Users/admin/builder/spi-builder-workspace
resolved source packages: PerfectLib
2026-09-17 09:51:44.402 xcodebuild[731:4516] [MT] IDERunDestination: Supported platforms for the buildables in the current scheme is empty.
{
"dependencies" : [
],
"manifest_display_name" : "PerfectLib",
"name" : "PerfectLib",
"path" : "/Users/admin/builder/spi-builder-workspace",
"platforms" : [
{
"name" : "macos",
"version" : "10.15"
}
],
"products" : [
{
"name" : "PerfectLib",
"targets" : [
"PerfectLib"
],
"type" : {
"library" : [
"automatic"
]
}
}
],
"targets" : [
{
"c99name" : "PerfectLibTests",
"module_type" : "SwiftTarget",
"name" : "PerfectLibTests",
"path" : "Tests/PerfectLibTests",
"sources" : [
"PerfectLibTests.swift",
"XCTestManifests.swift"
],
"target_dependencies" : [
"PerfectLib"
],
"type" : "test"
},
{
"c99name" : "PerfectLib",
"module_type" : "SwiftTarget",
"name" : "PerfectLib",
"path" : "Sources/PerfectLib",
"product_memberships" : [
"PerfectLib"
],
"sources" : [
"Bytes.swift",
"Dir.swift",
"File.swift",
"JSONConvertible.swift",
"Log.swift",
"PerfectError.swift",
"PerfectServer.swift",
"SysProcess.swift",
"Utilities.swift"
],
"type" : "library"
}
],
"tools_version" : "5.1"
}
{
"workspace" : {
"name" : "PerfectLib",
"schemes" : [
"PerfectLib"
]
}
}
2026-09-17 09:51:45.594 xcodebuild[739:4589] [MT] IDERunDestination: Supported platforms for the buildables in the current scheme is empty.
Running build ...
env DEVELOPER_DIR=/Applications/Xcode-27.0.0-Release.Candidate.app xcrun xcodebuild -IDEClonedSourcePackagesDirPathOverride=$PWD/.dependencies -skipMacroValidation -skipPackagePluginValidation -derivedDataPath $PWD/.derivedData build -scheme PerfectLib -destination generic/platform=watchOS
Command line invocation:
/Applications/Xcode-27.0.0-Release.Candidate.app/Contents/Developer/usr/bin/xcodebuild -IDEClonedSourcePackagesDirPathOverride=/Users/admin/builder/spi-builder-workspace/.dependencies -skipMacroValidation -skipPackagePluginValidation -derivedDataPath /Users/admin/builder/spi-builder-workspace/.derivedData build -scheme PerfectLib -destination generic/platform=watchOS
Resolve Package Graph
Resolved source packages:
PerfectLib: /Users/admin/builder/spi-builder-workspace
ComputePackagePrebuildTargetDependencyGraph
Prepare packages
CreateBuildRequest
SendProjectDescription
CreateBuildOperation
ComputeTargetDependencyGraph
note: Building targets in dependency order
note: Target dependency graph (2 targets)
Target 'PerfectLib-product' in project 'PerfectLib'
➜ Explicit dependency on target 'PerfectLib' in project 'PerfectLib'
Target 'PerfectLib' in project 'PerfectLib' (no dependencies)
GatherProvisioningInputs
CreateBuildDescription
ClangStatCache /Applications/Xcode-27.0.0-Release.Candidate.app/Contents/Developer/Toolchains/XcodeDefault.xctoolchain/usr/bin/clang-stat-cache /Applications/Xcode-27.0.0-Release.Candidate.app/Contents/Developer/Platforms/WatchOS.platform/Developer/SDKs/WatchOS27.0.sdk /Users/admin/builder/spi-builder-workspace/.derivedData/SDKStatCaches.noindex/watchos27.0-24R360-e829b21a6f8c9b70876ba0858053c04477534ef55a1706bf4c1112bbb242f0a2.sdkstatcache
cd /Users/admin/builder/spi-builder-workspace/.swiftpm/xcode
/Applications/Xcode-27.0.0-Release.Candidate.app/Contents/Developer/Toolchains/XcodeDefault.xctoolchain/usr/bin/clang-stat-cache /Applications/Xcode-27.0.0-Release.Candidate.app/Contents/Developer/Platforms/WatchOS.platform/Developer/SDKs/WatchOS27.0.sdk -o /Users/admin/builder/spi-builder-workspace/.derivedData/SDKStatCaches.noindex/watchos27.0-24R360-e829b21a6f8c9b70876ba0858053c04477534ef55a1706bf4c1112bbb242f0a2.sdkstatcache
SwiftDriver PerfectLib normal arm64_32 com.apple.xcode.tools.swift.compiler (in target 'PerfectLib' from project 'PerfectLib')
cd /Users/admin/builder/spi-builder-workspace/.swiftpm/xcode
builtin-SwiftDriver -- /Applications/Xcode-27.0.0-Release.Candidate.app/Contents/Developer/Toolchains/XcodeDefault.xctoolchain/usr/bin/swiftc -parse-as-library -module-name PerfectLib -Onone @/Users/admin/builder/spi-builder-workspace/.derivedData/Build/Intermediates.noindex/PerfectLib.build/Debug-watchos/PerfectLib-t.build/Objects-normal/arm64_32/PerfectLib.SwiftFileList -DSWIFT_PACKAGE -DDEBUG -DSWIFT_MODULE_RESOURCE_BUNDLE_UNAVAILABLE -DXcode -plugin-path /Applications/Xcode-27.0.0-Release.Candidate.app/Contents/Developer/Toolchains/XcodeDefault.xctoolchain/usr/lib/swift/host/plugins/testing -enable-experimental-feature DebugDescriptionMacro -sdk /Applications/Xcode-27.0.0-Release.Candidate.app/Contents/Developer/Platforms/WatchOS.platform/Developer/SDKs/WatchOS27.0.sdk -target arm64_32-apple-watchos9.0 -g -module-cache-path /Users/admin/builder/spi-builder-workspace/.derivedData/ModuleCache.noindex -Xfrontend -serialize-debugging-options -profile-coverage-mapping -profile-generate -enable-testing -index-store-path /Users/admin/builder/spi-builder-workspace/.derivedData/Index.noindex/DataStore -Xcc -D_LIBCPP_HARDENING_MODE\=_LIBCPP_HARDENING_MODE_DEBUG -swift-version 5 -I /Users/admin/builder/spi-builder-workspace/.derivedData/Build/Products/Debug-watchos -Isystem /Applications/Xcode-27.0.0-Release.Candidate.app/Contents/Developer/Platforms/WatchOS.platform/Developer/usr/lib -F /Users/admin/builder/spi-builder-workspace/.derivedData/Build/Products/Debug-watchos -F /Applications/Xcode-27.0.0-Release.Candidate.app/Contents/Developer/Platforms/WatchOS.platform/Developer/Library/Frameworks -F /Applications/Xcode-27.0.0-Release.Candidate.app/Contents/Developer/Platforms/WatchOS.platform/Developer/SDKs/WatchOS27.0.sdk/Developer/Library/Frameworks -c -j10 -enable-batch-mode -incremental -Xcc -ivfsstatcache -Xcc /Users/admin/builder/spi-builder-workspace/.derivedData/SDKStatCaches.noindex/watchos27.0-24R360-e829b21a6f8c9b70876ba0858053c04477534ef55a1706bf4c1112bbb242f0a2.sdkstatcache -output-file-map /Users/admin/builder/spi-builder-workspace/.derivedData/Build/Intermediates.noindex/PerfectLib.build/Debug-watchos/PerfectLib-t.build/Objects-normal/arm64_32/PerfectLib-OutputFileMap.json -save-temps -no-color-diagnostics -explicit-module-build -module-cache-path /Users/admin/builder/spi-builder-workspace/.derivedData/Build/Intermediates.noindex/SwiftExplicitPrecompiledModules -clang-scanner-module-cache-path /Users/admin/builder/spi-builder-workspace/.derivedData/ModuleCache.noindex -sdk-module-cache-path /Users/admin/builder/spi-builder-workspace/.derivedData/SDKExplicitPrecompiledModules -emit-dependencies -emit-module -emit-module-path /Users/admin/builder/spi-builder-workspace/.derivedData/Build/Intermediates.noindex/PerfectLib.build/Debug-watchos/PerfectLib-t.build/Objects-normal/arm64_32/PerfectLib.swiftmodule -serialize-diagnostics -dependency-scan-serialize-diagnostics-path /Users/admin/builder/spi-builder-workspace/.derivedData/Build/Intermediates.noindex/PerfectLib.build/Debug-watchos/PerfectLib-t.build/Objects-normal/arm64_32/PerfectLib-dependency-scan.dia -validate-clang-modules-once -clang-build-session-file /Users/admin/builder/spi-builder-workspace/.derivedData/ModuleCache.noindex/Session.modulevalidation -Xcc -fmodules-prune-interval\=86400 -Xcc -fmodules-prune-after\=345600 -emit-const-values -const-gather-protocols-list /Users/admin/builder/spi-builder-workspace/.derivedData/Build/Intermediates.noindex/PerfectLib.build/Debug-watchos/PerfectLib-t.build/Objects-normal/arm64_32/PerfectLib_const_extract_protocols.json -Xcc -I/Users/admin/builder/spi-builder-workspace/.derivedData/Build/Products/Debug-watchos/include -Xcc -I/Users/admin/builder/spi-builder-workspace/.derivedData/Build/Intermediates.noindex/PerfectLib.build/Debug-watchos/PerfectLib-t.build/DerivedSources-normal/arm64_32 -Xcc -I/Users/admin/builder/spi-builder-workspace/.derivedData/Build/Intermediates.noindex/PerfectLib.build/Debug-watchos/PerfectLib-t.build/DerivedSources/arm64_32 -Xcc -I/Users/admin/builder/spi-builder-workspace/.derivedData/Build/Intermediates.noindex/PerfectLib.build/Debug-watchos/PerfectLib-t.build/DerivedSources -Xcc -DSWIFT_PACKAGE -Xcc -DDEBUG\=1 -emit-objc-header -emit-objc-header-path /Users/admin/builder/spi-builder-workspace/.derivedData/Build/Intermediates.noindex/PerfectLib.build/Debug-watchos/PerfectLib-t.build/Objects-normal/arm64_32/PerfectLib-Swift.h -working-directory /Users/admin/builder/spi-builder-workspace/.swiftpm/xcode -experimental-emit-module-separately -disable-cmo
SwiftDriver PerfectLib normal arm64 com.apple.xcode.tools.swift.compiler (in target 'PerfectLib' from project 'PerfectLib')
cd /Users/admin/builder/spi-builder-workspace/.swiftpm/xcode
builtin-SwiftDriver -- /Applications/Xcode-27.0.0-Release.Candidate.app/Contents/Developer/Toolchains/XcodeDefault.xctoolchain/usr/bin/swiftc -parse-as-library -module-name PerfectLib -Onone @/Users/admin/builder/spi-builder-workspace/.derivedData/Build/Intermediates.noindex/PerfectLib.build/Debug-watchos/PerfectLib-t.build/Objects-normal/arm64/PerfectLib.SwiftFileList -DSWIFT_PACKAGE -DDEBUG -DSWIFT_MODULE_RESOURCE_BUNDLE_UNAVAILABLE -DXcode -plugin-path /Applications/Xcode-27.0.0-Release.Candidate.app/Contents/Developer/Toolchains/XcodeDefault.xctoolchain/usr/lib/swift/host/plugins/testing -enable-experimental-feature DebugDescriptionMacro -sdk /Applications/Xcode-27.0.0-Release.Candidate.app/Contents/Developer/Platforms/WatchOS.platform/Developer/SDKs/WatchOS27.0.sdk -target arm64-apple-watchos9.0 -g -module-cache-path /Users/admin/builder/spi-builder-workspace/.derivedData/ModuleCache.noindex -Xfrontend -serialize-debugging-options -profile-coverage-mapping -profile-generate -enable-testing -index-store-path /Users/admin/builder/spi-builder-workspace/.derivedData/Index.noindex/DataStore -Xcc -D_LIBCPP_HARDENING_MODE\=_LIBCPP_HARDENING_MODE_DEBUG -swift-version 5 -I /Users/admin/builder/spi-builder-workspace/.derivedData/Build/Products/Debug-watchos -Isystem /Applications/Xcode-27.0.0-Release.Candidate.app/Contents/Developer/Platforms/WatchOS.platform/Developer/usr/lib -F /Users/admin/builder/spi-builder-workspace/.derivedData/Build/Products/Debug-watchos -F /Applications/Xcode-27.0.0-Release.Candidate.app/Contents/Developer/Platforms/WatchOS.platform/Developer/Library/Frameworks -F /Applications/Xcode-27.0.0-Release.Candidate.app/Contents/Developer/Platforms/WatchOS.platform/Developer/SDKs/WatchOS27.0.sdk/Developer/Library/Frameworks -c -j10 -enable-batch-mode -incremental -Xcc -ivfsstatcache -Xcc /Users/admin/builder/spi-builder-workspace/.derivedData/SDKStatCaches.noindex/watchos27.0-24R360-e829b21a6f8c9b70876ba0858053c04477534ef55a1706bf4c1112bbb242f0a2.sdkstatcache -output-file-map /Users/admin/builder/spi-builder-workspace/.derivedData/Build/Intermediates.noindex/PerfectLib.build/Debug-watchos/PerfectLib-t.build/Objects-normal/arm64/PerfectLib-OutputFileMap.json -save-temps -no-color-diagnostics -explicit-module-build -module-cache-path /Users/admin/builder/spi-builder-workspace/.derivedData/Build/Intermediates.noindex/SwiftExplicitPrecompiledModules -clang-scanner-module-cache-path /Users/admin/builder/spi-builder-workspace/.derivedData/ModuleCache.noindex -sdk-module-cache-path /Users/admin/builder/spi-builder-workspace/.derivedData/SDKExplicitPrecompiledModules -emit-dependencies -emit-module -emit-module-path /Users/admin/builder/spi-builder-workspace/.derivedData/Build/Intermediates.noindex/PerfectLib.build/Debug-watchos/PerfectLib-t.build/Objects-normal/arm64/PerfectLib.swiftmodule -serialize-diagnostics -dependency-scan-serialize-diagnostics-path /Users/admin/builder/spi-builder-workspace/.derivedData/Build/Intermediates.noindex/PerfectLib.build/Debug-watchos/PerfectLib-t.build/Objects-normal/arm64/PerfectLib-dependency-scan.dia -validate-clang-modules-once -clang-build-session-file /Users/admin/builder/spi-builder-workspace/.derivedData/ModuleCache.noindex/Session.modulevalidation -Xcc -fmodules-prune-interval\=86400 -Xcc -fmodules-prune-after\=345600 -emit-const-values -const-gather-protocols-list /Users/admin/builder/spi-builder-workspace/.derivedData/Build/Intermediates.noindex/PerfectLib.build/Debug-watchos/PerfectLib-t.build/Objects-normal/arm64/PerfectLib_const_extract_protocols.json -Xcc -I/Users/admin/builder/spi-builder-workspace/.derivedData/Build/Products/Debug-watchos/include -Xcc -I/Users/admin/builder/spi-builder-workspace/.derivedData/Build/Intermediates.noindex/PerfectLib.build/Debug-watchos/PerfectLib-t.build/DerivedSources-normal/arm64 -Xcc -I/Users/admin/builder/spi-builder-workspace/.derivedData/Build/Intermediates.noindex/PerfectLib.build/Debug-watchos/PerfectLib-t.build/DerivedSources/arm64 -Xcc -I/Users/admin/builder/spi-builder-workspace/.derivedData/Build/Intermediates.noindex/PerfectLib.build/Debug-watchos/PerfectLib-t.build/DerivedSources -Xcc -DSWIFT_PACKAGE -Xcc -DDEBUG\=1 -emit-objc-header -emit-objc-header-path /Users/admin/builder/spi-builder-workspace/.derivedData/Build/Intermediates.noindex/PerfectLib.build/Debug-watchos/PerfectLib-t.build/Objects-normal/arm64/PerfectLib-Swift.h -working-directory /Users/admin/builder/spi-builder-workspace/.swiftpm/xcode -experimental-emit-module-separately -disable-cmo
SwiftCompile normal arm64 Compiling\ File.swift /Users/admin/builder/spi-builder-workspace/Sources/PerfectLib/File.swift (in target 'PerfectLib' from project 'PerfectLib')
SwiftCompile normal arm64 /Users/admin/builder/spi-builder-workspace/Sources/PerfectLib/File.swift (in target 'PerfectLib' from project 'PerfectLib')
cd /Users/admin/builder/spi-builder-workspace/.swiftpm/xcode
builtin-SwiftPerFileCompile File.swift
/Users/admin/builder/spi-builder-workspace/Sources/PerfectLib/File.swift:120:15: error: 'wordexp' is unavailable in watchOS
118 | if !inPath.isEmpty && inPath[inPath.startIndex] == "~" {
119 | var wexp = wordexp_t()
120 | guard 0 == wordexp(inPath, &wexp, 0),
| `- error: 'wordexp' is unavailable in watchOS
121 | let we_wordv = wexp.we_wordv else {
122 | return inPath
/Applications/Xcode-27.0.0-Release.Candidate.app/Contents/Developer/Platforms/WatchOS.platform/Developer/SDKs/WatchOS.sdk/usr/include/wordexp.h:84:5: note: 'wordexp' has been explicitly marked unavailable here
82 |
83 | __BEGIN_DECLS
84 | int wordexp(const char * __restrict, wordexp_t * __restrict, int) __OSX_AVAILABLE_STARTING(__MAC_10_0, __IPHONE_NA);
| `- note: 'wordexp' has been explicitly marked unavailable here
85 | void wordfree(wordexp_t *) __OSX_AVAILABLE_STARTING(__MAC_10_0, __IPHONE_NA);
86 | __END_DECLS
SwiftCompile normal arm64 Compiling\ JSONConvertible.swift /Users/admin/builder/spi-builder-workspace/Sources/PerfectLib/JSONConvertible.swift (in target 'PerfectLib' from project 'PerfectLib')
SwiftCompile normal arm64 /Users/admin/builder/spi-builder-workspace/Sources/PerfectLib/JSONConvertible.swift (in target 'PerfectLib' from project 'PerfectLib')
cd /Users/admin/builder/spi-builder-workspace/.swiftpm/xcode
builtin-SwiftPerFileCompile JSONConvertible.swift
SwiftCompile normal arm64 Compiling\ PerfectError.swift /Users/admin/builder/spi-builder-workspace/Sources/PerfectLib/PerfectError.swift (in target 'PerfectLib' from project 'PerfectLib')
SwiftCompile normal arm64 /Users/admin/builder/spi-builder-workspace/Sources/PerfectLib/PerfectError.swift (in target 'PerfectLib' from project 'PerfectLib')
cd /Users/admin/builder/spi-builder-workspace/.swiftpm/xcode
builtin-SwiftPerFileCompile PerfectError.swift
SwiftCompile normal arm64 Compiling\ PerfectServer.swift /Users/admin/builder/spi-builder-workspace/Sources/PerfectLib/PerfectServer.swift (in target 'PerfectLib' from project 'PerfectLib')
SwiftCompile normal arm64 /Users/admin/builder/spi-builder-workspace/Sources/PerfectLib/PerfectServer.swift (in target 'PerfectLib' from project 'PerfectLib')
cd /Users/admin/builder/spi-builder-workspace/.swiftpm/xcode
builtin-SwiftPerFileCompile PerfectServer.swift
SwiftCompile normal arm64 Compiling\ Log.swift /Users/admin/builder/spi-builder-workspace/Sources/PerfectLib/Log.swift (in target 'PerfectLib' from project 'PerfectLib')
SwiftCompile normal arm64 /Users/admin/builder/spi-builder-workspace/Sources/PerfectLib/Log.swift (in target 'PerfectLib' from project 'PerfectLib')
cd /Users/admin/builder/spi-builder-workspace/.swiftpm/xcode
builtin-SwiftPerFileCompile Log.swift
SwiftCompile normal arm64 Compiling\ Dir.swift /Users/admin/builder/spi-builder-workspace/Sources/PerfectLib/Dir.swift (in target 'PerfectLib' from project 'PerfectLib')
SwiftCompile normal arm64 /Users/admin/builder/spi-builder-workspace/Sources/PerfectLib/Dir.swift (in target 'PerfectLib' from project 'PerfectLib')
cd /Users/admin/builder/spi-builder-workspace/.swiftpm/xcode
builtin-SwiftPerFileCompile Dir.swift
SwiftCompile normal arm64 Compiling\ SysProcess.swift /Users/admin/builder/spi-builder-workspace/Sources/PerfectLib/SysProcess.swift (in target 'PerfectLib' from project 'PerfectLib')
/Users/admin/builder/spi-builder-workspace/Sources/PerfectLib/SysProcess.swift:108:3: error: 'posix_spawn_file_actions_init' is unavailable in watchOS
106 | var spawnRes = 0
107 | #else
108 | posix_spawn_file_actions_init(&action);
| `- error: 'posix_spawn_file_actions_init' is unavailable in watchOS
109 | posix_spawn_file_actions_adddup2(&action, fSTDOUT[1], STDOUT_FILENO);
110 | posix_spawn_file_actions_adddup2(&action, fSTDIN[0], STDIN_FILENO);
/Applications/Xcode-27.0.0-Release.Candidate.app/Contents/Developer/Platforms/WatchOS.platform/Developer/SDKs/WatchOS27.0.sdk/usr/include/spawn.h:89:9: note: 'posix_spawn_file_actions_init' has been explicitly marked unavailable here
87 | int posix_spawn_file_actions_destroy(posix_spawn_file_actions_t *) __API_AVAILABLE(macos(10.5), ios(2.0)) __API_UNAVAILABLE(watchos, tvos);
88 |
89 | int posix_spawn_file_actions_init(posix_spawn_file_actions_t *) __API_AVAILABLE(macos(10.5), ios(2.0)) __API_UNAVAILABLE(watchos, tvos);
| `- note: 'posix_spawn_file_actions_init' has been explicitly marked unavailable here
90 |
91 | int posix_spawnattr_destroy(posix_spawnattr_t *) __API_AVAILABLE(macos(10.5), ios(2.0)) __API_UNAVAILABLE(watchos, tvos);
/Users/admin/builder/spi-builder-workspace/Sources/PerfectLib/SysProcess.swift:108:3: warning: result of call to 'posix_spawn_file_actions_init' is unused [#NoUsage]
106 | var spawnRes = 0
107 | #else
108 | posix_spawn_file_actions_init(&action);
| `- warning: result of call to 'posix_spawn_file_actions_init' is unused [#NoUsage]
109 | posix_spawn_file_actions_adddup2(&action, fSTDOUT[1], STDOUT_FILENO);
110 | posix_spawn_file_actions_adddup2(&action, fSTDIN[0], STDIN_FILENO);
/Users/admin/builder/spi-builder-workspace/Sources/PerfectLib/SysProcess.swift:109:3: error: 'posix_spawn_file_actions_adddup2' is unavailable in watchOS
107 | #else
108 | posix_spawn_file_actions_init(&action);
109 | posix_spawn_file_actions_adddup2(&action, fSTDOUT[1], STDOUT_FILENO);
| `- error: 'posix_spawn_file_actions_adddup2' is unavailable in watchOS
110 | posix_spawn_file_actions_adddup2(&action, fSTDIN[0], STDIN_FILENO);
111 | posix_spawn_file_actions_adddup2(&action, fSTDERR[1], STDERR_FILENO);
/Applications/Xcode-27.0.0-Release.Candidate.app/Contents/Developer/Platforms/WatchOS.platform/Developer/SDKs/WatchOS27.0.sdk/usr/include/spawn.h:80:9: note: 'posix_spawn_file_actions_adddup2' has been explicitly marked unavailable here
78 | int posix_spawn_file_actions_addclose(posix_spawn_file_actions_t *, int) __API_AVAILABLE(macos(10.5), ios(2.0)) __API_UNAVAILABLE(watchos, tvos);
79 |
80 | int posix_spawn_file_actions_adddup2(posix_spawn_file_actions_t *, int,
| `- note: 'posix_spawn_file_actions_adddup2' has been explicitly marked unavailable here
81 | int) __API_AVAILABLE(macos(10.5), ios(2.0)) __API_UNAVAILABLE(watchos, tvos);
82 |
/Users/admin/builder/spi-builder-workspace/Sources/PerfectLib/SysProcess.swift:109:3: warning: result of call to 'posix_spawn_file_actions_adddup2' is unused [#NoUsage]
107 | #else
108 | posix_spawn_file_actions_init(&action);
109 | posix_spawn_file_actions_adddup2(&action, fSTDOUT[1], STDOUT_FILENO);
| `- warning: result of call to 'posix_spawn_file_actions_adddup2' is unused [#NoUsage]
110 | posix_spawn_file_actions_adddup2(&action, fSTDIN[0], STDIN_FILENO);
111 | posix_spawn_file_actions_adddup2(&action, fSTDERR[1], STDERR_FILENO);
/Users/admin/builder/spi-builder-workspace/Sources/PerfectLib/SysProcess.swift:110:3: error: 'posix_spawn_file_actions_adddup2' is unavailable in watchOS
108 | posix_spawn_file_actions_init(&action);
109 | posix_spawn_file_actions_adddup2(&action, fSTDOUT[1], STDOUT_FILENO);
110 | posix_spawn_file_actions_adddup2(&action, fSTDIN[0], STDIN_FILENO);
| `- error: 'posix_spawn_file_actions_adddup2' is unavailable in watchOS
111 | posix_spawn_file_actions_adddup2(&action, fSTDERR[1], STDERR_FILENO);
112 |
/Applications/Xcode-27.0.0-Release.Candidate.app/Contents/Developer/Platforms/WatchOS.platform/Developer/SDKs/WatchOS27.0.sdk/usr/include/spawn.h:80:9: note: 'posix_spawn_file_actions_adddup2' has been explicitly marked unavailable here
78 | int posix_spawn_file_actions_addclose(posix_spawn_file_actions_t *, int) __API_AVAILABLE(macos(10.5), ios(2.0)) __API_UNAVAILABLE(watchos, tvos);
79 |
80 | int posix_spawn_file_actions_adddup2(posix_spawn_file_actions_t *, int,
| `- note: 'posix_spawn_file_actions_adddup2' has been explicitly marked unavailable here
81 | int) __API_AVAILABLE(macos(10.5), ios(2.0)) __API_UNAVAILABLE(watchos, tvos);
82 |
/Users/admin/builder/spi-builder-workspace/Sources/PerfectLib/SysProcess.swift:110:3: warning: result of call to 'posix_spawn_file_actions_adddup2' is unused [#NoUsage]
108 | posix_spawn_file_actions_init(&action);
109 | posix_spawn_file_actions_adddup2(&action, fSTDOUT[1], STDOUT_FILENO);
110 | posix_spawn_file_actions_adddup2(&action, fSTDIN[0], STDIN_FILENO);
| `- warning: result of call to 'posix_spawn_file_actions_adddup2' is unused [#NoUsage]
111 | posix_spawn_file_actions_adddup2(&action, fSTDERR[1], STDERR_FILENO);
112 |
/Users/admin/builder/spi-builder-workspace/Sources/PerfectLib/SysProcess.swift:111:3: error: 'posix_spawn_file_actions_adddup2' is unavailable in watchOS
109 | posix_spawn_file_actions_adddup2(&action, fSTDOUT[1], STDOUT_FILENO);
110 | posix_spawn_file_actions_adddup2(&action, fSTDIN[0], STDIN_FILENO);
111 | posix_spawn_file_actions_adddup2(&action, fSTDERR[1], STDERR_FILENO);
| `- error: 'posix_spawn_file_actions_adddup2' is unavailable in watchOS
112 |
113 | posix_spawn_file_actions_addclose(&action, fSTDOUT[0]);
/Applications/Xcode-27.0.0-Release.Candidate.app/Contents/Developer/Platforms/WatchOS.platform/Developer/SDKs/WatchOS27.0.sdk/usr/include/spawn.h:80:9: note: 'posix_spawn_file_actions_adddup2' has been explicitly marked unavailable here
78 | int posix_spawn_file_actions_addclose(posix_spawn_file_actions_t *, int) __API_AVAILABLE(macos(10.5), ios(2.0)) __API_UNAVAILABLE(watchos, tvos);
79 |
80 | int posix_spawn_file_actions_adddup2(posix_spawn_file_actions_t *, int,
| `- note: 'posix_spawn_file_actions_adddup2' has been explicitly marked unavailable here
81 | int) __API_AVAILABLE(macos(10.5), ios(2.0)) __API_UNAVAILABLE(watchos, tvos);
82 |
/Users/admin/builder/spi-builder-workspace/Sources/PerfectLib/SysProcess.swift:111:3: warning: result of call to 'posix_spawn_file_actions_adddup2' is unused [#NoUsage]
109 | posix_spawn_file_actions_adddup2(&action, fSTDOUT[1], STDOUT_FILENO);
110 | posix_spawn_file_actions_adddup2(&action, fSTDIN[0], STDIN_FILENO);
111 | posix_spawn_file_actions_adddup2(&action, fSTDERR[1], STDERR_FILENO);
| `- warning: result of call to 'posix_spawn_file_actions_adddup2' is unused [#NoUsage]
112 |
113 | posix_spawn_file_actions_addclose(&action, fSTDOUT[0]);
/Users/admin/builder/spi-builder-workspace/Sources/PerfectLib/SysProcess.swift:113:3: error: 'posix_spawn_file_actions_addclose' is unavailable in watchOS
111 | posix_spawn_file_actions_adddup2(&action, fSTDERR[1], STDERR_FILENO);
112 |
113 | posix_spawn_file_actions_addclose(&action, fSTDOUT[0]);
| `- error: 'posix_spawn_file_actions_addclose' is unavailable in watchOS
114 | posix_spawn_file_actions_addclose(&action, fSTDIN[0]);
115 | posix_spawn_file_actions_addclose(&action, fSTDERR[0]);
/Applications/Xcode-27.0.0-Release.Candidate.app/Contents/Developer/Platforms/WatchOS.platform/Developer/SDKs/WatchOS27.0.sdk/usr/include/spawn.h:78:9: note: 'posix_spawn_file_actions_addclose' has been explicitly marked unavailable here
76 | int) __API_AVAILABLE(macos(26.0)) __API_UNAVAILABLE(ios, tvos, watchos, visionos);
77 |
78 | int posix_spawn_file_actions_addclose(posix_spawn_file_actions_t *, int) __API_AVAILABLE(macos(10.5), ios(2.0)) __API_UNAVAILABLE(watchos, tvos);
| `- note: 'posix_spawn_file_actions_addclose' has been explicitly marked unavailable here
79 |
80 | int posix_spawn_file_actions_adddup2(posix_spawn_file_actions_t *, int,
/Users/admin/builder/spi-builder-workspace/Sources/PerfectLib/SysProcess.swift:113:3: warning: result of call to 'posix_spawn_file_actions_addclose' is unused [#NoUsage]
111 | posix_spawn_file_actions_adddup2(&action, fSTDERR[1], STDERR_FILENO);
112 |
113 | posix_spawn_file_actions_addclose(&action, fSTDOUT[0]);
| `- warning: result of call to 'posix_spawn_file_actions_addclose' is unused [#NoUsage]
114 | posix_spawn_file_actions_addclose(&action, fSTDIN[0]);
115 | posix_spawn_file_actions_addclose(&action, fSTDERR[0]);
/Users/admin/builder/spi-builder-workspace/Sources/PerfectLib/SysProcess.swift:114:3: error: 'posix_spawn_file_actions_addclose' is unavailable in watchOS
112 |
113 | posix_spawn_file_actions_addclose(&action, fSTDOUT[0]);
114 | posix_spawn_file_actions_addclose(&action, fSTDIN[0]);
| `- error: 'posix_spawn_file_actions_addclose' is unavailable in watchOS
115 | posix_spawn_file_actions_addclose(&action, fSTDERR[0]);
116 | posix_spawn_file_actions_addclose(&action, fSTDOUT[1]);
/Applications/Xcode-27.0.0-Release.Candidate.app/Contents/Developer/Platforms/WatchOS.platform/Developer/SDKs/WatchOS27.0.sdk/usr/include/spawn.h:78:9: note: 'posix_spawn_file_actions_addclose' has been explicitly marked unavailable here
76 | int) __API_AVAILABLE(macos(26.0)) __API_UNAVAILABLE(ios, tvos, watchos, visionos);
77 |
78 | int posix_spawn_file_actions_addclose(posix_spawn_file_actions_t *, int) __API_AVAILABLE(macos(10.5), ios(2.0)) __API_UNAVAILABLE(watchos, tvos);
| `- note: 'posix_spawn_file_actions_addclose' has been explicitly marked unavailable here
79 |
80 | int posix_spawn_file_actions_adddup2(posix_spawn_file_actions_t *, int,
/Users/admin/builder/spi-builder-workspace/Sources/PerfectLib/SysProcess.swift:114:3: warning: result of call to 'posix_spawn_file_actions_addclose' is unused [#NoUsage]
112 |
113 | posix_spawn_file_actions_addclose(&action, fSTDOUT[0]);
114 | posix_spawn_file_actions_addclose(&action, fSTDIN[0]);
| `- warning: result of call to 'posix_spawn_file_actions_addclose' is unused [#NoUsage]
115 | posix_spawn_file_actions_addclose(&action, fSTDERR[0]);
116 | posix_spawn_file_actions_addclose(&action, fSTDOUT[1]);
/Users/admin/builder/spi-builder-workspace/Sources/PerfectLib/SysProcess.swift:115:3: error: 'posix_spawn_file_actions_addclose' is unavailable in watchOS
113 | posix_spawn_file_actions_addclose(&action, fSTDOUT[0]);
114 | posix_spawn_file_actions_addclose(&action, fSTDIN[0]);
115 | posix_spawn_file_actions_addclose(&action, fSTDERR[0]);
| `- error: 'posix_spawn_file_actions_addclose' is unavailable in watchOS
116 | posix_spawn_file_actions_addclose(&action, fSTDOUT[1]);
117 | posix_spawn_file_actions_addclose(&action, fSTDIN[1]);
/Applications/Xcode-27.0.0-Release.Candidate.app/Contents/Developer/Platforms/WatchOS.platform/Developer/SDKs/WatchOS27.0.sdk/usr/include/spawn.h:78:9: note: 'posix_spawn_file_actions_addclose' has been explicitly marked unavailable here
76 | int) __API_AVAILABLE(macos(26.0)) __API_UNAVAILABLE(ios, tvos, watchos, visionos);
77 |
78 | int posix_spawn_file_actions_addclose(posix_spawn_file_actions_t *, int) __API_AVAILABLE(macos(10.5), ios(2.0)) __API_UNAVAILABLE(watchos, tvos);
| `- note: 'posix_spawn_file_actions_addclose' has been explicitly marked unavailable here
79 |
80 | int posix_spawn_file_actions_adddup2(posix_spawn_file_actions_t *, int,
/Users/admin/builder/spi-builder-workspace/Sources/PerfectLib/SysProcess.swift:115:3: warning: result of call to 'posix_spawn_file_actions_addclose' is unused [#NoUsage]
113 | posix_spawn_file_actions_addclose(&action, fSTDOUT[0]);
114 | posix_spawn_file_actions_addclose(&action, fSTDIN[0]);
115 | posix_spawn_file_actions_addclose(&action, fSTDERR[0]);
| `- warning: result of call to 'posix_spawn_file_actions_addclose' is unused [#NoUsage]
116 | posix_spawn_file_actions_addclose(&action, fSTDOUT[1]);
117 | posix_spawn_file_actions_addclose(&action, fSTDIN[1]);
/Users/admin/builder/spi-builder-workspace/Sources/PerfectLib/SysProcess.swift:116:3: error: 'posix_spawn_file_actions_addclose' is unavailable in watchOS
114 | posix_spawn_file_actions_addclose(&action, fSTDIN[0]);
115 | posix_spawn_file_actions_addclose(&action, fSTDERR[0]);
116 | posix_spawn_file_actions_addclose(&action, fSTDOUT[1]);
| `- error: 'posix_spawn_file_actions_addclose' is unavailable in watchOS
117 | posix_spawn_file_actions_addclose(&action, fSTDIN[1]);
118 | posix_spawn_file_actions_addclose(&action, fSTDERR[1]);
/Applications/Xcode-27.0.0-Release.Candidate.app/Contents/Developer/Platforms/WatchOS.platform/Developer/SDKs/WatchOS27.0.sdk/usr/include/spawn.h:78:9: note: 'posix_spawn_file_actions_addclose' has been explicitly marked unavailable here
76 | int) __API_AVAILABLE(macos(26.0)) __API_UNAVAILABLE(ios, tvos, watchos, visionos);
77 |
78 | int posix_spawn_file_actions_addclose(posix_spawn_file_actions_t *, int) __API_AVAILABLE(macos(10.5), ios(2.0)) __API_UNAVAILABLE(watchos, tvos);
| `- note: 'posix_spawn_file_actions_addclose' has been explicitly marked unavailable here
79 |
80 | int posix_spawn_file_actions_adddup2(posix_spawn_file_actions_t *, int,
/Users/admin/builder/spi-builder-workspace/Sources/PerfectLib/SysProcess.swift:116:3: warning: result of call to 'posix_spawn_file_actions_addclose' is unused [#NoUsage]
114 | posix_spawn_file_actions_addclose(&action, fSTDIN[0]);
115 | posix_spawn_file_actions_addclose(&action, fSTDERR[0]);
116 | posix_spawn_file_actions_addclose(&action, fSTDOUT[1]);
| `- warning: result of call to 'posix_spawn_file_actions_addclose' is unused [#NoUsage]
117 | posix_spawn_file_actions_addclose(&action, fSTDIN[1]);
118 | posix_spawn_file_actions_addclose(&action, fSTDERR[1]);
/Users/admin/builder/spi-builder-workspace/Sources/PerfectLib/SysProcess.swift:117:3: error: 'posix_spawn_file_actions_addclose' is unavailable in watchOS
115 | posix_spawn_file_actions_addclose(&action, fSTDERR[0]);
116 | posix_spawn_file_actions_addclose(&action, fSTDOUT[1]);
117 | posix_spawn_file_actions_addclose(&action, fSTDIN[1]);
| `- error: 'posix_spawn_file_actions_addclose' is unavailable in watchOS
118 | posix_spawn_file_actions_addclose(&action, fSTDERR[1]);
119 |
/Applications/Xcode-27.0.0-Release.Candidate.app/Contents/Developer/Platforms/WatchOS.platform/Developer/SDKs/WatchOS27.0.sdk/usr/include/spawn.h:78:9: note: 'posix_spawn_file_actions_addclose' has been explicitly marked unavailable here
76 | int) __API_AVAILABLE(macos(26.0)) __API_UNAVAILABLE(ios, tvos, watchos, visionos);
77 |
78 | int posix_spawn_file_actions_addclose(posix_spawn_file_actions_t *, int) __API_AVAILABLE(macos(10.5), ios(2.0)) __API_UNAVAILABLE(watchos, tvos);
| `- note: 'posix_spawn_file_actions_addclose' has been explicitly marked unavailable here
79 |
80 | int posix_spawn_file_actions_adddup2(posix_spawn_file_actions_t *, int,
/Users/admin/builder/spi-builder-workspace/Sources/PerfectLib/SysProcess.swift:117:3: warning: result of call to 'posix_spawn_file_actions_addclose' is unused [#NoUsage]
115 | posix_spawn_file_actions_addclose(&action, fSTDERR[0]);
116 | posix_spawn_file_actions_addclose(&action, fSTDOUT[1]);
117 | posix_spawn_file_actions_addclose(&action, fSTDIN[1]);
| `- warning: result of call to 'posix_spawn_file_actions_addclose' is unused [#NoUsage]
118 | posix_spawn_file_actions_addclose(&action, fSTDERR[1]);
119 |
/Users/admin/builder/spi-builder-workspace/Sources/PerfectLib/SysProcess.swift:118:3: error: 'posix_spawn_file_actions_addclose' is unavailable in watchOS
116 | posix_spawn_file_actions_addclose(&action, fSTDOUT[1]);
117 | posix_spawn_file_actions_addclose(&action, fSTDIN[1]);
118 | posix_spawn_file_actions_addclose(&action, fSTDERR[1]);
| `- error: 'posix_spawn_file_actions_addclose' is unavailable in watchOS
119 |
120 | posix_spawnattr_init(&attr)
/Applications/Xcode-27.0.0-Release.Candidate.app/Contents/Developer/Platforms/WatchOS.platform/Developer/SDKs/WatchOS27.0.sdk/usr/include/spawn.h:78:9: note: 'posix_spawn_file_actions_addclose' has been explicitly marked unavailable here
76 | int) __API_AVAILABLE(macos(26.0)) __API_UNAVAILABLE(ios, tvos, watchos, visionos);
77 |
78 | int posix_spawn_file_actions_addclose(posix_spawn_file_actions_t *, int) __API_AVAILABLE(macos(10.5), ios(2.0)) __API_UNAVAILABLE(watchos, tvos);
| `- note: 'posix_spawn_file_actions_addclose' has been explicitly marked unavailable here
79 |
80 | int posix_spawn_file_actions_adddup2(posix_spawn_file_actions_t *, int,
/Users/admin/builder/spi-builder-workspace/Sources/PerfectLib/SysProcess.swift:118:3: warning: result of call to 'posix_spawn_file_actions_addclose' is unused [#NoUsage]
116 | posix_spawn_file_actions_addclose(&action, fSTDOUT[1]);
117 | posix_spawn_file_actions_addclose(&action, fSTDIN[1]);
118 | posix_spawn_file_actions_addclose(&action, fSTDERR[1]);
| `- warning: result of call to 'posix_spawn_file_actions_addclose' is unused [#NoUsage]
119 |
120 | posix_spawnattr_init(&attr)
/Users/admin/builder/spi-builder-workspace/Sources/PerfectLib/SysProcess.swift:120:3: error: 'posix_spawnattr_init' is unavailable in watchOS
118 | posix_spawn_file_actions_addclose(&action, fSTDERR[1]);
119 |
120 | posix_spawnattr_init(&attr)
| `- error: 'posix_spawnattr_init' is unavailable in watchOS
121 |
122 | if newGroup {
/Applications/Xcode-27.0.0-Release.Candidate.app/Contents/Developer/Platforms/WatchOS.platform/Developer/SDKs/WatchOS27.0.sdk/usr/include/spawn.h:105:9: note: 'posix_spawnattr_init' has been explicitly marked unavailable here
103 | sigset_t * __restrict) __API_AVAILABLE(macos(10.5), ios(2.0)) __API_UNAVAILABLE(watchos, tvos);
104 |
105 | int posix_spawnattr_init(posix_spawnattr_t *) __API_AVAILABLE(macos(10.5), ios(2.0)) __API_UNAVAILABLE(watchos, tvos);
| `- note: 'posix_spawnattr_init' has been explicitly marked unavailable here
106 |
107 | int posix_spawnattr_setsigdefault(posix_spawnattr_t * __restrict,
/Users/admin/builder/spi-builder-workspace/Sources/PerfectLib/SysProcess.swift:120:3: warning: result of call to 'posix_spawnattr_init' is unused [#NoUsage]
118 | posix_spawn_file_actions_addclose(&action, fSTDERR[1]);
119 |
120 | posix_spawnattr_init(&attr)
| `- warning: result of call to 'posix_spawnattr_init' is unused [#NoUsage]
121 |
122 | if newGroup {
/Users/admin/builder/spi-builder-workspace/Sources/PerfectLib/SysProcess.swift:125:4: error: 'posix_spawnattr_setflags' is unavailable in watchOS
123 | // By default, all flags are unset after the init call
124 | // so no need to OR in the existing flags.
125 | posix_spawnattr_setflags(&attr, Int16(POSIX_SPAWN_SETPGROUP))
| `- error: 'posix_spawnattr_setflags' is unavailable in watchOS
126 | }
127 |
/Applications/Xcode-27.0.0-Release.Candidate.app/Contents/Developer/Platforms/WatchOS.platform/Developer/SDKs/WatchOS27.0.sdk/usr/include/spawn.h:110:9: note: 'posix_spawnattr_setflags' has been explicitly marked unavailable here
108 | const sigset_t * __restrict) __API_AVAILABLE(macos(10.5), ios(2.0)) __API_UNAVAILABLE(watchos, tvos);
109 |
110 | int posix_spawnattr_setflags(posix_spawnattr_t *, short) __API_AVAILABLE(macos(10.5), ios(2.0)) __API_UNAVAILABLE(watchos, tvos);
| `- note: 'posix_spawnattr_setflags' has been explicitly marked unavailable here
111 |
112 | int posix_spawnattr_setpgroup(posix_spawnattr_t *, pid_t) __API_AVAILABLE(macos(10.5), ios(2.0)) __API_UNAVAILABLE(watchos, tvos);
/Users/admin/builder/spi-builder-workspace/Sources/PerfectLib/SysProcess.swift:125:4: warning: result of call to 'posix_spawnattr_setflags' is unused [#NoUsage]
123 | // By default, all flags are unset after the init call
124 | // so no need to OR in the existing flags.
125 | posix_spawnattr_setflags(&attr, Int16(POSIX_SPAWN_SETPGROUP))
| `- warning: result of call to 'posix_spawnattr_setflags' is unused [#NoUsage]
126 | }
127 |
/Users/admin/builder/spi-builder-workspace/Sources/PerfectLib/SysProcess.swift:130:3: error: 'posix_spawn_file_actions_destroy' is unavailable in watchOS
128 | var procPid = pid_t()
129 | let spawnRes = posix_spawnp(&procPid, cmd, &action, &attr, cArgs, cEnv)
130 | posix_spawn_file_actions_destroy(&action)
| `- error: 'posix_spawn_file_actions_destroy' is unavailable in watchOS
131 | posix_spawnattr_destroy(&attr)
132 |
/Applications/Xcode-27.0.0-Release.Candidate.app/Contents/Developer/Platforms/WatchOS.platform/Developer/SDKs/WatchOS27.0.sdk/usr/include/spawn.h:87:9: note: 'posix_spawn_file_actions_destroy' has been explicitly marked unavailable here
85 | const char * __restrict, int, mode_t) __API_AVAILABLE(macos(10.5), ios(2.0)) __API_UNAVAILABLE(watchos, tvos);
86 |
87 | int posix_spawn_file_actions_destroy(posix_spawn_file_actions_t *) __API_AVAILABLE(macos(10.5), ios(2.0)) __API_UNAVAILABLE(watchos, tvos);
| `- note: 'posix_spawn_file_actions_destroy' has been explicitly marked unavailable here
88 |
89 | int posix_spawn_file_actions_init(posix_spawn_file_actions_t *) __API_AVAILABLE(macos(10.5), ios(2.0)) __API_UNAVAILABLE(watchos, tvos);
/Users/admin/builder/spi-builder-workspace/Sources/PerfectLib/SysProcess.swift:130:3: warning: result of call to 'posix_spawn_file_actions_destroy' is unused [#NoUsage]
128 | var procPid = pid_t()
129 | let spawnRes = posix_spawnp(&procPid, cmd, &action, &attr, cArgs, cEnv)
130 | posix_spawn_file_actions_destroy(&action)
| `- warning: result of call to 'posix_spawn_file_actions_destroy' is unused [#NoUsage]
131 | posix_spawnattr_destroy(&attr)
132 |
/Users/admin/builder/spi-builder-workspace/Sources/PerfectLib/SysProcess.swift:131:3: error: 'posix_spawnattr_destroy' is unavailable in watchOS
129 | let spawnRes = posix_spawnp(&procPid, cmd, &action, &attr, cArgs, cEnv)
130 | posix_spawn_file_actions_destroy(&action)
131 | posix_spawnattr_destroy(&attr)
| `- error: 'posix_spawnattr_destroy' is unavailable in watchOS
132 |
133 | for idx in 0..<cArgsCount {
/Applications/Xcode-27.0.0-Release.Candidate.app/Contents/Developer/Platforms/WatchOS.platform/Developer/SDKs/WatchOS27.0.sdk/usr/include/spawn.h:91:9: note: 'posix_spawnattr_destroy' has been explicitly marked unavailable here
89 | int posix_spawn_file_actions_init(posix_spawn_file_actions_t *) __API_AVAILABLE(macos(10.5), ios(2.0)) __API_UNAVAILABLE(watchos, tvos);
90 |
91 | int posix_spawnattr_destroy(posix_spawnattr_t *) __API_AVAILABLE(macos(10.5), ios(2.0)) __API_UNAVAILABLE(watchos, tvos);
| `- note: 'posix_spawnattr_destroy' has been explicitly marked unavailable here
92 |
93 | int posix_spawnattr_getsigdefault(const posix_spawnattr_t * __restrict,
SwiftCompile normal arm64 /Users/admin/builder/spi-builder-workspace/Sources/PerfectLib/SysProcess.swift (in target 'PerfectLib' from project 'PerfectLib')
cd /Users/admin/builder/spi-builder-workspace/.swiftpm/xcode
builtin-SwiftPerFileCompile SysProcess.swift
SwiftCompile normal arm64 Compiling\ Utilities.swift /Users/admin/builder/spi-builder-workspace/Sources/PerfectLib/Utilities.swift (in target 'PerfectLib' from project 'PerfectLib')
SwiftCompile normal arm64 /Users/admin/builder/spi-builder-workspace/Sources/PerfectLib/Utilities.swift (in target 'PerfectLib' from project 'PerfectLib')
cd /Users/admin/builder/spi-builder-workspace/.swiftpm/xcode
builtin-SwiftPerFileCompile Utilities.swift
SwiftEmitModule normal arm64 Emitting\ module\ for\ PerfectLib (in target 'PerfectLib' from project 'PerfectLib')
/Users/admin/builder/spi-builder-workspace/Sources/PerfectLib/SysProcess.swift:108:3: error: 'posix_spawn_file_actions_init' is unavailable in watchOS
106 | var spawnRes = 0
107 | #else
108 | posix_spawn_file_actions_init(&action);
| `- error: 'posix_spawn_file_actions_init' is unavailable in watchOS
109 | posix_spawn_file_actions_adddup2(&action, fSTDOUT[1], STDOUT_FILENO);
110 | posix_spawn_file_actions_adddup2(&action, fSTDIN[0], STDIN_FILENO);
/Applications/Xcode-27.0.0-Release.Candidate.app/Contents/Developer/Platforms/WatchOS.platform/Developer/SDKs/WatchOS27.0.sdk/usr/include/spawn.h:89:9: note: 'posix_spawn_file_actions_init' has been explicitly marked unavailable here
87 | int posix_spawn_file_actions_destroy(posix_spawn_file_actions_t *) __API_AVAILABLE(macos(10.5), ios(2.0)) __API_UNAVAILABLE(watchos, tvos);
88 |
89 | int posix_spawn_file_actions_init(posix_spawn_file_actions_t *) __API_AVAILABLE(macos(10.5), ios(2.0)) __API_UNAVAILABLE(watchos, tvos);
| `- note: 'posix_spawn_file_actions_init' has been explicitly marked unavailable here
90 |
91 | int posix_spawnattr_destroy(posix_spawnattr_t *) __API_AVAILABLE(macos(10.5), ios(2.0)) __API_UNAVAILABLE(watchos, tvos);
/Users/admin/builder/spi-builder-workspace/Sources/PerfectLib/SysProcess.swift:108:3: warning: result of call to 'posix_spawn_file_actions_init' is unused [#NoUsage]
106 | var spawnRes = 0
107 | #else
108 | posix_spawn_file_actions_init(&action);
| `- warning: result of call to 'posix_spawn_file_actions_init' is unused [#NoUsage]
109 | posix_spawn_file_actions_adddup2(&action, fSTDOUT[1], STDOUT_FILENO);
110 | posix_spawn_file_actions_adddup2(&action, fSTDIN[0], STDIN_FILENO);
/Users/admin/builder/spi-builder-workspace/Sources/PerfectLib/SysProcess.swift:109:3: error: 'posix_spawn_file_actions_adddup2' is unavailable in watchOS
107 | #else
108 | posix_spawn_file_actions_init(&action);
109 | posix_spawn_file_actions_adddup2(&action, fSTDOUT[1], STDOUT_FILENO);
| `- error: 'posix_spawn_file_actions_adddup2' is unavailable in watchOS
110 | posix_spawn_file_actions_adddup2(&action, fSTDIN[0], STDIN_FILENO);
111 | posix_spawn_file_actions_adddup2(&action, fSTDERR[1], STDERR_FILENO);
/Applications/Xcode-27.0.0-Release.Candidate.app/Contents/Developer/Platforms/WatchOS.platform/Developer/SDKs/WatchOS27.0.sdk/usr/include/spawn.h:80:9: note: 'posix_spawn_file_actions_adddup2' has been explicitly marked unavailable here
78 | int posix_spawn_file_actions_addclose(posix_spawn_file_actions_t *, int) __API_AVAILABLE(macos(10.5), ios(2.0)) __API_UNAVAILABLE(watchos, tvos);
79 |
80 | int posix_spawn_file_actions_adddup2(posix_spawn_file_actions_t *, int,
| `- note: 'posix_spawn_file_actions_adddup2' has been explicitly marked unavailable here
81 | int) __API_AVAILABLE(macos(10.5), ios(2.0)) __API_UNAVAILABLE(watchos, tvos);
82 |
/Users/admin/builder/spi-builder-workspace/Sources/PerfectLib/SysProcess.swift:109:3: warning: result of call to 'posix_spawn_file_actions_adddup2' is unused [#NoUsage]
107 | #else
108 | posix_spawn_file_actions_init(&action);
109 | posix_spawn_file_actions_adddup2(&action, fSTDOUT[1], STDOUT_FILENO);
| `- warning: result of call to 'posix_spawn_file_actions_adddup2' is unused [#NoUsage]
110 | posix_spawn_file_actions_adddup2(&action, fSTDIN[0], STDIN_FILENO);
111 | posix_spawn_file_actions_adddup2(&action, fSTDERR[1], STDERR_FILENO);
/Users/admin/builder/spi-builder-workspace/Sources/PerfectLib/SysProcess.swift:110:3: error: 'posix_spawn_file_actions_adddup2' is unavailable in watchOS
108 | posix_spawn_file_actions_init(&action);
109 | posix_spawn_file_actions_adddup2(&action, fSTDOUT[1], STDOUT_FILENO);
110 | posix_spawn_file_actions_adddup2(&action, fSTDIN[0], STDIN_FILENO);
| `- error: 'posix_spawn_file_actions_adddup2' is unavailable in watchOS
111 | posix_spawn_file_actions_adddup2(&action, fSTDERR[1], STDERR_FILENO);
112 |
/Applications/Xcode-27.0.0-Release.Candidate.app/Contents/Developer/Platforms/WatchOS.platform/Developer/SDKs/WatchOS27.0.sdk/usr/include/spawn.h:80:9: note: 'posix_spawn_file_actions_adddup2' has been explicitly marked unavailable here
78 | int posix_spawn_file_actions_addclose(posix_spawn_file_actions_t *, int) __API_AVAILABLE(macos(10.5), ios(2.0)) __API_UNAVAILABLE(watchos, tvos);
79 |
80 | int posix_spawn_file_actions_adddup2(posix_spawn_file_actions_t *, int,
| `- note: 'posix_spawn_file_actions_adddup2' has been explicitly marked unavailable here
81 | int) __API_AVAILABLE(macos(10.5), ios(2.0)) __API_UNAVAILABLE(watchos, tvos);
82 |
/Users/admin/builder/spi-builder-workspace/Sources/PerfectLib/SysProcess.swift:110:3: warning: result of call to 'posix_spawn_file_actions_adddup2' is unused [#NoUsage]
108 | posix_spawn_file_actions_init(&action);
109 | posix_spawn_file_actions_adddup2(&action, fSTDOUT[1], STDOUT_FILENO);
110 | posix_spawn_file_actions_adddup2(&action, fSTDIN[0], STDIN_FILENO);
| `- warning: result of call to 'posix_spawn_file_actions_adddup2' is unused [#NoUsage]
111 | posix_spawn_file_actions_adddup2(&action, fSTDERR[1], STDERR_FILENO);
112 |
/Users/admin/builder/spi-builder-workspace/Sources/PerfectLib/SysProcess.swift:111:3: error: 'posix_spawn_file_actions_adddup2' is unavailable in watchOS
109 | posix_spawn_file_actions_adddup2(&action, fSTDOUT[1], STDOUT_FILENO);
110 | posix_spawn_file_actions_adddup2(&action, fSTDIN[0], STDIN_FILENO);
111 | posix_spawn_file_actions_adddup2(&action, fSTDERR[1], STDERR_FILENO);
| `- error: 'posix_spawn_file_actions_adddup2' is unavailable in watchOS
112 |
113 | posix_spawn_file_actions_addclose(&action, fSTDOUT[0]);
/Applications/Xcode-27.0.0-Release.Candidate.app/Contents/Developer/Platforms/WatchOS.platform/Developer/SDKs/WatchOS27.0.sdk/usr/include/spawn.h:80:9: note: 'posix_spawn_file_actions_adddup2' has been explicitly marked unavailable here
78 | int posix_spawn_file_actions_addclose(posix_spawn_file_actions_t *, int) __API_AVAILABLE(macos(10.5), ios(2.0)) __API_UNAVAILABLE(watchos, tvos);
79 |
80 | int posix_spawn_file_actions_adddup2(posix_spawn_file_actions_t *, int,
| `- note: 'posix_spawn_file_actions_adddup2' has been explicitly marked unavailable here
81 | int) __API_AVAILABLE(macos(10.5), ios(2.0)) __API_UNAVAILABLE(watchos, tvos);
82 |
/Users/admin/builder/spi-builder-workspace/Sources/PerfectLib/SysProcess.swift:111:3: warning: result of call to 'posix_spawn_file_actions_adddup2' is unused [#NoUsage]
109 | posix_spawn_file_actions_adddup2(&action, fSTDOUT[1], STDOUT_FILENO);
110 | posix_spawn_file_actions_adddup2(&action, fSTDIN[0], STDIN_FILENO);
111 | posix_spawn_file_actions_adddup2(&action, fSTDERR[1], STDERR_FILENO);
| `- warning: result of call to 'posix_spawn_file_actions_adddup2' is unused [#NoUsage]
112 |
113 | posix_spawn_file_actions_addclose(&action, fSTDOUT[0]);
/Users/admin/builder/spi-builder-workspace/Sources/PerfectLib/SysProcess.swift:113:3: error: 'posix_spawn_file_actions_addclose' is unavailable in watchOS
111 | posix_spawn_file_actions_adddup2(&action, fSTDERR[1], STDERR_FILENO);
112 |
113 | posix_spawn_file_actions_addclose(&action, fSTDOUT[0]);
| `- error: 'posix_spawn_file_actions_addclose' is unavailable in watchOS
114 | posix_spawn_file_actions_addclose(&action, fSTDIN[0]);
115 | posix_spawn_file_actions_addclose(&action, fSTDERR[0]);
/Applications/Xcode-27.0.0-Release.Candidate.app/Contents/Developer/Platforms/WatchOS.platform/Developer/SDKs/WatchOS27.0.sdk/usr/include/spawn.h:78:9: note: 'posix_spawn_file_actions_addclose' has been explicitly marked unavailable here
76 | int) __API_AVAILABLE(macos(26.0)) __API_UNAVAILABLE(ios, tvos, watchos, visionos);
77 |
78 | int posix_spawn_file_actions_addclose(posix_spawn_file_actions_t *, int) __API_AVAILABLE(macos(10.5), ios(2.0)) __API_UNAVAILABLE(watchos, tvos);
| `- note: 'posix_spawn_file_actions_addclose' has been explicitly marked unavailable here
79 |
80 | int posix_spawn_file_actions_adddup2(posix_spawn_file_actions_t *, int,
/Users/admin/builder/spi-builder-workspace/Sources/PerfectLib/SysProcess.swift:113:3: warning: result of call to 'posix_spawn_file_actions_addclose' is unused [#NoUsage]
111 | posix_spawn_file_actions_adddup2(&action, fSTDERR[1], STDERR_FILENO);
112 |
113 | posix_spawn_file_actions_addclose(&action, fSTDOUT[0]);
| `- warning: result of call to 'posix_spawn_file_actions_addclose' is unused [#NoUsage]
114 | posix_spawn_file_actions_addclose(&action, fSTDIN[0]);
115 | posix_spawn_file_actions_addclose(&action, fSTDERR[0]);
/Users/admin/builder/spi-builder-workspace/Sources/PerfectLib/SysProcess.swift:114:3: error: 'posix_spawn_file_actions_addclose' is unavailable in watchOS
112 |
113 | posix_spawn_file_actions_addclose(&action, fSTDOUT[0]);
114 | posix_spawn_file_actions_addclose(&action, fSTDIN[0]);
| `- error: 'posix_spawn_file_actions_addclose' is unavailable in watchOS
115 | posix_spawn_file_actions_addclose(&action, fSTDERR[0]);
116 | posix_spawn_file_actions_addclose(&action, fSTDOUT[1]);
/Applications/Xcode-27.0.0-Release.Candidate.app/Contents/Developer/Platforms/WatchOS.platform/Developer/SDKs/WatchOS27.0.sdk/usr/include/spawn.h:78:9: note: 'posix_spawn_file_actions_addclose' has been explicitly marked unavailable here
76 | int) __API_AVAILABLE(macos(26.0)) __API_UNAVAILABLE(ios, tvos, watchos, visionos);
77 |
78 | int posix_spawn_file_actions_addclose(posix_spawn_file_actions_t *, int) __API_AVAILABLE(macos(10.5), ios(2.0)) __API_UNAVAILABLE(watchos, tvos);
| `- note: 'posix_spawn_file_actions_addclose' has been explicitly marked unavailable here
79 |
80 | int posix_spawn_file_actions_adddup2(posix_spawn_file_actions_t *, int,
/Users/admin/builder/spi-builder-workspace/Sources/PerfectLib/SysProcess.swift:114:3: warning: result of call to 'posix_spawn_file_actions_addclose' is unused [#NoUsage]
112 |
113 | posix_spawn_file_actions_addclose(&action, fSTDOUT[0]);
114 | posix_spawn_file_actions_addclose(&action, fSTDIN[0]);
| `- warning: result of call to 'posix_spawn_file_actions_addclose' is unused [#NoUsage]
115 | posix_spawn_file_actions_addclose(&action, fSTDERR[0]);
116 | posix_spawn_file_actions_addclose(&action, fSTDOUT[1]);
/Users/admin/builder/spi-builder-workspace/Sources/PerfectLib/SysProcess.swift:115:3: error: 'posix_spawn_file_actions_addclose' is unavailable in watchOS
113 | posix_spawn_file_actions_addclose(&action, fSTDOUT[0]);
114 | posix_spawn_file_actions_addclose(&action, fSTDIN[0]);
115 | posix_spawn_file_actions_addclose(&action, fSTDERR[0]);
| `- error: 'posix_spawn_file_actions_addclose' is unavailable in watchOS
116 | posix_spawn_file_actions_addclose(&action, fSTDOUT[1]);
117 | posix_spawn_file_actions_addclose(&action, fSTDIN[1]);
/Applications/Xcode-27.0.0-Release.Candidate.app/Contents/Developer/Platforms/WatchOS.platform/Developer/SDKs/WatchOS27.0.sdk/usr/include/spawn.h:78:9: note: 'posix_spawn_file_actions_addclose' has been explicitly marked unavailable here
76 | int) __API_AVAILABLE(macos(26.0)) __API_UNAVAILABLE(ios, tvos, watchos, visionos);
77 |
78 | int posix_spawn_file_actions_addclose(posix_spawn_file_actions_t *, int) __API_AVAILABLE(macos(10.5), ios(2.0)) __API_UNAVAILABLE(watchos, tvos);
| `- note: 'posix_spawn_file_actions_addclose' has been explicitly marked unavailable here
79 |
80 | int posix_spawn_file_actions_adddup2(posix_spawn_file_actions_t *, int,
/Users/admin/builder/spi-builder-workspace/Sources/PerfectLib/SysProcess.swift:115:3: warning: result of call to 'posix_spawn_file_actions_addclose' is unused [#NoUsage]
113 | posix_spawn_file_actions_addclose(&action, fSTDOUT[0]);
114 | posix_spawn_file_actions_addclose(&action, fSTDIN[0]);
115 | posix_spawn_file_actions_addclose(&action, fSTDERR[0]);
| `- warning: result of call to 'posix_spawn_file_actions_addclose' is unused [#NoUsage]
116 | posix_spawn_file_actions_addclose(&action, fSTDOUT[1]);
117 | posix_spawn_file_actions_addclose(&action, fSTDIN[1]);
/Users/admin/builder/spi-builder-workspace/Sources/PerfectLib/SysProcess.swift:116:3: error: 'posix_spawn_file_actions_addclose' is unavailable in watchOS
114 | posix_spawn_file_actions_addclose(&action, fSTDIN[0]);
115 | posix_spawn_file_actions_addclose(&action, fSTDERR[0]);
116 | posix_spawn_file_actions_addclose(&action, fSTDOUT[1]);
| `- error: 'posix_spawn_file_actions_addclose' is unavailable in watchOS
117 | posix_spawn_file_actions_addclose(&action, fSTDIN[1]);
118 | posix_spawn_file_actions_addclose(&action, fSTDERR[1]);
/Applications/Xcode-27.0.0-Release.Candidate.app/Contents/Developer/Platforms/WatchOS.platform/Developer/SDKs/WatchOS27.0.sdk/usr/include/spawn.h:78:9: note: 'posix_spawn_file_actions_addclose' has been explicitly marked unavailable here
76 | int) __API_AVAILABLE(macos(26.0)) __API_UNAVAILABLE(ios, tvos, watchos, visionos);
77 |
78 | int posix_spawn_file_actions_addclose(posix_spawn_file_actions_t *, int) __API_AVAILABLE(macos(10.5), ios(2.0)) __API_UNAVAILABLE(watchos, tvos);
| `- note: 'posix_spawn_file_actions_addclose' has been explicitly marked unavailable here
79 |
80 | int posix_spawn_file_actions_adddup2(posix_spawn_file_actions_t *, int,
/Users/admin/builder/spi-builder-workspace/Sources/PerfectLib/SysProcess.swift:116:3: warning: result of call to 'posix_spawn_file_actions_addclose' is unused [#NoUsage]
114 | posix_spawn_file_actions_addclose(&action, fSTDIN[0]);
115 | posix_spawn_file_actions_addclose(&action, fSTDERR[0]);
116 | posix_spawn_file_actions_addclose(&action, fSTDOUT[1]);
| `- warning: result of call to 'posix_spawn_file_actions_addclose' is unused [#NoUsage]
117 | posix_spawn_file_actions_addclose(&action, fSTDIN[1]);
118 | posix_spawn_file_actions_addclose(&action, fSTDERR[1]);
/Users/admin/builder/spi-builder-workspace/Sources/PerfectLib/SysProcess.swift:117:3: error: 'posix_spawn_file_actions_addclose' is unavailable in watchOS
115 | posix_spawn_file_actions_addclose(&action, fSTDERR[0]);
116 | posix_spawn_file_actions_addclose(&action, fSTDOUT[1]);
117 | posix_spawn_file_actions_addclose(&action, fSTDIN[1]);
| `- error: 'posix_spawn_file_actions_addclose' is unavailable in watchOS
118 | posix_spawn_file_actions_addclose(&action, fSTDERR[1]);
119 |
/Applications/Xcode-27.0.0-Release.Candidate.app/Contents/Developer/Platforms/WatchOS.platform/Developer/SDKs/WatchOS27.0.sdk/usr/include/spawn.h:78:9: note: 'posix_spawn_file_actions_addclose' has been explicitly marked unavailable here
76 | int) __API_AVAILABLE(macos(26.0)) __API_UNAVAILABLE(ios, tvos, watchos, visionos);
77 |
78 | int posix_spawn_file_actions_addclose(posix_spawn_file_actions_t *, int) __API_AVAILABLE(macos(10.5), ios(2.0)) __API_UNAVAILABLE(watchos, tvos);
| `- note: 'posix_spawn_file_actions_addclose' has been explicitly marked unavailable here
79 |
80 | int posix_spawn_file_actions_adddup2(posix_spawn_file_actions_t *, int,
/Users/admin/builder/spi-builder-workspace/Sources/PerfectLib/SysProcess.swift:117:3: warning: result of call to 'posix_spawn_file_actions_addclose' is unused [#NoUsage]
115 | posix_spawn_file_actions_addclose(&action, fSTDERR[0]);
116 | posix_spawn_file_actions_addclose(&action, fSTDOUT[1]);
117 | posix_spawn_file_actions_addclose(&action, fSTDIN[1]);
| `- warning: result of call to 'posix_spawn_file_actions_addclose' is unused [#NoUsage]
118 | posix_spawn_file_actions_addclose(&action, fSTDERR[1]);
119 |
/Users/admin/builder/spi-builder-workspace/Sources/PerfectLib/SysProcess.swift:118:3: error: 'posix_spawn_file_actions_addclose' is unavailable in watchOS
116 | posix_spawn_file_actions_addclose(&action, fSTDOUT[1]);
117 | posix_spawn_file_actions_addclose(&action, fSTDIN[1]);
118 | posix_spawn_file_actions_addclose(&action, fSTDERR[1]);
| `- error: 'posix_spawn_file_actions_addclose' is unavailable in watchOS
119 |
120 | posix_spawnattr_init(&attr)
/Applications/Xcode-27.0.0-Release.Candidate.app/Contents/Developer/Platforms/WatchOS.platform/Developer/SDKs/WatchOS27.0.sdk/usr/include/spawn.h:78:9: note: 'posix_spawn_file_actions_addclose' has been explicitly marked unavailable here
76 | int) __API_AVAILABLE(macos(26.0)) __API_UNAVAILABLE(ios, tvos, watchos, visionos);
77 |
78 | int posix_spawn_file_actions_addclose(posix_spawn_file_actions_t *, int) __API_AVAILABLE(macos(10.5), ios(2.0)) __API_UNAVAILABLE(watchos, tvos);
| `- note: 'posix_spawn_file_actions_addclose' has been explicitly marked unavailable here
79 |
80 | int posix_spawn_file_actions_adddup2(posix_spawn_file_actions_t *, int,
/Users/admin/builder/spi-builder-workspace/Sources/PerfectLib/SysProcess.swift:118:3: warning: result of call to 'posix_spawn_file_actions_addclose' is unused [#NoUsage]
116 | posix_spawn_file_actions_addclose(&action, fSTDOUT[1]);
117 | posix_spawn_file_actions_addclose(&action, fSTDIN[1]);
118 | posix_spawn_file_actions_addclose(&action, fSTDERR[1]);
| `- warning: result of call to 'posix_spawn_file_actions_addclose' is unused [#NoUsage]
119 |
120 | posix_spawnattr_init(&attr)
/Users/admin/builder/spi-builder-workspace/Sources/PerfectLib/SysProcess.swift:120:3: error: 'posix_spawnattr_init' is unavailable in watchOS
118 | posix_spawn_file_actions_addclose(&action, fSTDERR[1]);
119 |
120 | posix_spawnattr_init(&attr)
| `- error: 'posix_spawnattr_init' is unavailable in watchOS
121 |
122 | if newGroup {
/Applications/Xcode-27.0.0-Release.Candidate.app/Contents/Developer/Platforms/WatchOS.platform/Developer/SDKs/WatchOS27.0.sdk/usr/include/spawn.h:105:9: note: 'posix_spawnattr_init' has been explicitly marked unavailable here
103 | sigset_t * __restrict) __API_AVAILABLE(macos(10.5), ios(2.0)) __API_UNAVAILABLE(watchos, tvos);
104 |
105 | int posix_spawnattr_init(posix_spawnattr_t *) __API_AVAILABLE(macos(10.5), ios(2.0)) __API_UNAVAILABLE(watchos, tvos);
| `- note: 'posix_spawnattr_init' has been explicitly marked unavailable here
106 |
107 | int posix_spawnattr_setsigdefault(posix_spawnattr_t * __restrict,
/Users/admin/builder/spi-builder-workspace/Sources/PerfectLib/SysProcess.swift:120:3: warning: result of call to 'posix_spawnattr_init' is unused [#NoUsage]
118 | posix_spawn_file_actions_addclose(&action, fSTDERR[1]);
119 |
120 | posix_spawnattr_init(&attr)
| `- warning: result of call to 'posix_spawnattr_init' is unused [#NoUsage]
121 |
122 | if newGroup {
/Users/admin/builder/spi-builder-workspace/Sources/PerfectLib/SysProcess.swift:125:4: error: 'posix_spawnattr_setflags' is unavailable in watchOS
123 | // By default, all flags are unset after the init call
124 | // so no need to OR in the existing flags.
125 | posix_spawnattr_setflags(&attr, Int16(POSIX_SPAWN_SETPGROUP))
| `- error: 'posix_spawnattr_setflags' is unavailable in watchOS
126 | }
127 |
/Applications/Xcode-27.0.0-Release.Candidate.app/Contents/Developer/Platforms/WatchOS.platform/Developer/SDKs/WatchOS27.0.sdk/usr/include/spawn.h:110:9: note: 'posix_spawnattr_setflags' has been explicitly marked unavailable here
108 | const sigset_t * __restrict) __API_AVAILABLE(macos(10.5), ios(2.0)) __API_UNAVAILABLE(watchos, tvos);
109 |
110 | int posix_spawnattr_setflags(posix_spawnattr_t *, short) __API_AVAILABLE(macos(10.5), ios(2.0)) __API_UNAVAILABLE(watchos, tvos);
| `- note: 'posix_spawnattr_setflags' has been explicitly marked unavailable here
111 |
112 | int posix_spawnattr_setpgroup(posix_spawnattr_t *, pid_t) __API_AVAILABLE(macos(10.5), ios(2.0)) __API_UNAVAILABLE(watchos, tvos);
/Users/admin/builder/spi-builder-workspace/Sources/PerfectLib/SysProcess.swift:125:4: warning: result of call to 'posix_spawnattr_setflags' is unused [#NoUsage]
123 | // By default, all flags are unset after the init call
124 | // so no need to OR in the existing flags.
125 | posix_spawnattr_setflags(&attr, Int16(POSIX_SPAWN_SETPGROUP))
| `- warning: result of call to 'posix_spawnattr_setflags' is unused [#NoUsage]
126 | }
127 |
/Users/admin/builder/spi-builder-workspace/Sources/PerfectLib/SysProcess.swift:130:3: error: 'posix_spawn_file_actions_destroy' is unavailable in watchOS
128 | var procPid = pid_t()
129 | let spawnRes = posix_spawnp(&procPid, cmd, &action, &attr, cArgs, cEnv)
130 | posix_spawn_file_actions_destroy(&action)
| `- error: 'posix_spawn_file_actions_destroy' is unavailable in watchOS
131 | posix_spawnattr_destroy(&attr)
132 |
/Applications/Xcode-27.0.0-Release.Candidate.app/Contents/Developer/Platforms/WatchOS.platform/Developer/SDKs/WatchOS27.0.sdk/usr/include/spawn.h:87:9: note: 'posix_spawn_file_actions_destroy' has been explicitly marked unavailable here
85 | const char * __restrict, int, mode_t) __API_AVAILABLE(macos(10.5), ios(2.0)) __API_UNAVAILABLE(watchos, tvos);
86 |
87 | int posix_spawn_file_actions_destroy(posix_spawn_file_actions_t *) __API_AVAILABLE(macos(10.5), ios(2.0)) __API_UNAVAILABLE(watchos, tvos);
| `- note: 'posix_spawn_file_actions_destroy' has been explicitly marked unavailable here
88 |
89 | int posix_spawn_file_actions_init(posix_spawn_file_actions_t *) __API_AVAILABLE(macos(10.5), ios(2.0)) __API_UNAVAILABLE(watchos, tvos);
/Users/admin/builder/spi-builder-workspace/Sources/PerfectLib/SysProcess.swift:130:3: warning: result of call to 'posix_spawn_file_actions_destroy' is unused [#NoUsage]
128 | var procPid = pid_t()
129 | let spawnRes = posix_spawnp(&procPid, cmd, &action, &attr, cArgs, cEnv)
130 | posix_spawn_file_actions_destroy(&action)
| `- warning: result of call to 'posix_spawn_file_actions_destroy' is unused [#NoUsage]
131 | posix_spawnattr_destroy(&attr)
132 |
/Users/admin/builder/spi-builder-workspace/Sources/PerfectLib/SysProcess.swift:131:3: error: 'posix_spawnattr_destroy' is unavailable in watchOS
129 | let spawnRes = posix_spawnp(&procPid, cmd, &action, &attr, cArgs, cEnv)
130 | posix_spawn_file_actions_destroy(&action)
131 | posix_spawnattr_destroy(&attr)
| `- error: 'posix_spawnattr_destroy' is unavailable in watchOS
132 |
133 | for idx in 0..<cArgsCount {
/Applications/Xcode-27.0.0-Release.Candidate.app/Contents/Developer/Platforms/WatchOS.platform/Developer/SDKs/WatchOS27.0.sdk/usr/include/spawn.h:91:9: note: 'posix_spawnattr_destroy' has been explicitly marked unavailable here
89 | int posix_spawn_file_actions_init(posix_spawn_file_actions_t *) __API_AVAILABLE(macos(10.5), ios(2.0)) __API_UNAVAILABLE(watchos, tvos);
90 |
91 | int posix_spawnattr_destroy(posix_spawnattr_t *) __API_AVAILABLE(macos(10.5), ios(2.0)) __API_UNAVAILABLE(watchos, tvos);
| `- note: 'posix_spawnattr_destroy' has been explicitly marked unavailable here
92 |
93 | int posix_spawnattr_getsigdefault(const posix_spawnattr_t * __restrict,
/Users/admin/builder/spi-builder-workspace/Sources/PerfectLib/SysProcess.swift:131:3: warning: result of call to 'posix_spawnattr_destroy' is unused [#NoUsage]
129 | let spawnRes = posix_spawnp(&procPid, cmd, &action, &attr, cArgs, cEnv)
130 | posix_spawn_file_actions_destroy(&action)
131 | posix_spawnattr_destroy(&attr)
| `- warning: result of call to 'posix_spawnattr_destroy' is unused [#NoUsage]
132 |
133 | for idx in 0..<cArgsCount {
[#NoUsage]: <https://docs.swift.org/compiler/documentation/diagnostics/no-usage>
Failed frontend command:
/Applications/Xcode-27.0.0-Release.Candidate.app/Contents/Developer/Toolchains/XcodeDefault.xctoolchain/usr/bin/swift-frontend -frontend -emit-module -experimental-skip-non-inlinable-function-bodies-without-types /Users/admin/builder/spi-builder-workspace/Sources/PerfectLib/Bytes.swift /Users/admin/builder/spi-builder-workspace/Sources/PerfectLib/Dir.swift /Users/admin/builder/spi-builder-workspace/Sources/PerfectLib/File.swift /Users/admin/builder/spi-builder-workspace/Sources/PerfectLib/JSONConvertible.swift /Users/admin/builder/spi-builder-workspace/Sources/PerfectLib/Log.swift /Users/admin/builder/spi-builder-workspace/Sources/PerfectLib/PerfectError.swift /Users/admin/builder/spi-builder-workspace/Sources/PerfectLib/PerfectServer.swift /Users/admin/builder/spi-builder-workspace/Sources/PerfectLib/SysProcess.swift /Users/admin/builder/spi-builder-workspace/Sources/PerfectLib/Utilities.swift -target arm64-apple-watchos9.0 -disable-cross-import-overlay-search -swift-module-cross-import Darwin /Applications/Xcode-27.0.0-Release.Candidate.app/Contents/Developer/Platforms/WatchOS.platform/Developer/SDKs/WatchOS.sdk/usr/include/Darwin.swiftcrossimport/xlocale.swiftoverlay -load-resolved-plugin /Applications/Xcode-27.0.0-Release.Candidate.app/Contents/Developer/Platforms/WatchOS.platform/Developer/usr/lib/swift/host/plugins/libFoundationMacros.dylib\#/Applications/Xcode-27.0.0-Release.Candidate.app/Contents/Developer/Platforms/WatchOS.platform/Developer/usr/bin/swift-plugin-server\#FoundationMacros -load-resolved-plugin /Applications/Xcode-27.0.0-Release.Candidate.app/Contents/Developer/Platforms/WatchOS.platform/Developer/usr/lib/swift/host/plugins/libObservationMacros.dylib\#/Applications/Xcode-27.0.0-Release.Candidate.app/Contents/Developer/Platforms/WatchOS.platform/Developer/usr/bin/swift-plugin-server\#ObservationMacros -load-resolved-plugin /Applications/Xcode-27.0.0-Release.Candidate.app/Contents/Developer/Platforms/WatchOS.platform/Developer/usr/lib/swift/host/plugins/libSwiftMacros.dylib\#/Applications/Xcode-27.0.0-Release.Candidate.app/Contents/Developer/Platforms/WatchOS.platform/Developer/usr/bin/swift-plugin-server\#SwiftMacros -disable-implicit-swift-modules -Xcc -fno-implicit-modules -Xcc -fno-implicit-module-maps -explicit-swift-module-map-file /Users/admin/builder/spi-builder-workspace/.derivedData/Build/Intermediates.noindex/PerfectLib.build/Debug-watchos/PerfectLib-t.build/Objects-normal/arm64/PerfectLib-dependencies-2.json -Xllvm -aarch64-use-tbi -enable-objc-interop -stack-check -sdk /Applications/Xcode-27.0.0-Release.Candidate.app/Contents/Developer/Platforms/WatchOS.platform/Developer/SDKs/WatchOS27.0.sdk -I /Users/admin/builder/spi-builder-workspace/.derivedData/Build/Products/Debug-watchos -Isystem /Applications/Xcode-27.0.0-Release.Candidate.app/Contents/Developer/Platforms/WatchOS.platform/Developer/usr/lib -F /Users/admin/builder/spi-builder-workspace/.derivedData/Build/Products/Debug-watchos -F /Applications/Xcode-27.0.0-Release.Candidate.app/Contents/Developer/Platforms/WatchOS.platform/Developer/Library/Frameworks -F /Applications/Xcode-27.0.0-Release.Candidate.app/Contents/Developer/Platforms/WatchOS.platform/Developer/SDKs/WatchOS27.0.sdk/Developer/Library/Frameworks -module-cache-path /Users/admin/builder/spi-builder-workspace/.derivedData/Build/Intermediates.noindex/SwiftExplicitPrecompiledModules -no-color-diagnostics -Xcc -fno-color-diagnostics -enable-testing -g -debug-info-format\=dwarf -dwarf-version\=4 -profile-generate -profile-coverage-mapping -swift-version 5 -Onone -D SWIFT_PACKAGE -D DEBUG -D SWIFT_MODULE_RESOURCE_BUNDLE_UNAVAILABLE -D Xcode -serialize-debugging-options -enable-experimental-feature DebugDescriptionMacro -empty-abi-descriptor -validate-clang-modules-once -clang-build-session-file /Users/admin/builder/spi-builder-workspace/.derivedData/ModuleCache.noindex/Session.modulevalidation -Xcc -working-directory -Xcc /Users/admin/builder/spi-builder-workspace/.swiftpm/xcode -enable-anonymous-context-mangled-names -file-compilation-dir /Users/admin/builder/spi-builder-workspace/.swiftpm/xcode -Xcc -D_LIBCPP_HARDENING_MODE\=_LIBCPP_HARDENING_MODE_DEBUG -Xcc -ivfsstatcache -Xcc /Users/admin/builder/spi-builder-workspace/.derivedData/SDKStatCaches.noindex/watchos27.0-24R360-e829b21a6f8c9b70876ba0858053c04477534ef55a1706bf4c1112bbb242f0a2.sdkstatcache -Xcc -fmodules-prune-interval\=86400 -Xcc -fmodules-prune-after\=345600 -Xcc -I/Users/admin/builder/spi-builder-workspace/.derivedData/Build/Products/Debug-watchos/include -Xcc -I/Users/admin/builder/spi-builder-workspace/.derivedData/Build/Intermediates.noindex/PerfectLib.build/Debug-watchos/PerfectLib-t.build/DerivedSources-normal/arm64 -Xcc -I/Users/admin/builder/spi-builder-workspace/.derivedData/Build/Intermediates.noindex/PerfectLib.build/Debug-watchos/PerfectLib-t.build/DerivedSources/arm64 -Xcc -I/Users/admin/builder/spi-builder-workspace/.derivedData/Build/Intermediates.noindex/PerfectLib.build/Debug-watchos/PerfectLib-t.build/DerivedSources -Xcc -DSWIFT_PACKAGE -Xcc -DDEBUG\=1 -no-auto-bridging-header-chaining -module-name PerfectLib -const-gather-protocols-file /Users/admin/builder/spi-builder-workspace/.derivedData/Build/Intermediates.noindex/PerfectLib.build/Debug-watchos/PerfectLib-t.build/Objects-normal/arm64/PerfectLib_const_extract_protocols.json -disable-clang-spi -clang-target arm64-apple-watchos27.0 -target-sdk-version 27.0 -target-sdk-name watchos27.0 -in-process-plugin-server-path /Applications/Xcode-27.0.0-Release.Candidate.app/Contents/Developer/Toolchains/XcodeDefault.xctoolchain/usr/lib/swift/host/libSwiftInProcPluginServer.dylib -emit-module-doc-path /Users/admin/builder/spi-builder-workspace/.derivedData/Build/Intermediates.noindex/PerfectLib.build/Debug-watchos/PerfectLib-t.build/Objects-normal/arm64/PerfectLib.swiftdoc -emit-module-source-info-path /Users/admin/builder/spi-builder-workspace/.derivedData/Build/Intermediates.noindex/PerfectLib.build/Debug-watchos/PerfectLib-t.build/Objects-normal/arm64/PerfectLib.swiftsourceinfo -emit-objc-header-path /Users/admin/builder/spi-builder-workspace/.derivedData/Build/Intermediates.noindex/PerfectLib.build/Debug-watchos/PerfectLib-t.build/Objects-normal/arm64/PerfectLib-Swift.h -serialize-diagnostics-path /Users/admin/builder/spi-builder-workspace/.derivedData/Build/Intermediates.noindex/PerfectLib.build/Debug-watchos/PerfectLib-t.build/Objects-normal/arm64/PerfectLib-primary-emit-module.dia -emit-dependencies-path /Users/admin/builder/spi-builder-workspace/.derivedData/Build/Intermediates.noindex/PerfectLib.build/Debug-watchos/PerfectLib-t.build/Objects-normal/arm64/PerfectLib-primary-emit-module.d -parse-as-library -o /Users/admin/builder/spi-builder-workspace/.derivedData/Build/Intermediates.noindex/PerfectLib.build/Debug-watchos/PerfectLib-t.build/Objects-normal/arm64/PerfectLib.swiftmodule -emit-abi-descriptor-path /Users/admin/builder/spi-builder-workspace/.derivedData/Build/Intermediates.noindex/PerfectLib.build/Debug-watchos/PerfectLib-t.build/Objects-normal/arm64/PerfectLib.abi.json
SwiftCompile normal arm64 (in target 'PerfectLib' from project 'PerfectLib')
cd /Users/admin/builder/spi-builder-workspace/.swiftpm/xcode
SwiftCompile normal arm64 Compiling\ Bytes.swift /Users/admin/builder/spi-builder-workspace/Sources/PerfectLib/Bytes.swift (in target 'PerfectLib' from project 'PerfectLib')
SwiftCompile normal arm64 /Users/admin/builder/spi-builder-workspace/Sources/PerfectLib/Bytes.swift (in target 'PerfectLib' from project 'PerfectLib')
cd /Users/admin/builder/spi-builder-workspace/.swiftpm/xcode
builtin-SwiftPerFileCompile Bytes.swift
SwiftEmitModule normal arm64_32 Emitting\ module\ for\ PerfectLib (in target 'PerfectLib' from project 'PerfectLib')
SwiftCompile normal arm64_32 (in target 'PerfectLib' from project 'PerfectLib')
cd /Users/admin/builder/spi-builder-workspace/.swiftpm/xcode
PruneExplicitPrecompiledModules /Users/admin/builder/spi-builder-workspace/.derivedData/Build/Intermediates.noindex/SwiftExplicitPrecompiledModules
PruneExplicitPrecompiledModules /Users/admin/builder/spi-builder-workspace/.derivedData/SDKExplicitPrecompiledModules
PruneExplicitPrecompiledModules /Users/admin/builder/spi-builder-workspace/.derivedData/Build/Intermediates.noindex/ExplicitPrecompiledModules
2026-09-17 09:51:46.541 xcodebuild[740:4614] [MT] IDERunDestination: Supported platforms for the buildables in the current scheme is empty.
** BUILD FAILED **
The following build commands failed:
SwiftEmitModule normal arm64 Emitting\ module\ for\ PerfectLib (in target 'PerfectLib' from project 'PerfectLib')
SwiftCompile normal arm64 (in target 'PerfectLib' from project 'PerfectLib')
Building workspace PerfectLib with scheme PerfectLib
(3 failures)
BUILD FAILURE 6.4 watchOS