The Swift Package Index logo.Swift Package Index

Build Information

Failed to build Miles, reference v2.3.3 (90ee32), with Swift 6.1 for watchOS using Xcode 16.3 on 26 Oct 2026 13:45:20 UTC.

Build Command

env DEVELOPER_DIR=/Applications/Xcode-16.3.0.app xcrun xcodebuild -IDEClonedSourcePackagesDirPathOverride=$PWD/.dependencies -skipMacroValidation -skipPackagePluginValidation -derivedDataPath $PWD/.derivedData build -scheme Miles-Package -destination generic/platform=watchOS

Build Log

SwiftDriver Miles normal arm64 com.apple.xcode.tools.swift.compiler (in target 'Miles' from project 'Miles')
    cd /Users/admin/builder/spi-builder-workspace
    builtin-SwiftDriver -- /Applications/Xcode-16.3.0.app/Contents/Developer/Toolchains/XcodeDefault.xctoolchain/usr/bin/swiftc -module-name Miles -Onone -enforce-exclusivity\=checked @/Users/admin/builder/spi-builder-workspace/.derivedData/Build/Intermediates.noindex/Miles.build/Debug-watchos/Miles.build/Objects-normal/arm64/Miles.SwiftFileList -DSWIFT_PACKAGE -DDEBUG -stats-output-dir .stats -strict-concurrency\=complete -enable-upcoming-feature StrictConcurrency -enable-upcoming-feature DisableOutwardActorInference -enable-upcoming-feature GlobalActorIsolatedTypesUsability -enable-upcoming-feature InferSendableFromCaptures -enable-bare-slash-regex -enable-experimental-feature DebugDescriptionMacro -sdk /Applications/Xcode-16.3.0.app/Contents/Developer/Platforms/WatchOS.platform/Developer/SDKs/WatchOS11.4.sdk -target arm64-apple-watchos2.0 -g -module-cache-path /Users/admin/builder/spi-builder-workspace/.derivedData/ModuleCache.noindex -Xfrontend -serialize-debugging-options -enable-testing -index-store-path /Users/admin/builder/spi-builder-workspace/.derivedData/Index.noindex/DataStore -swift-version 5 -I /Users/admin/builder/spi-builder-workspace/.derivedData/Build/Products/Debug-watchos -F /Users/admin/builder/spi-builder-workspace/.derivedData/Build/Products/Debug-watchos -F /Applications/Xcode-16.3.0.app/Contents/Developer/Platforms/WatchOS.platform/Developer/Library/Frameworks -parse-as-library -c -j10 -enable-batch-mode -incremental -Xcc -ivfsstatcache -Xcc /Users/admin/builder/spi-builder-workspace/.derivedData/SDKStatCaches.noindex/watchos11.4-22T246-43efb940ff07ba2497b70ec94253f576.sdkstatcache -output-file-map /Users/admin/builder/spi-builder-workspace/.derivedData/Build/Intermediates.noindex/Miles.build/Debug-watchos/Miles.build/Objects-normal/arm64/Miles-OutputFileMap.json -use-frontend-parseable-output -save-temps -no-color-diagnostics -serialize-diagnostics -emit-dependencies -emit-module -emit-module-path /Users/admin/builder/spi-builder-workspace/.derivedData/Build/Intermediates.noindex/Miles.build/Debug-watchos/Miles.build/Objects-normal/arm64/Miles.swiftmodule -validate-clang-modules-once -clang-build-session-file /Users/admin/builder/spi-builder-workspace/.derivedData/ModuleCache.noindex/Session.modulevalidation -Xcc -I/Users/admin/builder/spi-builder-workspace/.derivedData/Build/Intermediates.noindex/Miles.build/Debug-watchos/Miles.build/swift-overrides.hmap -emit-const-values -Xfrontend -const-gather-protocols-file -Xfrontend /Users/admin/builder/spi-builder-workspace/.derivedData/Build/Intermediates.noindex/Miles.build/Debug-watchos/Miles.build/Objects-normal/arm64/Miles_const_extract_protocols.json -Xcc -I/Users/admin/builder/spi-builder-workspace/.derivedData/Build/Products/Debug-watchos/include -Xcc -I/Users/admin/builder/spi-builder-workspace/.derivedData/Build/Intermediates.noindex/Miles.build/Debug-watchos/Miles.build/DerivedSources-normal/arm64 -Xcc -I/Users/admin/builder/spi-builder-workspace/.derivedData/Build/Intermediates.noindex/Miles.build/Debug-watchos/Miles.build/DerivedSources/arm64 -Xcc -I/Users/admin/builder/spi-builder-workspace/.derivedData/Build/Intermediates.noindex/Miles.build/Debug-watchos/Miles.build/DerivedSources -Xcc -DSWIFT_PACKAGE\=1 -Xcc -DDEBUG\=1 -emit-objc-header -emit-objc-header-path /Users/admin/builder/spi-builder-workspace/.derivedData/Build/Intermediates.noindex/Miles.build/Debug-watchos/Miles.build/Objects-normal/arm64/Miles-Swift.h -working-directory /Users/admin/builder/spi-builder-workspace -experimental-emit-module-separately -disable-cmo
SwiftDriver Miles normal armv7k com.apple.xcode.tools.swift.compiler (in target 'Miles' from project 'Miles')
    cd /Users/admin/builder/spi-builder-workspace
    builtin-SwiftDriver -- /Applications/Xcode-16.3.0.app/Contents/Developer/Toolchains/XcodeDefault.xctoolchain/usr/bin/swiftc -module-name Miles -Onone -enforce-exclusivity\=checked @/Users/admin/builder/spi-builder-workspace/.derivedData/Build/Intermediates.noindex/Miles.build/Debug-watchos/Miles.build/Objects-normal/armv7k/Miles.SwiftFileList -DSWIFT_PACKAGE -DDEBUG -stats-output-dir .stats -strict-concurrency\=complete -enable-upcoming-feature StrictConcurrency -enable-upcoming-feature DisableOutwardActorInference -enable-upcoming-feature GlobalActorIsolatedTypesUsability -enable-upcoming-feature InferSendableFromCaptures -enable-bare-slash-regex -enable-experimental-feature DebugDescriptionMacro -sdk /Applications/Xcode-16.3.0.app/Contents/Developer/Platforms/WatchOS.platform/Developer/SDKs/WatchOS11.4.sdk -target armv7k-apple-watchos2.0 -g -module-cache-path /Users/admin/builder/spi-builder-workspace/.derivedData/ModuleCache.noindex -Xfrontend -serialize-debugging-options -enable-testing -index-store-path /Users/admin/builder/spi-builder-workspace/.derivedData/Index.noindex/DataStore -swift-version 5 -I /Users/admin/builder/spi-builder-workspace/.derivedData/Build/Products/Debug-watchos -F /Users/admin/builder/spi-builder-workspace/.derivedData/Build/Products/Debug-watchos -F /Applications/Xcode-16.3.0.app/Contents/Developer/Platforms/WatchOS.platform/Developer/Library/Frameworks -parse-as-library -c -j10 -enable-batch-mode -incremental -Xcc -ivfsstatcache -Xcc /Users/admin/builder/spi-builder-workspace/.derivedData/SDKStatCaches.noindex/watchos11.4-22T246-43efb940ff07ba2497b70ec94253f576.sdkstatcache -output-file-map /Users/admin/builder/spi-builder-workspace/.derivedData/Build/Intermediates.noindex/Miles.build/Debug-watchos/Miles.build/Objects-normal/armv7k/Miles-OutputFileMap.json -use-frontend-parseable-output -save-temps -no-color-diagnostics -serialize-diagnostics -emit-dependencies -emit-module -emit-module-path /Users/admin/builder/spi-builder-workspace/.derivedData/Build/Intermediates.noindex/Miles.build/Debug-watchos/Miles.build/Objects-normal/armv7k/Miles.swiftmodule -validate-clang-modules-once -clang-build-session-file /Users/admin/builder/spi-builder-workspace/.derivedData/ModuleCache.noindex/Session.modulevalidation -Xcc -I/Users/admin/builder/spi-builder-workspace/.derivedData/Build/Intermediates.noindex/Miles.build/Debug-watchos/Miles.build/swift-overrides.hmap -emit-const-values -Xfrontend -const-gather-protocols-file -Xfrontend /Users/admin/builder/spi-builder-workspace/.derivedData/Build/Intermediates.noindex/Miles.build/Debug-watchos/Miles.build/Objects-normal/armv7k/Miles_const_extract_protocols.json -Xcc -I/Users/admin/builder/spi-builder-workspace/.derivedData/Build/Products/Debug-watchos/include -Xcc -I/Users/admin/builder/spi-builder-workspace/.derivedData/Build/Intermediates.noindex/Miles.build/Debug-watchos/Miles.build/DerivedSources-normal/armv7k -Xcc -I/Users/admin/builder/spi-builder-workspace/.derivedData/Build/Intermediates.noindex/Miles.build/Debug-watchos/Miles.build/DerivedSources/armv7k -Xcc -I/Users/admin/builder/spi-builder-workspace/.derivedData/Build/Intermediates.noindex/Miles.build/Debug-watchos/Miles.build/DerivedSources -Xcc -DSWIFT_PACKAGE\=1 -Xcc -DDEBUG\=1 -emit-objc-header -emit-objc-header-path /Users/admin/builder/spi-builder-workspace/.derivedData/Build/Intermediates.noindex/Miles.build/Debug-watchos/Miles.build/Objects-normal/armv7k/Miles-Swift.h -working-directory /Users/admin/builder/spi-builder-workspace -experimental-emit-module-separately -disable-cmo
SwiftDriver Miles normal arm64_32 com.apple.xcode.tools.swift.compiler (in target 'Miles' from project 'Miles')
    cd /Users/admin/builder/spi-builder-workspace
    builtin-SwiftDriver -- /Applications/Xcode-16.3.0.app/Contents/Developer/Toolchains/XcodeDefault.xctoolchain/usr/bin/swiftc -module-name Miles -Onone -enforce-exclusivity\=checked @/Users/admin/builder/spi-builder-workspace/.derivedData/Build/Intermediates.noindex/Miles.build/Debug-watchos/Miles.build/Objects-normal/arm64_32/Miles.SwiftFileList -DSWIFT_PACKAGE -DDEBUG -stats-output-dir .stats -strict-concurrency\=complete -enable-upcoming-feature StrictConcurrency -enable-upcoming-feature DisableOutwardActorInference -enable-upcoming-feature GlobalActorIsolatedTypesUsability -enable-upcoming-feature InferSendableFromCaptures -enable-bare-slash-regex -enable-experimental-feature DebugDescriptionMacro -sdk /Applications/Xcode-16.3.0.app/Contents/Developer/Platforms/WatchOS.platform/Developer/SDKs/WatchOS11.4.sdk -target arm64_32-apple-watchos2.0 -g -module-cache-path /Users/admin/builder/spi-builder-workspace/.derivedData/ModuleCache.noindex -Xfrontend -serialize-debugging-options -enable-testing -index-store-path /Users/admin/builder/spi-builder-workspace/.derivedData/Index.noindex/DataStore -swift-version 5 -I /Users/admin/builder/spi-builder-workspace/.derivedData/Build/Products/Debug-watchos -F /Users/admin/builder/spi-builder-workspace/.derivedData/Build/Products/Debug-watchos -F /Applications/Xcode-16.3.0.app/Contents/Developer/Platforms/WatchOS.platform/Developer/Library/Frameworks -parse-as-library -c -j10 -enable-batch-mode -incremental -Xcc -ivfsstatcache -Xcc /Users/admin/builder/spi-builder-workspace/.derivedData/SDKStatCaches.noindex/watchos11.4-22T246-43efb940ff07ba2497b70ec94253f576.sdkstatcache -output-file-map /Users/admin/builder/spi-builder-workspace/.derivedData/Build/Intermediates.noindex/Miles.build/Debug-watchos/Miles.build/Objects-normal/arm64_32/Miles-OutputFileMap.json -use-frontend-parseable-output -save-temps -no-color-diagnostics -serialize-diagnostics -emit-dependencies -emit-module -emit-module-path /Users/admin/builder/spi-builder-workspace/.derivedData/Build/Intermediates.noindex/Miles.build/Debug-watchos/Miles.build/Objects-normal/arm64_32/Miles.swiftmodule -validate-clang-modules-once -clang-build-session-file /Users/admin/builder/spi-builder-workspace/.derivedData/ModuleCache.noindex/Session.modulevalidation -Xcc -I/Users/admin/builder/spi-builder-workspace/.derivedData/Build/Intermediates.noindex/Miles.build/Debug-watchos/Miles.build/swift-overrides.hmap -emit-const-values -Xfrontend -const-gather-protocols-file -Xfrontend /Users/admin/builder/spi-builder-workspace/.derivedData/Build/Intermediates.noindex/Miles.build/Debug-watchos/Miles.build/Objects-normal/arm64_32/Miles_const_extract_protocols.json -Xcc -I/Users/admin/builder/spi-builder-workspace/.derivedData/Build/Products/Debug-watchos/include -Xcc -I/Users/admin/builder/spi-builder-workspace/.derivedData/Build/Intermediates.noindex/Miles.build/Debug-watchos/Miles.build/DerivedSources-normal/arm64_32 -Xcc -I/Users/admin/builder/spi-builder-workspace/.derivedData/Build/Intermediates.noindex/Miles.build/Debug-watchos/Miles.build/DerivedSources/arm64_32 -Xcc -I/Users/admin/builder/spi-builder-workspace/.derivedData/Build/Intermediates.noindex/Miles.build/Debug-watchos/Miles.build/DerivedSources -Xcc -DSWIFT_PACKAGE\=1 -Xcc -DDEBUG\=1 -emit-objc-header -emit-objc-header-path /Users/admin/builder/spi-builder-workspace/.derivedData/Build/Intermediates.noindex/Miles.build/Debug-watchos/Miles.build/Objects-normal/arm64_32/Miles-Swift.h -working-directory /Users/admin/builder/spi-builder-workspace -experimental-emit-module-separately -disable-cmo
SwiftEmitModule normal armv7k Emitting\ module\ for\ Miles (in target 'Miles' from project 'Miles')
SwiftCompile normal armv7k /Users/admin/builder/spi-builder-workspace/Sources/Miles/Miles.swift (in target 'Miles' from project 'Miles')
    cd /Users/admin/builder/spi-builder-workspace

Error opening -stats-output-dir file '/Users/admin/builder/spi-builder-workspace/.stats/stats-1793022312798553-swift-frontend-Miles-all-armv7k_apple_watchos2.0-swiftmodule-Onone-3481837689.json' for writing
===-------------------------------------------------------------------------===
                               Swift compilation
===-------------------------------------------------------------------------===
  Total Execution Time: 0.1676 seconds (6.6562 wall clock)
   ---User Time---   --System Time--   --User+System--   ---Wall Time---  --- Name ---
   0.0223 ( 29.8%)   0.0346 ( 37.3%)   0.0569 ( 34.0%)   3.2816 ( 49.3%)  parse-and-resolve-imports
   0.0216 ( 28.8%)   0.0339 ( 36.6%)   0.0556 ( 33.2%)   3.2802 ( 49.3%)  Import resolution
   0.0016 (  2.1%)   0.0110 ( 11.9%)   0.0126 (  7.5%)   0.0518 (  0.8%)  load-stdlib
   0.0080 ( 10.6%)   0.0030 (  3.2%)   0.0109 (  6.5%)   0.0109 (  0.2%)  perform-sema
   0.0079 ( 10.6%)   0.0030 (  3.2%)   0.0109 (  6.5%)   0.0109 (  0.2%)  Type checking and Semantic analysis
   0.0079 ( 10.5%)   0.0029 (  3.2%)   0.0108 (  6.5%)   0.0108 (  0.2%)  typecheck-decl
   0.0021 (  2.9%)   0.0005 (  0.5%)   0.0026 (  1.6%)   0.0026 (  0.0%)  build-rewrite-system
   0.0009 (  1.2%)   0.0017 (  1.8%)   0.0026 (  1.5%)   0.0026 (  0.0%)  SIL optimization
   0.0013 (  1.7%)   0.0006 (  0.6%)   0.0018 (  1.1%)   0.0018 (  0.0%)  typecheck-expr
   0.0006 (  0.8%)   0.0012 (  1.3%)   0.0018 (  1.1%)   0.0018 (  0.0%)  import-clang-decl
   0.0004 (  0.5%)   0.0002 (  0.2%)   0.0005 (  0.3%)   0.0005 (  0.0%)  Serialization, swiftmodule
   0.0003 (  0.4%)   0.0001 (  0.1%)   0.0003 (  0.2%)   0.0003 (  0.0%)  Serialization, swiftsourceinfo
   0.0000 (  0.0%)   0.0000 (  0.0%)   0.0001 (  0.0%)   0.0001 (  0.0%)  Serialization, swiftdoc
   0.0000 (  0.0%)   0.0000 (  0.0%)   0.0000 (  0.0%)   0.0000 (  0.0%)  precheck-target
   0.0000 (  0.0%)   0.0000 (  0.0%)   0.0000 (  0.0%)   0.0000 (  0.0%)  SILGen
   0.0000 (  0.0%)   0.0000 (  0.0%)   0.0000 (  0.0%)   0.0000 (  0.0%)  module-populate-cache
   0.0000 (  0.0%)   0.0000 (  0.0%)   0.0000 (  0.0%)   0.0000 (  0.0%)  populate-module-class-member-cache
   0.0000 (  0.0%)   0.0000 (  0.0%)   0.0000 (  0.0%)   0.0000 (  0.0%)  source-file-populate-cache
   0.0000 (  0.0%)   0.0000 (  0.0%)   0.0000 (  0.0%)   0.0000 (  0.0%)  SIL verification, post-optimization
   0.0000 (  0.0%)   0.0000 (  0.0%)   0.0000 (  0.0%)   0.0000 (  0.0%)  perform-whole-module-type-checking
   0.0000 (  0.0%)   0.0000 (  0.0%)   0.0000 (  0.0%)   0.0000 (  0.0%)  SIL verification, pre-optimization
   0.0000 (  0.0%)   0.0000 (  0.0%)   0.0000 (  0.0%)   0.0000 (  0.0%)  AST verification
   0.0750 (100.0%)   0.0927 (100.0%)   0.1676 (100.0%)   6.6562 (100.0%)  Total
===-------------------------------------------------------------------------===
                                Running Program
===-------------------------------------------------------------------------===
  Total Execution Time: 0.0857 seconds (3.3496 wall clock)
   ---User Time---   --System Time--   --User+System--   ---Wall Time---  --- Name ---
   0.0332 (100.0%)   0.0525 (100.0%)   0.0857 (100.0%)   3.3496 (100.0%)  Building Target
   0.0332 (100.0%)   0.0525 (100.0%)   0.0857 (100.0%)   3.3496 (100.0%)  Total
SwiftCompile normal arm64 Compiling\ Miles.swift /Users/admin/builder/spi-builder-workspace/Sources/Miles/Miles.swift (in target 'Miles' from project 'Miles')
SwiftCompile normal arm64 /Users/admin/builder/spi-builder-workspace/Sources/Miles/Miles.swift (in target 'Miles' from project 'Miles')
    cd /Users/admin/builder/spi-builder-workspace

/Users/admin/builder/spi-builder-workspace/Sources/Miles/Miles.swift:15:9: error: cannot find 'XCTAssertEqual' in scope
        XCTAssertEqual(self, other, message, file: file, line: line)
        ^~~~~~~~~~~~~~
/Applications/Xcode-16.3.0.app/Contents/Developer/Platforms/WatchOS.platform/Developer/Library/Frameworks/XCTest.framework/Headers/XCTestAssertions.h:120:9: note: macro 'XCTAssertEqual' unavailable: function like macros not supported
#define XCTAssertEqual(expression1, expression2, ...) \
        ^
/Users/admin/builder/spi-builder-workspace/Sources/Miles/Miles.swift:20:13: error: cannot find 'XCTFail' in scope
            XCTFail("Expected other to be Non nil")
            ^~~~~~~
/Applications/Xcode-16.3.0.app/Contents/Developer/Platforms/WatchOS.platform/Developer/Library/Frameworks/XCTest.framework/Headers/XCTestAssertions.h:45:9: note: macro 'XCTFail' unavailable: function like macros not supported
#define XCTFail(...) \
        ^
/Users/admin/builder/spi-builder-workspace/Sources/Miles/Miles.swift:30:9: error: cannot find 'XCTAssertGreaterThan' in scope
        XCTAssertGreaterThan(self, other, message, file: file, line: line)
        ^~~~~~~~~~~~~~~~~~~~
/Applications/Xcode-16.3.0.app/Contents/Developer/Platforms/WatchOS.platform/Developer/Library/Frameworks/XCTest.framework/Headers/XCTestAssertions.h:182:9: note: macro 'XCTAssertGreaterThan' unavailable: function like macros not supported
#define XCTAssertGreaterThan(expression1, expression2, ...) \
        ^
/Users/admin/builder/spi-builder-workspace/Sources/Miles/Miles.swift:35:9: error: cannot find 'XCTAssertGreaterThanOrEqual' in scope
        XCTAssertGreaterThanOrEqual(self, other, message, file: file, line: line)
        ^~~~~~~~~~~~~~~~~~~~~~~~~~~
/Applications/Xcode-16.3.0.app/Contents/Developer/Platforms/WatchOS.platform/Developer/Library/Frameworks/XCTest.framework/Headers/XCTestAssertions.h:192:9: note: macro 'XCTAssertGreaterThanOrEqual' unavailable: function like macros not supported
#define XCTAssertGreaterThanOrEqual(expression1, expression2, ...) \
        ^
/Users/admin/builder/spi-builder-workspace/Sources/Miles/Miles.swift:40:9: error: cannot find 'XCTAssertLessThan' in scope
        XCTAssertLessThan(self, other, message, file: file, line: line)
        ^~~~~~~~~~~~~~~~~
/Applications/Xcode-16.3.0.app/Contents/Developer/Platforms/WatchOS.platform/Developer/Library/Frameworks/XCTest.framework/Headers/XCTestAssertions.h:202:9: note: macro 'XCTAssertLessThan' unavailable: function like macros not supported
#define XCTAssertLessThan(expression1, expression2, ...) \
        ^
/Users/admin/builder/spi-builder-workspace/Sources/Miles/Miles.swift:45:9: error: cannot find 'XCTAssertLessThanOrEqual' in scope
        XCTAssertLessThanOrEqual(self, other, message, file: file, line: line)
        ^~~~~~~~~~~~~~~~~~~~~~~~
/Applications/Xcode-16.3.0.app/Contents/Developer/Platforms/WatchOS.platform/Developer/Library/Frameworks/XCTest.framework/Headers/XCTestAssertions.h:212:9: note: macro 'XCTAssertLessThanOrEqual' unavailable: function like macros not supported
#define XCTAssertLessThanOrEqual(expression1, expression2, ...) \
        ^
/Users/admin/builder/spi-builder-workspace/Sources/Miles/Miles.swift:52:9: error: cannot find 'XCTAssertEqual' in scope
        XCTAssertEqual(self, other, accuracy: accuracy, message, file: file, line: line)
        ^~~~~~~~~~~~~~
/Applications/Xcode-16.3.0.app/Contents/Developer/Platforms/WatchOS.platform/Developer/Library/Frameworks/XCTest.framework/Headers/XCTestAssertions.h:120:9: note: macro 'XCTAssertEqual' unavailable: function like macros not supported
#define XCTAssertEqual(expression1, expression2, ...) \
        ^
/Users/admin/builder/spi-builder-workspace/Sources/Miles/Miles.swift:59:9: error: cannot find 'XCTAssertTrue' in scope
        XCTAssertTrue(self.range(of: string) != nil, message, file: file, line: line)
        ^~~~~~~~~~~~~
/Applications/Xcode-16.3.0.app/Contents/Developer/Platforms/WatchOS.platform/Developer/Library/Frameworks/XCTest.framework/Headers/XCTestAssertions.h:81:9: note: macro 'XCTAssertTrue' unavailable: function like macros not supported
#define XCTAssertTrue(expression, ...) \
        ^
/Users/admin/builder/spi-builder-workspace/Sources/Miles/Miles.swift:64:9: error: cannot find 'XCTAssertTrue' in scope
        XCTAssertTrue(self.range(of: string) == nil, message, file: file, line: line)
        ^~~~~~~~~~~~~
/Applications/Xcode-16.3.0.app/Contents/Developer/Platforms/WatchOS.platform/Developer/Library/Frameworks/XCTest.framework/Headers/XCTestAssertions.h:81:9: note: macro 'XCTAssertTrue' unavailable: function like macros not supported
#define XCTAssertTrue(expression, ...) \
        ^
/Users/admin/builder/spi-builder-workspace/Sources/Miles/Miles.swift:69:9: error: cannot find 'XCTAssertTrue' in scope
        XCTAssertTrue(self.hasPrefix(string), message, file: file, line: line)
        ^~~~~~~~~~~~~
/Applications/Xcode-16.3.0.app/Contents/Developer/Platforms/WatchOS.platform/Developer/Library/Frameworks/XCTest.framework/Headers/XCTestAssertions.h:81:9: note: macro 'XCTAssertTrue' unavailable: function like macros not supported
#define XCTAssertTrue(expression, ...) \
        ^
/Users/admin/builder/spi-builder-workspace/Sources/Miles/Miles.swift:74:9: error: cannot find 'XCTAssertTrue' in scope
        XCTAssertTrue(self.hasSuffix(string), message, file: file, line: line)
        ^~~~~~~~~~~~~
/Applications/Xcode-16.3.0.app/Contents/Developer/Platforms/WatchOS.platform/Developer/Library/Frameworks/XCTest.framework/Headers/XCTestAssertions.h:81:9: note: macro 'XCTAssertTrue' unavailable: function like macros not supported
#define XCTAssertTrue(expression, ...) \
        ^
/Users/admin/builder/spi-builder-workspace/Sources/Miles/Miles.swift:81:9: error: cannot find 'XCTAssertTrue' in scope
        XCTAssertTrue(self, message, file: file, line: line)
        ^~~~~~~~~~~~~
/Applications/Xcode-16.3.0.app/Contents/Developer/Platforms/WatchOS.platform/Developer/Library/Frameworks/XCTest.framework/Headers/XCTestAssertions.h:81:9: note: macro 'XCTAssertTrue' unavailable: function like macros not supported
#define XCTAssertTrue(expression, ...) \
        ^
/Users/admin/builder/spi-builder-workspace/Sources/Miles/Miles.swift:86:9: error: cannot find 'XCTAssertFalse' in scope
        XCTAssertFalse(self, message, file: file, line: line)
        ^~~~~~~~~~~~~~
/Applications/Xcode-16.3.0.app/Contents/Developer/Platforms/WatchOS.platform/Developer/Library/Frameworks/XCTest.framework/Headers/XCTestAssertions.h:90:9: note: macro 'XCTAssertFalse' unavailable: function like macros not supported
#define XCTAssertFalse(expression, ...) \
        ^
/Users/admin/builder/spi-builder-workspace/Sources/Miles/Miles.swift:93:9: error: cannot find 'XCTAssertEqual' in scope
        XCTAssertEqual(self, object, message, file: file, line: line)
        ^~~~~~~~~~~~~~
/Applications/Xcode-16.3.0.app/Contents/Developer/Platforms/WatchOS.platform/Developer/Library/Frameworks/XCTest.framework/Headers/XCTestAssertions.h:120:9: note: macro 'XCTAssertEqual' unavailable: function like macros not supported
#define XCTAssertEqual(expression1, expression2, ...) \
        ^
/Users/admin/builder/spi-builder-workspace/Sources/Miles/Miles.swift:98:9: error: cannot find 'XCTAssertNotEqual' in scope
        XCTAssertNotEqual(self, object, message, file: file, line: line)
        ^~~~~~~~~~~~~~~~~
/Applications/Xcode-16.3.0.app/Contents/Developer/Platforms/WatchOS.platform/Developer/Library/Frameworks/XCTest.framework/Headers/XCTestAssertions.h:130:9: note: macro 'XCTAssertNotEqual' unavailable: function like macros not supported
#define XCTAssertNotEqual(expression1, expression2, ...) \
        ^
/Users/admin/builder/spi-builder-workspace/Sources/Miles/Miles.swift:103:9: error: cannot find 'XCTAssertTrue' in scope
        XCTAssertTrue(self === object, message, file: file, line: line)
        ^~~~~~~~~~~~~
/Applications/Xcode-16.3.0.app/Contents/Developer/Platforms/WatchOS.platform/Developer/Library/Frameworks/XCTest.framework/Headers/XCTestAssertions.h:81:9: note: macro 'XCTAssertTrue' unavailable: function like macros not supported
#define XCTAssertTrue(expression, ...) \
        ^
/Users/admin/builder/spi-builder-workspace/Sources/Miles/Miles.swift:109:9: error: cannot find 'XCTAssertTrue' in scope
        XCTAssertTrue(self.isMember(of: aClass), message, file: file, line: line)
        ^~~~~~~~~~~~~
/Applications/Xcode-16.3.0.app/Contents/Developer/Platforms/WatchOS.platform/Developer/Library/Frameworks/XCTest.framework/Headers/XCTestAssertions.h:81:9: note: macro 'XCTAssertTrue' unavailable: function like macros not supported
#define XCTAssertTrue(expression, ...) \
        ^
/Users/admin/builder/spi-builder-workspace/Sources/Miles/Miles.swift:114:9: error: cannot find 'XCTAssertTrue' in scope
        XCTAssertTrue(self.isKind(of: aClass), message, file: file, line: line)
        ^~~~~~~~~~~~~
/Applications/Xcode-16.3.0.app/Contents/Developer/Platforms/WatchOS.platform/Developer/Library/Frameworks/XCTest.framework/Headers/XCTestAssertions.h:81:9: note: macro 'XCTAssertTrue' unavailable: function like macros not supported
#define XCTAssertTrue(expression, ...) \
        ^
/Users/admin/builder/spi-builder-workspace/Sources/Miles/Miles.swift:123:9: error: cannot find 'XCTAssertTrue' in scope
        XCTAssertTrue(contains, message, file: file, line: line)
        ^~~~~~~~~~~~~
/Applications/Xcode-16.3.0.app/Contents/Developer/Platforms/WatchOS.platform/Developer/Library/Frameworks/XCTest.framework/Headers/XCTestAssertions.h:81:9: note: macro 'XCTAssertTrue' unavailable: function like macros not supported
#define XCTAssertTrue(expression, ...) \
        ^
/Users/admin/builder/spi-builder-workspace/Sources/Miles/Miles.swift:129:9: error: cannot find 'XCTAssertFalse' in scope
        XCTAssertFalse(contains, message, file: file, line: line)
        ^~~~~~~~~~~~~~
/Applications/Xcode-16.3.0.app/Contents/Developer/Platforms/WatchOS.platform/Developer/Library/Frameworks/XCTest.framework/Headers/XCTestAssertions.h:90:9: note: macro 'XCTAssertFalse' unavailable: function like macros not supported
#define XCTAssertFalse(expression, ...) \
        ^
/Users/admin/builder/spi-builder-workspace/Sources/Miles/Miles.swift:136:9: error: cannot find 'XCTAssertTrue' in scope
        XCTAssertTrue(isEmpty, message, file: file, line: line)
        ^~~~~~~~~~~~~
/Applications/Xcode-16.3.0.app/Contents/Developer/Platforms/WatchOS.platform/Developer/Library/Frameworks/XCTest.framework/Headers/XCTestAssertions.h:81:9: note: macro 'XCTAssertTrue' unavailable: function like macros not supported
#define XCTAssertTrue(expression, ...) \
        ^
/Users/admin/builder/spi-builder-workspace/Sources/Miles/Miles.swift:146:9: error: cannot find 'XCTAssertTrue' in scope
        XCTAssertTrue(contains, message, file: file, line: line)
        ^~~~~~~~~~~~~
/Applications/Xcode-16.3.0.app/Contents/Developer/Platforms/WatchOS.platform/Developer/Library/Frameworks/XCTest.framework/Headers/XCTestAssertions.h:81:9: note: macro 'XCTAssertTrue' unavailable: function like macros not supported
#define XCTAssertTrue(expression, ...) \
        ^
/Users/admin/builder/spi-builder-workspace/Sources/Miles/Miles.swift:154:9: error: cannot find 'XCTAssertFalse' in scope
        XCTAssertFalse(contains, message, file: file, line: line)
        ^~~~~~~~~~~~~~
/Applications/Xcode-16.3.0.app/Contents/Developer/Platforms/WatchOS.platform/Developer/Library/Frameworks/XCTest.framework/Headers/XCTestAssertions.h:90:9: note: macro 'XCTAssertFalse' unavailable: function like macros not supported
#define XCTAssertFalse(expression, ...) \
        ^
/Users/admin/builder/spi-builder-workspace/Sources/Miles/Miles.swift:163:13: error: cannot find 'XCTAssertTrue' in scope
            XCTAssertTrue(false, message, file: file, line: line)
            ^~~~~~~~~~~~~
/Applications/Xcode-16.3.0.app/Contents/Developer/Platforms/WatchOS.platform/Developer/Library/Frameworks/XCTest.framework/Headers/XCTestAssertions.h:81:9: note: macro 'XCTAssertTrue' unavailable: function like macros not supported
#define XCTAssertTrue(expression, ...) \
        ^
/Users/admin/builder/spi-builder-workspace/Sources/Miles/Miles.swift:165:13: error: cannot find 'XCTAssertTrue' in scope
            XCTAssertTrue(true, message, file: file, line: line)
            ^~~~~~~~~~~~~
/Applications/Xcode-16.3.0.app/Contents/Developer/Platforms/WatchOS.platform/Developer/Library/Frameworks/XCTest.framework/Headers/XCTestAssertions.h:81:9: note: macro 'XCTAssertTrue' unavailable: function like macros not supported
#define XCTAssertTrue(expression, ...) \
        ^
/Users/admin/builder/spi-builder-workspace/Sources/Miles/Miles.swift:173:13: error: cannot find 'XCTAssertTrue' in scope
            XCTAssertTrue(true, message, file: file, line: line)
            ^~~~~~~~~~~~~
/Applications/Xcode-16.3.0.app/Contents/Developer/Platforms/WatchOS.platform/Developer/Library/Frameworks/XCTest.framework/Headers/XCTestAssertions.h:81:9: note: macro 'XCTAssertTrue' unavailable: function like macros not supported
#define XCTAssertTrue(expression, ...) \
        ^
/Users/admin/builder/spi-builder-workspace/Sources/Miles/Miles.swift:175:13: error: cannot find 'XCTAssertTrue' in scope
            XCTAssertTrue(false, message, file: file, line: line)
            ^~~~~~~~~~~~~
/Applications/Xcode-16.3.0.app/Contents/Developer/Platforms/WatchOS.platform/Developer/Library/Frameworks/XCTest.framework/Headers/XCTestAssertions.h:81:9: note: macro 'XCTAssertTrue' unavailable: function like macros not supported
#define XCTAssertTrue(expression, ...) \
        ^
/Users/admin/builder/spi-builder-workspace/Sources/Miles/Miles.swift:185:13: error: cannot find 'XCTAssertEqual' in scope
            XCTAssertEqual(self, other, message, file: file, line: line)
            ^~~~~~~~~~~~~~
/Applications/Xcode-16.3.0.app/Contents/Developer/Platforms/WatchOS.platform/Developer/Library/Frameworks/XCTest.framework/Headers/XCTestAssertions.h:120:9: note: macro 'XCTAssertEqual' unavailable: function like macros not supported
#define XCTAssertEqual(expression1, expression2, ...) \
        ^
/Users/admin/builder/spi-builder-workspace/Sources/Miles/Miles.swift:187:13: error: cannot find 'XCTFail' in scope
            XCTFail("Exepcted \(String(describing: self)) to equal \(String(describing: other))", file: file, line: line)
            ^~~~~~~
/Applications/Xcode-16.3.0.app/Contents/Developer/Platforms/WatchOS.platform/Developer/Library/Frameworks/XCTest.framework/Headers/XCTestAssertions.h:45:9: note: macro 'XCTFail' unavailable: function like macros not supported
#define XCTFail(...) \
        ^
/Users/admin/builder/spi-builder-workspace/Sources/Miles/Miles.swift:195:13: error: cannot find 'XCTAssertEqual' in scope
            XCTAssertEqual(self, right, message, file: file, line: line)
            ^~~~~~~~~~~~~~
/Applications/Xcode-16.3.0.app/Contents/Developer/Platforms/WatchOS.platform/Developer/Library/Frameworks/XCTest.framework/Headers/XCTestAssertions.h:120:9: note: macro 'XCTAssertEqual' unavailable: function like macros not supported
#define XCTAssertEqual(expression1, expression2, ...) \
        ^
/Users/admin/builder/spi-builder-workspace/Sources/Miles/Miles.swift:198:13: error: cannot find 'XCTAssertTrue' in scope
            XCTAssertTrue(true, message, file: file, line: line)
            ^~~~~~~~~~~~~
/Applications/Xcode-16.3.0.app/Contents/Developer/Platforms/WatchOS.platform/Developer/Library/Frameworks/XCTest.framework/Headers/XCTestAssertions.h:81:9: note: macro 'XCTAssertTrue' unavailable: function like macros not supported
#define XCTAssertTrue(expression, ...) \
        ^
/Users/admin/builder/spi-builder-workspace/Sources/Miles/Miles.swift:200:13: error: cannot find 'XCTFail' in scope
            XCTFail("Exepcted \(String(describing: self)) to equal \(String(describing: other))", file: file, line: line)
            ^~~~~~~
/Applications/Xcode-16.3.0.app/Contents/Developer/Platforms/WatchOS.platform/Developer/Library/Frameworks/XCTest.framework/Headers/XCTestAssertions.h:45:9: note: macro 'XCTFail' unavailable: function like macros not supported
#define XCTFail(...) \
        ^
Error opening -stats-output-dir file '/Users/admin/builder/spi-builder-workspace/.stats/stats-1793022312798088-swift-frontend-Miles-Miles.swift-arm64_apple_watchos2.0-o-Onone-1281486661.json' for writing
SwiftEmitModule normal arm64_32 Emitting\ module\ for\ Miles (in target 'Miles' from project 'Miles')
Error opening -stats-output-dir file '/Users/admin/builder/spi-builder-workspace/.stats/stats-1793022312797503-swift-frontend-Miles-all-arm64_32_apple_watchos2.0-swiftmodule-Onone-1647221011.json' for writing
===-------------------------------------------------------------------------===
                               Swift compilation
===-------------------------------------------------------------------------===
  Total Execution Time: 0.1962 seconds (6.9239 wall clock)
   ---User Time---   --System Time--   --User+System--   ---Wall Time---  --- Name ---
   0.0259 ( 28.3%)   0.0371 ( 35.5%)   0.0630 ( 32.1%)   3.4214 ( 49.4%)  parse-and-resolve-imports
   0.0251 ( 27.3%)   0.0363 ( 34.8%)   0.0614 ( 31.3%)   3.4198 ( 49.4%)  Import resolution
   0.0117 ( 12.8%)   0.0192 ( 18.4%)   0.0309 ( 15.8%)   0.0418 (  0.6%)  load-stdlib
   0.0079 (  8.6%)   0.0027 (  2.6%)   0.0106 (  5.4%)   0.0106 (  0.2%)  perform-sema
   0.0079 (  8.6%)   0.0027 (  2.6%)   0.0106 (  5.4%)   0.0106 (  0.2%)  Type checking and Semantic analysis
   0.0078 (  8.5%)   0.0027 (  2.6%)   0.0105 (  5.4%)   0.0105 (  0.2%)  typecheck-decl
   0.0021 (  2.3%)   0.0005 (  0.5%)   0.0026 (  1.3%)   0.0026 (  0.0%)  build-rewrite-system
   0.0008 (  0.9%)   0.0014 (  1.3%)   0.0022 (  1.1%)   0.0022 (  0.0%)  SIL optimization
   0.0013 (  1.4%)   0.0005 (  0.5%)   0.0018 (  0.9%)   0.0018 (  0.0%)  typecheck-expr
   0.0006 (  0.6%)   0.0010 (  0.9%)   0.0015 (  0.8%)   0.0015 (  0.0%)  import-clang-decl
   0.0003 (  0.4%)   0.0002 (  0.2%)   0.0006 (  0.3%)   0.0006 (  0.0%)  Serialization, swiftmodule
   0.0002 (  0.3%)   0.0001 (  0.1%)   0.0003 (  0.2%)   0.0003 (  0.0%)  Serialization, swiftsourceinfo
   0.0000 (  0.0%)   0.0000 (  0.0%)   0.0000 (  0.0%)   0.0000 (  0.0%)  Serialization, swiftdoc
   0.0000 (  0.0%)   0.0000 (  0.0%)   0.0000 (  0.0%)   0.0000 (  0.0%)  SILGen
   0.0000 (  0.0%)   0.0000 (  0.0%)   0.0000 (  0.0%)   0.0000 (  0.0%)  precheck-target
   0.0000 (  0.0%)   0.0000 (  0.0%)   0.0000 (  0.0%)   0.0000 (  0.0%)  module-populate-cache
   0.0000 (  0.0%)   0.0000 (  0.0%)   0.0000 (  0.0%)   0.0000 (  0.0%)  populate-module-class-member-cache
   0.0000 (  0.0%)   0.0000 (  0.0%)   0.0000 (  0.0%)   0.0000 (  0.0%)  source-file-populate-cache
   0.0000 (  0.0%)   0.0000 (  0.0%)   0.0000 (  0.0%)   0.0000 (  0.0%)  perform-whole-module-type-checking
   0.0000 (  0.0%)   0.0000 (  0.0%)   0.0000 (  0.0%)   0.0000 (  0.0%)  AST verification
   0.0000 (  0.0%)   0.0000 (  0.0%)   0.0000 (  0.0%)   0.0000 (  0.0%)  SIL verification, pre-optimization
   0.0000 (  0.0%)   0.0000 (  0.0%)   0.0000 (  0.0%)   0.0000 (  0.0%)  SIL verification, post-optimization
   0.0918 (100.0%)   0.1044 (100.0%)   0.1962 (100.0%)   6.9239 (100.0%)  Total
===-------------------------------------------------------------------------===
                                Running Program
===-------------------------------------------------------------------------===
  Total Execution Time: 0.1091 seconds (3.4787 wall clock)
   ---User Time---   --System Time--   --User+System--   ---Wall Time---  --- Name ---
   0.0469 (100.0%)   0.0622 (100.0%)   0.1091 (100.0%)   3.4787 (100.0%)  Building Target
   0.0469 (100.0%)   0.0622 (100.0%)   0.1091 (100.0%)   3.4787 (100.0%)  Total
SwiftCompile normal arm64_32 /Users/admin/builder/spi-builder-workspace/Sources/Miles/Miles.swift (in target 'Miles' from project 'Miles')
    cd /Users/admin/builder/spi-builder-workspace

SwiftEmitModule normal arm64 Emitting\ module\ for\ Miles (in target 'Miles' from project 'Miles')
Error opening -stats-output-dir file '/Users/admin/builder/spi-builder-workspace/.stats/stats-1793022312798268-swift-frontend-Miles-all-arm64_apple_watchos2.0-swiftmodule-Onone-1310697426.json' for writing
===-------------------------------------------------------------------------===
                               Swift compilation
===-------------------------------------------------------------------------===
  Total Execution Time: 6.6336 seconds (6.8769 wall clock)
   ---User Time---   --System Time--   --User+System--   ---Wall Time---  --- Name ---
   2.4589 ( 49.6%)   0.8245 ( 49.2%)   3.2834 ( 49.5%)   3.3983 ( 49.4%)  parse-and-resolve-imports
   2.4582 ( 49.6%)   0.8243 ( 49.2%)   3.2825 ( 49.5%)   3.3975 ( 49.4%)  Import resolution
   0.0114 (  0.2%)   0.0165 (  1.0%)   0.0278 (  0.4%)   0.0413 (  0.6%)  load-stdlib
   0.0080 (  0.2%)   0.0025 (  0.2%)   0.0105 (  0.2%)   0.0105 (  0.2%)  perform-sema
   0.0080 (  0.2%)   0.0025 (  0.2%)   0.0105 (  0.2%)   0.0105 (  0.2%)  Type checking and Semantic analysis
   0.0080 (  0.2%)   0.0025 (  0.1%)   0.0105 (  0.2%)   0.0105 (  0.2%)  typecheck-decl
   0.0009 (  0.0%)   0.0013 (  0.1%)   0.0022 (  0.0%)   0.0022 (  0.0%)  SIL optimization
   0.0021 (  0.0%)   0.0000 (  0.0%)   0.0021 (  0.0%)   0.0021 (  0.0%)  build-rewrite-system
   0.0013 (  0.0%)   0.0004 (  0.0%)   0.0017 (  0.0%)   0.0016 (  0.0%)  typecheck-expr
   0.0006 (  0.0%)   0.0009 (  0.1%)   0.0015 (  0.0%)   0.0015 (  0.0%)  import-clang-decl
   0.0003 (  0.0%)   0.0001 (  0.0%)   0.0004 (  0.0%)   0.0004 (  0.0%)  Serialization, swiftmodule
   0.0003 (  0.0%)   0.0000 (  0.0%)   0.0003 (  0.0%)   0.0003 (  0.0%)  Serialization, swiftsourceinfo
   0.0001 (  0.0%)   0.0000 (  0.0%)   0.0001 (  0.0%)   0.0001 (  0.0%)  Serialization, swiftdoc
   0.0000 (  0.0%)   0.0000 (  0.0%)   0.0000 (  0.0%)   0.0000 (  0.0%)  precheck-target
   0.0000 (  0.0%)   0.0000 (  0.0%)   0.0000 (  0.0%)   0.0000 (  0.0%)  SILGen
   0.0000 (  0.0%)   0.0000 (  0.0%)   0.0000 (  0.0%)   0.0000 (  0.0%)  module-populate-cache
   0.0000 (  0.0%)   0.0000 (  0.0%)   0.0000 (  0.0%)   0.0000 (  0.0%)  source-file-populate-cache
   0.0000 (  0.0%)   0.0000 (  0.0%)   0.0000 (  0.0%)   0.0000 (  0.0%)  populate-module-class-member-cache
   0.0000 (  0.0%)   0.0000 (  0.0%)   0.0000 (  0.0%)   0.0000 (  0.0%)  perform-whole-module-type-checking
   0.0000 (  0.0%)   0.0000 (  0.0%)   0.0000 (  0.0%)   0.0000 (  0.0%)  SIL verification, post-optimization
   0.0000 (  0.0%)   0.0000 (  0.0%)   0.0000 (  0.0%)   0.0000 (  0.0%)  AST verification
   0.0000 (  0.0%)   0.0000 (  0.0%)   0.0000 (  0.0%)   0.0000 (  0.0%)  SIL verification, pre-optimization
   4.9581 (100.0%)   1.6755 (100.0%)   6.6336 (100.0%)   6.8769 (100.0%)  Total
===-------------------------------------------------------------------------===
                                Running Program
===-------------------------------------------------------------------------===
  Total Execution Time: 3.3261 seconds (3.4545 wall clock)
   ---User Time---   --System Time--   --User+System--   ---Wall Time---  --- Name ---
   2.4796 (100.0%)   0.8465 (100.0%)   3.3261 (100.0%)   3.4545 (100.0%)  Building Target
   2.4796 (100.0%)   0.8465 (100.0%)   3.3261 (100.0%)   3.4545 (100.0%)  Total
SwiftCompile normal arm64 /Users/admin/builder/spi-builder-workspace/Sources/Miles/Miles.swift (in target 'Miles' from project 'Miles')
    cd /Users/admin/builder/spi-builder-workspace

SwiftCompile normal armv7k Compiling\ Miles.swift /Users/admin/builder/spi-builder-workspace/Sources/Miles/Miles.swift (in target 'Miles' from project 'Miles')
SwiftCompile normal armv7k /Users/admin/builder/spi-builder-workspace/Sources/Miles/Miles.swift (in target 'Miles' from project 'Miles')
    cd /Users/admin/builder/spi-builder-workspace

/Users/admin/builder/spi-builder-workspace/Sources/Miles/Miles.swift:15:9: error: cannot find 'XCTAssertEqual' in scope
        XCTAssertEqual(self, other, message, file: file, line: line)
        ^~~~~~~~~~~~~~
/Applications/Xcode-16.3.0.app/Contents/Developer/Platforms/WatchOS.platform/Developer/Library/Frameworks/XCTest.framework/Headers/XCTestAssertions.h:120:9: note: macro 'XCTAssertEqual' unavailable: function like macros not supported
#define XCTAssertEqual(expression1, expression2, ...) \
        ^
/Users/admin/builder/spi-builder-workspace/Sources/Miles/Miles.swift:20:13: error: cannot find 'XCTFail' in scope
            XCTFail("Expected other to be Non nil")
            ^~~~~~~
/Applications/Xcode-16.3.0.app/Contents/Developer/Platforms/WatchOS.platform/Developer/Library/Frameworks/XCTest.framework/Headers/XCTestAssertions.h:45:9: note: macro 'XCTFail' unavailable: function like macros not supported
#define XCTFail(...) \
        ^
/Users/admin/builder/spi-builder-workspace/Sources/Miles/Miles.swift:30:9: error: cannot find 'XCTAssertGreaterThan' in scope
        XCTAssertGreaterThan(self, other, message, file: file, line: line)
        ^~~~~~~~~~~~~~~~~~~~
/Applications/Xcode-16.3.0.app/Contents/Developer/Platforms/WatchOS.platform/Developer/Library/Frameworks/XCTest.framework/Headers/XCTestAssertions.h:182:9: note: macro 'XCTAssertGreaterThan' unavailable: function like macros not supported
#define XCTAssertGreaterThan(expression1, expression2, ...) \
        ^
/Users/admin/builder/spi-builder-workspace/Sources/Miles/Miles.swift:35:9: error: cannot find 'XCTAssertGreaterThanOrEqual' in scope
        XCTAssertGreaterThanOrEqual(self, other, message, file: file, line: line)
        ^~~~~~~~~~~~~~~~~~~~~~~~~~~
/Applications/Xcode-16.3.0.app/Contents/Developer/Platforms/WatchOS.platform/Developer/Library/Frameworks/XCTest.framework/Headers/XCTestAssertions.h:192:9: note: macro 'XCTAssertGreaterThanOrEqual' unavailable: function like macros not supported
#define XCTAssertGreaterThanOrEqual(expression1, expression2, ...) \
        ^
/Users/admin/builder/spi-builder-workspace/Sources/Miles/Miles.swift:40:9: error: cannot find 'XCTAssertLessThan' in scope
        XCTAssertLessThan(self, other, message, file: file, line: line)
        ^~~~~~~~~~~~~~~~~
/Applications/Xcode-16.3.0.app/Contents/Developer/Platforms/WatchOS.platform/Developer/Library/Frameworks/XCTest.framework/Headers/XCTestAssertions.h:202:9: note: macro 'XCTAssertLessThan' unavailable: function like macros not supported
#define XCTAssertLessThan(expression1, expression2, ...) \
        ^
/Users/admin/builder/spi-builder-workspace/Sources/Miles/Miles.swift:45:9: error: cannot find 'XCTAssertLessThanOrEqual' in scope
        XCTAssertLessThanOrEqual(self, other, message, file: file, line: line)
        ^~~~~~~~~~~~~~~~~~~~~~~~
/Applications/Xcode-16.3.0.app/Contents/Developer/Platforms/WatchOS.platform/Developer/Library/Frameworks/XCTest.framework/Headers/XCTestAssertions.h:212:9: note: macro 'XCTAssertLessThanOrEqual' unavailable: function like macros not supported
#define XCTAssertLessThanOrEqual(expression1, expression2, ...) \
        ^
/Users/admin/builder/spi-builder-workspace/Sources/Miles/Miles.swift:52:9: error: cannot find 'XCTAssertEqual' in scope
        XCTAssertEqual(self, other, accuracy: accuracy, message, file: file, line: line)
        ^~~~~~~~~~~~~~
/Applications/Xcode-16.3.0.app/Contents/Developer/Platforms/WatchOS.platform/Developer/Library/Frameworks/XCTest.framework/Headers/XCTestAssertions.h:120:9: note: macro 'XCTAssertEqual' unavailable: function like macros not supported
#define XCTAssertEqual(expression1, expression2, ...) \
        ^
/Users/admin/builder/spi-builder-workspace/Sources/Miles/Miles.swift:59:9: error: cannot find 'XCTAssertTrue' in scope
        XCTAssertTrue(self.range(of: string) != nil, message, file: file, line: line)
        ^~~~~~~~~~~~~
/Applications/Xcode-16.3.0.app/Contents/Developer/Platforms/WatchOS.platform/Developer/Library/Frameworks/XCTest.framework/Headers/XCTestAssertions.h:81:9: note: macro 'XCTAssertTrue' unavailable: function like macros not supported
#define XCTAssertTrue(expression, ...) \
        ^
/Users/admin/builder/spi-builder-workspace/Sources/Miles/Miles.swift:64:9: error: cannot find 'XCTAssertTrue' in scope
        XCTAssertTrue(self.range(of: string) == nil, message, file: file, line: line)
        ^~~~~~~~~~~~~
/Applications/Xcode-16.3.0.app/Contents/Developer/Platforms/WatchOS.platform/Developer/Library/Frameworks/XCTest.framework/Headers/XCTestAssertions.h:81:9: note: macro 'XCTAssertTrue' unavailable: function like macros not supported
#define XCTAssertTrue(expression, ...) \
        ^
/Users/admin/builder/spi-builder-workspace/Sources/Miles/Miles.swift:69:9: error: cannot find 'XCTAssertTrue' in scope
        XCTAssertTrue(self.hasPrefix(string), message, file: file, line: line)
        ^~~~~~~~~~~~~
/Applications/Xcode-16.3.0.app/Contents/Developer/Platforms/WatchOS.platform/Developer/Library/Frameworks/XCTest.framework/Headers/XCTestAssertions.h:81:9: note: macro 'XCTAssertTrue' unavailable: function like macros not supported
#define XCTAssertTrue(expression, ...) \
        ^
/Users/admin/builder/spi-builder-workspace/Sources/Miles/Miles.swift:74:9: error: cannot find 'XCTAssertTrue' in scope
        XCTAssertTrue(self.hasSuffix(string), message, file: file, line: line)
        ^~~~~~~~~~~~~
/Applications/Xcode-16.3.0.app/Contents/Developer/Platforms/WatchOS.platform/Developer/Library/Frameworks/XCTest.framework/Headers/XCTestAssertions.h:81:9: note: macro 'XCTAssertTrue' unavailable: function like macros not supported
#define XCTAssertTrue(expression, ...) \
        ^
/Users/admin/builder/spi-builder-workspace/Sources/Miles/Miles.swift:81:9: error: cannot find 'XCTAssertTrue' in scope
        XCTAssertTrue(self, message, file: file, line: line)
        ^~~~~~~~~~~~~
/Applications/Xcode-16.3.0.app/Contents/Developer/Platforms/WatchOS.platform/Developer/Library/Frameworks/XCTest.framework/Headers/XCTestAssertions.h:81:9: note: macro 'XCTAssertTrue' unavailable: function like macros not supported
#define XCTAssertTrue(expression, ...) \
        ^
/Users/admin/builder/spi-builder-workspace/Sources/Miles/Miles.swift:86:9: error: cannot find 'XCTAssertFalse' in scope
        XCTAssertFalse(self, message, file: file, line: line)
        ^~~~~~~~~~~~~~
/Applications/Xcode-16.3.0.app/Contents/Developer/Platforms/WatchOS.platform/Developer/Library/Frameworks/XCTest.framework/Headers/XCTestAssertions.h:90:9: note: macro 'XCTAssertFalse' unavailable: function like macros not supported
#define XCTAssertFalse(expression, ...) \
        ^
/Users/admin/builder/spi-builder-workspace/Sources/Miles/Miles.swift:93:9: error: cannot find 'XCTAssertEqual' in scope
        XCTAssertEqual(self, object, message, file: file, line: line)
        ^~~~~~~~~~~~~~
/Applications/Xcode-16.3.0.app/Contents/Developer/Platforms/WatchOS.platform/Developer/Library/Frameworks/XCTest.framework/Headers/XCTestAssertions.h:120:9: note: macro 'XCTAssertEqual' unavailable: function like macros not supported
#define XCTAssertEqual(expression1, expression2, ...) \
        ^
/Users/admin/builder/spi-builder-workspace/Sources/Miles/Miles.swift:98:9: error: cannot find 'XCTAssertNotEqual' in scope
        XCTAssertNotEqual(self, object, message, file: file, line: line)
        ^~~~~~~~~~~~~~~~~
/Applications/Xcode-16.3.0.app/Contents/Developer/Platforms/WatchOS.platform/Developer/Library/Frameworks/XCTest.framework/Headers/XCTestAssertions.h:130:9: note: macro 'XCTAssertNotEqual' unavailable: function like macros not supported
#define XCTAssertNotEqual(expression1, expression2, ...) \
        ^
/Users/admin/builder/spi-builder-workspace/Sources/Miles/Miles.swift:103:9: error: cannot find 'XCTAssertTrue' in scope
        XCTAssertTrue(self === object, message, file: file, line: line)
        ^~~~~~~~~~~~~
/Applications/Xcode-16.3.0.app/Contents/Developer/Platforms/WatchOS.platform/Developer/Library/Frameworks/XCTest.framework/Headers/XCTestAssertions.h:81:9: note: macro 'XCTAssertTrue' unavailable: function like macros not supported
#define XCTAssertTrue(expression, ...) \
        ^
/Users/admin/builder/spi-builder-workspace/Sources/Miles/Miles.swift:109:9: error: cannot find 'XCTAssertTrue' in scope
        XCTAssertTrue(self.isMember(of: aClass), message, file: file, line: line)
        ^~~~~~~~~~~~~
/Applications/Xcode-16.3.0.app/Contents/Developer/Platforms/WatchOS.platform/Developer/Library/Frameworks/XCTest.framework/Headers/XCTestAssertions.h:81:9: note: macro 'XCTAssertTrue' unavailable: function like macros not supported
#define XCTAssertTrue(expression, ...) \
        ^
/Users/admin/builder/spi-builder-workspace/Sources/Miles/Miles.swift:114:9: error: cannot find 'XCTAssertTrue' in scope
        XCTAssertTrue(self.isKind(of: aClass), message, file: file, line: line)
        ^~~~~~~~~~~~~
/Applications/Xcode-16.3.0.app/Contents/Developer/Platforms/WatchOS.platform/Developer/Library/Frameworks/XCTest.framework/Headers/XCTestAssertions.h:81:9: note: macro 'XCTAssertTrue' unavailable: function like macros not supported
#define XCTAssertTrue(expression, ...) \
        ^
/Users/admin/builder/spi-builder-workspace/Sources/Miles/Miles.swift:123:9: error: cannot find 'XCTAssertTrue' in scope
        XCTAssertTrue(contains, message, file: file, line: line)
        ^~~~~~~~~~~~~
/Applications/Xcode-16.3.0.app/Contents/Developer/Platforms/WatchOS.platform/Developer/Library/Frameworks/XCTest.framework/Headers/XCTestAssertions.h:81:9: note: macro 'XCTAssertTrue' unavailable: function like macros not supported
#define XCTAssertTrue(expression, ...) \
        ^
/Users/admin/builder/spi-builder-workspace/Sources/Miles/Miles.swift:129:9: error: cannot find 'XCTAssertFalse' in scope
        XCTAssertFalse(contains, message, file: file, line: line)
        ^~~~~~~~~~~~~~
/Applications/Xcode-16.3.0.app/Contents/Developer/Platforms/WatchOS.platform/Developer/Library/Frameworks/XCTest.framework/Headers/XCTestAssertions.h:90:9: note: macro 'XCTAssertFalse' unavailable: function like macros not supported
#define XCTAssertFalse(expression, ...) \
        ^
/Users/admin/builder/spi-builder-workspace/Sources/Miles/Miles.swift:136:9: error: cannot find 'XCTAssertTrue' in scope
        XCTAssertTrue(isEmpty, message, file: file, line: line)
        ^~~~~~~~~~~~~
/Applications/Xcode-16.3.0.app/Contents/Developer/Platforms/WatchOS.platform/Developer/Library/Frameworks/XCTest.framework/Headers/XCTestAssertions.h:81:9: note: macro 'XCTAssertTrue' unavailable: function like macros not supported
#define XCTAssertTrue(expression, ...) \
        ^
/Users/admin/builder/spi-builder-workspace/Sources/Miles/Miles.swift:146:9: error: cannot find 'XCTAssertTrue' in scope
        XCTAssertTrue(contains, message, file: file, line: line)
        ^~~~~~~~~~~~~
/Applications/Xcode-16.3.0.app/Contents/Developer/Platforms/WatchOS.platform/Developer/Library/Frameworks/XCTest.framework/Headers/XCTestAssertions.h:81:9: note: macro 'XCTAssertTrue' unavailable: function like macros not supported
#define XCTAssertTrue(expression, ...) \
        ^
/Users/admin/builder/spi-builder-workspace/Sources/Miles/Miles.swift:154:9: error: cannot find 'XCTAssertFalse' in scope
        XCTAssertFalse(contains, message, file: file, line: line)
        ^~~~~~~~~~~~~~
/Applications/Xcode-16.3.0.app/Contents/Developer/Platforms/WatchOS.platform/Developer/Library/Frameworks/XCTest.framework/Headers/XCTestAssertions.h:90:9: note: macro 'XCTAssertFalse' unavailable: function like macros not supported
#define XCTAssertFalse(expression, ...) \
        ^
/Users/admin/builder/spi-builder-workspace/Sources/Miles/Miles.swift:163:13: error: cannot find 'XCTAssertTrue' in scope
            XCTAssertTrue(false, message, file: file, line: line)
            ^~~~~~~~~~~~~
/Applications/Xcode-16.3.0.app/Contents/Developer/Platforms/WatchOS.platform/Developer/Library/Frameworks/XCTest.framework/Headers/XCTestAssertions.h:81:9: note: macro 'XCTAssertTrue' unavailable: function like macros not supported
#define XCTAssertTrue(expression, ...) \
        ^
/Users/admin/builder/spi-builder-workspace/Sources/Miles/Miles.swift:165:13: error: cannot find 'XCTAssertTrue' in scope
            XCTAssertTrue(true, message, file: file, line: line)
            ^~~~~~~~~~~~~
/Applications/Xcode-16.3.0.app/Contents/Developer/Platforms/WatchOS.platform/Developer/Library/Frameworks/XCTest.framework/Headers/XCTestAssertions.h:81:9: note: macro 'XCTAssertTrue' unavailable: function like macros not supported
#define XCTAssertTrue(expression, ...) \
        ^
/Users/admin/builder/spi-builder-workspace/Sources/Miles/Miles.swift:173:13: error: cannot find 'XCTAssertTrue' in scope
            XCTAssertTrue(true, message, file: file, line: line)
            ^~~~~~~~~~~~~
/Applications/Xcode-16.3.0.app/Contents/Developer/Platforms/WatchOS.platform/Developer/Library/Frameworks/XCTest.framework/Headers/XCTestAssertions.h:81:9: note: macro 'XCTAssertTrue' unavailable: function like macros not supported
#define XCTAssertTrue(expression, ...) \
        ^
/Users/admin/builder/spi-builder-workspace/Sources/Miles/Miles.swift:175:13: error: cannot find 'XCTAssertTrue' in scope
            XCTAssertTrue(false, message, file: file, line: line)
            ^~~~~~~~~~~~~
/Applications/Xcode-16.3.0.app/Contents/Developer/Platforms/WatchOS.platform/Developer/Library/Frameworks/XCTest.framework/Headers/XCTestAssertions.h:81:9: note: macro 'XCTAssertTrue' unavailable: function like macros not supported
#define XCTAssertTrue(expression, ...) \
        ^
/Users/admin/builder/spi-builder-workspace/Sources/Miles/Miles.swift:185:13: error: cannot find 'XCTAssertEqual' in scope
            XCTAssertEqual(self, other, message, file: file, line: line)
            ^~~~~~~~~~~~~~
/Applications/Xcode-16.3.0.app/Contents/Developer/Platforms/WatchOS.platform/Developer/Library/Frameworks/XCTest.framework/Headers/XCTestAssertions.h:120:9: note: macro 'XCTAssertEqual' unavailable: function like macros not supported
#define XCTAssertEqual(expression1, expression2, ...) \
        ^
/Users/admin/builder/spi-builder-workspace/Sources/Miles/Miles.swift:187:13: error: cannot find 'XCTFail' in scope
            XCTFail("Exepcted \(String(describing: self)) to equal \(String(describing: other))", file: file, line: line)
            ^~~~~~~
/Applications/Xcode-16.3.0.app/Contents/Developer/Platforms/WatchOS.platform/Developer/Library/Frameworks/XCTest.framework/Headers/XCTestAssertions.h:45:9: note: macro 'XCTFail' unavailable: function like macros not supported
#define XCTFail(...) \
        ^
/Users/admin/builder/spi-builder-workspace/Sources/Miles/Miles.swift:195:13: error: cannot find 'XCTAssertEqual' in scope
            XCTAssertEqual(self, right, message, file: file, line: line)
            ^~~~~~~~~~~~~~
/Applications/Xcode-16.3.0.app/Contents/Developer/Platforms/WatchOS.platform/Developer/Library/Frameworks/XCTest.framework/Headers/XCTestAssertions.h:120:9: note: macro 'XCTAssertEqual' unavailable: function like macros not supported
#define XCTAssertEqual(expression1, expression2, ...) \
        ^
/Users/admin/builder/spi-builder-workspace/Sources/Miles/Miles.swift:198:13: error: cannot find 'XCTAssertTrue' in scope
            XCTAssertTrue(true, message, file: file, line: line)
            ^~~~~~~~~~~~~
/Applications/Xcode-16.3.0.app/Contents/Developer/Platforms/WatchOS.platform/Developer/Library/Frameworks/XCTest.framework/Headers/XCTestAssertions.h:81:9: note: macro 'XCTAssertTrue' unavailable: function like macros not supported
#define XCTAssertTrue(expression, ...) \
        ^
/Users/admin/builder/spi-builder-workspace/Sources/Miles/Miles.swift:200:13: error: cannot find 'XCTFail' in scope
            XCTFail("Exepcted \(String(describing: self)) to equal \(String(describing: other))", file: file, line: line)
            ^~~~~~~
/Applications/Xcode-16.3.0.app/Contents/Developer/Platforms/WatchOS.platform/Developer/Library/Frameworks/XCTest.framework/Headers/XCTestAssertions.h:45:9: note: macro 'XCTFail' unavailable: function like macros not supported
#define XCTFail(...) \
        ^
Error opening -stats-output-dir file '/Users/admin/builder/spi-builder-workspace/.stats/stats-1793022312798666-swift-frontend-Miles-Miles.swift-armv7k_apple_watchos2.0-o-Onone-3314284679.json' for writing
SwiftCompile normal arm64_32 Compiling\ Miles.swift /Users/admin/builder/spi-builder-workspace/Sources/Miles/Miles.swift (in target 'Miles' from project 'Miles')
Error opening -stats-output-dir file '/Users/admin/builder/spi-builder-workspace/.stats/stats-1793022312798834-swift-frontend-Miles-Miles.swift-arm64_32_apple_watchos2.0-o-Onone-2850930194.json' for writing
===-------------------------------------------------------------------------===
                               Swift compilation
===-------------------------------------------------------------------------===
  Total Execution Time: 6.9416 seconds (7.2071 wall clock)
   ---User Time---   --System Time--   --User+System--   ---Wall Time---  --- Name ---
   2.4487 ( 46.9%)   0.8279 ( 48.1%)   3.2766 ( 47.2%)   3.3908 ( 47.0%)  parse-and-resolve-imports
   2.4480 ( 46.9%)   0.8277 ( 48.1%)   3.2758 ( 47.2%)   3.3900 ( 47.0%)  Import resolution
   0.0727 (  1.4%)   0.0111 (  0.6%)   0.0837 (  1.2%)   0.0837 (  1.2%)  build-rewrite-system
   0.0564 (  1.1%)   0.0094 (  0.5%)   0.0658 (  0.9%)   0.0658 (  0.9%)  perform-sema
   0.0564 (  1.1%)   0.0094 (  0.5%)   0.0658 (  0.9%)   0.0658 (  0.9%)  Type checking and Semantic analysis
   0.0469 (  0.9%)   0.0071 (  0.4%)   0.0540 (  0.8%)   0.0540 (  0.7%)  typecheck-expr
   0.0465 (  0.9%)   0.0069 (  0.4%)   0.0534 (  0.8%)   0.0535 (  0.7%)  typecheck-stmt
   0.0017 (  0.0%)   0.0090 (  0.5%)   0.0107 (  0.2%)   0.0477 (  0.7%)  load-stdlib
   0.0244 (  0.5%)   0.0043 (  0.2%)   0.0287 (  0.4%)   0.0287 (  0.4%)  typecheck-decl
   0.0091 (  0.2%)   0.0059 (  0.3%)   0.0150 (  0.2%)   0.0150 (  0.2%)  import-clang-decl
   0.0100 (  0.2%)   0.0015 (  0.1%)   0.0115 (  0.2%)   0.0115 (  0.2%)  precheck-target
   0.0005 (  0.0%)   0.0002 (  0.0%)   0.0006 (  0.0%)   0.0006 (  0.0%)  load-all-members
   0.0000 (  0.0%)   0.0000 (  0.0%)   0.0000 (  0.0%)   0.0000 (  0.0%)  get-conformance-access-path
   0.0000 (  0.0%)   0.0000 (  0.0%)   0.0000 (  0.0%)   0.0000 (  0.0%)  module-populate-cache
   0.0000 (  0.0%)   0.0000 (  0.0%)   0.0000 (  0.0%)   0.0000 (  0.0%)  source-file-populate-cache
   0.0000 (  0.0%)   0.0000 (  0.0%)   0.0000 (  0.0%)   0.0000 (  0.0%)  AST verification
   0.0000 (  0.0%)   0.0000 (  0.0%)   0.0000 (  0.0%)   0.0000 (  0.0%)  perform-whole-module-type-checking
   5.2212 (100.0%)   1.7204 (100.0%)   6.9416 (100.0%)   7.2071 (100.0%)  Total
===-------------------------------------------------------------------------===
                                Running Program
===-------------------------------------------------------------------------===
  Total Execution Time: 4.2899 seconds (4.4492 wall clock)
   ---User Time---   --System Time--   --User+System--   ---Wall Time---  --- Name ---
   3.2521 (100.0%)   1.0378 (100.0%)   4.2899 (100.0%)   4.4492 (100.0%)  Building Target
   3.2521 (100.0%)   1.0378 (100.0%)   4.2899 (100.0%)   4.4492 (100.0%)  Total
Failed frontend command:
/Applications/Xcode-16.3.0.app/Contents/Developer/Toolchains/XcodeDefault.xctoolchain/usr/bin/swift-frontend -frontend -c -primary-file /Users/admin/builder/spi-builder-workspace/Sources/Miles/Miles.swift -emit-dependencies-path /Users/admin/builder/spi-builder-workspace/.derivedData/Build/Intermediates.noindex/Miles.build/Debug-watchos/Miles.build/Objects-normal/arm64_32/Miles.d -emit-const-values-path /Users/admin/builder/spi-builder-workspace/.derivedData/Build/Intermediates.noindex/Miles.build/Debug-watchos/Miles.build/Objects-normal/arm64_32/Miles.swiftconstvalues -emit-reference-dependencies-path /Users/admin/builder/spi-builder-workspace/.derivedData/Build/Intermediates.noindex/Miles.build/Debug-watchos/Miles.build/Objects-normal/arm64_32/Miles.swiftdeps -serialize-diagnostics-path /Users/admin/builder/spi-builder-workspace/.derivedData/Build/Intermediates.noindex/Miles.build/Debug-watchos/Miles.build/Objects-normal/arm64_32/Miles.dia -target arm64_32-apple-watchos2.0 -enable-objc-interop -sdk /Applications/Xcode-16.3.0.app/Contents/Developer/Platforms/WatchOS.platform/Developer/SDKs/WatchOS11.4.sdk -I /Users/admin/builder/spi-builder-workspace/.derivedData/Build/Products/Debug-watchos -F /Users/admin/builder/spi-builder-workspace/.derivedData/Build/Products/Debug-watchos -F /Applications/Xcode-16.3.0.app/Contents/Developer/Platforms/WatchOS.platform/Developer/Library/Frameworks -no-color-diagnostics -enable-testing -g -debug-info-format\=dwarf -dwarf-version\=4 -module-cache-path /Users/admin/builder/spi-builder-workspace/.derivedData/ModuleCache.noindex -swift-version 5 -enforce-exclusivity\=checked -stats-output-dir /Users/admin/builder/spi-builder-workspace/.stats -Onone -D SWIFT_PACKAGE -D DEBUG -serialize-debugging-options -const-gather-protocols-file /Users/admin/builder/spi-builder-workspace/.derivedData/Build/Intermediates.noindex/Miles.build/Debug-watchos/Miles.build/Objects-normal/arm64_32/Miles_const_extract_protocols.json -enable-upcoming-feature StrictConcurrency -enable-upcoming-feature DisableOutwardActorInference -enable-upcoming-feature GlobalActorIsolatedTypesUsability -enable-upcoming-feature InferSendableFromCaptures -enable-experimental-feature DebugDescriptionMacro -enable-bare-slash-regex -strict-concurrency\=complete -empty-abi-descriptor -validate-clang-modules-once -clang-build-session-file /Users/admin/builder/spi-builder-workspace/.derivedData/ModuleCache.noindex/Session.modulevalidation -Xcc -working-directory -Xcc /Users/admin/builder/spi-builder-workspace -resource-dir /Applications/Xcode-16.3.0.app/Contents/Developer/Toolchains/XcodeDefault.xctoolchain/usr/lib/swift -enable-anonymous-context-mangled-names -file-compilation-dir /Users/admin/builder/spi-builder-workspace -Xcc -ivfsstatcache -Xcc /Users/admin/builder/spi-builder-workspace/.derivedData/SDKStatCaches.noindex/watchos11.4-22T246-43efb940ff07ba2497b70ec94253f576.sdkstatcache -Xcc -I/Users/admin/builder/spi-builder-workspace/.derivedData/Build/Intermediates.noindex/Miles.build/Debug-watchos/Miles.build/swift-overrides.hmap -Xcc -I/Users/admin/builder/spi-builder-workspace/.derivedData/Build/Products/Debug-watchos/include -Xcc -I/Users/admin/builder/spi-builder-workspace/.derivedData/Build/Intermediates.noindex/Miles.build/Debug-watchos/Miles.build/DerivedSources-normal/arm64_32 -Xcc -I/Users/admin/builder/spi-builder-workspace/.derivedData/Build/Intermediates.noindex/Miles.build/Debug-watchos/Miles.build/DerivedSources/arm64_32 -Xcc -I/Users/admin/builder/spi-builder-workspace/.derivedData/Build/Intermediates.noindex/Miles.build/Debug-watchos/Miles.build/DerivedSources -Xcc -DSWIFT_PACKAGE\=1 -Xcc -DDEBUG\=1 -module-name Miles -frontend-parseable-output -disable-clang-spi -target-sdk-version 11.4 -target-sdk-name watchos11.4 -external-plugin-path /Applications/Xcode-16.3.0.app/Contents/Developer/Platforms/WatchOS.platform/Developer/usr/lib/swift/host/plugins\#/Applications/Xcode-16.3.0.app/Contents/Developer/Platforms/WatchOS.platform/Developer/usr/bin/swift-plugin-server -external-plugin-path /Applications/Xcode-16.3.0.app/Contents/Developer/Platforms/WatchOS.platform/Developer/usr/local/lib/swift/host/plugins\#/Applications/Xcode-16.3.0.app/Contents/Developer/Platforms/WatchOS.platform/Developer/usr/bin/swift-plugin-server -in-process-plugin-server-path /Applications/Xcode-16.3.0.app/Contents/Developer/Toolchains/XcodeDefault.xctoolchain/usr/lib/swift/host/libSwiftInProcPluginServer.dylib -plugin-path /Applications/Xcode-16.3.0.app/Contents/Developer/Toolchains/XcodeDefault.xctoolchain/usr/lib/swift/host/plugins -plugin-path /Applications/Xcode-16.3.0.app/Contents/Developer/Toolchains/XcodeDefault.xctoolchain/usr/local/lib/swift/host/plugins -parse-as-library -o /Users/admin/builder/spi-builder-workspace/.derivedData/Build/Intermediates.noindex/Miles.build/Debug-watchos/Miles.build/Objects-normal/arm64_32/Miles.o -index-unit-output-path /Miles.build/Debug-watchos/Miles.build/Objects-normal/arm64_32/Miles.o -index-store-path /Users/admin/builder/spi-builder-workspace/.derivedData/Index.noindex/DataStore -index-system-modules
SwiftCompile normal arm64_32 /Users/admin/builder/spi-builder-workspace/Sources/Miles/Miles.swift (in target 'Miles' from project 'Miles')
    cd /Users/admin/builder/spi-builder-workspace

/Users/admin/builder/spi-builder-workspace/Sources/Miles/Miles.swift:15:9: error: cannot find 'XCTAssertEqual' in scope
        XCTAssertEqual(self, other, message, file: file, line: line)
        ^~~~~~~~~~~~~~
/Applications/Xcode-16.3.0.app/Contents/Developer/Platforms/WatchOS.platform/Developer/Library/Frameworks/XCTest.framework/Headers/XCTestAssertions.h:120:9: note: macro 'XCTAssertEqual' unavailable: function like macros not supported
#define XCTAssertEqual(expression1, expression2, ...) \
        ^
/Users/admin/builder/spi-builder-workspace/Sources/Miles/Miles.swift:20:13: error: cannot find 'XCTFail' in scope
            XCTFail("Expected other to be Non nil")
            ^~~~~~~
/Applications/Xcode-16.3.0.app/Contents/Developer/Platforms/WatchOS.platform/Developer/Library/Frameworks/XCTest.framework/Headers/XCTestAssertions.h:45:9: note: macro 'XCTFail' unavailable: function like macros not supported
#define XCTFail(...) \
        ^
/Users/admin/builder/spi-builder-workspace/Sources/Miles/Miles.swift:30:9: error: cannot find 'XCTAssertGreaterThan' in scope
        XCTAssertGreaterThan(self, other, message, file: file, line: line)
        ^~~~~~~~~~~~~~~~~~~~
/Applications/Xcode-16.3.0.app/Contents/Developer/Platforms/WatchOS.platform/Developer/Library/Frameworks/XCTest.framework/Headers/XCTestAssertions.h:182:9: note: macro 'XCTAssertGreaterThan' unavailable: function like macros not supported
#define XCTAssertGreaterThan(expression1, expression2, ...) \
        ^
/Users/admin/builder/spi-builder-workspace/Sources/Miles/Miles.swift:35:9: error: cannot find 'XCTAssertGreaterThanOrEqual' in scope
        XCTAssertGreaterThanOrEqual(self, other, message, file: file, line: line)
        ^~~~~~~~~~~~~~~~~~~~~~~~~~~
/Applications/Xcode-16.3.0.app/Contents/Developer/Platforms/WatchOS.platform/Developer/Library/Frameworks/XCTest.framework/Headers/XCTestAssertions.h:192:9: note: macro 'XCTAssertGreaterThanOrEqual' unavailable: function like macros not supported
#define XCTAssertGreaterThanOrEqual(expression1, expression2, ...) \
        ^
/Users/admin/builder/spi-builder-workspace/Sources/Miles/Miles.swift:40:9: error: cannot find 'XCTAssertLessThan' in scope
        XCTAssertLessThan(self, other, message, file: file, line: line)
        ^~~~~~~~~~~~~~~~~
/Applications/Xcode-16.3.0.app/Contents/Developer/Platforms/WatchOS.platform/Developer/Library/Frameworks/XCTest.framework/Headers/XCTestAssertions.h:202:9: note: macro 'XCTAssertLessThan' unavailable: function like macros not supported
#define XCTAssertLessThan(expression1, expression2, ...) \
        ^
/Users/admin/builder/spi-builder-workspace/Sources/Miles/Miles.swift:45:9: error: cannot find 'XCTAssertLessThanOrEqual' in scope
        XCTAssertLessThanOrEqual(self, other, message, file: file, line: line)
        ^~~~~~~~~~~~~~~~~~~~~~~~
/Applications/Xcode-16.3.0.app/Contents/Developer/Platforms/WatchOS.platform/Developer/Library/Frameworks/XCTest.framework/Headers/XCTestAssertions.h:212:9: note: macro 'XCTAssertLessThanOrEqual' unavailable: function like macros not supported
#define XCTAssertLessThanOrEqual(expression1, expression2, ...) \
        ^
/Users/admin/builder/spi-builder-workspace/Sources/Miles/Miles.swift:52:9: error: cannot find 'XCTAssertEqual' in scope
        XCTAssertEqual(self, other, accuracy: accuracy, message, file: file, line: line)
        ^~~~~~~~~~~~~~
/Applications/Xcode-16.3.0.app/Contents/Developer/Platforms/WatchOS.platform/Developer/Library/Frameworks/XCTest.framework/Headers/XCTestAssertions.h:120:9: note: macro 'XCTAssertEqual' unavailable: function like macros not supported
#define XCTAssertEqual(expression1, expression2, ...) \
        ^
/Users/admin/builder/spi-builder-workspace/Sources/Miles/Miles.swift:59:9: error: cannot find 'XCTAssertTrue' in scope
        XCTAssertTrue(self.range(of: string) != nil, message, file: file, line: line)
        ^~~~~~~~~~~~~
/Applications/Xcode-16.3.0.app/Contents/Developer/Platforms/WatchOS.platform/Developer/Library/Frameworks/XCTest.framework/Headers/XCTestAssertions.h:81:9: note: macro 'XCTAssertTrue' unavailable: function like macros not supported
#define XCTAssertTrue(expression, ...) \
        ^
/Users/admin/builder/spi-builder-workspace/Sources/Miles/Miles.swift:64:9: error: cannot find 'XCTAssertTrue' in scope
        XCTAssertTrue(self.range(of: string) == nil, message, file: file, line: line)
        ^~~~~~~~~~~~~
/Applications/Xcode-16.3.0.app/Contents/Developer/Platforms/WatchOS.platform/Developer/Library/Frameworks/XCTest.framework/Headers/XCTestAssertions.h:81:9: note: macro 'XCTAssertTrue' unavailable: function like macros not supported
#define XCTAssertTrue(expression, ...) \
        ^
/Users/admin/builder/spi-builder-workspace/Sources/Miles/Miles.swift:69:9: error: cannot find 'XCTAssertTrue' in scope
        XCTAssertTrue(self.hasPrefix(string), message, file: file, line: line)
        ^~~~~~~~~~~~~
/Applications/Xcode-16.3.0.app/Contents/Developer/Platforms/WatchOS.platform/Developer/Library/Frameworks/XCTest.framework/Headers/XCTestAssertions.h:81:9: note: macro 'XCTAssertTrue' unavailable: function like macros not supported
#define XCTAssertTrue(expression, ...) \
        ^
/Users/admin/builder/spi-builder-workspace/Sources/Miles/Miles.swift:74:9: error: cannot find 'XCTAssertTrue' in scope
        XCTAssertTrue(self.hasSuffix(string), message, file: file, line: line)
        ^~~~~~~~~~~~~
/Applications/Xcode-16.3.0.app/Contents/Developer/Platforms/WatchOS.platform/Developer/Library/Frameworks/XCTest.framework/Headers/XCTestAssertions.h:81:9: note: macro 'XCTAssertTrue' unavailable: function like macros not supported
#define XCTAssertTrue(expression, ...) \
        ^
/Users/admin/builder/spi-builder-workspace/Sources/Miles/Miles.swift:81:9: error: cannot find 'XCTAssertTrue' in scope
        XCTAssertTrue(self, message, file: file, line: line)
        ^~~~~~~~~~~~~
/Applications/Xcode-16.3.0.app/Contents/Developer/Platforms/WatchOS.platform/Developer/Library/Frameworks/XCTest.framework/Headers/XCTestAssertions.h:81:9: note: macro 'XCTAssertTrue' unavailable: function like macros not supported
#define XCTAssertTrue(expression, ...) \
        ^
/Users/admin/builder/spi-builder-workspace/Sources/Miles/Miles.swift:86:9: error: cannot find 'XCTAssertFalse' in scope
        XCTAssertFalse(self, message, file: file, line: line)
        ^~~~~~~~~~~~~~
/Applications/Xcode-16.3.0.app/Contents/Developer/Platforms/WatchOS.platform/Developer/Library/Frameworks/XCTest.framework/Headers/XCTestAssertions.h:90:9: note: macro 'XCTAssertFalse' unavailable: function like macros not supported
#define XCTAssertFalse(expression, ...) \
        ^
/Users/admin/builder/spi-builder-workspace/Sources/Miles/Miles.swift:93:9: error: cannot find 'XCTAssertEqual' in scope
        XCTAssertEqual(self, object, message, file: file, line: line)
        ^~~~~~~~~~~~~~
/Applications/Xcode-16.3.0.app/Contents/Developer/Platforms/WatchOS.platform/Developer/Library/Frameworks/XCTest.framework/Headers/XCTestAssertions.h:120:9: note: macro 'XCTAssertEqual' unavailable: function like macros not supported
#define XCTAssertEqual(expression1, expression2, ...) \
        ^
/Users/admin/builder/spi-builder-workspace/Sources/Miles/Miles.swift:98:9: error: cannot find 'XCTAssertNotEqual' in scope
        XCTAssertNotEqual(self, object, message, file: file, line: line)
        ^~~~~~~~~~~~~~~~~
/Applications/Xcode-16.3.0.app/Contents/Developer/Platforms/WatchOS.platform/Developer/Library/Frameworks/XCTest.framework/Headers/XCTestAssertions.h:130:9: note: macro 'XCTAssertNotEqual' unavailable: function like macros not supported
#define XCTAssertNotEqual(expression1, expression2, ...) \
        ^
/Users/admin/builder/spi-builder-workspace/Sources/Miles/Miles.swift:103:9: error: cannot find 'XCTAssertTrue' in scope
        XCTAssertTrue(self === object, message, file: file, line: line)
        ^~~~~~~~~~~~~
/Applications/Xcode-16.3.0.app/Contents/Developer/Platforms/WatchOS.platform/Developer/Library/Frameworks/XCTest.framework/Headers/XCTestAssertions.h:81:9: note: macro 'XCTAssertTrue' unavailable: function like macros not supported
#define XCTAssertTrue(expression, ...) \
        ^
/Users/admin/builder/spi-builder-workspace/Sources/Miles/Miles.swift:109:9: error: cannot find 'XCTAssertTrue' in scope
        XCTAssertTrue(self.isMember(of: aClass), message, file: file, line: line)
        ^~~~~~~~~~~~~
/Applications/Xcode-16.3.0.app/Contents/Developer/Platforms/WatchOS.platform/Developer/Library/Frameworks/XCTest.framework/Headers/XCTestAssertions.h:81:9: note: macro 'XCTAssertTrue' unavailable: function like macros not supported
#define XCTAssertTrue(expression, ...) \
        ^
/Users/admin/builder/spi-builder-workspace/Sources/Miles/Miles.swift:114:9: error: cannot find 'XCTAssertTrue' in scope
        XCTAssertTrue(self.isKind(of: aClass), message, file: file, line: line)
        ^~~~~~~~~~~~~
/Applications/Xcode-16.3.0.app/Contents/Developer/Platforms/WatchOS.platform/Developer/Library/Frameworks/XCTest.framework/Headers/XCTestAssertions.h:81:9: note: macro 'XCTAssertTrue' unavailable: function like macros not supported
#define XCTAssertTrue(expression, ...) \
        ^
/Users/admin/builder/spi-builder-workspace/Sources/Miles/Miles.swift:123:9: error: cannot find 'XCTAssertTrue' in scope
        XCTAssertTrue(contains, message, file: file, line: line)
        ^~~~~~~~~~~~~
/Applications/Xcode-16.3.0.app/Contents/Developer/Platforms/WatchOS.platform/Developer/Library/Frameworks/XCTest.framework/Headers/XCTestAssertions.h:81:9: note: macro 'XCTAssertTrue' unavailable: function like macros not supported
#define XCTAssertTrue(expression, ...) \
        ^
/Users/admin/builder/spi-builder-workspace/Sources/Miles/Miles.swift:129:9: error: cannot find 'XCTAssertFalse' in scope
        XCTAssertFalse(contains, message, file: file, line: line)
        ^~~~~~~~~~~~~~
/Applications/Xcode-16.3.0.app/Contents/Developer/Platforms/WatchOS.platform/Developer/Library/Frameworks/XCTest.framework/Headers/XCTestAssertions.h:90:9: note: macro 'XCTAssertFalse' unavailable: function like macros not supported
#define XCTAssertFalse(expression, ...) \
        ^
/Users/admin/builder/spi-builder-workspace/Sources/Miles/Miles.swift:136:9: error: cannot find 'XCTAssertTrue' in scope
        XCTAssertTrue(isEmpty, message, file: file, line: line)
        ^~~~~~~~~~~~~
/Applications/Xcode-16.3.0.app/Contents/Developer/Platforms/WatchOS.platform/Developer/Library/Frameworks/XCTest.framework/Headers/XCTestAssertions.h:81:9: note: macro 'XCTAssertTrue' unavailable: function like macros not supported
#define XCTAssertTrue(expression, ...) \
        ^
/Users/admin/builder/spi-builder-workspace/Sources/Miles/Miles.swift:146:9: error: cannot find 'XCTAssertTrue' in scope
        XCTAssertTrue(contains, message, file: file, line: line)
        ^~~~~~~~~~~~~
/Applications/Xcode-16.3.0.app/Contents/Developer/Platforms/WatchOS.platform/Developer/Library/Frameworks/XCTest.framework/Headers/XCTestAssertions.h:81:9: note: macro 'XCTAssertTrue' unavailable: function like macros not supported
#define XCTAssertTrue(expression, ...) \
        ^
/Users/admin/builder/spi-builder-workspace/Sources/Miles/Miles.swift:154:9: error: cannot find 'XCTAssertFalse' in scope
        XCTAssertFalse(contains, message, file: file, line: line)
        ^~~~~~~~~~~~~~
/Applications/Xcode-16.3.0.app/Contents/Developer/Platforms/WatchOS.platform/Developer/Library/Frameworks/XCTest.framework/Headers/XCTestAssertions.h:90:9: note: macro 'XCTAssertFalse' unavailable: function like macros not supported
#define XCTAssertFalse(expression, ...) \
        ^
/Users/admin/builder/spi-builder-workspace/Sources/Miles/Miles.swift:163:13: error: cannot find 'XCTAssertTrue' in scope
            XCTAssertTrue(false, message, file: file, line: line)
            ^~~~~~~~~~~~~
/Applications/Xcode-16.3.0.app/Contents/Developer/Platforms/WatchOS.platform/Developer/Library/Frameworks/XCTest.framework/Headers/XCTestAssertions.h:81:9: note: macro 'XCTAssertTrue' unavailable: function like macros not supported
#define XCTAssertTrue(expression, ...) \
        ^
/Users/admin/builder/spi-builder-workspace/Sources/Miles/Miles.swift:165:13: error: cannot find 'XCTAssertTrue' in scope
            XCTAssertTrue(true, message, file: file, line: line)
            ^~~~~~~~~~~~~
/Applications/Xcode-16.3.0.app/Contents/Developer/Platforms/WatchOS.platform/Developer/Library/Frameworks/XCTest.framework/Headers/XCTestAssertions.h:81:9: note: macro 'XCTAssertTrue' unavailable: function like macros not supported
#define XCTAssertTrue(expression, ...) \
        ^
/Users/admin/builder/spi-builder-workspace/Sources/Miles/Miles.swift:173:13: error: cannot find 'XCTAssertTrue' in scope
            XCTAssertTrue(true, message, file: file, line: line)
            ^~~~~~~~~~~~~
/Applications/Xcode-16.3.0.app/Contents/Developer/Platforms/WatchOS.platform/Developer/Library/Frameworks/XCTest.framework/Headers/XCTestAssertions.h:81:9: note: macro 'XCTAssertTrue' unavailable: function like macros not supported
#define XCTAssertTrue(expression, ...) \
        ^
/Users/admin/builder/spi-builder-workspace/Sources/Miles/Miles.swift:175:13: error: cannot find 'XCTAssertTrue' in scope
            XCTAssertTrue(false, message, file: file, line: line)
            ^~~~~~~~~~~~~
/Applications/Xcode-16.3.0.app/Contents/Developer/Platforms/WatchOS.platform/Developer/Library/Frameworks/XCTest.framework/Headers/XCTestAssertions.h:81:9: note: macro 'XCTAssertTrue' unavailable: function like macros not supported
#define XCTAssertTrue(expression, ...) \
        ^
/Users/admin/builder/spi-builder-workspace/Sources/Miles/Miles.swift:185:13: error: cannot find 'XCTAssertEqual' in scope
            XCTAssertEqual(self, other, message, file: file, line: line)
            ^~~~~~~~~~~~~~
/Applications/Xcode-16.3.0.app/Contents/Developer/Platforms/WatchOS.platform/Developer/Library/Frameworks/XCTest.framework/Headers/XCTestAssertions.h:120:9: note: macro 'XCTAssertEqual' unavailable: function like macros not supported
#define XCTAssertEqual(expression1, expression2, ...) \
        ^
/Users/admin/builder/spi-builder-workspace/Sources/Miles/Miles.swift:187:13: error: cannot find 'XCTFail' in scope
            XCTFail("Exepcted \(String(describing: self)) to equal \(String(describing: other))", file: file, line: line)
            ^~~~~~~
/Applications/Xcode-16.3.0.app/Contents/Developer/Platforms/WatchOS.platform/Developer/Library/Frameworks/XCTest.framework/Headers/XCTestAssertions.h:45:9: note: macro 'XCTFail' unavailable: function like macros not supported
#define XCTFail(...) \
        ^
/Users/admin/builder/spi-builder-workspace/Sources/Miles/Miles.swift:195:13: error: cannot find 'XCTAssertEqual' in scope
            XCTAssertEqual(self, right, message, file: file, line: line)
            ^~~~~~~~~~~~~~
/Applications/Xcode-16.3.0.app/Contents/Developer/Platforms/WatchOS.platform/Developer/Library/Frameworks/XCTest.framework/Headers/XCTestAssertions.h:120:9: note: macro 'XCTAssertEqual' unavailable: function like macros not supported
#define XCTAssertEqual(expression1, expression2, ...) \
        ^
/Users/admin/builder/spi-builder-workspace/Sources/Miles/Miles.swift:198:13: error: cannot find 'XCTAssertTrue' in scope
            XCTAssertTrue(true, message, file: file, line: line)
            ^~~~~~~~~~~~~
/Applications/Xcode-16.3.0.app/Contents/Developer/Platforms/WatchOS.platform/Developer/Library/Frameworks/XCTest.framework/Headers/XCTestAssertions.h:81:9: note: macro 'XCTAssertTrue' unavailable: function like macros not supported
#define XCTAssertTrue(expression, ...) \
        ^
/Users/admin/builder/spi-builder-workspace/Sources/Miles/Miles.swift:200:13: error: cannot find 'XCTFail' in scope
            XCTFail("Exepcted \(String(describing: self)) to equal \(String(describing: other))", file: file, line: line)
            ^~~~~~~
/Applications/Xcode-16.3.0.app/Contents/Developer/Platforms/WatchOS.platform/Developer/Library/Frameworks/XCTest.framework/Headers/XCTestAssertions.h:45:9: note: macro 'XCTFail' unavailable: function like macros not supported
#define XCTFail(...) \
        ^
SwiftDriverJobDiscovery normal armv7k Emitting module for Miles (in target 'Miles' from project 'Miles')
SwiftDriver\ Compilation\ Requirements Miles normal armv7k com.apple.xcode.tools.swift.compiler (in target 'Miles' from project 'Miles')
    cd /Users/admin/builder/spi-builder-workspace
    builtin-Swift-Compilation-Requirements -- /Applications/Xcode-16.3.0.app/Contents/Developer/Toolchains/XcodeDefault.xctoolchain/usr/bin/swiftc -module-name Miles -Onone -enforce-exclusivity\=checked @/Users/admin/builder/spi-builder-workspace/.derivedData/Build/Intermediates.noindex/Miles.build/Debug-watchos/Miles.build/Objects-normal/armv7k/Miles.SwiftFileList -DSWIFT_PACKAGE -DDEBUG -stats-output-dir .stats -strict-concurrency\=complete -enable-upcoming-feature StrictConcurrency -enable-upcoming-feature DisableOutwardActorInference -enable-upcoming-feature GlobalActorIsolatedTypesUsability -enable-upcoming-feature InferSendableFromCaptures -enable-bare-slash-regex -enable-experimental-feature DebugDescriptionMacro -sdk /Applications/Xcode-16.3.0.app/Contents/Developer/Platforms/WatchOS.platform/Developer/SDKs/WatchOS11.4.sdk -target armv7k-apple-watchos2.0 -g -module-cache-path /Users/admin/builder/spi-builder-workspace/.derivedData/ModuleCache.noindex -Xfrontend -serialize-debugging-options -enable-testing -index-store-path /Users/admin/builder/spi-builder-workspace/.derivedData/Index.noindex/DataStore -swift-version 5 -I /Users/admin/builder/spi-builder-workspace/.derivedData/Build/Products/Debug-watchos -F /Users/admin/builder/spi-builder-workspace/.derivedData/Build/Products/Debug-watchos -F /Applications/Xcode-16.3.0.app/Contents/Developer/Platforms/WatchOS.platform/Developer/Library/Frameworks -parse-as-library -c -j10 -enable-batch-mode -incremental -Xcc -ivfsstatcache -Xcc /Users/admin/builder/spi-builder-workspace/.derivedData/SDKStatCaches.noindex/watchos11.4-22T246-43efb940ff07ba2497b70ec94253f576.sdkstatcache -output-file-map /Users/admin/builder/spi-builder-workspace/.derivedData/Build/Intermediates.noindex/Miles.build/Debug-watchos/Miles.build/Objects-normal/armv7k/Miles-OutputFileMap.json -use-frontend-parseable-output -save-temps -no-color-diagnostics -serialize-diagnostics -emit-dependencies -emit-module -emit-module-path /Users/admin/builder/spi-builder-workspace/.derivedData/Build/Intermediates.noindex/Miles.build/Debug-watchos/Miles.build/Objects-normal/armv7k/Miles.swiftmodule -validate-clang-modules-once -clang-build-session-file /Users/admin/builder/spi-builder-workspace/.derivedData/ModuleCache.noindex/Session.modulevalidation -Xcc -I/Users/admin/builder/spi-builder-workspace/.derivedData/Build/Intermediates.noindex/Miles.build/Debug-watchos/Miles.build/swift-overrides.hmap -emit-const-values -Xfrontend -const-gather-protocols-file -Xfrontend /Users/admin/builder/spi-builder-workspace/.derivedData/Build/Intermediates.noindex/Miles.build/Debug-watchos/Miles.build/Objects-normal/armv7k/Miles_const_extract_protocols.json -Xcc -I/Users/admin/builder/spi-builder-workspace/.derivedData/Build/Products/Debug-watchos/include -Xcc -I/Users/admin/builder/spi-builder-workspace/.derivedData/Build/Intermediates.noindex/Miles.build/Debug-watchos/Miles.build/DerivedSources-normal/armv7k -Xcc -I/Users/admin/builder/spi-builder-workspace/.derivedData/Build/Intermediates.noindex/Miles.build/Debug-watchos/Miles.build/DerivedSources/armv7k -Xcc -I/Users/admin/builder/spi-builder-workspace/.derivedData/Build/Intermediates.noindex/Miles.build/Debug-watchos/Miles.build/DerivedSources -Xcc -DSWIFT_PACKAGE\=1 -Xcc -DDEBUG\=1 -emit-objc-header -emit-objc-header-path /Users/admin/builder/spi-builder-workspace/.derivedData/Build/Intermediates.noindex/Miles.build/Debug-watchos/Miles.build/Objects-normal/armv7k/Miles-Swift.h -working-directory /Users/admin/builder/spi-builder-workspace -experimental-emit-module-separately -disable-cmo
Copy /Users/admin/builder/spi-builder-workspace/.derivedData/Build/Products/Debug-watchos/Miles.framework/Modules/Miles.swiftmodule/armv7k-apple-watchos.swiftmodule /Users/admin/builder/spi-builder-workspace/.derivedData/Build/Intermediates.noindex/Miles.build/Debug-watchos/Miles.build/Objects-normal/armv7k/Miles.swiftmodule (in target 'Miles' from project 'Miles')
    cd /Users/admin/builder/spi-builder-workspace
    builtin-copy -exclude .DS_Store -exclude CVS -exclude .svn -exclude .git -exclude .hg -resolve-src-symlinks -rename /Users/admin/builder/spi-builder-workspace/.derivedData/Build/Intermediates.noindex/Miles.build/Debug-watchos/Miles.build/Objects-normal/armv7k/Miles.swiftmodule /Users/admin/builder/spi-builder-workspace/.derivedData/Build/Products/Debug-watchos/Miles.framework/Modules/Miles.swiftmodule/armv7k-apple-watchos.swiftmodule
Copy /Users/admin/builder/spi-builder-workspace/.derivedData/Build/Products/Debug-watchos/Miles.framework/Modules/Miles.swiftmodule/armv7k-apple-watchos.swiftdoc /Users/admin/builder/spi-builder-workspace/.derivedData/Build/Intermediates.noindex/Miles.build/Debug-watchos/Miles.build/Objects-normal/armv7k/Miles.swiftdoc (in target 'Miles' from project 'Miles')
    cd /Users/admin/builder/spi-builder-workspace
    builtin-copy -exclude .DS_Store -exclude CVS -exclude .svn -exclude .git -exclude .hg -resolve-src-symlinks -rename /Users/admin/builder/spi-builder-workspace/.derivedData/Build/Intermediates.noindex/Miles.build/Debug-watchos/Miles.build/Objects-normal/armv7k/Miles.swiftdoc /Users/admin/builder/spi-builder-workspace/.derivedData/Build/Products/Debug-watchos/Miles.framework/Modules/Miles.swiftmodule/armv7k-apple-watchos.swiftdoc
Copy /Users/admin/builder/spi-builder-workspace/.derivedData/Build/Products/Debug-watchos/Miles.framework/Modules/Miles.swiftmodule/armv7k-apple-watchos.abi.json /Users/admin/builder/spi-builder-workspace/.derivedData/Build/Intermediates.noindex/Miles.build/Debug-watchos/Miles.build/Objects-normal/armv7k/Miles.abi.json (in target 'Miles' from project 'Miles')
    cd /Users/admin/builder/spi-builder-workspace
    builtin-copy -exclude .DS_Store -exclude CVS -exclude .svn -exclude .git -exclude .hg -resolve-src-symlinks -rename /Users/admin/builder/spi-builder-workspace/.derivedData/Build/Intermediates.noindex/Miles.build/Debug-watchos/Miles.build/Objects-normal/armv7k/Miles.abi.json /Users/admin/builder/spi-builder-workspace/.derivedData/Build/Products/Debug-watchos/Miles.framework/Modules/Miles.swiftmodule/armv7k-apple-watchos.abi.json
Copy /Users/admin/builder/spi-builder-workspace/.derivedData/Build/Products/Debug-watchos/Miles.framework/Modules/Miles.swiftmodule/Project/armv7k-apple-watchos.swiftsourceinfo /Users/admin/builder/spi-builder-workspace/.derivedData/Build/Intermediates.noindex/Miles.build/Debug-watchos/Miles.build/Objects-normal/armv7k/Miles.swiftsourceinfo (in target 'Miles' from project 'Miles')
    cd /Users/admin/builder/spi-builder-workspace
    builtin-copy -exclude .DS_Store -exclude CVS -exclude .svn -exclude .git -exclude .hg -resolve-src-symlinks -rename /Users/admin/builder/spi-builder-workspace/.derivedData/Build/Intermediates.noindex/Miles.build/Debug-watchos/Miles.build/Objects-normal/armv7k/Miles.swiftsourceinfo /Users/admin/builder/spi-builder-workspace/.derivedData/Build/Products/Debug-watchos/Miles.framework/Modules/Miles.swiftmodule/Project/armv7k-apple-watchos.swiftsourceinfo
SwiftDriverJobDiscovery normal arm64 Emitting module for Miles (in target 'Miles' from project 'Miles')
SwiftDriver\ Compilation\ Requirements Miles normal arm64 com.apple.xcode.tools.swift.compiler (in target 'Miles' from project 'Miles')
    cd /Users/admin/builder/spi-builder-workspace
    builtin-Swift-Compilation-Requirements -- /Applications/Xcode-16.3.0.app/Contents/Developer/Toolchains/XcodeDefault.xctoolchain/usr/bin/swiftc -module-name Miles -Onone -enforce-exclusivity\=checked @/Users/admin/builder/spi-builder-workspace/.derivedData/Build/Intermediates.noindex/Miles.build/Debug-watchos/Miles.build/Objects-normal/arm64/Miles.SwiftFileList -DSWIFT_PACKAGE -DDEBUG -stats-output-dir .stats -strict-concurrency\=complete -enable-upcoming-feature StrictConcurrency -enable-upcoming-feature DisableOutwardActorInference -enable-upcoming-feature GlobalActorIsolatedTypesUsability -enable-upcoming-feature InferSendableFromCaptures -enable-bare-slash-regex -enable-experimental-feature DebugDescriptionMacro -sdk /Applications/Xcode-16.3.0.app/Contents/Developer/Platforms/WatchOS.platform/Developer/SDKs/WatchOS11.4.sdk -target arm64-apple-watchos2.0 -g -module-cache-path /Users/admin/builder/spi-builder-workspace/.derivedData/ModuleCache.noindex -Xfrontend -serialize-debugging-options -enable-testing -index-store-path /Users/admin/builder/spi-builder-workspace/.derivedData/Index.noindex/DataStore -swift-version 5 -I /Users/admin/builder/spi-builder-workspace/.derivedData/Build/Products/Debug-watchos -F /Users/admin/builder/spi-builder-workspace/.derivedData/Build/Products/Debug-watchos -F /Applications/Xcode-16.3.0.app/Contents/Developer/Platforms/WatchOS.platform/Developer/Library/Frameworks -parse-as-library -c -j10 -enable-batch-mode -incremental -Xcc -ivfsstatcache -Xcc /Users/admin/builder/spi-builder-workspace/.derivedData/SDKStatCaches.noindex/watchos11.4-22T246-43efb940ff07ba2497b70ec94253f576.sdkstatcache -output-file-map /Users/admin/builder/spi-builder-workspace/.derivedData/Build/Intermediates.noindex/Miles.build/Debug-watchos/Miles.build/Objects-normal/arm64/Miles-OutputFileMap.json -use-frontend-parseable-output -save-temps -no-color-diagnostics -serialize-diagnostics -emit-dependencies -emit-module -emit-module-path /Users/admin/builder/spi-builder-workspace/.derivedData/Build/Intermediates.noindex/Miles.build/Debug-watchos/Miles.build/Objects-normal/arm64/Miles.swiftmodule -validate-clang-modules-once -clang-build-session-file /Users/admin/builder/spi-builder-workspace/.derivedData/ModuleCache.noindex/Session.modulevalidation -Xcc -I/Users/admin/builder/spi-builder-workspace/.derivedData/Build/Intermediates.noindex/Miles.build/Debug-watchos/Miles.build/swift-overrides.hmap -emit-const-values -Xfrontend -const-gather-protocols-file -Xfrontend /Users/admin/builder/spi-builder-workspace/.derivedData/Build/Intermediates.noindex/Miles.build/Debug-watchos/Miles.build/Objects-normal/arm64/Miles_const_extract_protocols.json -Xcc -I/Users/admin/builder/spi-builder-workspace/.derivedData/Build/Products/Debug-watchos/include -Xcc -I/Users/admin/builder/spi-builder-workspace/.derivedData/Build/Intermediates.noindex/Miles.build/Debug-watchos/Miles.build/DerivedSources-normal/arm64 -Xcc -I/Users/admin/builder/spi-builder-workspace/.derivedData/Build/Intermediates.noindex/Miles.build/Debug-watchos/Miles.build/DerivedSources/arm64 -Xcc -I/Users/admin/builder/spi-builder-workspace/.derivedData/Build/Intermediates.noindex/Miles.build/Debug-watchos/Miles.build/DerivedSources -Xcc -DSWIFT_PACKAGE\=1 -Xcc -DDEBUG\=1 -emit-objc-header -emit-objc-header-path /Users/admin/builder/spi-builder-workspace/.derivedData/Build/Intermediates.noindex/Miles.build/Debug-watchos/Miles.build/Objects-normal/arm64/Miles-Swift.h -working-directory /Users/admin/builder/spi-builder-workspace -experimental-emit-module-separately -disable-cmo
Copy /Users/admin/builder/spi-builder-workspace/.derivedData/Build/Products/Debug-watchos/Miles.framework/Modules/Miles.swiftmodule/arm64-apple-watchos.swiftmodule /Users/admin/builder/spi-builder-workspace/.derivedData/Build/Intermediates.noindex/Miles.build/Debug-watchos/Miles.build/Objects-normal/arm64/Miles.swiftmodule (in target 'Miles' from project 'Miles')
    cd /Users/admin/builder/spi-builder-workspace
    builtin-copy -exclude .DS_Store -exclude CVS -exclude .svn -exclude .git -exclude .hg -resolve-src-symlinks -rename /Users/admin/builder/spi-builder-workspace/.derivedData/Build/Intermediates.noindex/Miles.build/Debug-watchos/Miles.build/Objects-normal/arm64/Miles.swiftmodule /Users/admin/builder/spi-builder-workspace/.derivedData/Build/Products/Debug-watchos/Miles.framework/Modules/Miles.swiftmodule/arm64-apple-watchos.swiftmodule
Copy /Users/admin/builder/spi-builder-workspace/.derivedData/Build/Products/Debug-watchos/Miles.framework/Modules/Miles.swiftmodule/arm64-apple-watchos.swiftdoc /Users/admin/builder/spi-builder-workspace/.derivedData/Build/Intermediates.noindex/Miles.build/Debug-watchos/Miles.build/Objects-normal/arm64/Miles.swiftdoc (in target 'Miles' from project 'Miles')
    cd /Users/admin/builder/spi-builder-workspace
    builtin-copy -exclude .DS_Store -exclude CVS -exclude .svn -exclude .git -exclude .hg -resolve-src-symlinks -rename /Users/admin/builder/spi-builder-workspace/.derivedData/Build/Intermediates.noindex/Miles.build/Debug-watchos/Miles.build/Objects-normal/arm64/Miles.swiftdoc /Users/admin/builder/spi-builder-workspace/.derivedData/Build/Products/Debug-watchos/Miles.framework/Modules/Miles.swiftmodule/arm64-apple-watchos.swiftdoc
Copy /Users/admin/builder/spi-builder-workspace/.derivedData/Build/Products/Debug-watchos/Miles.framework/Modules/Miles.swiftmodule/arm64-apple-watchos.abi.json /Users/admin/builder/spi-builder-workspace/.derivedData/Build/Intermediates.noindex/Miles.build/Debug-watchos/Miles.build/Objects-normal/arm64/Miles.abi.json (in target 'Miles' from project 'Miles')
    cd /Users/admin/builder/spi-builder-workspace
    builtin-copy -exclude .DS_Store -exclude CVS -exclude .svn -exclude .git -exclude .hg -resolve-src-symlinks -rename /Users/admin/builder/spi-builder-workspace/.derivedData/Build/Intermediates.noindex/Miles.build/Debug-watchos/Miles.build/Objects-normal/arm64/Miles.abi.json /Users/admin/builder/spi-builder-workspace/.derivedData/Build/Products/Debug-watchos/Miles.framework/Modules/Miles.swiftmodule/arm64-apple-watchos.abi.json
Copy /Users/admin/builder/spi-builder-workspace/.derivedData/Build/Products/Debug-watchos/Miles.framework/Modules/Miles.swiftmodule/Project/arm64-apple-watchos.swiftsourceinfo /Users/admin/builder/spi-builder-workspace/.derivedData/Build/Intermediates.noindex/Miles.build/Debug-watchos/Miles.build/Objects-normal/arm64/Miles.swiftsourceinfo (in target 'Miles' from project 'Miles')
    cd /Users/admin/builder/spi-builder-workspace
    builtin-copy -exclude .DS_Store -exclude CVS -exclude .svn -exclude .git -exclude .hg -resolve-src-symlinks -rename /Users/admin/builder/spi-builder-workspace/.derivedData/Build/Intermediates.noindex/Miles.build/Debug-watchos/Miles.build/Objects-normal/arm64/Miles.swiftsourceinfo /Users/admin/builder/spi-builder-workspace/.derivedData/Build/Products/Debug-watchos/Miles.framework/Modules/Miles.swiftmodule/Project/arm64-apple-watchos.swiftsourceinfo
SwiftDriverJobDiscovery normal arm64_32 Emitting module for Miles (in target 'Miles' from project 'Miles')
SwiftDriver\ Compilation\ Requirements Miles normal arm64_32 com.apple.xcode.tools.swift.compiler (in target 'Miles' from project 'Miles')
    cd /Users/admin/builder/spi-builder-workspace
    builtin-Swift-Compilation-Requirements -- /Applications/Xcode-16.3.0.app/Contents/Developer/Toolchains/XcodeDefault.xctoolchain/usr/bin/swiftc -module-name Miles -Onone -enforce-exclusivity\=checked @/Users/admin/builder/spi-builder-workspace/.derivedData/Build/Intermediates.noindex/Miles.build/Debug-watchos/Miles.build/Objects-normal/arm64_32/Miles.SwiftFileList -DSWIFT_PACKAGE -DDEBUG -stats-output-dir .stats -strict-concurrency\=complete -enable-upcoming-feature StrictConcurrency -enable-upcoming-feature DisableOutwardActorInference -enable-upcoming-feature GlobalActorIsolatedTypesUsability -enable-upcoming-feature InferSendableFromCaptures -enable-bare-slash-regex -enable-experimental-feature DebugDescriptionMacro -sdk /Applications/Xcode-16.3.0.app/Contents/Developer/Platforms/WatchOS.platform/Developer/SDKs/WatchOS11.4.sdk -target arm64_32-apple-watchos2.0 -g -module-cache-path /Users/admin/builder/spi-builder-workspace/.derivedData/ModuleCache.noindex -Xfrontend -serialize-debugging-options -enable-testing -index-store-path /Users/admin/builder/spi-builder-workspace/.derivedData/Index.noindex/DataStore -swift-version 5 -I /Users/admin/builder/spi-builder-workspace/.derivedData/Build/Products/Debug-watchos -F /Users/admin/builder/spi-builder-workspace/.derivedData/Build/Products/Debug-watchos -F /Applications/Xcode-16.3.0.app/Contents/Developer/Platforms/WatchOS.platform/Developer/Library/Frameworks -parse-as-library -c -j10 -enable-batch-mode -incremental -Xcc -ivfsstatcache -Xcc /Users/admin/builder/spi-builder-workspace/.derivedData/SDKStatCaches.noindex/watchos11.4-22T246-43efb940ff07ba2497b70ec94253f576.sdkstatcache -output-file-map /Users/admin/builder/spi-builder-workspace/.derivedData/Build/Intermediates.noindex/Miles.build/Debug-watchos/Miles.build/Objects-normal/arm64_32/Miles-OutputFileMap.json -use-frontend-parseable-output -save-temps -no-color-diagnostics -serialize-diagnostics -emit-dependencies -emit-module -emit-module-path /Users/admin/builder/spi-builder-workspace/.derivedData/Build/Intermediates.noindex/Miles.build/Debug-watchos/Miles.build/Objects-normal/arm64_32/Miles.swiftmodule -validate-clang-modules-once -clang-build-session-file /Users/admin/builder/spi-builder-workspace/.derivedData/ModuleCache.noindex/Session.modulevalidation -Xcc -I/Users/admin/builder/spi-builder-workspace/.derivedData/Build/Intermediates.noindex/Miles.build/Debug-watchos/Miles.build/swift-overrides.hmap -emit-const-values -Xfrontend -const-gather-protocols-file -Xfrontend /Users/admin/builder/spi-builder-workspace/.derivedData/Build/Intermediates.noindex/Miles.build/Debug-watchos/Miles.build/Objects-normal/arm64_32/Miles_const_extract_protocols.json -Xcc -I/Users/admin/builder/spi-builder-workspace/.derivedData/Build/Products/Debug-watchos/include -Xcc -I/Users/admin/builder/spi-builder-workspace/.derivedData/Build/Intermediates.noindex/Miles.build/Debug-watchos/Miles.build/DerivedSources-normal/arm64_32 -Xcc -I/Users/admin/builder/spi-builder-workspace/.derivedData/Build/Intermediates.noindex/Miles.build/Debug-watchos/Miles.build/DerivedSources/arm64_32 -Xcc -I/Users/admin/builder/spi-builder-workspace/.derivedData/Build/Intermediates.noindex/Miles.build/Debug-watchos/Miles.build/DerivedSources -Xcc -DSWIFT_PACKAGE\=1 -Xcc -DDEBUG\=1 -emit-objc-header -emit-objc-header-path /Users/admin/builder/spi-builder-workspace/.derivedData/Build/Intermediates.noindex/Miles.build/Debug-watchos/Miles.build/Objects-normal/arm64_32/Miles-Swift.h -working-directory /Users/admin/builder/spi-builder-workspace -experimental-emit-module-separately -disable-cmo
SwiftMergeGeneratedHeaders /Users/admin/builder/spi-builder-workspace/.derivedData/Build/Products/Debug-watchos/Miles.framework/Headers/Miles-Swift.h /Users/admin/builder/spi-builder-workspace/.derivedData/Build/Intermediates.noindex/Miles.build/Debug-watchos/Miles.build/Objects-normal/arm64/Miles-Swift.h /Users/admin/builder/spi-builder-workspace/.derivedData/Build/Intermediates.noindex/Miles.build/Debug-watchos/Miles.build/Objects-normal/arm64_32/Miles-Swift.h /Users/admin/builder/spi-builder-workspace/.derivedData/Build/Intermediates.noindex/Miles.build/Debug-watchos/Miles.build/Objects-normal/armv7k/Miles-Swift.h (in target 'Miles' from project 'Miles')
    cd /Users/admin/builder/spi-builder-workspace
    builtin-swiftHeaderTool -arch arm64 /Users/admin/builder/spi-builder-workspace/.derivedData/Build/Intermediates.noindex/Miles.build/Debug-watchos/Miles.build/Objects-normal/arm64/Miles-Swift.h -arch arm64_32 /Users/admin/builder/spi-builder-workspace/.derivedData/Build/Intermediates.noindex/Miles.build/Debug-watchos/Miles.build/Objects-normal/arm64_32/Miles-Swift.h -arch armv7k /Users/admin/builder/spi-builder-workspace/.derivedData/Build/Intermediates.noindex/Miles.build/Debug-watchos/Miles.build/Objects-normal/armv7k/Miles-Swift.h -o /Users/admin/builder/spi-builder-workspace/.derivedData/Build/Products/Debug-watchos/Miles.framework/Headers/Miles-Swift.h
Copy /Users/admin/builder/spi-builder-workspace/.derivedData/Build/Products/Debug-watchos/Miles.framework/Modules/Miles.swiftmodule/arm64_32-apple-watchos.swiftdoc /Users/admin/builder/spi-builder-workspace/.derivedData/Build/Intermediates.noindex/Miles.build/Debug-watchos/Miles.build/Objects-normal/arm64_32/Miles.swiftdoc (in target 'Miles' from project 'Miles')
    cd /Users/admin/builder/spi-builder-workspace
    builtin-copy -exclude .DS_Store -exclude CVS -exclude .svn -exclude .git -exclude .hg -resolve-src-symlinks -rename /Users/admin/builder/spi-builder-workspace/.derivedData/Build/Intermediates.noindex/Miles.build/Debug-watchos/Miles.build/Objects-normal/arm64_32/Miles.swiftdoc /Users/admin/builder/spi-builder-workspace/.derivedData/Build/Products/Debug-watchos/Miles.framework/Modules/Miles.swiftmodule/arm64_32-apple-watchos.swiftdoc
Copy /Users/admin/builder/spi-builder-workspace/.derivedData/Build/Products/Debug-watchos/Miles.framework/Modules/Miles.swiftmodule/arm64_32-apple-watchos.swiftmodule /Users/admin/builder/spi-builder-workspace/.derivedData/Build/Intermediates.noindex/Miles.build/Debug-watchos/Miles.build/Objects-normal/arm64_32/Miles.swiftmodule (in target 'Miles' from project 'Miles')
    cd /Users/admin/builder/spi-builder-workspace
    builtin-copy -exclude .DS_Store -exclude CVS -exclude .svn -exclude .git -exclude .hg -resolve-src-symlinks -rename /Users/admin/builder/spi-builder-workspace/.derivedData/Build/Intermediates.noindex/Miles.build/Debug-watchos/Miles.build/Objects-normal/arm64_32/Miles.swiftmodule /Users/admin/builder/spi-builder-workspace/.derivedData/Build/Products/Debug-watchos/Miles.framework/Modules/Miles.swiftmodule/arm64_32-apple-watchos.swiftmodule
Copy /Users/admin/builder/spi-builder-workspace/.derivedData/Build/Products/Debug-watchos/Miles.framework/Modules/Miles.swiftmodule/arm64_32-apple-watchos.abi.json /Users/admin/builder/spi-builder-workspace/.derivedData/Build/Intermediates.noindex/Miles.build/Debug-watchos/Miles.build/Objects-normal/arm64_32/Miles.abi.json (in target 'Miles' from project 'Miles')
    cd /Users/admin/builder/spi-builder-workspace
    builtin-copy -exclude .DS_Store -exclude CVS -exclude .svn -exclude .git -exclude .hg -resolve-src-symlinks -rename /Users/admin/builder/spi-builder-workspace/.derivedData/Build/Intermediates.noindex/Miles.build/Debug-watchos/Miles.build/Objects-normal/arm64_32/Miles.abi.json /Users/admin/builder/spi-builder-workspace/.derivedData/Build/Products/Debug-watchos/Miles.framework/Modules/Miles.swiftmodule/arm64_32-apple-watchos.abi.json
Copy /Users/admin/builder/spi-builder-workspace/.derivedData/Build/Products/Debug-watchos/Miles.framework/Modules/Miles.swiftmodule/Project/arm64_32-apple-watchos.swiftsourceinfo /Users/admin/builder/spi-builder-workspace/.derivedData/Build/Intermediates.noindex/Miles.build/Debug-watchos/Miles.build/Objects-normal/arm64_32/Miles.swiftsourceinfo (in target 'Miles' from project 'Miles')
    cd /Users/admin/builder/spi-builder-workspace
    builtin-copy -exclude .DS_Store -exclude CVS -exclude .svn -exclude .git -exclude .hg -resolve-src-symlinks -rename /Users/admin/builder/spi-builder-workspace/.derivedData/Build/Intermediates.noindex/Miles.build/Debug-watchos/Miles.build/Objects-normal/arm64_32/Miles.swiftsourceinfo /Users/admin/builder/spi-builder-workspace/.derivedData/Build/Products/Debug-watchos/Miles.framework/Modules/Miles.swiftmodule/Project/arm64_32-apple-watchos.swiftsourceinfo
/Users/admin/builder/spi-builder-workspace/Miles.xcodeproj: warning: The watchOS deployment target 'WATCHOS_DEPLOYMENT_TARGET' is set to 2.0, but the range of supported deployment target versions is 4.0 to 11.4.99. (in target 'Miles' from project 'Miles')
** BUILD FAILED **
The following build commands failed:
	SwiftCompile normal arm64 /Users/admin/builder/spi-builder-workspace/Sources/Miles/Miles.swift (in target 'Miles' from project 'Miles')
	SwiftCompile normal armv7k /Users/admin/builder/spi-builder-workspace/Sources/Miles/Miles.swift (in target 'Miles' from project 'Miles')
	SwiftCompile normal arm64_32 Compiling\ Miles.swift /Users/admin/builder/spi-builder-workspace/Sources/Miles/Miles.swift (in target 'Miles' from project 'Miles')
	SwiftCompile normal arm64_32 /Users/admin/builder/spi-builder-workspace/Sources/Miles/Miles.swift (in target 'Miles' from project 'Miles')
	Building project Miles with scheme Miles-Package
(5 failures)
Command line invocation:
    /Applications/Xcode-16.3.0.app/Contents/Developer/usr/bin/xcodebuild -IDEClonedSourcePackagesDirPathOverride=/Users/admin/builder/spi-builder-workspace/.dependencies -resolvePackageDependencies
resolved source packages:
{
  "dependencies" : [
  ],
  "manifest_display_name" : "Miles",
  "name" : "Miles",
  "path" : "/Users/admin/builder/spi-builder-workspace",
  "platforms" : [
    {
      "name" : "macos",
      "version" : "10.13"
    },
    {
      "name" : "ios",
      "version" : "11.0"
    },
    {
      "name" : "tvos",
      "version" : "11.0"
    }
  ],
  "products" : [
    {
      "name" : "Miles",
      "targets" : [
        "Miles"
      ],
      "type" : {
        "library" : [
          "automatic"
        ]
      }
    }
  ],
  "targets" : [
    {
      "c99name" : "MilesTests",
      "module_type" : "SwiftTarget",
      "name" : "MilesTests",
      "path" : "Sources/MilesTests",
      "sources" : [
        "MilesTests.swift"
      ],
      "target_dependencies" : [
        "Miles"
      ],
      "type" : "test"
    },
    {
      "c99name" : "Miles",
      "module_type" : "SwiftTarget",
      "name" : "Miles",
      "path" : "Sources/Miles",
      "product_memberships" : [
        "Miles"
      ],
      "sources" : [
        "Miles.swift"
      ],
      "type" : "library"
    }
  ],
  "tools_version" : "5.1"
}
{
  "project" : {
    "configurations" : [
      "Debug",
      "Release"
    ],
    "name" : "Miles",
    "schemes" : [
      "Miles-iOS",
      "Miles-macOS",
      "Miles-Package",
      "Miles-tvOS"
    ],
    "targets" : [
      "Miles",
      "MilesPackageDescription",
      "MilesPackageTests",
      "MilesTests"
    ]
  }
}
Running build ...
env DEVELOPER_DIR=/Applications/Xcode-16.3.0.app xcrun xcodebuild -IDEClonedSourcePackagesDirPathOverride=$PWD/.dependencies -skipMacroValidation -skipPackagePluginValidation -derivedDataPath $PWD/.derivedData build -scheme Miles-Package -destination generic/platform=watchOS
Command line invocation:
    /Applications/Xcode-16.3.0.app/Contents/Developer/usr/bin/xcodebuild -IDEClonedSourcePackagesDirPathOverride=/Users/admin/builder/spi-builder-workspace/.dependencies -skipMacroValidation -skipPackagePluginValidation -derivedDataPath /Users/admin/builder/spi-builder-workspace/.derivedData build -scheme Miles-Package -destination generic/platform=watchOS
ComputePackagePrebuildTargetDependencyGraph
Prepare packages
CreateBuildRequest
SendProjectDescription
CreateBuildOperation
ComputeTargetDependencyGraph
note: Building targets in dependency order
note: Target dependency graph (1 target)
    Target 'Miles' in project 'Miles' (no dependencies)
GatherProvisioningInputs
CreateBuildDescription
ExecuteExternalTool /Applications/Xcode-16.3.0.app/Contents/Developer/Toolchains/XcodeDefault.xctoolchain/usr/bin/clang -v -E -dM -isysroot /Applications/Xcode-16.3.0.app/Contents/Developer/Platforms/WatchOS.platform/Developer/SDKs/WatchOS11.4.sdk -x c -c /dev/null
ExecuteExternalTool /Applications/Xcode-16.3.0.app/Contents/Developer/Toolchains/XcodeDefault.xctoolchain/usr/bin/swiftc --version
ExecuteExternalTool /Applications/Xcode-16.3.0.app/Contents/Developer/Toolchains/XcodeDefault.xctoolchain/usr/bin/ld -version_details
Build description signature: 8c2ca36a319ac15ae39c5262d66ad805
Build description path: /Users/admin/builder/spi-builder-workspace/.derivedData/Build/Intermediates.noindex/XCBuildData/8c2ca36a319ac15ae39c5262d66ad805.xcbuilddata
ClangStatCache /Applications/Xcode-16.3.0.app/Contents/Developer/Toolchains/XcodeDefault.xctoolchain/usr/bin/clang-stat-cache /Applications/Xcode-16.3.0.app/Contents/Developer/Platforms/WatchOS.platform/Developer/SDKs/WatchOS11.4.sdk /Users/admin/builder/spi-builder-workspace/.derivedData/SDKStatCaches.noindex/watchos11.4-22T246-43efb940ff07ba2497b70ec94253f576.sdkstatcache
    cd /Users/admin/builder/spi-builder-workspace/Miles.xcodeproj
    /Applications/Xcode-16.3.0.app/Contents/Developer/Toolchains/XcodeDefault.xctoolchain/usr/bin/clang-stat-cache /Applications/Xcode-16.3.0.app/Contents/Developer/Platforms/WatchOS.platform/Developer/SDKs/WatchOS11.4.sdk -o /Users/admin/builder/spi-builder-workspace/.derivedData/SDKStatCaches.noindex/watchos11.4-22T246-43efb940ff07ba2497b70ec94253f576.sdkstatcache
ProcessInfoPlistFile /Users/admin/builder/spi-builder-workspace/.derivedData/Build/Products/Debug-watchos/Miles.framework/Info.plist /Users/admin/builder/spi-builder-workspace/Miles.xcodeproj/Miles_Info.plist (in target 'Miles' from project 'Miles')
    cd /Users/admin/builder/spi-builder-workspace
    builtin-infoPlistUtility /Users/admin/builder/spi-builder-workspace/Miles.xcodeproj/Miles_Info.plist -producttype com.apple.product-type.framework -expandbuildsettings -format binary -platform watchos -o /Users/admin/builder/spi-builder-workspace/.derivedData/Build/Products/Debug-watchos/Miles.framework/Info.plist
SwiftDriver Miles normal armv7k com.apple.xcode.tools.swift.compiler (in target 'Miles' from project 'Miles')
    cd /Users/admin/builder/spi-builder-workspace
    builtin-SwiftDriver -- /Applications/Xcode-16.3.0.app/Contents/Developer/Toolchains/XcodeDefault.xctoolchain/usr/bin/swiftc -module-name Miles -Onone -enforce-exclusivity\=checked @/Users/admin/builder/spi-builder-workspace/.derivedData/Build/Intermediates.noindex/Miles.build/Debug-watchos/Miles.build/Objects-normal/armv7k/Miles.SwiftFileList -DSWIFT_PACKAGE -DDEBUG -DXcode -enable-bare-slash-regex -enable-experimental-feature DebugDescriptionMacro -sdk /Applications/Xcode-16.3.0.app/Contents/Developer/Platforms/WatchOS.platform/Developer/SDKs/WatchOS11.4.sdk -target armv7k-apple-watchos2.0 -g -module-cache-path /Users/admin/builder/spi-builder-workspace/.derivedData/ModuleCache.noindex -Xfrontend -serialize-debugging-options -enable-testing -index-store-path /Users/admin/builder/spi-builder-workspace/.derivedData/Index.noindex/DataStore -swift-version 5 -I /Users/admin/builder/spi-builder-workspace/.derivedData/Build/Products/Debug-watchos -F /Users/admin/builder/spi-builder-workspace/.derivedData/Build/Products/Debug-watchos -F /Applications/Xcode-16.3.0.app/Contents/Developer/Platforms/WatchOS.platform/Developer/Library/Frameworks -parse-as-library -c -j10 -enable-batch-mode -incremental -Xcc -ivfsstatcache -Xcc /Users/admin/builder/spi-builder-workspace/.derivedData/SDKStatCaches.noindex/watchos11.4-22T246-43efb940ff07ba2497b70ec94253f576.sdkstatcache -output-file-map /Users/admin/builder/spi-builder-workspace/.derivedData/Build/Intermediates.noindex/Miles.build/Debug-watchos/Miles.build/Objects-normal/armv7k/Miles-OutputFileMap.json -use-frontend-parseable-output -save-temps -no-color-diagnostics -serialize-diagnostics -emit-dependencies -emit-module -emit-module-path /Users/admin/builder/spi-builder-workspace/.derivedData/Build/Intermediates.noindex/Miles.build/Debug-watchos/Miles.build/Objects-normal/armv7k/Miles.swiftmodule -validate-clang-modules-once -clang-build-session-file /Users/admin/builder/spi-builder-workspace/.derivedData/ModuleCache.noindex/Session.modulevalidation -Xcc -I/Users/admin/builder/spi-builder-workspace/.derivedData/Build/Intermediates.noindex/Miles.build/Debug-watchos/Miles.build/swift-overrides.hmap -emit-const-values -Xfrontend -const-gather-protocols-file -Xfrontend /Users/admin/builder/spi-builder-workspace/.derivedData/Build/Intermediates.noindex/Miles.build/Debug-watchos/Miles.build/Objects-normal/armv7k/Miles_const_extract_protocols.json -Xcc -I/Users/admin/builder/spi-builder-workspace/.derivedData/Build/Products/Debug-watchos/include -Xcc -I/Users/admin/builder/spi-builder-workspace/.derivedData/Build/Intermediates.noindex/Miles.build/Debug-watchos/Miles.build/DerivedSources-normal/armv7k -Xcc -I/Users/admin/builder/spi-builder-workspace/.derivedData/Build/Intermediates.noindex/Miles.build/Debug-watchos/Miles.build/DerivedSources/armv7k -Xcc -I/Users/admin/builder/spi-builder-workspace/.derivedData/Build/Intermediates.noindex/Miles.build/Debug-watchos/Miles.build/DerivedSources -Xcc -DSWIFT_PACKAGE\=1 -Xcc -DDEBUG\=1 -emit-objc-header -emit-objc-header-path /Users/admin/builder/spi-builder-workspace/.derivedData/Build/Intermediates.noindex/Miles.build/Debug-watchos/Miles.build/Objects-normal/armv7k/Miles-Swift.h -working-directory /Users/admin/builder/spi-builder-workspace -experimental-emit-module-separately -disable-cmo
SwiftDriver Miles normal arm64 com.apple.xcode.tools.swift.compiler (in target 'Miles' from project 'Miles')
    cd /Users/admin/builder/spi-builder-workspace
    builtin-SwiftDriver -- /Applications/Xcode-16.3.0.app/Contents/Developer/Toolchains/XcodeDefault.xctoolchain/usr/bin/swiftc -module-name Miles -Onone -enforce-exclusivity\=checked @/Users/admin/builder/spi-builder-workspace/.derivedData/Build/Intermediates.noindex/Miles.build/Debug-watchos/Miles.build/Objects-normal/arm64/Miles.SwiftFileList -DSWIFT_PACKAGE -DDEBUG -DXcode -enable-bare-slash-regex -enable-experimental-feature DebugDescriptionMacro -sdk /Applications/Xcode-16.3.0.app/Contents/Developer/Platforms/WatchOS.platform/Developer/SDKs/WatchOS11.4.sdk -target arm64-apple-watchos2.0 -g -module-cache-path /Users/admin/builder/spi-builder-workspace/.derivedData/ModuleCache.noindex -Xfrontend -serialize-debugging-options -enable-testing -index-store-path /Users/admin/builder/spi-builder-workspace/.derivedData/Index.noindex/DataStore -swift-version 5 -I /Users/admin/builder/spi-builder-workspace/.derivedData/Build/Products/Debug-watchos -F /Users/admin/builder/spi-builder-workspace/.derivedData/Build/Products/Debug-watchos -F /Applications/Xcode-16.3.0.app/Contents/Developer/Platforms/WatchOS.platform/Developer/Library/Frameworks -parse-as-library -c -j10 -enable-batch-mode -incremental -Xcc -ivfsstatcache -Xcc /Users/admin/builder/spi-builder-workspace/.derivedData/SDKStatCaches.noindex/watchos11.4-22T246-43efb940ff07ba2497b70ec94253f576.sdkstatcache -output-file-map /Users/admin/builder/spi-builder-workspace/.derivedData/Build/Intermediates.noindex/Miles.build/Debug-watchos/Miles.build/Objects-normal/arm64/Miles-OutputFileMap.json -use-frontend-parseable-output -save-temps -no-color-diagnostics -serialize-diagnostics -emit-dependencies -emit-module -emit-module-path /Users/admin/builder/spi-builder-workspace/.derivedData/Build/Intermediates.noindex/Miles.build/Debug-watchos/Miles.build/Objects-normal/arm64/Miles.swiftmodule -validate-clang-modules-once -clang-build-session-file /Users/admin/builder/spi-builder-workspace/.derivedData/ModuleCache.noindex/Session.modulevalidation -Xcc -I/Users/admin/builder/spi-builder-workspace/.derivedData/Build/Intermediates.noindex/Miles.build/Debug-watchos/Miles.build/swift-overrides.hmap -emit-const-values -Xfrontend -const-gather-protocols-file -Xfrontend /Users/admin/builder/spi-builder-workspace/.derivedData/Build/Intermediates.noindex/Miles.build/Debug-watchos/Miles.build/Objects-normal/arm64/Miles_const_extract_protocols.json -Xcc -I/Users/admin/builder/spi-builder-workspace/.derivedData/Build/Products/Debug-watchos/include -Xcc -I/Users/admin/builder/spi-builder-workspace/.derivedData/Build/Intermediates.noindex/Miles.build/Debug-watchos/Miles.build/DerivedSources-normal/arm64 -Xcc -I/Users/admin/builder/spi-builder-workspace/.derivedData/Build/Intermediates.noindex/Miles.build/Debug-watchos/Miles.build/DerivedSources/arm64 -Xcc -I/Users/admin/builder/spi-builder-workspace/.derivedData/Build/Intermediates.noindex/Miles.build/Debug-watchos/Miles.build/DerivedSources -Xcc -DSWIFT_PACKAGE\=1 -Xcc -DDEBUG\=1 -emit-objc-header -emit-objc-header-path /Users/admin/builder/spi-builder-workspace/.derivedData/Build/Intermediates.noindex/Miles.build/Debug-watchos/Miles.build/Objects-normal/arm64/Miles-Swift.h -working-directory /Users/admin/builder/spi-builder-workspace -experimental-emit-module-separately -disable-cmo
SwiftDriver Miles normal arm64_32 com.apple.xcode.tools.swift.compiler (in target 'Miles' from project 'Miles')
    cd /Users/admin/builder/spi-builder-workspace
    builtin-SwiftDriver -- /Applications/Xcode-16.3.0.app/Contents/Developer/Toolchains/XcodeDefault.xctoolchain/usr/bin/swiftc -module-name Miles -Onone -enforce-exclusivity\=checked @/Users/admin/builder/spi-builder-workspace/.derivedData/Build/Intermediates.noindex/Miles.build/Debug-watchos/Miles.build/Objects-normal/arm64_32/Miles.SwiftFileList -DSWIFT_PACKAGE -DDEBUG -DXcode -enable-bare-slash-regex -enable-experimental-feature DebugDescriptionMacro -sdk /Applications/Xcode-16.3.0.app/Contents/Developer/Platforms/WatchOS.platform/Developer/SDKs/WatchOS11.4.sdk -target arm64_32-apple-watchos2.0 -g -module-cache-path /Users/admin/builder/spi-builder-workspace/.derivedData/ModuleCache.noindex -Xfrontend -serialize-debugging-options -enable-testing -index-store-path /Users/admin/builder/spi-builder-workspace/.derivedData/Index.noindex/DataStore -swift-version 5 -I /Users/admin/builder/spi-builder-workspace/.derivedData/Build/Products/Debug-watchos -F /Users/admin/builder/spi-builder-workspace/.derivedData/Build/Products/Debug-watchos -F /Applications/Xcode-16.3.0.app/Contents/Developer/Platforms/WatchOS.platform/Developer/Library/Frameworks -parse-as-library -c -j10 -enable-batch-mode -incremental -Xcc -ivfsstatcache -Xcc /Users/admin/builder/spi-builder-workspace/.derivedData/SDKStatCaches.noindex/watchos11.4-22T246-43efb940ff07ba2497b70ec94253f576.sdkstatcache -output-file-map /Users/admin/builder/spi-builder-workspace/.derivedData/Build/Intermediates.noindex/Miles.build/Debug-watchos/Miles.build/Objects-normal/arm64_32/Miles-OutputFileMap.json -use-frontend-parseable-output -save-temps -no-color-diagnostics -serialize-diagnostics -emit-dependencies -emit-module -emit-module-path /Users/admin/builder/spi-builder-workspace/.derivedData/Build/Intermediates.noindex/Miles.build/Debug-watchos/Miles.build/Objects-normal/arm64_32/Miles.swiftmodule -validate-clang-modules-once -clang-build-session-file /Users/admin/builder/spi-builder-workspace/.derivedData/ModuleCache.noindex/Session.modulevalidation -Xcc -I/Users/admin/builder/spi-builder-workspace/.derivedData/Build/Intermediates.noindex/Miles.build/Debug-watchos/Miles.build/swift-overrides.hmap -emit-const-values -Xfrontend -const-gather-protocols-file -Xfrontend /Users/admin/builder/spi-builder-workspace/.derivedData/Build/Intermediates.noindex/Miles.build/Debug-watchos/Miles.build/Objects-normal/arm64_32/Miles_const_extract_protocols.json -Xcc -I/Users/admin/builder/spi-builder-workspace/.derivedData/Build/Products/Debug-watchos/include -Xcc -I/Users/admin/builder/spi-builder-workspace/.derivedData/Build/Intermediates.noindex/Miles.build/Debug-watchos/Miles.build/DerivedSources-normal/arm64_32 -Xcc -I/Users/admin/builder/spi-builder-workspace/.derivedData/Build/Intermediates.noindex/Miles.build/Debug-watchos/Miles.build/DerivedSources/arm64_32 -Xcc -I/Users/admin/builder/spi-builder-workspace/.derivedData/Build/Intermediates.noindex/Miles.build/Debug-watchos/Miles.build/DerivedSources -Xcc -DSWIFT_PACKAGE\=1 -Xcc -DDEBUG\=1 -emit-objc-header -emit-objc-header-path /Users/admin/builder/spi-builder-workspace/.derivedData/Build/Intermediates.noindex/Miles.build/Debug-watchos/Miles.build/Objects-normal/arm64_32/Miles-Swift.h -working-directory /Users/admin/builder/spi-builder-workspace -experimental-emit-module-separately -disable-cmo
SwiftEmitModule normal armv7k Emitting\ module\ for\ Miles (in target 'Miles' from project 'Miles')
SwiftCompile normal armv7k /Users/admin/builder/spi-builder-workspace/Sources/Miles/Miles.swift (in target 'Miles' from project 'Miles')
    cd /Users/admin/builder/spi-builder-workspace

SwiftEmitModule normal arm64 Emitting\ module\ for\ Miles (in target 'Miles' from project 'Miles')
SwiftCompile normal arm64 /Users/admin/builder/spi-builder-workspace/Sources/Miles/Miles.swift (in target 'Miles' from project 'Miles')
    cd /Users/admin/builder/spi-builder-workspace

SwiftEmitModule normal arm64_32 Emitting\ module\ for\ Miles (in target 'Miles' from project 'Miles')
SwiftCompile normal arm64_32 /Users/admin/builder/spi-builder-workspace/Sources/Miles/Miles.swift (in target 'Miles' from project 'Miles')
    cd /Users/admin/builder/spi-builder-workspace

SwiftCompile normal armv7k Compiling\ Miles.swift /Users/admin/builder/spi-builder-workspace/Sources/Miles/Miles.swift (in target 'Miles' from project 'Miles')
SwiftCompile normal armv7k /Users/admin/builder/spi-builder-workspace/Sources/Miles/Miles.swift (in target 'Miles' from project 'Miles')
    cd /Users/admin/builder/spi-builder-workspace

/Users/admin/builder/spi-builder-workspace/Sources/Miles/Miles.swift:15:9: error: cannot find 'XCTAssertEqual' in scope
        XCTAssertEqual(self, other, message, file: file, line: line)
        ^~~~~~~~~~~~~~
/Applications/Xcode-16.3.0.app/Contents/Developer/Platforms/WatchOS.platform/Developer/Library/Frameworks/XCTest.framework/Headers/XCTestAssertions.h:120:9: note: macro 'XCTAssertEqual' unavailable: function like macros not supported
#define XCTAssertEqual(expression1, expression2, ...) \
        ^
/Users/admin/builder/spi-builder-workspace/Sources/Miles/Miles.swift:20:13: error: cannot find 'XCTFail' in scope
            XCTFail("Expected other to be Non nil")
            ^~~~~~~
/Applications/Xcode-16.3.0.app/Contents/Developer/Platforms/WatchOS.platform/Developer/Library/Frameworks/XCTest.framework/Headers/XCTestAssertions.h:45:9: note: macro 'XCTFail' unavailable: function like macros not supported
#define XCTFail(...) \
        ^
/Users/admin/builder/spi-builder-workspace/Sources/Miles/Miles.swift:30:9: error: cannot find 'XCTAssertGreaterThan' in scope
        XCTAssertGreaterThan(self, other, message, file: file, line: line)
        ^~~~~~~~~~~~~~~~~~~~
/Applications/Xcode-16.3.0.app/Contents/Developer/Platforms/WatchOS.platform/Developer/Library/Frameworks/XCTest.framework/Headers/XCTestAssertions.h:182:9: note: macro 'XCTAssertGreaterThan' unavailable: function like macros not supported
#define XCTAssertGreaterThan(expression1, expression2, ...) \
        ^
/Users/admin/builder/spi-builder-workspace/Sources/Miles/Miles.swift:35:9: error: cannot find 'XCTAssertGreaterThanOrEqual' in scope
        XCTAssertGreaterThanOrEqual(self, other, message, file: file, line: line)
        ^~~~~~~~~~~~~~~~~~~~~~~~~~~
/Applications/Xcode-16.3.0.app/Contents/Developer/Platforms/WatchOS.platform/Developer/Library/Frameworks/XCTest.framework/Headers/XCTestAssertions.h:192:9: note: macro 'XCTAssertGreaterThanOrEqual' unavailable: function like macros not supported
#define XCTAssertGreaterThanOrEqual(expression1, expression2, ...) \
        ^
/Users/admin/builder/spi-builder-workspace/Sources/Miles/Miles.swift:40:9: error: cannot find 'XCTAssertLessThan' in scope
        XCTAssertLessThan(self, other, message, file: file, line: line)
        ^~~~~~~~~~~~~~~~~
/Applications/Xcode-16.3.0.app/Contents/Developer/Platforms/WatchOS.platform/Developer/Library/Frameworks/XCTest.framework/Headers/XCTestAssertions.h:202:9: note: macro 'XCTAssertLessThan' unavailable: function like macros not supported
#define XCTAssertLessThan(expression1, expression2, ...) \
        ^
/Users/admin/builder/spi-builder-workspace/Sources/Miles/Miles.swift:45:9: error: cannot find 'XCTAssertLessThanOrEqual' in scope
        XCTAssertLessThanOrEqual(self, other, message, file: file, line: line)
        ^~~~~~~~~~~~~~~~~~~~~~~~
/Applications/Xcode-16.3.0.app/Contents/Developer/Platforms/WatchOS.platform/Developer/Library/Frameworks/XCTest.framework/Headers/XCTestAssertions.h:212:9: note: macro 'XCTAssertLessThanOrEqual' unavailable: function like macros not supported
#define XCTAssertLessThanOrEqual(expression1, expression2, ...) \
        ^
/Users/admin/builder/spi-builder-workspace/Sources/Miles/Miles.swift:52:9: error: cannot find 'XCTAssertEqual' in scope
        XCTAssertEqual(self, other, accuracy: accuracy, message, file: file, line: line)
        ^~~~~~~~~~~~~~
/Applications/Xcode-16.3.0.app/Contents/Developer/Platforms/WatchOS.platform/Developer/Library/Frameworks/XCTest.framework/Headers/XCTestAssertions.h:120:9: note: macro 'XCTAssertEqual' unavailable: function like macros not supported
#define XCTAssertEqual(expression1, expression2, ...) \
        ^
/Users/admin/builder/spi-builder-workspace/Sources/Miles/Miles.swift:59:9: error: cannot find 'XCTAssertTrue' in scope
        XCTAssertTrue(self.range(of: string) != nil, message, file: file, line: line)
        ^~~~~~~~~~~~~
/Applications/Xcode-16.3.0.app/Contents/Developer/Platforms/WatchOS.platform/Developer/Library/Frameworks/XCTest.framework/Headers/XCTestAssertions.h:81:9: note: macro 'XCTAssertTrue' unavailable: function like macros not supported
#define XCTAssertTrue(expression, ...) \
        ^
/Users/admin/builder/spi-builder-workspace/Sources/Miles/Miles.swift:64:9: error: cannot find 'XCTAssertTrue' in scope
        XCTAssertTrue(self.range(of: string) == nil, message, file: file, line: line)
        ^~~~~~~~~~~~~
/Applications/Xcode-16.3.0.app/Contents/Developer/Platforms/WatchOS.platform/Developer/Library/Frameworks/XCTest.framework/Headers/XCTestAssertions.h:81:9: note: macro 'XCTAssertTrue' unavailable: function like macros not supported
#define XCTAssertTrue(expression, ...) \
        ^
/Users/admin/builder/spi-builder-workspace/Sources/Miles/Miles.swift:69:9: error: cannot find 'XCTAssertTrue' in scope
        XCTAssertTrue(self.hasPrefix(string), message, file: file, line: line)
        ^~~~~~~~~~~~~
/Applications/Xcode-16.3.0.app/Contents/Developer/Platforms/WatchOS.platform/Developer/Library/Frameworks/XCTest.framework/Headers/XCTestAssertions.h:81:9: note: macro 'XCTAssertTrue' unavailable: function like macros not supported
#define XCTAssertTrue(expression, ...) \
        ^
/Users/admin/builder/spi-builder-workspace/Sources/Miles/Miles.swift:74:9: error: cannot find 'XCTAssertTrue' in scope
        XCTAssertTrue(self.hasSuffix(string), message, file: file, line: line)
        ^~~~~~~~~~~~~
/Applications/Xcode-16.3.0.app/Contents/Developer/Platforms/WatchOS.platform/Developer/Library/Frameworks/XCTest.framework/Headers/XCTestAssertions.h:81:9: note: macro 'XCTAssertTrue' unavailable: function like macros not supported
#define XCTAssertTrue(expression, ...) \
        ^
/Users/admin/builder/spi-builder-workspace/Sources/Miles/Miles.swift:81:9: error: cannot find 'XCTAssertTrue' in scope
        XCTAssertTrue(self, message, file: file, line: line)
        ^~~~~~~~~~~~~
/Applications/Xcode-16.3.0.app/Contents/Developer/Platforms/WatchOS.platform/Developer/Library/Frameworks/XCTest.framework/Headers/XCTestAssertions.h:81:9: note: macro 'XCTAssertTrue' unavailable: function like macros not supported
#define XCTAssertTrue(expression, ...) \
        ^
/Users/admin/builder/spi-builder-workspace/Sources/Miles/Miles.swift:86:9: error: cannot find 'XCTAssertFalse' in scope
        XCTAssertFalse(self, message, file: file, line: line)
        ^~~~~~~~~~~~~~
/Applications/Xcode-16.3.0.app/Contents/Developer/Platforms/WatchOS.platform/Developer/Library/Frameworks/XCTest.framework/Headers/XCTestAssertions.h:90:9: note: macro 'XCTAssertFalse' unavailable: function like macros not supported
#define XCTAssertFalse(expression, ...) \
        ^
/Users/admin/builder/spi-builder-workspace/Sources/Miles/Miles.swift:93:9: error: cannot find 'XCTAssertEqual' in scope
        XCTAssertEqual(self, object, message, file: file, line: line)
        ^~~~~~~~~~~~~~
/Applications/Xcode-16.3.0.app/Contents/Developer/Platforms/WatchOS.platform/Developer/Library/Frameworks/XCTest.framework/Headers/XCTestAssertions.h:120:9: note: macro 'XCTAssertEqual' unavailable: function like macros not supported
#define XCTAssertEqual(expression1, expression2, ...) \
        ^
/Users/admin/builder/spi-builder-workspace/Sources/Miles/Miles.swift:98:9: error: cannot find 'XCTAssertNotEqual' in scope
        XCTAssertNotEqual(self, object, message, file: file, line: line)
        ^~~~~~~~~~~~~~~~~
/Applications/Xcode-16.3.0.app/Contents/Developer/Platforms/WatchOS.platform/Developer/Library/Frameworks/XCTest.framework/Headers/XCTestAssertions.h:130:9: note: macro 'XCTAssertNotEqual' unavailable: function like macros not supported
#define XCTAssertNotEqual(expression1, expression2, ...) \
        ^
/Users/admin/builder/spi-builder-workspace/Sources/Miles/Miles.swift:103:9: error: cannot find 'XCTAssertTrue' in scope
        XCTAssertTrue(self === object, message, file: file, line: line)
        ^~~~~~~~~~~~~
/Applications/Xcode-16.3.0.app/Contents/Developer/Platforms/WatchOS.platform/Developer/Library/Frameworks/XCTest.framework/Headers/XCTestAssertions.h:81:9: note: macro 'XCTAssertTrue' unavailable: function like macros not supported
#define XCTAssertTrue(expression, ...) \
        ^
/Users/admin/builder/spi-builder-workspace/Sources/Miles/Miles.swift:109:9: error: cannot find 'XCTAssertTrue' in scope
        XCTAssertTrue(self.isMember(of: aClass), message, file: file, line: line)
        ^~~~~~~~~~~~~
/Applications/Xcode-16.3.0.app/Contents/Developer/Platforms/WatchOS.platform/Developer/Library/Frameworks/XCTest.framework/Headers/XCTestAssertions.h:81:9: note: macro 'XCTAssertTrue' unavailable: function like macros not supported
#define XCTAssertTrue(expression, ...) \
        ^
/Users/admin/builder/spi-builder-workspace/Sources/Miles/Miles.swift:114:9: error: cannot find 'XCTAssertTrue' in scope
        XCTAssertTrue(self.isKind(of: aClass), message, file: file, line: line)
        ^~~~~~~~~~~~~
/Applications/Xcode-16.3.0.app/Contents/Developer/Platforms/WatchOS.platform/Developer/Library/Frameworks/XCTest.framework/Headers/XCTestAssertions.h:81:9: note: macro 'XCTAssertTrue' unavailable: function like macros not supported
#define XCTAssertTrue(expression, ...) \
        ^
/Users/admin/builder/spi-builder-workspace/Sources/Miles/Miles.swift:123:9: error: cannot find 'XCTAssertTrue' in scope
        XCTAssertTrue(contains, message, file: file, line: line)
        ^~~~~~~~~~~~~
/Applications/Xcode-16.3.0.app/Contents/Developer/Platforms/WatchOS.platform/Developer/Library/Frameworks/XCTest.framework/Headers/XCTestAssertions.h:81:9: note: macro 'XCTAssertTrue' unavailable: function like macros not supported
#define XCTAssertTrue(expression, ...) \
        ^
/Users/admin/builder/spi-builder-workspace/Sources/Miles/Miles.swift:129:9: error: cannot find 'XCTAssertFalse' in scope
        XCTAssertFalse(contains, message, file: file, line: line)
        ^~~~~~~~~~~~~~
/Applications/Xcode-16.3.0.app/Contents/Developer/Platforms/WatchOS.platform/Developer/Library/Frameworks/XCTest.framework/Headers/XCTestAssertions.h:90:9: note: macro 'XCTAssertFalse' unavailable: function like macros not supported
#define XCTAssertFalse(expression, ...) \
        ^
/Users/admin/builder/spi-builder-workspace/Sources/Miles/Miles.swift:136:9: error: cannot find 'XCTAssertTrue' in scope
        XCTAssertTrue(isEmpty, message, file: file, line: line)
        ^~~~~~~~~~~~~
/Applications/Xcode-16.3.0.app/Contents/Developer/Platforms/WatchOS.platform/Developer/Library/Frameworks/XCTest.framework/Headers/XCTestAssertions.h:81:9: note: macro 'XCTAssertTrue' unavailable: function like macros not supported
#define XCTAssertTrue(expression, ...) \
        ^
/Users/admin/builder/spi-builder-workspace/Sources/Miles/Miles.swift:146:9: error: cannot find 'XCTAssertTrue' in scope
        XCTAssertTrue(contains, message, file: file, line: line)
        ^~~~~~~~~~~~~
/Applications/Xcode-16.3.0.app/Contents/Developer/Platforms/WatchOS.platform/Developer/Library/Frameworks/XCTest.framework/Headers/XCTestAssertions.h:81:9: note: macro 'XCTAssertTrue' unavailable: function like macros not supported
#define XCTAssertTrue(expression, ...) \
        ^
/Users/admin/builder/spi-builder-workspace/Sources/Miles/Miles.swift:154:9: error: cannot find 'XCTAssertFalse' in scope
        XCTAssertFalse(contains, message, file: file, line: line)
        ^~~~~~~~~~~~~~
/Applications/Xcode-16.3.0.app/Contents/Developer/Platforms/WatchOS.platform/Developer/Library/Frameworks/XCTest.framework/Headers/XCTestAssertions.h:90:9: note: macro 'XCTAssertFalse' unavailable: function like macros not supported
#define XCTAssertFalse(expression, ...) \
        ^
/Users/admin/builder/spi-builder-workspace/Sources/Miles/Miles.swift:163:13: error: cannot find 'XCTAssertTrue' in scope
            XCTAssertTrue(false, message, file: file, line: line)
            ^~~~~~~~~~~~~
/Applications/Xcode-16.3.0.app/Contents/Developer/Platforms/WatchOS.platform/Developer/Library/Frameworks/XCTest.framework/Headers/XCTestAssertions.h:81:9: note: macro 'XCTAssertTrue' unavailable: function like macros not supported
#define XCTAssertTrue(expression, ...) \
        ^
/Users/admin/builder/spi-builder-workspace/Sources/Miles/Miles.swift:165:13: error: cannot find 'XCTAssertTrue' in scope
            XCTAssertTrue(true, message, file: file, line: line)
            ^~~~~~~~~~~~~
/Applications/Xcode-16.3.0.app/Contents/Developer/Platforms/WatchOS.platform/Developer/Library/Frameworks/XCTest.framework/Headers/XCTestAssertions.h:81:9: note: macro 'XCTAssertTrue' unavailable: function like macros not supported
#define XCTAssertTrue(expression, ...) \
        ^
/Users/admin/builder/spi-builder-workspace/Sources/Miles/Miles.swift:173:13: error: cannot find 'XCTAssertTrue' in scope
            XCTAssertTrue(true, message, file: file, line: line)
            ^~~~~~~~~~~~~
/Applications/Xcode-16.3.0.app/Contents/Developer/Platforms/WatchOS.platform/Developer/Library/Frameworks/XCTest.framework/Headers/XCTestAssertions.h:81:9: note: macro 'XCTAssertTrue' unavailable: function like macros not supported
#define XCTAssertTrue(expression, ...) \
        ^
/Users/admin/builder/spi-builder-workspace/Sources/Miles/Miles.swift:175:13: error: cannot find 'XCTAssertTrue' in scope
            XCTAssertTrue(false, message, file: file, line: line)
            ^~~~~~~~~~~~~
/Applications/Xcode-16.3.0.app/Contents/Developer/Platforms/WatchOS.platform/Developer/Library/Frameworks/XCTest.framework/Headers/XCTestAssertions.h:81:9: note: macro 'XCTAssertTrue' unavailable: function like macros not supported
#define XCTAssertTrue(expression, ...) \
        ^
/Users/admin/builder/spi-builder-workspace/Sources/Miles/Miles.swift:185:13: error: cannot find 'XCTAssertEqual' in scope
            XCTAssertEqual(self, other, message, file: file, line: line)
            ^~~~~~~~~~~~~~
/Applications/Xcode-16.3.0.app/Contents/Developer/Platforms/WatchOS.platform/Developer/Library/Frameworks/XCTest.framework/Headers/XCTestAssertions.h:120:9: note: macro 'XCTAssertEqual' unavailable: function like macros not supported
#define XCTAssertEqual(expression1, expression2, ...) \
        ^
/Users/admin/builder/spi-builder-workspace/Sources/Miles/Miles.swift:187:13: error: cannot find 'XCTFail' in scope
            XCTFail("Exepcted \(String(describing: self)) to equal \(String(describing: other))", file: file, line: line)
            ^~~~~~~
/Applications/Xcode-16.3.0.app/Contents/Developer/Platforms/WatchOS.platform/Developer/Library/Frameworks/XCTest.framework/Headers/XCTestAssertions.h:45:9: note: macro 'XCTFail' unavailable: function like macros not supported
#define XCTFail(...) \
        ^
/Users/admin/builder/spi-builder-workspace/Sources/Miles/Miles.swift:195:13: error: cannot find 'XCTAssertEqual' in scope
            XCTAssertEqual(self, right, message, file: file, line: line)
            ^~~~~~~~~~~~~~
/Applications/Xcode-16.3.0.app/Contents/Developer/Platforms/WatchOS.platform/Developer/Library/Frameworks/XCTest.framework/Headers/XCTestAssertions.h:120:9: note: macro 'XCTAssertEqual' unavailable: function like macros not supported
#define XCTAssertEqual(expression1, expression2, ...) \
        ^
/Users/admin/builder/spi-builder-workspace/Sources/Miles/Miles.swift:198:13: error: cannot find 'XCTAssertTrue' in scope
            XCTAssertTrue(true, message, file: file, line: line)
            ^~~~~~~~~~~~~
/Applications/Xcode-16.3.0.app/Contents/Developer/Platforms/WatchOS.platform/Developer/Library/Frameworks/XCTest.framework/Headers/XCTestAssertions.h:81:9: note: macro 'XCTAssertTrue' unavailable: function like macros not supported
#define XCTAssertTrue(expression, ...) \
        ^
/Users/admin/builder/spi-builder-workspace/Sources/Miles/Miles.swift:200:13: error: cannot find 'XCTFail' in scope
            XCTFail("Exepcted \(String(describing: self)) to equal \(String(describing: other))", file: file, line: line)
            ^~~~~~~
/Applications/Xcode-16.3.0.app/Contents/Developer/Platforms/WatchOS.platform/Developer/Library/Frameworks/XCTest.framework/Headers/XCTestAssertions.h:45:9: note: macro 'XCTFail' unavailable: function like macros not supported
#define XCTFail(...) \
        ^
Failed frontend command:
/Applications/Xcode-16.3.0.app/Contents/Developer/Toolchains/XcodeDefault.xctoolchain/usr/bin/swift-frontend -frontend -c -primary-file /Users/admin/builder/spi-builder-workspace/Sources/Miles/Miles.swift -emit-dependencies-path /Users/admin/builder/spi-builder-workspace/.derivedData/Build/Intermediates.noindex/Miles.build/Debug-watchos/Miles.build/Objects-normal/armv7k/Miles.d -emit-const-values-path /Users/admin/builder/spi-builder-workspace/.derivedData/Build/Intermediates.noindex/Miles.build/Debug-watchos/Miles.build/Objects-normal/armv7k/Miles.swiftconstvalues -emit-reference-dependencies-path /Users/admin/builder/spi-builder-workspace/.derivedData/Build/Intermediates.noindex/Miles.build/Debug-watchos/Miles.build/Objects-normal/armv7k/Miles.swiftdeps -serialize-diagnostics-path /Users/admin/builder/spi-builder-workspace/.derivedData/Build/Intermediates.noindex/Miles.build/Debug-watchos/Miles.build/Objects-normal/armv7k/Miles.dia -target armv7k-apple-watchos2.0 -enable-objc-interop -sdk /Applications/Xcode-16.3.0.app/Contents/Developer/Platforms/WatchOS.platform/Developer/SDKs/WatchOS11.4.sdk -I /Users/admin/builder/spi-builder-workspace/.derivedData/Build/Products/Debug-watchos -F /Users/admin/builder/spi-builder-workspace/.derivedData/Build/Products/Debug-watchos -F /Applications/Xcode-16.3.0.app/Contents/Developer/Platforms/WatchOS.platform/Developer/Library/Frameworks -no-color-diagnostics -enable-testing -g -debug-info-format\=dwarf -dwarf-version\=4 -module-cache-path /Users/admin/builder/spi-builder-workspace/.derivedData/ModuleCache.noindex -swift-version 5 -enforce-exclusivity\=checked -Onone -D SWIFT_PACKAGE -D DEBUG -D Xcode -serialize-debugging-options -const-gather-protocols-file /Users/admin/builder/spi-builder-workspace/.derivedData/Build/Intermediates.noindex/Miles.build/Debug-watchos/Miles.build/Objects-normal/armv7k/Miles_const_extract_protocols.json -enable-experimental-feature DebugDescriptionMacro -enable-bare-slash-regex -empty-abi-descriptor -validate-clang-modules-once -clang-build-session-file /Users/admin/builder/spi-builder-workspace/.derivedData/ModuleCache.noindex/Session.modulevalidation -Xcc -working-directory -Xcc /Users/admin/builder/spi-builder-workspace -resource-dir /Applications/Xcode-16.3.0.app/Contents/Developer/Toolchains/XcodeDefault.xctoolchain/usr/lib/swift -enable-anonymous-context-mangled-names -file-compilation-dir /Users/admin/builder/spi-builder-workspace -Xcc -ivfsstatcache -Xcc /Users/admin/builder/spi-builder-workspace/.derivedData/SDKStatCaches.noindex/watchos11.4-22T246-43efb940ff07ba2497b70ec94253f576.sdkstatcache -Xcc -I/Users/admin/builder/spi-builder-workspace/.derivedData/Build/Intermediates.noindex/Miles.build/Debug-watchos/Miles.build/swift-overrides.hmap -Xcc -I/Users/admin/builder/spi-builder-workspace/.derivedData/Build/Products/Debug-watchos/include -Xcc -I/Users/admin/builder/spi-builder-workspace/.derivedData/Build/Intermediates.noindex/Miles.build/Debug-watchos/Miles.build/DerivedSources-normal/armv7k -Xcc -I/Users/admin/builder/spi-builder-workspace/.derivedData/Build/Intermediates.noindex/Miles.build/Debug-watchos/Miles.build/DerivedSources/armv7k -Xcc -I/Users/admin/builder/spi-builder-workspace/.derivedData/Build/Intermediates.noindex/Miles.build/Debug-watchos/Miles.build/DerivedSources -Xcc -DSWIFT_PACKAGE\=1 -Xcc -DDEBUG\=1 -module-name Miles -frontend-parseable-output -disable-clang-spi -target-sdk-version 11.4 -target-sdk-name watchos11.4 -external-plugin-path /Applications/Xcode-16.3.0.app/Contents/Developer/Platforms/WatchOS.platform/Developer/usr/lib/swift/host/plugins\#/Applications/Xcode-16.3.0.app/Contents/Developer/Platforms/WatchOS.platform/Developer/usr/bin/swift-plugin-server -external-plugin-path /Applications/Xcode-16.3.0.app/Contents/Developer/Platforms/WatchOS.platform/Developer/usr/local/lib/swift/host/plugins\#/Applications/Xcode-16.3.0.app/Contents/Developer/Platforms/WatchOS.platform/Developer/usr/bin/swift-plugin-server -in-process-plugin-server-path /Applications/Xcode-16.3.0.app/Contents/Developer/Toolchains/XcodeDefault.xctoolchain/usr/lib/swift/host/libSwiftInProcPluginServer.dylib -plugin-path /Applications/Xcode-16.3.0.app/Contents/Developer/Toolchains/XcodeDefault.xctoolchain/usr/lib/swift/host/plugins -plugin-path /Applications/Xcode-16.3.0.app/Contents/Developer/Toolchains/XcodeDefault.xctoolchain/usr/local/lib/swift/host/plugins -parse-as-library -o /Users/admin/builder/spi-builder-workspace/.derivedData/Build/Intermediates.noindex/Miles.build/Debug-watchos/Miles.build/Objects-normal/armv7k/Miles.o -index-unit-output-path /Miles.build/Debug-watchos/Miles.build/Objects-normal/armv7k/Miles.o -index-store-path /Users/admin/builder/spi-builder-workspace/.derivedData/Index.noindex/DataStore -index-system-modules
SwiftCompile normal arm64_32 Compiling\ Miles.swift /Users/admin/builder/spi-builder-workspace/Sources/Miles/Miles.swift (in target 'Miles' from project 'Miles')
Failed frontend command:
/Applications/Xcode-16.3.0.app/Contents/Developer/Toolchains/XcodeDefault.xctoolchain/usr/bin/swift-frontend -frontend -c -primary-file /Users/admin/builder/spi-builder-workspace/Sources/Miles/Miles.swift -emit-dependencies-path /Users/admin/builder/spi-builder-workspace/.derivedData/Build/Intermediates.noindex/Miles.build/Debug-watchos/Miles.build/Objects-normal/arm64_32/Miles.d -emit-const-values-path /Users/admin/builder/spi-builder-workspace/.derivedData/Build/Intermediates.noindex/Miles.build/Debug-watchos/Miles.build/Objects-normal/arm64_32/Miles.swiftconstvalues -emit-reference-dependencies-path /Users/admin/builder/spi-builder-workspace/.derivedData/Build/Intermediates.noindex/Miles.build/Debug-watchos/Miles.build/Objects-normal/arm64_32/Miles.swiftdeps -serialize-diagnostics-path /Users/admin/builder/spi-builder-workspace/.derivedData/Build/Intermediates.noindex/Miles.build/Debug-watchos/Miles.build/Objects-normal/arm64_32/Miles.dia -target arm64_32-apple-watchos2.0 -enable-objc-interop -sdk /Applications/Xcode-16.3.0.app/Contents/Developer/Platforms/WatchOS.platform/Developer/SDKs/WatchOS11.4.sdk -I /Users/admin/builder/spi-builder-workspace/.derivedData/Build/Products/Debug-watchos -F /Users/admin/builder/spi-builder-workspace/.derivedData/Build/Products/Debug-watchos -F /Applications/Xcode-16.3.0.app/Contents/Developer/Platforms/WatchOS.platform/Developer/Library/Frameworks -no-color-diagnostics -enable-testing -g -debug-info-format\=dwarf -dwarf-version\=4 -module-cache-path /Users/admin/builder/spi-builder-workspace/.derivedData/ModuleCache.noindex -swift-version 5 -enforce-exclusivity\=checked -Onone -D SWIFT_PACKAGE -D DEBUG -D Xcode -serialize-debugging-options -const-gather-protocols-file /Users/admin/builder/spi-builder-workspace/.derivedData/Build/Intermediates.noindex/Miles.build/Debug-watchos/Miles.build/Objects-normal/arm64_32/Miles_const_extract_protocols.json -enable-experimental-feature DebugDescriptionMacro -enable-bare-slash-regex -empty-abi-descriptor -validate-clang-modules-once -clang-build-session-file /Users/admin/builder/spi-builder-workspace/.derivedData/ModuleCache.noindex/Session.modulevalidation -Xcc -working-directory -Xcc /Users/admin/builder/spi-builder-workspace -resource-dir /Applications/Xcode-16.3.0.app/Contents/Developer/Toolchains/XcodeDefault.xctoolchain/usr/lib/swift -enable-anonymous-context-mangled-names -file-compilation-dir /Users/admin/builder/spi-builder-workspace -Xcc -ivfsstatcache -Xcc /Users/admin/builder/spi-builder-workspace/.derivedData/SDKStatCaches.noindex/watchos11.4-22T246-43efb940ff07ba2497b70ec94253f576.sdkstatcache -Xcc -I/Users/admin/builder/spi-builder-workspace/.derivedData/Build/Intermediates.noindex/Miles.build/Debug-watchos/Miles.build/swift-overrides.hmap -Xcc -I/Users/admin/builder/spi-builder-workspace/.derivedData/Build/Products/Debug-watchos/include -Xcc -I/Users/admin/builder/spi-builder-workspace/.derivedData/Build/Intermediates.noindex/Miles.build/Debug-watchos/Miles.build/DerivedSources-normal/arm64_32 -Xcc -I/Users/admin/builder/spi-builder-workspace/.derivedData/Build/Intermediates.noindex/Miles.build/Debug-watchos/Miles.build/DerivedSources/arm64_32 -Xcc -I/Users/admin/builder/spi-builder-workspace/.derivedData/Build/Intermediates.noindex/Miles.build/Debug-watchos/Miles.build/DerivedSources -Xcc -DSWIFT_PACKAGE\=1 -Xcc -DDEBUG\=1 -module-name Miles -frontend-parseable-output -disable-clang-spi -target-sdk-version 11.4 -target-sdk-name watchos11.4 -external-plugin-path /Applications/Xcode-16.3.0.app/Contents/Developer/Platforms/WatchOS.platform/Developer/usr/lib/swift/host/plugins\#/Applications/Xcode-16.3.0.app/Contents/Developer/Platforms/WatchOS.platform/Developer/usr/bin/swift-plugin-server -external-plugin-path /Applications/Xcode-16.3.0.app/Contents/Developer/Platforms/WatchOS.platform/Developer/usr/local/lib/swift/host/plugins\#/Applications/Xcode-16.3.0.app/Contents/Developer/Platforms/WatchOS.platform/Developer/usr/bin/swift-plugin-server -in-process-plugin-server-path /Applications/Xcode-16.3.0.app/Contents/Developer/Toolchains/XcodeDefault.xctoolchain/usr/lib/swift/host/libSwiftInProcPluginServer.dylib -plugin-path /Applications/Xcode-16.3.0.app/Contents/Developer/Toolchains/XcodeDefault.xctoolchain/usr/lib/swift/host/plugins -plugin-path /Applications/Xcode-16.3.0.app/Contents/Developer/Toolchains/XcodeDefault.xctoolchain/usr/local/lib/swift/host/plugins -parse-as-library -o /Users/admin/builder/spi-builder-workspace/.derivedData/Build/Intermediates.noindex/Miles.build/Debug-watchos/Miles.build/Objects-normal/arm64_32/Miles.o -index-unit-output-path /Miles.build/Debug-watchos/Miles.build/Objects-normal/arm64_32/Miles.o -index-store-path /Users/admin/builder/spi-builder-workspace/.derivedData/Index.noindex/DataStore -index-system-modules
SwiftCompile normal arm64_32 /Users/admin/builder/spi-builder-workspace/Sources/Miles/Miles.swift (in target 'Miles' from project 'Miles')
    cd /Users/admin/builder/spi-builder-workspace

/Users/admin/builder/spi-builder-workspace/Sources/Miles/Miles.swift:15:9: error: cannot find 'XCTAssertEqual' in scope
        XCTAssertEqual(self, other, message, file: file, line: line)
        ^~~~~~~~~~~~~~
/Applications/Xcode-16.3.0.app/Contents/Developer/Platforms/WatchOS.platform/Developer/Library/Frameworks/XCTest.framework/Headers/XCTestAssertions.h:120:9: note: macro 'XCTAssertEqual' unavailable: function like macros not supported
#define XCTAssertEqual(expression1, expression2, ...) \
        ^
/Users/admin/builder/spi-builder-workspace/Sources/Miles/Miles.swift:20:13: error: cannot find 'XCTFail' in scope
            XCTFail("Expected other to be Non nil")
            ^~~~~~~
/Applications/Xcode-16.3.0.app/Contents/Developer/Platforms/WatchOS.platform/Developer/Library/Frameworks/XCTest.framework/Headers/XCTestAssertions.h:45:9: note: macro 'XCTFail' unavailable: function like macros not supported
#define XCTFail(...) \
        ^
/Users/admin/builder/spi-builder-workspace/Sources/Miles/Miles.swift:30:9: error: cannot find 'XCTAssertGreaterThan' in scope
        XCTAssertGreaterThan(self, other, message, file: file, line: line)
        ^~~~~~~~~~~~~~~~~~~~
/Applications/Xcode-16.3.0.app/Contents/Developer/Platforms/WatchOS.platform/Developer/Library/Frameworks/XCTest.framework/Headers/XCTestAssertions.h:182:9: note: macro 'XCTAssertGreaterThan' unavailable: function like macros not supported
#define XCTAssertGreaterThan(expression1, expression2, ...) \
        ^
/Users/admin/builder/spi-builder-workspace/Sources/Miles/Miles.swift:35:9: error: cannot find 'XCTAssertGreaterThanOrEqual' in scope
        XCTAssertGreaterThanOrEqual(self, other, message, file: file, line: line)
        ^~~~~~~~~~~~~~~~~~~~~~~~~~~
/Applications/Xcode-16.3.0.app/Contents/Developer/Platforms/WatchOS.platform/Developer/Library/Frameworks/XCTest.framework/Headers/XCTestAssertions.h:192:9: note: macro 'XCTAssertGreaterThanOrEqual' unavailable: function like macros not supported
#define XCTAssertGreaterThanOrEqual(expression1, expression2, ...) \
        ^
/Users/admin/builder/spi-builder-workspace/Sources/Miles/Miles.swift:40:9: error: cannot find 'XCTAssertLessThan' in scope
        XCTAssertLessThan(self, other, message, file: file, line: line)
        ^~~~~~~~~~~~~~~~~
/Applications/Xcode-16.3.0.app/Contents/Developer/Platforms/WatchOS.platform/Developer/Library/Frameworks/XCTest.framework/Headers/XCTestAssertions.h:202:9: note: macro 'XCTAssertLessThan' unavailable: function like macros not supported
#define XCTAssertLessThan(expression1, expression2, ...) \
        ^
/Users/admin/builder/spi-builder-workspace/Sources/Miles/Miles.swift:45:9: error: cannot find 'XCTAssertLessThanOrEqual' in scope
        XCTAssertLessThanOrEqual(self, other, message, file: file, line: line)
        ^~~~~~~~~~~~~~~~~~~~~~~~
/Applications/Xcode-16.3.0.app/Contents/Developer/Platforms/WatchOS.platform/Developer/Library/Frameworks/XCTest.framework/Headers/XCTestAssertions.h:212:9: note: macro 'XCTAssertLessThanOrEqual' unavailable: function like macros not supported
#define XCTAssertLessThanOrEqual(expression1, expression2, ...) \
        ^
/Users/admin/builder/spi-builder-workspace/Sources/Miles/Miles.swift:52:9: error: cannot find 'XCTAssertEqual' in scope
        XCTAssertEqual(self, other, accuracy: accuracy, message, file: file, line: line)
        ^~~~~~~~~~~~~~
/Applications/Xcode-16.3.0.app/Contents/Developer/Platforms/WatchOS.platform/Developer/Library/Frameworks/XCTest.framework/Headers/XCTestAssertions.h:120:9: note: macro 'XCTAssertEqual' unavailable: function like macros not supported
#define XCTAssertEqual(expression1, expression2, ...) \
        ^
/Users/admin/builder/spi-builder-workspace/Sources/Miles/Miles.swift:59:9: error: cannot find 'XCTAssertTrue' in scope
        XCTAssertTrue(self.range(of: string) != nil, message, file: file, line: line)
        ^~~~~~~~~~~~~
/Applications/Xcode-16.3.0.app/Contents/Developer/Platforms/WatchOS.platform/Developer/Library/Frameworks/XCTest.framework/Headers/XCTestAssertions.h:81:9: note: macro 'XCTAssertTrue' unavailable: function like macros not supported
#define XCTAssertTrue(expression, ...) \
        ^
/Users/admin/builder/spi-builder-workspace/Sources/Miles/Miles.swift:64:9: error: cannot find 'XCTAssertTrue' in scope
        XCTAssertTrue(self.range(of: string) == nil, message, file: file, line: line)
        ^~~~~~~~~~~~~
/Applications/Xcode-16.3.0.app/Contents/Developer/Platforms/WatchOS.platform/Developer/Library/Frameworks/XCTest.framework/Headers/XCTestAssertions.h:81:9: note: macro 'XCTAssertTrue' unavailable: function like macros not supported
#define XCTAssertTrue(expression, ...) \
        ^
/Users/admin/builder/spi-builder-workspace/Sources/Miles/Miles.swift:69:9: error: cannot find 'XCTAssertTrue' in scope
        XCTAssertTrue(self.hasPrefix(string), message, file: file, line: line)
        ^~~~~~~~~~~~~
/Applications/Xcode-16.3.0.app/Contents/Developer/Platforms/WatchOS.platform/Developer/Library/Frameworks/XCTest.framework/Headers/XCTestAssertions.h:81:9: note: macro 'XCTAssertTrue' unavailable: function like macros not supported
#define XCTAssertTrue(expression, ...) \
        ^
/Users/admin/builder/spi-builder-workspace/Sources/Miles/Miles.swift:74:9: error: cannot find 'XCTAssertTrue' in scope
        XCTAssertTrue(self.hasSuffix(string), message, file: file, line: line)
        ^~~~~~~~~~~~~
/Applications/Xcode-16.3.0.app/Contents/Developer/Platforms/WatchOS.platform/Developer/Library/Frameworks/XCTest.framework/Headers/XCTestAssertions.h:81:9: note: macro 'XCTAssertTrue' unavailable: function like macros not supported
#define XCTAssertTrue(expression, ...) \
        ^
/Users/admin/builder/spi-builder-workspace/Sources/Miles/Miles.swift:81:9: error: cannot find 'XCTAssertTrue' in scope
        XCTAssertTrue(self, message, file: file, line: line)
        ^~~~~~~~~~~~~
/Applications/Xcode-16.3.0.app/Contents/Developer/Platforms/WatchOS.platform/Developer/Library/Frameworks/XCTest.framework/Headers/XCTestAssertions.h:81:9: note: macro 'XCTAssertTrue' unavailable: function like macros not supported
#define XCTAssertTrue(expression, ...) \
        ^
/Users/admin/builder/spi-builder-workspace/Sources/Miles/Miles.swift:86:9: error: cannot find 'XCTAssertFalse' in scope
        XCTAssertFalse(self, message, file: file, line: line)
        ^~~~~~~~~~~~~~
/Applications/Xcode-16.3.0.app/Contents/Developer/Platforms/WatchOS.platform/Developer/Library/Frameworks/XCTest.framework/Headers/XCTestAssertions.h:90:9: note: macro 'XCTAssertFalse' unavailable: function like macros not supported
#define XCTAssertFalse(expression, ...) \
        ^
/Users/admin/builder/spi-builder-workspace/Sources/Miles/Miles.swift:93:9: error: cannot find 'XCTAssertEqual' in scope
        XCTAssertEqual(self, object, message, file: file, line: line)
        ^~~~~~~~~~~~~~
/Applications/Xcode-16.3.0.app/Contents/Developer/Platforms/WatchOS.platform/Developer/Library/Frameworks/XCTest.framework/Headers/XCTestAssertions.h:120:9: note: macro 'XCTAssertEqual' unavailable: function like macros not supported
#define XCTAssertEqual(expression1, expression2, ...) \
        ^
/Users/admin/builder/spi-builder-workspace/Sources/Miles/Miles.swift:98:9: error: cannot find 'XCTAssertNotEqual' in scope
        XCTAssertNotEqual(self, object, message, file: file, line: line)
        ^~~~~~~~~~~~~~~~~
/Applications/Xcode-16.3.0.app/Contents/Developer/Platforms/WatchOS.platform/Developer/Library/Frameworks/XCTest.framework/Headers/XCTestAssertions.h:130:9: note: macro 'XCTAssertNotEqual' unavailable: function like macros not supported
#define XCTAssertNotEqual(expression1, expression2, ...) \
        ^
/Users/admin/builder/spi-builder-workspace/Sources/Miles/Miles.swift:103:9: error: cannot find 'XCTAssertTrue' in scope
        XCTAssertTrue(self === object, message, file: file, line: line)
        ^~~~~~~~~~~~~
/Applications/Xcode-16.3.0.app/Contents/Developer/Platforms/WatchOS.platform/Developer/Library/Frameworks/XCTest.framework/Headers/XCTestAssertions.h:81:9: note: macro 'XCTAssertTrue' unavailable: function like macros not supported
#define XCTAssertTrue(expression, ...) \
        ^
/Users/admin/builder/spi-builder-workspace/Sources/Miles/Miles.swift:109:9: error: cannot find 'XCTAssertTrue' in scope
        XCTAssertTrue(self.isMember(of: aClass), message, file: file, line: line)
        ^~~~~~~~~~~~~
/Applications/Xcode-16.3.0.app/Contents/Developer/Platforms/WatchOS.platform/Developer/Library/Frameworks/XCTest.framework/Headers/XCTestAssertions.h:81:9: note: macro 'XCTAssertTrue' unavailable: function like macros not supported
#define XCTAssertTrue(expression, ...) \
        ^
/Users/admin/builder/spi-builder-workspace/Sources/Miles/Miles.swift:114:9: error: cannot find 'XCTAssertTrue' in scope
        XCTAssertTrue(self.isKind(of: aClass), message, file: file, line: line)
        ^~~~~~~~~~~~~
/Applications/Xcode-16.3.0.app/Contents/Developer/Platforms/WatchOS.platform/Developer/Library/Frameworks/XCTest.framework/Headers/XCTestAssertions.h:81:9: note: macro 'XCTAssertTrue' unavailable: function like macros not supported
#define XCTAssertTrue(expression, ...) \
        ^
/Users/admin/builder/spi-builder-workspace/Sources/Miles/Miles.swift:123:9: error: cannot find 'XCTAssertTrue' in scope
        XCTAssertTrue(contains, message, file: file, line: line)
        ^~~~~~~~~~~~~
/Applications/Xcode-16.3.0.app/Contents/Developer/Platforms/WatchOS.platform/Developer/Library/Frameworks/XCTest.framework/Headers/XCTestAssertions.h:81:9: note: macro 'XCTAssertTrue' unavailable: function like macros not supported
#define XCTAssertTrue(expression, ...) \
        ^
/Users/admin/builder/spi-builder-workspace/Sources/Miles/Miles.swift:129:9: error: cannot find 'XCTAssertFalse' in scope
        XCTAssertFalse(contains, message, file: file, line: line)
        ^~~~~~~~~~~~~~
/Applications/Xcode-16.3.0.app/Contents/Developer/Platforms/WatchOS.platform/Developer/Library/Frameworks/XCTest.framework/Headers/XCTestAssertions.h:90:9: note: macro 'XCTAssertFalse' unavailable: function like macros not supported
#define XCTAssertFalse(expression, ...) \
        ^
/Users/admin/builder/spi-builder-workspace/Sources/Miles/Miles.swift:136:9: error: cannot find 'XCTAssertTrue' in scope
        XCTAssertTrue(isEmpty, message, file: file, line: line)
        ^~~~~~~~~~~~~
/Applications/Xcode-16.3.0.app/Contents/Developer/Platforms/WatchOS.platform/Developer/Library/Frameworks/XCTest.framework/Headers/XCTestAssertions.h:81:9: note: macro 'XCTAssertTrue' unavailable: function like macros not supported
#define XCTAssertTrue(expression, ...) \
        ^
/Users/admin/builder/spi-builder-workspace/Sources/Miles/Miles.swift:146:9: error: cannot find 'XCTAssertTrue' in scope
        XCTAssertTrue(contains, message, file: file, line: line)
        ^~~~~~~~~~~~~
/Applications/Xcode-16.3.0.app/Contents/Developer/Platforms/WatchOS.platform/Developer/Library/Frameworks/XCTest.framework/Headers/XCTestAssertions.h:81:9: note: macro 'XCTAssertTrue' unavailable: function like macros not supported
#define XCTAssertTrue(expression, ...) \
        ^
/Users/admin/builder/spi-builder-workspace/Sources/Miles/Miles.swift:154:9: error: cannot find 'XCTAssertFalse' in scope
        XCTAssertFalse(contains, message, file: file, line: line)
        ^~~~~~~~~~~~~~
/Applications/Xcode-16.3.0.app/Contents/Developer/Platforms/WatchOS.platform/Developer/Library/Frameworks/XCTest.framework/Headers/XCTestAssertions.h:90:9: note: macro 'XCTAssertFalse' unavailable: function like macros not supported
#define XCTAssertFalse(expression, ...) \
        ^
/Users/admin/builder/spi-builder-workspace/Sources/Miles/Miles.swift:163:13: error: cannot find 'XCTAssertTrue' in scope
            XCTAssertTrue(false, message, file: file, line: line)
            ^~~~~~~~~~~~~
/Applications/Xcode-16.3.0.app/Contents/Developer/Platforms/WatchOS.platform/Developer/Library/Frameworks/XCTest.framework/Headers/XCTestAssertions.h:81:9: note: macro 'XCTAssertTrue' unavailable: function like macros not supported
#define XCTAssertTrue(expression, ...) \
        ^
/Users/admin/builder/spi-builder-workspace/Sources/Miles/Miles.swift:165:13: error: cannot find 'XCTAssertTrue' in scope
            XCTAssertTrue(true, message, file: file, line: line)
            ^~~~~~~~~~~~~
/Applications/Xcode-16.3.0.app/Contents/Developer/Platforms/WatchOS.platform/Developer/Library/Frameworks/XCTest.framework/Headers/XCTestAssertions.h:81:9: note: macro 'XCTAssertTrue' unavailable: function like macros not supported
#define XCTAssertTrue(expression, ...) \
        ^
/Users/admin/builder/spi-builder-workspace/Sources/Miles/Miles.swift:173:13: error: cannot find 'XCTAssertTrue' in scope
            XCTAssertTrue(true, message, file: file, line: line)
            ^~~~~~~~~~~~~
/Applications/Xcode-16.3.0.app/Contents/Developer/Platforms/WatchOS.platform/Developer/Library/Frameworks/XCTest.framework/Headers/XCTestAssertions.h:81:9: note: macro 'XCTAssertTrue' unavailable: function like macros not supported
#define XCTAssertTrue(expression, ...) \
        ^
/Users/admin/builder/spi-builder-workspace/Sources/Miles/Miles.swift:175:13: error: cannot find 'XCTAssertTrue' in scope
            XCTAssertTrue(false, message, file: file, line: line)
            ^~~~~~~~~~~~~
/Applications/Xcode-16.3.0.app/Contents/Developer/Platforms/WatchOS.platform/Developer/Library/Frameworks/XCTest.framework/Headers/XCTestAssertions.h:81:9: note: macro 'XCTAssertTrue' unavailable: function like macros not supported
#define XCTAssertTrue(expression, ...) \
        ^
/Users/admin/builder/spi-builder-workspace/Sources/Miles/Miles.swift:185:13: error: cannot find 'XCTAssertEqual' in scope
            XCTAssertEqual(self, other, message, file: file, line: line)
            ^~~~~~~~~~~~~~
/Applications/Xcode-16.3.0.app/Contents/Developer/Platforms/WatchOS.platform/Developer/Library/Frameworks/XCTest.framework/Headers/XCTestAssertions.h:120:9: note: macro 'XCTAssertEqual' unavailable: function like macros not supported
#define XCTAssertEqual(expression1, expression2, ...) \
        ^
/Users/admin/builder/spi-builder-workspace/Sources/Miles/Miles.swift:187:13: error: cannot find 'XCTFail' in scope
            XCTFail("Exepcted \(String(describing: self)) to equal \(String(describing: other))", file: file, line: line)
            ^~~~~~~
/Applications/Xcode-16.3.0.app/Contents/Developer/Platforms/WatchOS.platform/Developer/Library/Frameworks/XCTest.framework/Headers/XCTestAssertions.h:45:9: note: macro 'XCTFail' unavailable: function like macros not supported
#define XCTFail(...) \
        ^
/Users/admin/builder/spi-builder-workspace/Sources/Miles/Miles.swift:195:13: error: cannot find 'XCTAssertEqual' in scope
            XCTAssertEqual(self, right, message, file: file, line: line)
            ^~~~~~~~~~~~~~
/Applications/Xcode-16.3.0.app/Contents/Developer/Platforms/WatchOS.platform/Developer/Library/Frameworks/XCTest.framework/Headers/XCTestAssertions.h:120:9: note: macro 'XCTAssertEqual' unavailable: function like macros not supported
#define XCTAssertEqual(expression1, expression2, ...) \
        ^
/Users/admin/builder/spi-builder-workspace/Sources/Miles/Miles.swift:198:13: error: cannot find 'XCTAssertTrue' in scope
            XCTAssertTrue(true, message, file: file, line: line)
            ^~~~~~~~~~~~~
/Applications/Xcode-16.3.0.app/Contents/Developer/Platforms/WatchOS.platform/Developer/Library/Frameworks/XCTest.framework/Headers/XCTestAssertions.h:81:9: note: macro 'XCTAssertTrue' unavailable: function like macros not supported
#define XCTAssertTrue(expression, ...) \
        ^
/Users/admin/builder/spi-builder-workspace/Sources/Miles/Miles.swift:200:13: error: cannot find 'XCTFail' in scope
            XCTFail("Exepcted \(String(describing: self)) to equal \(String(describing: other))", file: file, line: line)
            ^~~~~~~
/Applications/Xcode-16.3.0.app/Contents/Developer/Platforms/WatchOS.platform/Developer/Library/Frameworks/XCTest.framework/Headers/XCTestAssertions.h:45:9: note: macro 'XCTFail' unavailable: function like macros not supported
#define XCTFail(...) \
        ^
SwiftCompile normal arm64 Compiling\ Miles.swift /Users/admin/builder/spi-builder-workspace/Sources/Miles/Miles.swift (in target 'Miles' from project 'Miles')
SwiftCompile normal arm64 /Users/admin/builder/spi-builder-workspace/Sources/Miles/Miles.swift (in target 'Miles' from project 'Miles')
    cd /Users/admin/builder/spi-builder-workspace

/Users/admin/builder/spi-builder-workspace/Sources/Miles/Miles.swift:15:9: error: cannot find 'XCTAssertEqual' in scope
        XCTAssertEqual(self, other, message, file: file, line: line)
        ^~~~~~~~~~~~~~
/Applications/Xcode-16.3.0.app/Contents/Developer/Platforms/WatchOS.platform/Developer/Library/Frameworks/XCTest.framework/Headers/XCTestAssertions.h:120:9: note: macro 'XCTAssertEqual' unavailable: function like macros not supported
#define XCTAssertEqual(expression1, expression2, ...) \
        ^
/Users/admin/builder/spi-builder-workspace/Sources/Miles/Miles.swift:20:13: error: cannot find 'XCTFail' in scope
            XCTFail("Expected other to be Non nil")
            ^~~~~~~
/Applications/Xcode-16.3.0.app/Contents/Developer/Platforms/WatchOS.platform/Developer/Library/Frameworks/XCTest.framework/Headers/XCTestAssertions.h:45:9: note: macro 'XCTFail' unavailable: function like macros not supported
#define XCTFail(...) \
        ^
/Users/admin/builder/spi-builder-workspace/Sources/Miles/Miles.swift:30:9: error: cannot find 'XCTAssertGreaterThan' in scope
        XCTAssertGreaterThan(self, other, message, file: file, line: line)
        ^~~~~~~~~~~~~~~~~~~~
/Applications/Xcode-16.3.0.app/Contents/Developer/Platforms/WatchOS.platform/Developer/Library/Frameworks/XCTest.framework/Headers/XCTestAssertions.h:182:9: note: macro 'XCTAssertGreaterThan' unavailable: function like macros not supported
#define XCTAssertGreaterThan(expression1, expression2, ...) \
        ^
/Users/admin/builder/spi-builder-workspace/Sources/Miles/Miles.swift:35:9: error: cannot find 'XCTAssertGreaterThanOrEqual' in scope
        XCTAssertGreaterThanOrEqual(self, other, message, file: file, line: line)
        ^~~~~~~~~~~~~~~~~~~~~~~~~~~
/Applications/Xcode-16.3.0.app/Contents/Developer/Platforms/WatchOS.platform/Developer/Library/Frameworks/XCTest.framework/Headers/XCTestAssertions.h:192:9: note: macro 'XCTAssertGreaterThanOrEqual' unavailable: function like macros not supported
#define XCTAssertGreaterThanOrEqual(expression1, expression2, ...) \
        ^
/Users/admin/builder/spi-builder-workspace/Sources/Miles/Miles.swift:40:9: error: cannot find 'XCTAssertLessThan' in scope
        XCTAssertLessThan(self, other, message, file: file, line: line)
        ^~~~~~~~~~~~~~~~~
/Applications/Xcode-16.3.0.app/Contents/Developer/Platforms/WatchOS.platform/Developer/Library/Frameworks/XCTest.framework/Headers/XCTestAssertions.h:202:9: note: macro 'XCTAssertLessThan' unavailable: function like macros not supported
#define XCTAssertLessThan(expression1, expression2, ...) \
        ^
/Users/admin/builder/spi-builder-workspace/Sources/Miles/Miles.swift:45:9: error: cannot find 'XCTAssertLessThanOrEqual' in scope
        XCTAssertLessThanOrEqual(self, other, message, file: file, line: line)
        ^~~~~~~~~~~~~~~~~~~~~~~~
/Applications/Xcode-16.3.0.app/Contents/Developer/Platforms/WatchOS.platform/Developer/Library/Frameworks/XCTest.framework/Headers/XCTestAssertions.h:212:9: note: macro 'XCTAssertLessThanOrEqual' unavailable: function like macros not supported
#define XCTAssertLessThanOrEqual(expression1, expression2, ...) \
        ^
/Users/admin/builder/spi-builder-workspace/Sources/Miles/Miles.swift:52:9: error: cannot find 'XCTAssertEqual' in scope
        XCTAssertEqual(self, other, accuracy: accuracy, message, file: file, line: line)
        ^~~~~~~~~~~~~~
/Applications/Xcode-16.3.0.app/Contents/Developer/Platforms/WatchOS.platform/Developer/Library/Frameworks/XCTest.framework/Headers/XCTestAssertions.h:120:9: note: macro 'XCTAssertEqual' unavailable: function like macros not supported
#define XCTAssertEqual(expression1, expression2, ...) \
        ^
/Users/admin/builder/spi-builder-workspace/Sources/Miles/Miles.swift:59:9: error: cannot find 'XCTAssertTrue' in scope
        XCTAssertTrue(self.range(of: string) != nil, message, file: file, line: line)
        ^~~~~~~~~~~~~
/Applications/Xcode-16.3.0.app/Contents/Developer/Platforms/WatchOS.platform/Developer/Library/Frameworks/XCTest.framework/Headers/XCTestAssertions.h:81:9: note: macro 'XCTAssertTrue' unavailable: function like macros not supported
#define XCTAssertTrue(expression, ...) \
        ^
/Users/admin/builder/spi-builder-workspace/Sources/Miles/Miles.swift:64:9: error: cannot find 'XCTAssertTrue' in scope
        XCTAssertTrue(self.range(of: string) == nil, message, file: file, line: line)
        ^~~~~~~~~~~~~
/Applications/Xcode-16.3.0.app/Contents/Developer/Platforms/WatchOS.platform/Developer/Library/Frameworks/XCTest.framework/Headers/XCTestAssertions.h:81:9: note: macro 'XCTAssertTrue' unavailable: function like macros not supported
#define XCTAssertTrue(expression, ...) \
        ^
/Users/admin/builder/spi-builder-workspace/Sources/Miles/Miles.swift:69:9: error: cannot find 'XCTAssertTrue' in scope
        XCTAssertTrue(self.hasPrefix(string), message, file: file, line: line)
        ^~~~~~~~~~~~~
/Applications/Xcode-16.3.0.app/Contents/Developer/Platforms/WatchOS.platform/Developer/Library/Frameworks/XCTest.framework/Headers/XCTestAssertions.h:81:9: note: macro 'XCTAssertTrue' unavailable: function like macros not supported
#define XCTAssertTrue(expression, ...) \
        ^
/Users/admin/builder/spi-builder-workspace/Sources/Miles/Miles.swift:74:9: error: cannot find 'XCTAssertTrue' in scope
        XCTAssertTrue(self.hasSuffix(string), message, file: file, line: line)
        ^~~~~~~~~~~~~
/Applications/Xcode-16.3.0.app/Contents/Developer/Platforms/WatchOS.platform/Developer/Library/Frameworks/XCTest.framework/Headers/XCTestAssertions.h:81:9: note: macro 'XCTAssertTrue' unavailable: function like macros not supported
#define XCTAssertTrue(expression, ...) \
        ^
/Users/admin/builder/spi-builder-workspace/Sources/Miles/Miles.swift:81:9: error: cannot find 'XCTAssertTrue' in scope
        XCTAssertTrue(self, message, file: file, line: line)
        ^~~~~~~~~~~~~
/Applications/Xcode-16.3.0.app/Contents/Developer/Platforms/WatchOS.platform/Developer/Library/Frameworks/XCTest.framework/Headers/XCTestAssertions.h:81:9: note: macro 'XCTAssertTrue' unavailable: function like macros not supported
#define XCTAssertTrue(expression, ...) \
        ^
/Users/admin/builder/spi-builder-workspace/Sources/Miles/Miles.swift:86:9: error: cannot find 'XCTAssertFalse' in scope
        XCTAssertFalse(self, message, file: file, line: line)
        ^~~~~~~~~~~~~~
/Applications/Xcode-16.3.0.app/Contents/Developer/Platforms/WatchOS.platform/Developer/Library/Frameworks/XCTest.framework/Headers/XCTestAssertions.h:90:9: note: macro 'XCTAssertFalse' unavailable: function like macros not supported
#define XCTAssertFalse(expression, ...) \
        ^
/Users/admin/builder/spi-builder-workspace/Sources/Miles/Miles.swift:93:9: error: cannot find 'XCTAssertEqual' in scope
        XCTAssertEqual(self, object, message, file: file, line: line)
        ^~~~~~~~~~~~~~
/Applications/Xcode-16.3.0.app/Contents/Developer/Platforms/WatchOS.platform/Developer/Library/Frameworks/XCTest.framework/Headers/XCTestAssertions.h:120:9: note: macro 'XCTAssertEqual' unavailable: function like macros not supported
#define XCTAssertEqual(expression1, expression2, ...) \
        ^
/Users/admin/builder/spi-builder-workspace/Sources/Miles/Miles.swift:98:9: error: cannot find 'XCTAssertNotEqual' in scope
        XCTAssertNotEqual(self, object, message, file: file, line: line)
        ^~~~~~~~~~~~~~~~~
/Applications/Xcode-16.3.0.app/Contents/Developer/Platforms/WatchOS.platform/Developer/Library/Frameworks/XCTest.framework/Headers/XCTestAssertions.h:130:9: note: macro 'XCTAssertNotEqual' unavailable: function like macros not supported
#define XCTAssertNotEqual(expression1, expression2, ...) \
        ^
/Users/admin/builder/spi-builder-workspace/Sources/Miles/Miles.swift:103:9: error: cannot find 'XCTAssertTrue' in scope
        XCTAssertTrue(self === object, message, file: file, line: line)
        ^~~~~~~~~~~~~
/Applications/Xcode-16.3.0.app/Contents/Developer/Platforms/WatchOS.platform/Developer/Library/Frameworks/XCTest.framework/Headers/XCTestAssertions.h:81:9: note: macro 'XCTAssertTrue' unavailable: function like macros not supported
#define XCTAssertTrue(expression, ...) \
        ^
/Users/admin/builder/spi-builder-workspace/Sources/Miles/Miles.swift:109:9: error: cannot find 'XCTAssertTrue' in scope
        XCTAssertTrue(self.isMember(of: aClass), message, file: file, line: line)
        ^~~~~~~~~~~~~
/Applications/Xcode-16.3.0.app/Contents/Developer/Platforms/WatchOS.platform/Developer/Library/Frameworks/XCTest.framework/Headers/XCTestAssertions.h:81:9: note: macro 'XCTAssertTrue' unavailable: function like macros not supported
#define XCTAssertTrue(expression, ...) \
        ^
/Users/admin/builder/spi-builder-workspace/Sources/Miles/Miles.swift:114:9: error: cannot find 'XCTAssertTrue' in scope
        XCTAssertTrue(self.isKind(of: aClass), message, file: file, line: line)
        ^~~~~~~~~~~~~
/Applications/Xcode-16.3.0.app/Contents/Developer/Platforms/WatchOS.platform/Developer/Library/Frameworks/XCTest.framework/Headers/XCTestAssertions.h:81:9: note: macro 'XCTAssertTrue' unavailable: function like macros not supported
#define XCTAssertTrue(expression, ...) \
        ^
/Users/admin/builder/spi-builder-workspace/Sources/Miles/Miles.swift:123:9: error: cannot find 'XCTAssertTrue' in scope
        XCTAssertTrue(contains, message, file: file, line: line)
        ^~~~~~~~~~~~~
/Applications/Xcode-16.3.0.app/Contents/Developer/Platforms/WatchOS.platform/Developer/Library/Frameworks/XCTest.framework/Headers/XCTestAssertions.h:81:9: note: macro 'XCTAssertTrue' unavailable: function like macros not supported
#define XCTAssertTrue(expression, ...) \
        ^
/Users/admin/builder/spi-builder-workspace/Sources/Miles/Miles.swift:129:9: error: cannot find 'XCTAssertFalse' in scope
        XCTAssertFalse(contains, message, file: file, line: line)
        ^~~~~~~~~~~~~~
/Applications/Xcode-16.3.0.app/Contents/Developer/Platforms/WatchOS.platform/Developer/Library/Frameworks/XCTest.framework/Headers/XCTestAssertions.h:90:9: note: macro 'XCTAssertFalse' unavailable: function like macros not supported
#define XCTAssertFalse(expression, ...) \
        ^
/Users/admin/builder/spi-builder-workspace/Sources/Miles/Miles.swift:136:9: error: cannot find 'XCTAssertTrue' in scope
        XCTAssertTrue(isEmpty, message, file: file, line: line)
        ^~~~~~~~~~~~~
/Applications/Xcode-16.3.0.app/Contents/Developer/Platforms/WatchOS.platform/Developer/Library/Frameworks/XCTest.framework/Headers/XCTestAssertions.h:81:9: note: macro 'XCTAssertTrue' unavailable: function like macros not supported
#define XCTAssertTrue(expression, ...) \
        ^
/Users/admin/builder/spi-builder-workspace/Sources/Miles/Miles.swift:146:9: error: cannot find 'XCTAssertTrue' in scope
        XCTAssertTrue(contains, message, file: file, line: line)
        ^~~~~~~~~~~~~
/Applications/Xcode-16.3.0.app/Contents/Developer/Platforms/WatchOS.platform/Developer/Library/Frameworks/XCTest.framework/Headers/XCTestAssertions.h:81:9: note: macro 'XCTAssertTrue' unavailable: function like macros not supported
#define XCTAssertTrue(expression, ...) \
        ^
/Users/admin/builder/spi-builder-workspace/Sources/Miles/Miles.swift:154:9: error: cannot find 'XCTAssertFalse' in scope
        XCTAssertFalse(contains, message, file: file, line: line)
        ^~~~~~~~~~~~~~
/Applications/Xcode-16.3.0.app/Contents/Developer/Platforms/WatchOS.platform/Developer/Library/Frameworks/XCTest.framework/Headers/XCTestAssertions.h:90:9: note: macro 'XCTAssertFalse' unavailable: function like macros not supported
#define XCTAssertFalse(expression, ...) \
        ^
/Users/admin/builder/spi-builder-workspace/Sources/Miles/Miles.swift:163:13: error: cannot find 'XCTAssertTrue' in scope
            XCTAssertTrue(false, message, file: file, line: line)
            ^~~~~~~~~~~~~
/Applications/Xcode-16.3.0.app/Contents/Developer/Platforms/WatchOS.platform/Developer/Library/Frameworks/XCTest.framework/Headers/XCTestAssertions.h:81:9: note: macro 'XCTAssertTrue' unavailable: function like macros not supported
#define XCTAssertTrue(expression, ...) \
        ^
/Users/admin/builder/spi-builder-workspace/Sources/Miles/Miles.swift:165:13: error: cannot find 'XCTAssertTrue' in scope
            XCTAssertTrue(true, message, file: file, line: line)
            ^~~~~~~~~~~~~
/Applications/Xcode-16.3.0.app/Contents/Developer/Platforms/WatchOS.platform/Developer/Library/Frameworks/XCTest.framework/Headers/XCTestAssertions.h:81:9: note: macro 'XCTAssertTrue' unavailable: function like macros not supported
#define XCTAssertTrue(expression, ...) \
        ^
/Users/admin/builder/spi-builder-workspace/Sources/Miles/Miles.swift:173:13: error: cannot find 'XCTAssertTrue' in scope
            XCTAssertTrue(true, message, file: file, line: line)
            ^~~~~~~~~~~~~
/Applications/Xcode-16.3.0.app/Contents/Developer/Platforms/WatchOS.platform/Developer/Library/Frameworks/XCTest.framework/Headers/XCTestAssertions.h:81:9: note: macro 'XCTAssertTrue' unavailable: function like macros not supported
#define XCTAssertTrue(expression, ...) \
        ^
/Users/admin/builder/spi-builder-workspace/Sources/Miles/Miles.swift:175:13: error: cannot find 'XCTAssertTrue' in scope
            XCTAssertTrue(false, message, file: file, line: line)
            ^~~~~~~~~~~~~
/Applications/Xcode-16.3.0.app/Contents/Developer/Platforms/WatchOS.platform/Developer/Library/Frameworks/XCTest.framework/Headers/XCTestAssertions.h:81:9: note: macro 'XCTAssertTrue' unavailable: function like macros not supported
#define XCTAssertTrue(expression, ...) \
        ^
/Users/admin/builder/spi-builder-workspace/Sources/Miles/Miles.swift:185:13: error: cannot find 'XCTAssertEqual' in scope
            XCTAssertEqual(self, other, message, file: file, line: line)
            ^~~~~~~~~~~~~~
/Applications/Xcode-16.3.0.app/Contents/Developer/Platforms/WatchOS.platform/Developer/Library/Frameworks/XCTest.framework/Headers/XCTestAssertions.h:120:9: note: macro 'XCTAssertEqual' unavailable: function like macros not supported
#define XCTAssertEqual(expression1, expression2, ...) \
        ^
/Users/admin/builder/spi-builder-workspace/Sources/Miles/Miles.swift:187:13: error: cannot find 'XCTFail' in scope
            XCTFail("Exepcted \(String(describing: self)) to equal \(String(describing: other))", file: file, line: line)
            ^~~~~~~
/Applications/Xcode-16.3.0.app/Contents/Developer/Platforms/WatchOS.platform/Developer/Library/Frameworks/XCTest.framework/Headers/XCTestAssertions.h:45:9: note: macro 'XCTFail' unavailable: function like macros not supported
#define XCTFail(...) \
        ^
/Users/admin/builder/spi-builder-workspace/Sources/Miles/Miles.swift:195:13: error: cannot find 'XCTAssertEqual' in scope
            XCTAssertEqual(self, right, message, file: file, line: line)
            ^~~~~~~~~~~~~~
/Applications/Xcode-16.3.0.app/Contents/Developer/Platforms/WatchOS.platform/Developer/Library/Frameworks/XCTest.framework/Headers/XCTestAssertions.h:120:9: note: macro 'XCTAssertEqual' unavailable: function like macros not supported
#define XCTAssertEqual(expression1, expression2, ...) \
        ^
/Users/admin/builder/spi-builder-workspace/Sources/Miles/Miles.swift:198:13: error: cannot find 'XCTAssertTrue' in scope
            XCTAssertTrue(true, message, file: file, line: line)
            ^~~~~~~~~~~~~
/Applications/Xcode-16.3.0.app/Contents/Developer/Platforms/WatchOS.platform/Developer/Library/Frameworks/XCTest.framework/Headers/XCTestAssertions.h:81:9: note: macro 'XCTAssertTrue' unavailable: function like macros not supported
#define XCTAssertTrue(expression, ...) \
        ^
/Users/admin/builder/spi-builder-workspace/Sources/Miles/Miles.swift:200:13: error: cannot find 'XCTFail' in scope
            XCTFail("Exepcted \(String(describing: self)) to equal \(String(describing: other))", file: file, line: line)
            ^~~~~~~
/Applications/Xcode-16.3.0.app/Contents/Developer/Platforms/WatchOS.platform/Developer/Library/Frameworks/XCTest.framework/Headers/XCTestAssertions.h:45:9: note: macro 'XCTFail' unavailable: function like macros not supported
#define XCTFail(...) \
        ^
Failed frontend command:
/Applications/Xcode-16.3.0.app/Contents/Developer/Toolchains/XcodeDefault.xctoolchain/usr/bin/swift-frontend -frontend -c -primary-file /Users/admin/builder/spi-builder-workspace/Sources/Miles/Miles.swift -emit-dependencies-path /Users/admin/builder/spi-builder-workspace/.derivedData/Build/Intermediates.noindex/Miles.build/Debug-watchos/Miles.build/Objects-normal/arm64/Miles.d -emit-const-values-path /Users/admin/builder/spi-builder-workspace/.derivedData/Build/Intermediates.noindex/Miles.build/Debug-watchos/Miles.build/Objects-normal/arm64/Miles.swiftconstvalues -emit-reference-dependencies-path /Users/admin/builder/spi-builder-workspace/.derivedData/Build/Intermediates.noindex/Miles.build/Debug-watchos/Miles.build/Objects-normal/arm64/Miles.swiftdeps -serialize-diagnostics-path /Users/admin/builder/spi-builder-workspace/.derivedData/Build/Intermediates.noindex/Miles.build/Debug-watchos/Miles.build/Objects-normal/arm64/Miles.dia -target arm64-apple-watchos2.0 -Xllvm -aarch64-use-tbi -enable-objc-interop -sdk /Applications/Xcode-16.3.0.app/Contents/Developer/Platforms/WatchOS.platform/Developer/SDKs/WatchOS11.4.sdk -I /Users/admin/builder/spi-builder-workspace/.derivedData/Build/Products/Debug-watchos -F /Users/admin/builder/spi-builder-workspace/.derivedData/Build/Products/Debug-watchos -F /Applications/Xcode-16.3.0.app/Contents/Developer/Platforms/WatchOS.platform/Developer/Library/Frameworks -no-color-diagnostics -enable-testing -g -debug-info-format\=dwarf -dwarf-version\=4 -module-cache-path /Users/admin/builder/spi-builder-workspace/.derivedData/ModuleCache.noindex -swift-version 5 -enforce-exclusivity\=checked -Onone -D SWIFT_PACKAGE -D DEBUG -D Xcode -serialize-debugging-options -const-gather-protocols-file /Users/admin/builder/spi-builder-workspace/.derivedData/Build/Intermediates.noindex/Miles.build/Debug-watchos/Miles.build/Objects-normal/arm64/Miles_const_extract_protocols.json -enable-experimental-feature DebugDescriptionMacro -enable-bare-slash-regex -empty-abi-descriptor -validate-clang-modules-once -clang-build-session-file /Users/admin/builder/spi-builder-workspace/.derivedData/ModuleCache.noindex/Session.modulevalidation -Xcc -working-directory -Xcc /Users/admin/builder/spi-builder-workspace -resource-dir /Applications/Xcode-16.3.0.app/Contents/Developer/Toolchains/XcodeDefault.xctoolchain/usr/lib/swift -enable-anonymous-context-mangled-names -file-compilation-dir /Users/admin/builder/spi-builder-workspace -Xcc -ivfsstatcache -Xcc /Users/admin/builder/spi-builder-workspace/.derivedData/SDKStatCaches.noindex/watchos11.4-22T246-43efb940ff07ba2497b70ec94253f576.sdkstatcache -Xcc -I/Users/admin/builder/spi-builder-workspace/.derivedData/Build/Intermediates.noindex/Miles.build/Debug-watchos/Miles.build/swift-overrides.hmap -Xcc -I/Users/admin/builder/spi-builder-workspace/.derivedData/Build/Products/Debug-watchos/include -Xcc -I/Users/admin/builder/spi-builder-workspace/.derivedData/Build/Intermediates.noindex/Miles.build/Debug-watchos/Miles.build/DerivedSources-normal/arm64 -Xcc -I/Users/admin/builder/spi-builder-workspace/.derivedData/Build/Intermediates.noindex/Miles.build/Debug-watchos/Miles.build/DerivedSources/arm64 -Xcc -I/Users/admin/builder/spi-builder-workspace/.derivedData/Build/Intermediates.noindex/Miles.build/Debug-watchos/Miles.build/DerivedSources -Xcc -DSWIFT_PACKAGE\=1 -Xcc -DDEBUG\=1 -module-name Miles -frontend-parseable-output -disable-clang-spi -target-sdk-version 11.4 -target-sdk-name watchos11.4 -external-plugin-path /Applications/Xcode-16.3.0.app/Contents/Developer/Platforms/WatchOS.platform/Developer/usr/lib/swift/host/plugins\#/Applications/Xcode-16.3.0.app/Contents/Developer/Platforms/WatchOS.platform/Developer/usr/bin/swift-plugin-server -external-plugin-path /Applications/Xcode-16.3.0.app/Contents/Developer/Platforms/WatchOS.platform/Developer/usr/local/lib/swift/host/plugins\#/Applications/Xcode-16.3.0.app/Contents/Developer/Platforms/WatchOS.platform/Developer/usr/bin/swift-plugin-server -in-process-plugin-server-path /Applications/Xcode-16.3.0.app/Contents/Developer/Toolchains/XcodeDefault.xctoolchain/usr/lib/swift/host/libSwiftInProcPluginServer.dylib -plugin-path /Applications/Xcode-16.3.0.app/Contents/Developer/Toolchains/XcodeDefault.xctoolchain/usr/lib/swift/host/plugins -plugin-path /Applications/Xcode-16.3.0.app/Contents/Developer/Toolchains/XcodeDefault.xctoolchain/usr/local/lib/swift/host/plugins -parse-as-library -o /Users/admin/builder/spi-builder-workspace/.derivedData/Build/Intermediates.noindex/Miles.build/Debug-watchos/Miles.build/Objects-normal/arm64/Miles.o -index-unit-output-path /Miles.build/Debug-watchos/Miles.build/Objects-normal/arm64/Miles.o -index-store-path /Users/admin/builder/spi-builder-workspace/.derivedData/Index.noindex/DataStore -index-system-modules
SwiftDriverJobDiscovery normal arm64_32 Emitting module for Miles (in target 'Miles' from project 'Miles')
SwiftDriverJobDiscovery normal armv7k Emitting module for Miles (in target 'Miles' from project 'Miles')
SwiftDriver\ Compilation\ Requirements Miles normal arm64_32 com.apple.xcode.tools.swift.compiler (in target 'Miles' from project 'Miles')
    cd /Users/admin/builder/spi-builder-workspace
    builtin-Swift-Compilation-Requirements -- /Applications/Xcode-16.3.0.app/Contents/Developer/Toolchains/XcodeDefault.xctoolchain/usr/bin/swiftc -module-name Miles -Onone -enforce-exclusivity\=checked @/Users/admin/builder/spi-builder-workspace/.derivedData/Build/Intermediates.noindex/Miles.build/Debug-watchos/Miles.build/Objects-normal/arm64_32/Miles.SwiftFileList -DSWIFT_PACKAGE -DDEBUG -DXcode -enable-bare-slash-regex -enable-experimental-feature DebugDescriptionMacro -sdk /Applications/Xcode-16.3.0.app/Contents/Developer/Platforms/WatchOS.platform/Developer/SDKs/WatchOS11.4.sdk -target arm64_32-apple-watchos2.0 -g -module-cache-path /Users/admin/builder/spi-builder-workspace/.derivedData/ModuleCache.noindex -Xfrontend -serialize-debugging-options -enable-testing -index-store-path /Users/admin/builder/spi-builder-workspace/.derivedData/Index.noindex/DataStore -swift-version 5 -I /Users/admin/builder/spi-builder-workspace/.derivedData/Build/Products/Debug-watchos -F /Users/admin/builder/spi-builder-workspace/.derivedData/Build/Products/Debug-watchos -F /Applications/Xcode-16.3.0.app/Contents/Developer/Platforms/WatchOS.platform/Developer/Library/Frameworks -parse-as-library -c -j10 -enable-batch-mode -incremental -Xcc -ivfsstatcache -Xcc /Users/admin/builder/spi-builder-workspace/.derivedData/SDKStatCaches.noindex/watchos11.4-22T246-43efb940ff07ba2497b70ec94253f576.sdkstatcache -output-file-map /Users/admin/builder/spi-builder-workspace/.derivedData/Build/Intermediates.noindex/Miles.build/Debug-watchos/Miles.build/Objects-normal/arm64_32/Miles-OutputFileMap.json -use-frontend-parseable-output -save-temps -no-color-diagnostics -serialize-diagnostics -emit-dependencies -emit-module -emit-module-path /Users/admin/builder/spi-builder-workspace/.derivedData/Build/Intermediates.noindex/Miles.build/Debug-watchos/Miles.build/Objects-normal/arm64_32/Miles.swiftmodule -validate-clang-modules-once -clang-build-session-file /Users/admin/builder/spi-builder-workspace/.derivedData/ModuleCache.noindex/Session.modulevalidation -Xcc -I/Users/admin/builder/spi-builder-workspace/.derivedData/Build/Intermediates.noindex/Miles.build/Debug-watchos/Miles.build/swift-overrides.hmap -emit-const-values -Xfrontend -const-gather-protocols-file -Xfrontend /Users/admin/builder/spi-builder-workspace/.derivedData/Build/Intermediates.noindex/Miles.build/Debug-watchos/Miles.build/Objects-normal/arm64_32/Miles_const_extract_protocols.json -Xcc -I/Users/admin/builder/spi-builder-workspace/.derivedData/Build/Products/Debug-watchos/include -Xcc -I/Users/admin/builder/spi-builder-workspace/.derivedData/Build/Intermediates.noindex/Miles.build/Debug-watchos/Miles.build/DerivedSources-normal/arm64_32 -Xcc -I/Users/admin/builder/spi-builder-workspace/.derivedData/Build/Intermediates.noindex/Miles.build/Debug-watchos/Miles.build/DerivedSources/arm64_32 -Xcc -I/Users/admin/builder/spi-builder-workspace/.derivedData/Build/Intermediates.noindex/Miles.build/Debug-watchos/Miles.build/DerivedSources -Xcc -DSWIFT_PACKAGE\=1 -Xcc -DDEBUG\=1 -emit-objc-header -emit-objc-header-path /Users/admin/builder/spi-builder-workspace/.derivedData/Build/Intermediates.noindex/Miles.build/Debug-watchos/Miles.build/Objects-normal/arm64_32/Miles-Swift.h -working-directory /Users/admin/builder/spi-builder-workspace -experimental-emit-module-separately -disable-cmo
SwiftDriver\ Compilation\ Requirements Miles normal armv7k com.apple.xcode.tools.swift.compiler (in target 'Miles' from project 'Miles')
    cd /Users/admin/builder/spi-builder-workspace
    builtin-Swift-Compilation-Requirements -- /Applications/Xcode-16.3.0.app/Contents/Developer/Toolchains/XcodeDefault.xctoolchain/usr/bin/swiftc -module-name Miles -Onone -enforce-exclusivity\=checked @/Users/admin/builder/spi-builder-workspace/.derivedData/Build/Intermediates.noindex/Miles.build/Debug-watchos/Miles.build/Objects-normal/armv7k/Miles.SwiftFileList -DSWIFT_PACKAGE -DDEBUG -DXcode -enable-bare-slash-regex -enable-experimental-feature DebugDescriptionMacro -sdk /Applications/Xcode-16.3.0.app/Contents/Developer/Platforms/WatchOS.platform/Developer/SDKs/WatchOS11.4.sdk -target armv7k-apple-watchos2.0 -g -module-cache-path /Users/admin/builder/spi-builder-workspace/.derivedData/ModuleCache.noindex -Xfrontend -serialize-debugging-options -enable-testing -index-store-path /Users/admin/builder/spi-builder-workspace/.derivedData/Index.noindex/DataStore -swift-version 5 -I /Users/admin/builder/spi-builder-workspace/.derivedData/Build/Products/Debug-watchos -F /Users/admin/builder/spi-builder-workspace/.derivedData/Build/Products/Debug-watchos -F /Applications/Xcode-16.3.0.app/Contents/Developer/Platforms/WatchOS.platform/Developer/Library/Frameworks -parse-as-library -c -j10 -enable-batch-mode -incremental -Xcc -ivfsstatcache -Xcc /Users/admin/builder/spi-builder-workspace/.derivedData/SDKStatCaches.noindex/watchos11.4-22T246-43efb940ff07ba2497b70ec94253f576.sdkstatcache -output-file-map /Users/admin/builder/spi-builder-workspace/.derivedData/Build/Intermediates.noindex/Miles.build/Debug-watchos/Miles.build/Objects-normal/armv7k/Miles-OutputFileMap.json -use-frontend-parseable-output -save-temps -no-color-diagnostics -serialize-diagnostics -emit-dependencies -emit-module -emit-module-path /Users/admin/builder/spi-builder-workspace/.derivedData/Build/Intermediates.noindex/Miles.build/Debug-watchos/Miles.build/Objects-normal/armv7k/Miles.swiftmodule -validate-clang-modules-once -clang-build-session-file /Users/admin/builder/spi-builder-workspace/.derivedData/ModuleCache.noindex/Session.modulevalidation -Xcc -I/Users/admin/builder/spi-builder-workspace/.derivedData/Build/Intermediates.noindex/Miles.build/Debug-watchos/Miles.build/swift-overrides.hmap -emit-const-values -Xfrontend -const-gather-protocols-file -Xfrontend /Users/admin/builder/spi-builder-workspace/.derivedData/Build/Intermediates.noindex/Miles.build/Debug-watchos/Miles.build/Objects-normal/armv7k/Miles_const_extract_protocols.json -Xcc -I/Users/admin/builder/spi-builder-workspace/.derivedData/Build/Products/Debug-watchos/include -Xcc -I/Users/admin/builder/spi-builder-workspace/.derivedData/Build/Intermediates.noindex/Miles.build/Debug-watchos/Miles.build/DerivedSources-normal/armv7k -Xcc -I/Users/admin/builder/spi-builder-workspace/.derivedData/Build/Intermediates.noindex/Miles.build/Debug-watchos/Miles.build/DerivedSources/armv7k -Xcc -I/Users/admin/builder/spi-builder-workspace/.derivedData/Build/Intermediates.noindex/Miles.build/Debug-watchos/Miles.build/DerivedSources -Xcc -DSWIFT_PACKAGE\=1 -Xcc -DDEBUG\=1 -emit-objc-header -emit-objc-header-path /Users/admin/builder/spi-builder-workspace/.derivedData/Build/Intermediates.noindex/Miles.build/Debug-watchos/Miles.build/Objects-normal/armv7k/Miles-Swift.h -working-directory /Users/admin/builder/spi-builder-workspace -experimental-emit-module-separately -disable-cmo
Copy /Users/admin/builder/spi-builder-workspace/.derivedData/Build/Products/Debug-watchos/Miles.framework/Modules/Miles.swiftmodule/armv7k-apple-watchos.abi.json /Users/admin/builder/spi-builder-workspace/.derivedData/Build/Intermediates.noindex/Miles.build/Debug-watchos/Miles.build/Objects-normal/armv7k/Miles.abi.json (in target 'Miles' from project 'Miles')
    cd /Users/admin/builder/spi-builder-workspace
    builtin-copy -exclude .DS_Store -exclude CVS -exclude .svn -exclude .git -exclude .hg -resolve-src-symlinks -rename /Users/admin/builder/spi-builder-workspace/.derivedData/Build/Intermediates.noindex/Miles.build/Debug-watchos/Miles.build/Objects-normal/armv7k/Miles.abi.json /Users/admin/builder/spi-builder-workspace/.derivedData/Build/Products/Debug-watchos/Miles.framework/Modules/Miles.swiftmodule/armv7k-apple-watchos.abi.json
Copy /Users/admin/builder/spi-builder-workspace/.derivedData/Build/Products/Debug-watchos/Miles.framework/Modules/Miles.swiftmodule/arm64_32-apple-watchos.abi.json /Users/admin/builder/spi-builder-workspace/.derivedData/Build/Intermediates.noindex/Miles.build/Debug-watchos/Miles.build/Objects-normal/arm64_32/Miles.abi.json (in target 'Miles' from project 'Miles')
    cd /Users/admin/builder/spi-builder-workspace
    builtin-copy -exclude .DS_Store -exclude CVS -exclude .svn -exclude .git -exclude .hg -resolve-src-symlinks -rename /Users/admin/builder/spi-builder-workspace/.derivedData/Build/Intermediates.noindex/Miles.build/Debug-watchos/Miles.build/Objects-normal/arm64_32/Miles.abi.json /Users/admin/builder/spi-builder-workspace/.derivedData/Build/Products/Debug-watchos/Miles.framework/Modules/Miles.swiftmodule/arm64_32-apple-watchos.abi.json
SwiftDriverJobDiscovery normal arm64 Emitting module for Miles (in target 'Miles' from project 'Miles')
SwiftDriver\ Compilation\ Requirements Miles normal arm64 com.apple.xcode.tools.swift.compiler (in target 'Miles' from project 'Miles')
    cd /Users/admin/builder/spi-builder-workspace
    builtin-Swift-Compilation-Requirements -- /Applications/Xcode-16.3.0.app/Contents/Developer/Toolchains/XcodeDefault.xctoolchain/usr/bin/swiftc -module-name Miles -Onone -enforce-exclusivity\=checked @/Users/admin/builder/spi-builder-workspace/.derivedData/Build/Intermediates.noindex/Miles.build/Debug-watchos/Miles.build/Objects-normal/arm64/Miles.SwiftFileList -DSWIFT_PACKAGE -DDEBUG -DXcode -enable-bare-slash-regex -enable-experimental-feature DebugDescriptionMacro -sdk /Applications/Xcode-16.3.0.app/Contents/Developer/Platforms/WatchOS.platform/Developer/SDKs/WatchOS11.4.sdk -target arm64-apple-watchos2.0 -g -module-cache-path /Users/admin/builder/spi-builder-workspace/.derivedData/ModuleCache.noindex -Xfrontend -serialize-debugging-options -enable-testing -index-store-path /Users/admin/builder/spi-builder-workspace/.derivedData/Index.noindex/DataStore -swift-version 5 -I /Users/admin/builder/spi-builder-workspace/.derivedData/Build/Products/Debug-watchos -F /Users/admin/builder/spi-builder-workspace/.derivedData/Build/Products/Debug-watchos -F /Applications/Xcode-16.3.0.app/Contents/Developer/Platforms/WatchOS.platform/Developer/Library/Frameworks -parse-as-library -c -j10 -enable-batch-mode -incremental -Xcc -ivfsstatcache -Xcc /Users/admin/builder/spi-builder-workspace/.derivedData/SDKStatCaches.noindex/watchos11.4-22T246-43efb940ff07ba2497b70ec94253f576.sdkstatcache -output-file-map /Users/admin/builder/spi-builder-workspace/.derivedData/Build/Intermediates.noindex/Miles.build/Debug-watchos/Miles.build/Objects-normal/arm64/Miles-OutputFileMap.json -use-frontend-parseable-output -save-temps -no-color-diagnostics -serialize-diagnostics -emit-dependencies -emit-module -emit-module-path /Users/admin/builder/spi-builder-workspace/.derivedData/Build/Intermediates.noindex/Miles.build/Debug-watchos/Miles.build/Objects-normal/arm64/Miles.swiftmodule -validate-clang-modules-once -clang-build-session-file /Users/admin/builder/spi-builder-workspace/.derivedData/ModuleCache.noindex/Session.modulevalidation -Xcc -I/Users/admin/builder/spi-builder-workspace/.derivedData/Build/Intermediates.noindex/Miles.build/Debug-watchos/Miles.build/swift-overrides.hmap -emit-const-values -Xfrontend -const-gather-protocols-file -Xfrontend /Users/admin/builder/spi-builder-workspace/.derivedData/Build/Intermediates.noindex/Miles.build/Debug-watchos/Miles.build/Objects-normal/arm64/Miles_const_extract_protocols.json -Xcc -I/Users/admin/builder/spi-builder-workspace/.derivedData/Build/Products/Debug-watchos/include -Xcc -I/Users/admin/builder/spi-builder-workspace/.derivedData/Build/Intermediates.noindex/Miles.build/Debug-watchos/Miles.build/DerivedSources-normal/arm64 -Xcc -I/Users/admin/builder/spi-builder-workspace/.derivedData/Build/Intermediates.noindex/Miles.build/Debug-watchos/Miles.build/DerivedSources/arm64 -Xcc -I/Users/admin/builder/spi-builder-workspace/.derivedData/Build/Intermediates.noindex/Miles.build/Debug-watchos/Miles.build/DerivedSources -Xcc -DSWIFT_PACKAGE\=1 -Xcc -DDEBUG\=1 -emit-objc-header -emit-objc-header-path /Users/admin/builder/spi-builder-workspace/.derivedData/Build/Intermediates.noindex/Miles.build/Debug-watchos/Miles.build/Objects-normal/arm64/Miles-Swift.h -working-directory /Users/admin/builder/spi-builder-workspace -experimental-emit-module-separately -disable-cmo
Copy /Users/admin/builder/spi-builder-workspace/.derivedData/Build/Products/Debug-watchos/Miles.framework/Modules/Miles.swiftmodule/arm64-apple-watchos.abi.json /Users/admin/builder/spi-builder-workspace/.derivedData/Build/Intermediates.noindex/Miles.build/Debug-watchos/Miles.build/Objects-normal/arm64/Miles.abi.json (in target 'Miles' from project 'Miles')
    cd /Users/admin/builder/spi-builder-workspace
    builtin-copy -exclude .DS_Store -exclude CVS -exclude .svn -exclude .git -exclude .hg -resolve-src-symlinks -rename /Users/admin/builder/spi-builder-workspace/.derivedData/Build/Intermediates.noindex/Miles.build/Debug-watchos/Miles.build/Objects-normal/arm64/Miles.abi.json /Users/admin/builder/spi-builder-workspace/.derivedData/Build/Products/Debug-watchos/Miles.framework/Modules/Miles.swiftmodule/arm64-apple-watchos.abi.json
/Users/admin/builder/spi-builder-workspace/Miles.xcodeproj: warning: The watchOS deployment target 'WATCHOS_DEPLOYMENT_TARGET' is set to 2.0, but the range of supported deployment target versions is 4.0 to 11.4.99. (in target 'Miles' from project 'Miles')
** BUILD FAILED **
The following build commands failed:
	SwiftCompile normal armv7k /Users/admin/builder/spi-builder-workspace/Sources/Miles/Miles.swift (in target 'Miles' from project 'Miles')
	SwiftCompile normal armv7k Compiling\ Miles.swift /Users/admin/builder/spi-builder-workspace/Sources/Miles/Miles.swift (in target 'Miles' from project 'Miles')
	SwiftCompile normal arm64_32 Compiling\ Miles.swift /Users/admin/builder/spi-builder-workspace/Sources/Miles/Miles.swift (in target 'Miles' from project 'Miles')
	SwiftCompile normal arm64_32 /Users/admin/builder/spi-builder-workspace/Sources/Miles/Miles.swift (in target 'Miles' from project 'Miles')
	SwiftCompile normal arm64 /Users/admin/builder/spi-builder-workspace/Sources/Miles/Miles.swift (in target 'Miles' from project 'Miles')
	SwiftCompile normal arm64 Compiling\ Miles.swift /Users/admin/builder/spi-builder-workspace/Sources/Miles/Miles.swift (in target 'Miles' from project 'Miles')
	Building project Miles with scheme Miles-Package
(7 failures)
BUILD FAILURE 6.1 watchOS