Build Information
Failed to build MaxVol, reference v0.8.0 (c9f999), with Swift 6.4 for watchOS using Xcode 27.0 on 26 Sep 2026 01:17:54 UTC.
Build Command
env DEVELOPER_DIR=/Applications/Xcode-27.0.0-Release.Candidate.app xcrun xcodebuild -IDEClonedSourcePackagesDirPathOverride=$PWD/.dependencies -skipMacroValidation -skipPackagePluginValidation -derivedDataPath $PWD/.derivedData build -scheme MaxVol-Package -destination generic/platform=watchOSBuild Log
cd /Users/admin/builder/spi-builder-workspace/.swiftpm/xcode
builtin-Swift-Compilation-Requirements -- /Applications/Xcode-27.0.0-Release.Candidate.app/Contents/Developer/Toolchains/XcodeDefault.xctoolchain/usr/bin/swiftc -parse-as-library -module-name Configuration -Onone @/Users/admin/builder/spi-builder-workspace/.derivedData/Build/Intermediates.noindex/swift-configuration.build/Debug-watchos/Configuration-t.build/Objects-normal/arm64_32/Configuration.SwiftFileList -DSWIFT_PACKAGE -DDEBUG -DSWIFT_MODULE_RESOURCE_BUNDLE_UNAVAILABLE -DCommandLineArguments -DJSON -DLogging -DReloading -DYAML -Ddefault -Xcc -fmodule-map-file\=/Users/admin/builder/spi-builder-workspace/.dependencies/checkouts/swift-system/Sources/CSystem/include/module.modulemap -Xcc -fmodule-map-file\=/Users/admin/builder/spi-builder-workspace/.dependencies/checkouts/Yams/Sources/CYaml/include/module.modulemap -DXcode -enable-upcoming-feature ExistentialAny -enable-upcoming-feature MemberImportVisibility -enable-upcoming-feature InternalImportsByDefault -enable-upcoming-feature NonisolatedNonsendingByDefault -enable-experimental-feature AvailabilityMacro\=Configuration\ 1.0:macOS\ 15.0,\ iOS\ 18.0,\ watchOS\ 11.0,\ tvOS\ 18.0,\ visionOS\ 2.0 -plugin-path /Applications/Xcode-27.0.0-Release.Candidate.app/Contents/Developer/Toolchains/XcodeDefault.xctoolchain/usr/lib/swift/host/plugins/testing -enable-experimental-feature DebugDescriptionMacro -sdk /Applications/Xcode-27.0.0-Release.Candidate.app/Contents/Developer/Platforms/WatchOS.platform/Developer/SDKs/WatchOS27.0.sdk -target arm64_32-apple-watchos9.0 -g -module-cache-path /Users/admin/builder/spi-builder-workspace/.derivedData/ModuleCache.noindex -Xfrontend -serialize-debugging-options -profile-coverage-mapping -profile-generate -enable-testing -suppress-warnings -index-store-path /Users/admin/builder/spi-builder-workspace/.derivedData/Index.noindex/DataStore -Xcc -D_LIBCPP_HARDENING_MODE\=_LIBCPP_HARDENING_MODE_DEBUG -swift-version 6 -I /Users/admin/builder/spi-builder-workspace/.derivedData/Build/Products/Debug-watchos -Isystem /Applications/Xcode-27.0.0-Release.Candidate.app/Contents/Developer/Platforms/WatchOS.platform/Developer/usr/lib -F /Users/admin/builder/spi-builder-workspace/.derivedData/Build/Products/Debug-watchos/PackageFrameworks -F /Users/admin/builder/spi-builder-workspace/.derivedData/Build/Products/Debug-watchos -F /Applications/Xcode-27.0.0-Release.Candidate.app/Contents/Developer/Platforms/WatchOS.platform/Developer/Library/Frameworks -F /Applications/Xcode-27.0.0-Release.Candidate.app/Contents/Developer/Platforms/WatchOS.platform/Developer/SDKs/WatchOS27.0.sdk/Developer/Library/Frameworks -c -j10 -enable-batch-mode -incremental -Xcc -ivfsstatcache -Xcc /Users/admin/builder/spi-builder-workspace/.derivedData/SDKStatCaches.noindex/watchos27.0-24R360-e829b21a6f8c9b70876ba0858053c04477534ef55a1706bf4c1112bbb242f0a2.sdkstatcache -output-file-map /Users/admin/builder/spi-builder-workspace/.derivedData/Build/Intermediates.noindex/swift-configuration.build/Debug-watchos/Configuration-t.build/Objects-normal/arm64_32/Configuration-OutputFileMap.json -save-temps -no-color-diagnostics -explicit-module-build -module-cache-path /Users/admin/builder/spi-builder-workspace/.derivedData/Build/Intermediates.noindex/SwiftExplicitPrecompiledModules -clang-scanner-module-cache-path /Users/admin/builder/spi-builder-workspace/.derivedData/ModuleCache.noindex -sdk-module-cache-path /Users/admin/builder/spi-builder-workspace/.derivedData/SDKExplicitPrecompiledModules -emit-dependencies -emit-module -emit-module-path /Users/admin/builder/spi-builder-workspace/.derivedData/Build/Intermediates.noindex/swift-configuration.build/Debug-watchos/Configuration-t.build/Objects-normal/arm64_32/Configuration.swiftmodule -serialize-diagnostics -dependency-scan-serialize-diagnostics-path /Users/admin/builder/spi-builder-workspace/.derivedData/Build/Intermediates.noindex/swift-configuration.build/Debug-watchos/Configuration-t.build/Objects-normal/arm64_32/Configuration-dependency-scan.dia -user-module-version 1.2.1 -validate-clang-modules-once -clang-build-session-file /Users/admin/builder/spi-builder-workspace/.derivedData/ModuleCache.noindex/Session.modulevalidation -Xcc -fmodules-prune-interval\=86400 -Xcc -fmodules-prune-after\=345600 -package-name swift_configuration -emit-const-values -const-gather-protocols-list /Users/admin/builder/spi-builder-workspace/.derivedData/Build/Intermediates.noindex/swift-configuration.build/Debug-watchos/Configuration-t.build/Objects-normal/arm64_32/Configuration_const_extract_protocols.json -Xcc -I/Users/admin/builder/spi-builder-workspace/.dependencies/checkouts/swift-system/Sources/CSystem/include -Xcc -I/Users/admin/builder/spi-builder-workspace/.dependencies/checkouts/Yams/Sources/CYaml/include -Xcc -I/Users/admin/builder/spi-builder-workspace/.derivedData/Build/Products/Debug-watchos/include -Xcc -I/Users/admin/builder/spi-builder-workspace/.derivedData/Build/Intermediates.noindex/swift-configuration.build/Debug-watchos/Configuration-t.build/DerivedSources-normal/arm64_32 -Xcc -I/Users/admin/builder/spi-builder-workspace/.derivedData/Build/Intermediates.noindex/swift-configuration.build/Debug-watchos/Configuration-t.build/DerivedSources/arm64_32 -Xcc -I/Users/admin/builder/spi-builder-workspace/.derivedData/Build/Intermediates.noindex/swift-configuration.build/Debug-watchos/Configuration-t.build/DerivedSources -Xcc -DSWIFT_PACKAGE -Xcc -DDEBUG\=1 -emit-objc-header -emit-objc-header-path /Users/admin/builder/spi-builder-workspace/.derivedData/Build/Intermediates.noindex/swift-configuration.build/Debug-watchos/Configuration-t.build/Objects-normal/arm64_32/Configuration-Swift.h -working-directory /Users/admin/builder/spi-builder-workspace/.swiftpm/xcode -experimental-emit-module-separately -disable-cmo
SwiftDriverJobDiscovery normal arm64 Emitting module for Configuration (in target 'Configuration' from project 'swift-configuration')
SwiftDriver\ Compilation\ Requirements Configuration normal arm64 com.apple.xcode.tools.swift.compiler (in target 'Configuration' from project 'swift-configuration')
cd /Users/admin/builder/spi-builder-workspace/.swiftpm/xcode
builtin-Swift-Compilation-Requirements -- /Applications/Xcode-27.0.0-Release.Candidate.app/Contents/Developer/Toolchains/XcodeDefault.xctoolchain/usr/bin/swiftc -parse-as-library -module-name Configuration -Onone @/Users/admin/builder/spi-builder-workspace/.derivedData/Build/Intermediates.noindex/swift-configuration.build/Debug-watchos/Configuration-t.build/Objects-normal/arm64/Configuration.SwiftFileList -DSWIFT_PACKAGE -DDEBUG -DSWIFT_MODULE_RESOURCE_BUNDLE_UNAVAILABLE -DCommandLineArguments -DJSON -DLogging -DReloading -DYAML -Ddefault -Xcc -fmodule-map-file\=/Users/admin/builder/spi-builder-workspace/.dependencies/checkouts/swift-system/Sources/CSystem/include/module.modulemap -Xcc -fmodule-map-file\=/Users/admin/builder/spi-builder-workspace/.dependencies/checkouts/Yams/Sources/CYaml/include/module.modulemap -DXcode -enable-upcoming-feature ExistentialAny -enable-upcoming-feature MemberImportVisibility -enable-upcoming-feature InternalImportsByDefault -enable-upcoming-feature NonisolatedNonsendingByDefault -enable-experimental-feature AvailabilityMacro\=Configuration\ 1.0:macOS\ 15.0,\ iOS\ 18.0,\ watchOS\ 11.0,\ tvOS\ 18.0,\ visionOS\ 2.0 -plugin-path /Applications/Xcode-27.0.0-Release.Candidate.app/Contents/Developer/Toolchains/XcodeDefault.xctoolchain/usr/lib/swift/host/plugins/testing -enable-experimental-feature DebugDescriptionMacro -sdk /Applications/Xcode-27.0.0-Release.Candidate.app/Contents/Developer/Platforms/WatchOS.platform/Developer/SDKs/WatchOS27.0.sdk -target arm64-apple-watchos9.0 -g -module-cache-path /Users/admin/builder/spi-builder-workspace/.derivedData/ModuleCache.noindex -Xfrontend -serialize-debugging-options -profile-coverage-mapping -profile-generate -enable-testing -suppress-warnings -index-store-path /Users/admin/builder/spi-builder-workspace/.derivedData/Index.noindex/DataStore -Xcc -D_LIBCPP_HARDENING_MODE\=_LIBCPP_HARDENING_MODE_DEBUG -swift-version 6 -I /Users/admin/builder/spi-builder-workspace/.derivedData/Build/Products/Debug-watchos -Isystem /Applications/Xcode-27.0.0-Release.Candidate.app/Contents/Developer/Platforms/WatchOS.platform/Developer/usr/lib -F /Users/admin/builder/spi-builder-workspace/.derivedData/Build/Products/Debug-watchos/PackageFrameworks -F /Users/admin/builder/spi-builder-workspace/.derivedData/Build/Products/Debug-watchos -F /Applications/Xcode-27.0.0-Release.Candidate.app/Contents/Developer/Platforms/WatchOS.platform/Developer/Library/Frameworks -F /Applications/Xcode-27.0.0-Release.Candidate.app/Contents/Developer/Platforms/WatchOS.platform/Developer/SDKs/WatchOS27.0.sdk/Developer/Library/Frameworks -c -j10 -enable-batch-mode -incremental -Xcc -ivfsstatcache -Xcc /Users/admin/builder/spi-builder-workspace/.derivedData/SDKStatCaches.noindex/watchos27.0-24R360-e829b21a6f8c9b70876ba0858053c04477534ef55a1706bf4c1112bbb242f0a2.sdkstatcache -output-file-map /Users/admin/builder/spi-builder-workspace/.derivedData/Build/Intermediates.noindex/swift-configuration.build/Debug-watchos/Configuration-t.build/Objects-normal/arm64/Configuration-OutputFileMap.json -save-temps -no-color-diagnostics -explicit-module-build -module-cache-path /Users/admin/builder/spi-builder-workspace/.derivedData/Build/Intermediates.noindex/SwiftExplicitPrecompiledModules -clang-scanner-module-cache-path /Users/admin/builder/spi-builder-workspace/.derivedData/ModuleCache.noindex -sdk-module-cache-path /Users/admin/builder/spi-builder-workspace/.derivedData/SDKExplicitPrecompiledModules -emit-dependencies -emit-module -emit-module-path /Users/admin/builder/spi-builder-workspace/.derivedData/Build/Intermediates.noindex/swift-configuration.build/Debug-watchos/Configuration-t.build/Objects-normal/arm64/Configuration.swiftmodule -serialize-diagnostics -dependency-scan-serialize-diagnostics-path /Users/admin/builder/spi-builder-workspace/.derivedData/Build/Intermediates.noindex/swift-configuration.build/Debug-watchos/Configuration-t.build/Objects-normal/arm64/Configuration-dependency-scan.dia -user-module-version 1.2.1 -validate-clang-modules-once -clang-build-session-file /Users/admin/builder/spi-builder-workspace/.derivedData/ModuleCache.noindex/Session.modulevalidation -Xcc -fmodules-prune-interval\=86400 -Xcc -fmodules-prune-after\=345600 -package-name swift_configuration -emit-const-values -const-gather-protocols-list /Users/admin/builder/spi-builder-workspace/.derivedData/Build/Intermediates.noindex/swift-configuration.build/Debug-watchos/Configuration-t.build/Objects-normal/arm64/Configuration_const_extract_protocols.json -Xcc -I/Users/admin/builder/spi-builder-workspace/.dependencies/checkouts/swift-system/Sources/CSystem/include -Xcc -I/Users/admin/builder/spi-builder-workspace/.dependencies/checkouts/Yams/Sources/CYaml/include -Xcc -I/Users/admin/builder/spi-builder-workspace/.derivedData/Build/Products/Debug-watchos/include -Xcc -I/Users/admin/builder/spi-builder-workspace/.derivedData/Build/Intermediates.noindex/swift-configuration.build/Debug-watchos/Configuration-t.build/DerivedSources-normal/arm64 -Xcc -I/Users/admin/builder/spi-builder-workspace/.derivedData/Build/Intermediates.noindex/swift-configuration.build/Debug-watchos/Configuration-t.build/DerivedSources/arm64 -Xcc -I/Users/admin/builder/spi-builder-workspace/.derivedData/Build/Intermediates.noindex/swift-configuration.build/Debug-watchos/Configuration-t.build/DerivedSources -Xcc -DSWIFT_PACKAGE -Xcc -DDEBUG\=1 -emit-objc-header -emit-objc-header-path /Users/admin/builder/spi-builder-workspace/.derivedData/Build/Intermediates.noindex/swift-configuration.build/Debug-watchos/Configuration-t.build/Objects-normal/arm64/Configuration-Swift.h -working-directory /Users/admin/builder/spi-builder-workspace/.swiftpm/xcode -experimental-emit-module-separately -disable-cmo
Copy /Users/admin/builder/spi-builder-workspace/.derivedData/Build/Products/Debug-watchos/Configuration.swiftmodule/arm64_32-apple-watchos.swiftmodule /Users/admin/builder/spi-builder-workspace/.derivedData/Build/Intermediates.noindex/swift-configuration.build/Debug-watchos/Configuration-t.build/Objects-normal/arm64_32/Configuration.swiftmodule (in target 'Configuration' from project 'swift-configuration')
cd /Users/admin/builder/spi-builder-workspace/.dependencies/checkouts/swift-configuration
builtin-copy -exclude .DS_Store -exclude CVS -exclude .svn -exclude .git -exclude .hg -resolve-src-symlinks -rename /Users/admin/builder/spi-builder-workspace/.derivedData/Build/Intermediates.noindex/swift-configuration.build/Debug-watchos/Configuration-t.build/Objects-normal/arm64_32/Configuration.swiftmodule /Users/admin/builder/spi-builder-workspace/.derivedData/Build/Products/Debug-watchos/Configuration.swiftmodule/arm64_32-apple-watchos.swiftmodule
SwiftMergeGeneratedHeaders /Users/admin/builder/spi-builder-workspace/.derivedData/Build/Intermediates.noindex/GeneratedModuleMaps-watchos/Configuration-Swift.h /Users/admin/builder/spi-builder-workspace/.derivedData/Build/Intermediates.noindex/swift-configuration.build/Debug-watchos/Configuration-t.build/Objects-normal/arm64/Configuration-Swift.h /Users/admin/builder/spi-builder-workspace/.derivedData/Build/Intermediates.noindex/swift-configuration.build/Debug-watchos/Configuration-t.build/Objects-normal/arm64_32/Configuration-Swift.h (in target 'Configuration' from project 'swift-configuration')
cd /Users/admin/builder/spi-builder-workspace/.dependencies/checkouts/swift-configuration
builtin-swiftHeaderTool -arch arm64 /Users/admin/builder/spi-builder-workspace/.derivedData/Build/Intermediates.noindex/swift-configuration.build/Debug-watchos/Configuration-t.build/Objects-normal/arm64/Configuration-Swift.h -arch arm64_32 /Users/admin/builder/spi-builder-workspace/.derivedData/Build/Intermediates.noindex/swift-configuration.build/Debug-watchos/Configuration-t.build/Objects-normal/arm64_32/Configuration-Swift.h -o /Users/admin/builder/spi-builder-workspace/.derivedData/Build/Intermediates.noindex/GeneratedModuleMaps-watchos/Configuration-Swift.h
Copy /Users/admin/builder/spi-builder-workspace/.derivedData/Build/Products/Debug-watchos/Configuration.swiftmodule/arm64_32-apple-watchos.swiftdoc /Users/admin/builder/spi-builder-workspace/.derivedData/Build/Intermediates.noindex/swift-configuration.build/Debug-watchos/Configuration-t.build/Objects-normal/arm64_32/Configuration.swiftdoc (in target 'Configuration' from project 'swift-configuration')
cd /Users/admin/builder/spi-builder-workspace/.dependencies/checkouts/swift-configuration
builtin-copy -exclude .DS_Store -exclude CVS -exclude .svn -exclude .git -exclude .hg -resolve-src-symlinks -rename /Users/admin/builder/spi-builder-workspace/.derivedData/Build/Intermediates.noindex/swift-configuration.build/Debug-watchos/Configuration-t.build/Objects-normal/arm64_32/Configuration.swiftdoc /Users/admin/builder/spi-builder-workspace/.derivedData/Build/Products/Debug-watchos/Configuration.swiftmodule/arm64_32-apple-watchos.swiftdoc
Copy /Users/admin/builder/spi-builder-workspace/.derivedData/Build/Products/Debug-watchos/Configuration.swiftmodule/arm64_32-apple-watchos.abi.json /Users/admin/builder/spi-builder-workspace/.derivedData/Build/Intermediates.noindex/swift-configuration.build/Debug-watchos/Configuration-t.build/Objects-normal/arm64_32/Configuration.abi.json (in target 'Configuration' from project 'swift-configuration')
cd /Users/admin/builder/spi-builder-workspace/.dependencies/checkouts/swift-configuration
builtin-copy -exclude .DS_Store -exclude CVS -exclude .svn -exclude .git -exclude .hg -resolve-src-symlinks -rename /Users/admin/builder/spi-builder-workspace/.derivedData/Build/Intermediates.noindex/swift-configuration.build/Debug-watchos/Configuration-t.build/Objects-normal/arm64_32/Configuration.abi.json /Users/admin/builder/spi-builder-workspace/.derivedData/Build/Products/Debug-watchos/Configuration.swiftmodule/arm64_32-apple-watchos.abi.json
Copy /Users/admin/builder/spi-builder-workspace/.derivedData/Build/Products/Debug-watchos/Configuration.swiftmodule/arm64-apple-watchos.swiftmodule /Users/admin/builder/spi-builder-workspace/.derivedData/Build/Intermediates.noindex/swift-configuration.build/Debug-watchos/Configuration-t.build/Objects-normal/arm64/Configuration.swiftmodule (in target 'Configuration' from project 'swift-configuration')
cd /Users/admin/builder/spi-builder-workspace/.dependencies/checkouts/swift-configuration
builtin-copy -exclude .DS_Store -exclude CVS -exclude .svn -exclude .git -exclude .hg -resolve-src-symlinks -rename /Users/admin/builder/spi-builder-workspace/.derivedData/Build/Intermediates.noindex/swift-configuration.build/Debug-watchos/Configuration-t.build/Objects-normal/arm64/Configuration.swiftmodule /Users/admin/builder/spi-builder-workspace/.derivedData/Build/Products/Debug-watchos/Configuration.swiftmodule/arm64-apple-watchos.swiftmodule
Copy /Users/admin/builder/spi-builder-workspace/.derivedData/Build/Products/Debug-watchos/Configuration.swiftmodule/arm64-apple-watchos.swiftdoc /Users/admin/builder/spi-builder-workspace/.derivedData/Build/Intermediates.noindex/swift-configuration.build/Debug-watchos/Configuration-t.build/Objects-normal/arm64/Configuration.swiftdoc (in target 'Configuration' from project 'swift-configuration')
cd /Users/admin/builder/spi-builder-workspace/.dependencies/checkouts/swift-configuration
builtin-copy -exclude .DS_Store -exclude CVS -exclude .svn -exclude .git -exclude .hg -resolve-src-symlinks -rename /Users/admin/builder/spi-builder-workspace/.derivedData/Build/Intermediates.noindex/swift-configuration.build/Debug-watchos/Configuration-t.build/Objects-normal/arm64/Configuration.swiftdoc /Users/admin/builder/spi-builder-workspace/.derivedData/Build/Products/Debug-watchos/Configuration.swiftmodule/arm64-apple-watchos.swiftdoc
Copy /Users/admin/builder/spi-builder-workspace/.derivedData/Build/Products/Debug-watchos/Configuration.swiftmodule/arm64-apple-watchos.abi.json /Users/admin/builder/spi-builder-workspace/.derivedData/Build/Intermediates.noindex/swift-configuration.build/Debug-watchos/Configuration-t.build/Objects-normal/arm64/Configuration.abi.json (in target 'Configuration' from project 'swift-configuration')
cd /Users/admin/builder/spi-builder-workspace/.dependencies/checkouts/swift-configuration
builtin-copy -exclude .DS_Store -exclude CVS -exclude .svn -exclude .git -exclude .hg -resolve-src-symlinks -rename /Users/admin/builder/spi-builder-workspace/.derivedData/Build/Intermediates.noindex/swift-configuration.build/Debug-watchos/Configuration-t.build/Objects-normal/arm64/Configuration.abi.json /Users/admin/builder/spi-builder-workspace/.derivedData/Build/Products/Debug-watchos/Configuration.swiftmodule/arm64-apple-watchos.abi.json
Copy /Users/admin/builder/spi-builder-workspace/.derivedData/Build/Products/Debug-watchos/Configuration.swiftmodule/Project/arm64_32-apple-watchos.swiftsourceinfo /Users/admin/builder/spi-builder-workspace/.derivedData/Build/Intermediates.noindex/swift-configuration.build/Debug-watchos/Configuration-t.build/Objects-normal/arm64_32/Configuration.swiftsourceinfo (in target 'Configuration' from project 'swift-configuration')
cd /Users/admin/builder/spi-builder-workspace/.dependencies/checkouts/swift-configuration
builtin-copy -exclude .DS_Store -exclude CVS -exclude .svn -exclude .git -exclude .hg -resolve-src-symlinks -rename /Users/admin/builder/spi-builder-workspace/.derivedData/Build/Intermediates.noindex/swift-configuration.build/Debug-watchos/Configuration-t.build/Objects-normal/arm64_32/Configuration.swiftsourceinfo /Users/admin/builder/spi-builder-workspace/.derivedData/Build/Products/Debug-watchos/Configuration.swiftmodule/Project/arm64_32-apple-watchos.swiftsourceinfo
Copy /Users/admin/builder/spi-builder-workspace/.derivedData/Build/Products/Debug-watchos/Configuration.swiftmodule/Project/arm64-apple-watchos.swiftsourceinfo /Users/admin/builder/spi-builder-workspace/.derivedData/Build/Intermediates.noindex/swift-configuration.build/Debug-watchos/Configuration-t.build/Objects-normal/arm64/Configuration.swiftsourceinfo (in target 'Configuration' from project 'swift-configuration')
cd /Users/admin/builder/spi-builder-workspace/.dependencies/checkouts/swift-configuration
builtin-copy -exclude .DS_Store -exclude CVS -exclude .svn -exclude .git -exclude .hg -resolve-src-symlinks -rename /Users/admin/builder/spi-builder-workspace/.derivedData/Build/Intermediates.noindex/swift-configuration.build/Debug-watchos/Configuration-t.build/Objects-normal/arm64/Configuration.swiftsourceinfo /Users/admin/builder/spi-builder-workspace/.derivedData/Build/Products/Debug-watchos/Configuration.swiftmodule/Project/arm64-apple-watchos.swiftsourceinfo
SwiftCompile normal arm64 Compiling\ CLIKeyEncoder.swift,\ ConfigKeyEncoder.swift,\ DotSeparatorKeyDecoder.swift,\ SeparatorKeyEncoder.swift,\ MultiProvider.swift /Users/admin/builder/spi-builder-workspace/.dependencies/checkouts/swift-configuration/Sources/Configuration/KeyCoders/CLIKeyEncoder.swift /Users/admin/builder/spi-builder-workspace/.dependencies/checkouts/swift-configuration/Sources/Configuration/KeyCoders/ConfigKeyEncoder.swift /Users/admin/builder/spi-builder-workspace/.dependencies/checkouts/swift-configuration/Sources/Configuration/KeyCoders/DotSeparatorKeyDecoder.swift /Users/admin/builder/spi-builder-workspace/.dependencies/checkouts/swift-configuration/Sources/Configuration/KeyCoders/SeparatorKeyEncoder.swift /Users/admin/builder/spi-builder-workspace/.dependencies/checkouts/swift-configuration/Sources/Configuration/MultiProvider.swift (in target 'Configuration' from project 'swift-configuration')
SwiftCompile normal arm64 /Users/admin/builder/spi-builder-workspace/.dependencies/checkouts/swift-configuration/Sources/Configuration/KeyCoders/CLIKeyEncoder.swift (in target 'Configuration' from project 'swift-configuration')
cd /Users/admin/builder/spi-builder-workspace/.swiftpm/xcode
builtin-SwiftPerFileCompile CLIKeyEncoder.swift
SwiftCompile normal arm64 /Users/admin/builder/spi-builder-workspace/.dependencies/checkouts/swift-configuration/Sources/Configuration/KeyCoders/ConfigKeyEncoder.swift (in target 'Configuration' from project 'swift-configuration')
cd /Users/admin/builder/spi-builder-workspace/.swiftpm/xcode
builtin-SwiftPerFileCompile ConfigKeyEncoder.swift
SwiftCompile normal arm64 /Users/admin/builder/spi-builder-workspace/.dependencies/checkouts/swift-configuration/Sources/Configuration/KeyCoders/DotSeparatorKeyDecoder.swift (in target 'Configuration' from project 'swift-configuration')
cd /Users/admin/builder/spi-builder-workspace/.swiftpm/xcode
builtin-SwiftPerFileCompile DotSeparatorKeyDecoder.swift
SwiftCompile normal arm64 /Users/admin/builder/spi-builder-workspace/.dependencies/checkouts/swift-configuration/Sources/Configuration/KeyCoders/SeparatorKeyEncoder.swift (in target 'Configuration' from project 'swift-configuration')
cd /Users/admin/builder/spi-builder-workspace/.swiftpm/xcode
builtin-SwiftPerFileCompile SeparatorKeyEncoder.swift
SwiftCompile normal arm64 /Users/admin/builder/spi-builder-workspace/.dependencies/checkouts/swift-configuration/Sources/Configuration/MultiProvider.swift (in target 'Configuration' from project 'swift-configuration')
cd /Users/admin/builder/spi-builder-workspace/.swiftpm/xcode
builtin-SwiftPerFileCompile MultiProvider.swift
SwiftDriverJobDiscovery normal arm64_32 Compiling EnvironmentVariablesProvider.swift, CommonProviderFileSystem.swift, DirectoryFilesProvider.swift, FileProvider.swift, FileProviderSnapshot.swift (in target 'Configuration' from project 'swift-configuration')
SwiftCompile normal arm64 Compiling\ ConfigProvider.swift,\ ConfigProviderHelpers.swift,\ ConfigReader+internalHelpers.swift,\ ConfigReader+methods.swift,\ ConfigReader.swift /Users/admin/builder/spi-builder-workspace/.dependencies/checkouts/swift-configuration/Sources/Configuration/ConfigProvider.swift /Users/admin/builder/spi-builder-workspace/.dependencies/checkouts/swift-configuration/Sources/Configuration/ConfigProviderHelpers.swift /Users/admin/builder/spi-builder-workspace/.dependencies/checkouts/swift-configuration/Sources/Configuration/ConfigReader+internalHelpers.swift /Users/admin/builder/spi-builder-workspace/.dependencies/checkouts/swift-configuration/Sources/Configuration/ConfigReader+methods.swift /Users/admin/builder/spi-builder-workspace/.dependencies/checkouts/swift-configuration/Sources/Configuration/ConfigReader.swift (in target 'Configuration' from project 'swift-configuration')
SwiftCompile normal arm64 /Users/admin/builder/spi-builder-workspace/.dependencies/checkouts/swift-configuration/Sources/Configuration/ConfigProvider.swift (in target 'Configuration' from project 'swift-configuration')
cd /Users/admin/builder/spi-builder-workspace/.swiftpm/xcode
builtin-SwiftPerFileCompile ConfigProvider.swift
SwiftCompile normal arm64 /Users/admin/builder/spi-builder-workspace/.dependencies/checkouts/swift-configuration/Sources/Configuration/ConfigProviderHelpers.swift (in target 'Configuration' from project 'swift-configuration')
cd /Users/admin/builder/spi-builder-workspace/.swiftpm/xcode
builtin-SwiftPerFileCompile ConfigProviderHelpers.swift
SwiftCompile normal arm64 /Users/admin/builder/spi-builder-workspace/.dependencies/checkouts/swift-configuration/Sources/Configuration/ConfigReader+internalHelpers.swift (in target 'Configuration' from project 'swift-configuration')
cd /Users/admin/builder/spi-builder-workspace/.swiftpm/xcode
builtin-SwiftPerFileCompile ConfigReader+internalHelpers.swift
SwiftCompile normal arm64 /Users/admin/builder/spi-builder-workspace/.dependencies/checkouts/swift-configuration/Sources/Configuration/ConfigReader+methods.swift (in target 'Configuration' from project 'swift-configuration')
cd /Users/admin/builder/spi-builder-workspace/.swiftpm/xcode
builtin-SwiftPerFileCompile ConfigReader+methods.swift
SwiftCompile normal arm64 /Users/admin/builder/spi-builder-workspace/.dependencies/checkouts/swift-configuration/Sources/Configuration/ConfigReader.swift (in target 'Configuration' from project 'swift-configuration')
cd /Users/admin/builder/spi-builder-workspace/.swiftpm/xcode
builtin-SwiftPerFileCompile ConfigReader.swift
SwiftDriverJobDiscovery normal arm64 Compiling AsyncSequences.swift, FoundationExtensions.swift, Span.swift, ConfigBytesFromStringDecoder.swift (in target 'Configuration' from project 'swift-configuration')
SwiftCompile normal arm64_32 Compiling\ JSONSnapshot.swift,\ PropertyListSnapshot.swift,\ ReloadingFileProvider.swift,\ ReloadingFileProviderMetrics.swift,\ YAMLSnapshot.swift /Users/admin/builder/spi-builder-workspace/.dependencies/checkouts/swift-configuration/Sources/Configuration/Providers/Files/JSONSnapshot.swift /Users/admin/builder/spi-builder-workspace/.dependencies/checkouts/swift-configuration/Sources/Configuration/Providers/Files/PropertyListSnapshot.swift /Users/admin/builder/spi-builder-workspace/.dependencies/checkouts/swift-configuration/Sources/Configuration/Providers/Files/ReloadingFileProvider.swift /Users/admin/builder/spi-builder-workspace/.dependencies/checkouts/swift-configuration/Sources/Configuration/Providers/Files/ReloadingFileProviderMetrics.swift /Users/admin/builder/spi-builder-workspace/.dependencies/checkouts/swift-configuration/Sources/Configuration/Providers/Files/YAMLSnapshot.swift (in target 'Configuration' from project 'swift-configuration')
SwiftCompile normal arm64_32 /Users/admin/builder/spi-builder-workspace/.dependencies/checkouts/swift-configuration/Sources/Configuration/Providers/Files/JSONSnapshot.swift (in target 'Configuration' from project 'swift-configuration')
cd /Users/admin/builder/spi-builder-workspace/.swiftpm/xcode
builtin-SwiftPerFileCompile JSONSnapshot.swift
SwiftCompile normal arm64_32 /Users/admin/builder/spi-builder-workspace/.dependencies/checkouts/swift-configuration/Sources/Configuration/Providers/Files/PropertyListSnapshot.swift (in target 'Configuration' from project 'swift-configuration')
cd /Users/admin/builder/spi-builder-workspace/.swiftpm/xcode
builtin-SwiftPerFileCompile PropertyListSnapshot.swift
SwiftCompile normal arm64_32 /Users/admin/builder/spi-builder-workspace/.dependencies/checkouts/swift-configuration/Sources/Configuration/Providers/Files/ReloadingFileProvider.swift (in target 'Configuration' from project 'swift-configuration')
cd /Users/admin/builder/spi-builder-workspace/.swiftpm/xcode
builtin-SwiftPerFileCompile ReloadingFileProvider.swift
SwiftCompile normal arm64_32 /Users/admin/builder/spi-builder-workspace/.dependencies/checkouts/swift-configuration/Sources/Configuration/Providers/Files/ReloadingFileProviderMetrics.swift (in target 'Configuration' from project 'swift-configuration')
cd /Users/admin/builder/spi-builder-workspace/.swiftpm/xcode
builtin-SwiftPerFileCompile ReloadingFileProviderMetrics.swift
SwiftCompile normal arm64_32 /Users/admin/builder/spi-builder-workspace/.dependencies/checkouts/swift-configuration/Sources/Configuration/Providers/Files/YAMLSnapshot.swift (in target 'Configuration' from project 'swift-configuration')
cd /Users/admin/builder/spi-builder-workspace/.swiftpm/xcode
builtin-SwiftPerFileCompile YAMLSnapshot.swift
SwiftDriverJobDiscovery normal arm64 Compiling InMemoryProvider.swift, MutableInMemoryProvider.swift, ConfigProvider+Operators.swift, KeyMappingProvider.swift (in target 'Configuration' from project 'swift-configuration')
SwiftCompile normal arm64_32 Compiling\ ConfigSnapshotReader+methods.swift,\ ConfigSnapshotReader.swift,\ Deprecations.swift,\ ExpressibleByConfigInt.swift,\ ExpressibleByConfigString.swift /Users/admin/builder/spi-builder-workspace/.dependencies/checkouts/swift-configuration/Sources/Configuration/ConfigSnapshotReader+methods.swift /Users/admin/builder/spi-builder-workspace/.dependencies/checkouts/swift-configuration/Sources/Configuration/ConfigSnapshotReader.swift /Users/admin/builder/spi-builder-workspace/.dependencies/checkouts/swift-configuration/Sources/Configuration/Deprecations.swift /Users/admin/builder/spi-builder-workspace/.dependencies/checkouts/swift-configuration/Sources/Configuration/ExpressibleByConfigInt.swift /Users/admin/builder/spi-builder-workspace/.dependencies/checkouts/swift-configuration/Sources/Configuration/ExpressibleByConfigString.swift (in target 'Configuration' from project 'swift-configuration')
SwiftCompile normal arm64_32 /Users/admin/builder/spi-builder-workspace/.dependencies/checkouts/swift-configuration/Sources/Configuration/ConfigSnapshotReader+methods.swift (in target 'Configuration' from project 'swift-configuration')
cd /Users/admin/builder/spi-builder-workspace/.swiftpm/xcode
builtin-SwiftPerFileCompile ConfigSnapshotReader+methods.swift
SwiftCompile normal arm64_32 /Users/admin/builder/spi-builder-workspace/.dependencies/checkouts/swift-configuration/Sources/Configuration/ConfigSnapshotReader.swift (in target 'Configuration' from project 'swift-configuration')
cd /Users/admin/builder/spi-builder-workspace/.swiftpm/xcode
builtin-SwiftPerFileCompile ConfigSnapshotReader.swift
SwiftCompile normal arm64_32 /Users/admin/builder/spi-builder-workspace/.dependencies/checkouts/swift-configuration/Sources/Configuration/Deprecations.swift (in target 'Configuration' from project 'swift-configuration')
cd /Users/admin/builder/spi-builder-workspace/.swiftpm/xcode
builtin-SwiftPerFileCompile Deprecations.swift
SwiftCompile normal arm64_32 /Users/admin/builder/spi-builder-workspace/.dependencies/checkouts/swift-configuration/Sources/Configuration/ExpressibleByConfigInt.swift (in target 'Configuration' from project 'swift-configuration')
cd /Users/admin/builder/spi-builder-workspace/.swiftpm/xcode
builtin-SwiftPerFileCompile ExpressibleByConfigInt.swift
SwiftCompile normal arm64_32 /Users/admin/builder/spi-builder-workspace/.dependencies/checkouts/swift-configuration/Sources/Configuration/ExpressibleByConfigString.swift (in target 'Configuration' from project 'swift-configuration')
cd /Users/admin/builder/spi-builder-workspace/.swiftpm/xcode
builtin-SwiftPerFileCompile ExpressibleByConfigString.swift
SwiftDriverJobDiscovery normal arm64 Compiling AccessReporter.swift, AccessLogger.swift, FileAccessLogger.swift, ConfigContext.swift, ConfigKey.swift (in target 'Configuration' from project 'swift-configuration')
SwiftCompile normal arm64 Compiling\ ConfigSnapshotReader+methods.swift,\ ConfigSnapshotReader.swift,\ Deprecations.swift,\ ExpressibleByConfigInt.swift,\ ExpressibleByConfigString.swift /Users/admin/builder/spi-builder-workspace/.dependencies/checkouts/swift-configuration/Sources/Configuration/ConfigSnapshotReader+methods.swift /Users/admin/builder/spi-builder-workspace/.dependencies/checkouts/swift-configuration/Sources/Configuration/ConfigSnapshotReader.swift /Users/admin/builder/spi-builder-workspace/.dependencies/checkouts/swift-configuration/Sources/Configuration/Deprecations.swift /Users/admin/builder/spi-builder-workspace/.dependencies/checkouts/swift-configuration/Sources/Configuration/ExpressibleByConfigInt.swift /Users/admin/builder/spi-builder-workspace/.dependencies/checkouts/swift-configuration/Sources/Configuration/ExpressibleByConfigString.swift (in target 'Configuration' from project 'swift-configuration')
SwiftCompile normal arm64 /Users/admin/builder/spi-builder-workspace/.dependencies/checkouts/swift-configuration/Sources/Configuration/ConfigSnapshotReader+methods.swift (in target 'Configuration' from project 'swift-configuration')
cd /Users/admin/builder/spi-builder-workspace/.swiftpm/xcode
builtin-SwiftPerFileCompile ConfigSnapshotReader+methods.swift
SwiftCompile normal arm64 /Users/admin/builder/spi-builder-workspace/.dependencies/checkouts/swift-configuration/Sources/Configuration/ConfigSnapshotReader.swift (in target 'Configuration' from project 'swift-configuration')
cd /Users/admin/builder/spi-builder-workspace/.swiftpm/xcode
builtin-SwiftPerFileCompile ConfigSnapshotReader.swift
SwiftCompile normal arm64 /Users/admin/builder/spi-builder-workspace/.dependencies/checkouts/swift-configuration/Sources/Configuration/Deprecations.swift (in target 'Configuration' from project 'swift-configuration')
cd /Users/admin/builder/spi-builder-workspace/.swiftpm/xcode
builtin-SwiftPerFileCompile Deprecations.swift
SwiftCompile normal arm64 /Users/admin/builder/spi-builder-workspace/.dependencies/checkouts/swift-configuration/Sources/Configuration/ExpressibleByConfigInt.swift (in target 'Configuration' from project 'swift-configuration')
cd /Users/admin/builder/spi-builder-workspace/.swiftpm/xcode
builtin-SwiftPerFileCompile ExpressibleByConfigInt.swift
SwiftCompile normal arm64 /Users/admin/builder/spi-builder-workspace/.dependencies/checkouts/swift-configuration/Sources/Configuration/ExpressibleByConfigString.swift (in target 'Configuration' from project 'swift-configuration')
cd /Users/admin/builder/spi-builder-workspace/.swiftpm/xcode
builtin-SwiftPerFileCompile ExpressibleByConfigString.swift
SwiftDriverJobDiscovery normal arm64 Compiling CLIArgumentParser.swift, CLISnapshot.swift, CommandLineArgumentsProvider.swift, EnvironmentFileParser.swift, EnvironmentKeyEncoder.swift (in target 'Configuration' from project 'swift-configuration')
ExtractAppIntentsMetadata (in target 'ServiceLifecycle' from project 'swift-service-lifecycle')
cd /Users/admin/builder/spi-builder-workspace/.dependencies/checkouts/swift-service-lifecycle
/Applications/Xcode-27.0.0-Release.Candidate.app/Contents/Developer/Toolchains/XcodeDefault.xctoolchain/usr/bin/appintentsmetadataprocessor --toolchain-dir /var/run/com.apple.security.cryptexd/mnt/com.apple.MobileAsset.MetalToolchain-v27.1.266.1.5HQoLE/Metal.xctoolchain --module-name ServiceLifecycle --sdk-root /Applications/Xcode-27.0.0-Release.Candidate.app/Contents/Developer/Platforms/WatchOS.platform/Developer/SDKs/WatchOS27.0.sdk --xcode-version 27A266a --platform-family watchOS --deployment-target 9.0 --bundle-identifier swift-service-lifecycle.ServiceLifecycle --output /Users/admin/builder/spi-builder-workspace/.derivedData/Build/Products/Debug-watchos/ServiceLifecycle.appintents --target-triple arm64-apple-watchos9.0 --target-triple arm64_32-apple-watchos9.0 --binary-file /Users/admin/builder/spi-builder-workspace/.derivedData/Build/Products/Debug-watchos/ServiceLifecycle.o --dependency-file /Users/admin/builder/spi-builder-workspace/.derivedData/Build/Intermediates.noindex/swift-service-lifecycle.build/Debug-watchos/ServiceLifecycle-t.build/Objects-normal/arm64/ServiceLifecycle_dependency_info.dat --dependency-file /Users/admin/builder/spi-builder-workspace/.derivedData/Build/Intermediates.noindex/swift-service-lifecycle.build/Debug-watchos/ServiceLifecycle-t.build/Objects-normal/arm64_32/ServiceLifecycle_dependency_info.dat --stringsdata-file /Users/admin/builder/spi-builder-workspace/.derivedData/Build/Intermediates.noindex/swift-service-lifecycle.build/Debug-watchos/ServiceLifecycle-t.build/Objects-normal/arm64/ExtractedAppShortcutsMetadata.stringsdata --stringsdata-file /Users/admin/builder/spi-builder-workspace/.derivedData/Build/Intermediates.noindex/swift-service-lifecycle.build/Debug-watchos/ServiceLifecycle-t.build/Objects-normal/arm64_32/ExtractedAppShortcutsMetadata.stringsdata --source-file-list /Users/admin/builder/spi-builder-workspace/.derivedData/Build/Intermediates.noindex/swift-service-lifecycle.build/Debug-watchos/ServiceLifecycle-t.build/Objects-normal/arm64/ServiceLifecycle.SwiftFileList --source-file-list /Users/admin/builder/spi-builder-workspace/.derivedData/Build/Intermediates.noindex/swift-service-lifecycle.build/Debug-watchos/ServiceLifecycle-t.build/Objects-normal/arm64_32/ServiceLifecycle.SwiftFileList --metadata-file-list /Users/admin/builder/spi-builder-workspace/.derivedData/Build/Intermediates.noindex/swift-service-lifecycle.build/Debug-watchos/ServiceLifecycle-t.build/ServiceLifecycle.DependencyMetadataFileList --static-metadata-file-list /Users/admin/builder/spi-builder-workspace/.derivedData/Build/Intermediates.noindex/swift-service-lifecycle.build/Debug-watchos/ServiceLifecycle-t.build/ServiceLifecycle.DependencyStaticMetadataFileList --swift-const-vals-list /Users/admin/builder/spi-builder-workspace/.derivedData/Build/Intermediates.noindex/swift-service-lifecycle.build/Debug-watchos/ServiceLifecycle-t.build/Objects-normal/arm64/ServiceLifecycle.SwiftConstValuesFileList --swift-const-vals-list /Users/admin/builder/spi-builder-workspace/.derivedData/Build/Intermediates.noindex/swift-service-lifecycle.build/Debug-watchos/ServiceLifecycle-t.build/Objects-normal/arm64_32/ServiceLifecycle.SwiftConstValuesFileList --force --compile-time-extraction --deployment-aware-processing --no-app-shortcuts-localization
2026-09-25 21:17:43.693 appintentsmetadataprocessor[1524:8378] Starting appintentsmetadataprocessor export
2026-09-25 21:17:43.779 appintentsmetadataprocessor[1524:8378] Extracted no relevant App Intents symbols, skipping writing output
SwiftDriverJobDiscovery normal arm64 Compiling CLIKeyEncoder.swift, ConfigKeyEncoder.swift, DotSeparatorKeyDecoder.swift, SeparatorKeyEncoder.swift, MultiProvider.swift (in target 'Configuration' from project 'swift-configuration')
SwiftDriver MaxVol normal arm64 com.apple.xcode.tools.swift.compiler (in target 'MaxVol' from project 'MaxVol')
cd /Users/admin/builder/spi-builder-workspace/.swiftpm/xcode
builtin-SwiftDriver -- /Applications/Xcode-27.0.0-Release.Candidate.app/Contents/Developer/Toolchains/XcodeDefault.xctoolchain/usr/bin/swiftc -parse-as-library -module-name MaxVol -Onone @/Users/admin/builder/spi-builder-workspace/.derivedData/Build/Intermediates.noindex/MaxVol.build/Debug-watchos/MaxVol-t.build/Objects-normal/arm64/MaxVol.SwiftFileList -DSWIFT_PACKAGE -DDEBUG -DSWIFT_MODULE_RESOURCE_BUNDLE_UNAVAILABLE -Xcc -fmodule-map-file\=/Users/admin/builder/spi-builder-workspace/.dependencies/checkouts/swift-system/Sources/CSystem/include/module.modulemap -Xcc -fmodule-map-file\=/Users/admin/builder/spi-builder-workspace/.dependencies/checkouts/Yams/Sources/CYaml/include/module.modulemap -DXcode -plugin-path /Applications/Xcode-27.0.0-Release.Candidate.app/Contents/Developer/Toolchains/XcodeDefault.xctoolchain/usr/lib/swift/host/plugins/testing -enable-experimental-feature DebugDescriptionMacro -sdk /Applications/Xcode-27.0.0-Release.Candidate.app/Contents/Developer/Platforms/WatchOS.platform/Developer/SDKs/WatchOS27.0.sdk -target arm64-apple-watchos9.0 -g -module-cache-path /Users/admin/builder/spi-builder-workspace/.derivedData/ModuleCache.noindex -Xfrontend -serialize-debugging-options -profile-coverage-mapping -profile-generate -enable-testing -index-store-path /Users/admin/builder/spi-builder-workspace/.derivedData/Index.noindex/DataStore -Xcc -D_LIBCPP_HARDENING_MODE\=_LIBCPP_HARDENING_MODE_DEBUG -swift-version 6 -I /Users/admin/builder/spi-builder-workspace/.derivedData/Build/Products/Debug-watchos -Isystem /Applications/Xcode-27.0.0-Release.Candidate.app/Contents/Developer/Platforms/WatchOS.platform/Developer/usr/lib -F /Users/admin/builder/spi-builder-workspace/.derivedData/Build/Products/Debug-watchos/PackageFrameworks -F /Users/admin/builder/spi-builder-workspace/.derivedData/Build/Products/Debug-watchos -F /Applications/Xcode-27.0.0-Release.Candidate.app/Contents/Developer/Platforms/WatchOS.platform/Developer/Library/Frameworks -F /Applications/Xcode-27.0.0-Release.Candidate.app/Contents/Developer/Platforms/WatchOS.platform/Developer/SDKs/WatchOS27.0.sdk/Developer/Library/Frameworks -c -j10 -enable-batch-mode -incremental -Xcc -ivfsstatcache -Xcc /Users/admin/builder/spi-builder-workspace/.derivedData/SDKStatCaches.noindex/watchos27.0-24R360-e829b21a6f8c9b70876ba0858053c04477534ef55a1706bf4c1112bbb242f0a2.sdkstatcache -output-file-map /Users/admin/builder/spi-builder-workspace/.derivedData/Build/Intermediates.noindex/MaxVol.build/Debug-watchos/MaxVol-t.build/Objects-normal/arm64/MaxVol-OutputFileMap.json -save-temps -no-color-diagnostics -explicit-module-build -module-cache-path /Users/admin/builder/spi-builder-workspace/.derivedData/Build/Intermediates.noindex/SwiftExplicitPrecompiledModules -clang-scanner-module-cache-path /Users/admin/builder/spi-builder-workspace/.derivedData/ModuleCache.noindex -sdk-module-cache-path /Users/admin/builder/spi-builder-workspace/.derivedData/SDKExplicitPrecompiledModules -emit-dependencies -emit-module -emit-module-path /Users/admin/builder/spi-builder-workspace/.derivedData/Build/Intermediates.noindex/MaxVol.build/Debug-watchos/MaxVol-t.build/Objects-normal/arm64/MaxVol.swiftmodule -serialize-diagnostics -dependency-scan-serialize-diagnostics-path /Users/admin/builder/spi-builder-workspace/.derivedData/Build/Intermediates.noindex/MaxVol.build/Debug-watchos/MaxVol-t.build/Objects-normal/arm64/MaxVol-dependency-scan.dia -validate-clang-modules-once -clang-build-session-file /Users/admin/builder/spi-builder-workspace/.derivedData/ModuleCache.noindex/Session.modulevalidation -Xcc -fmodules-prune-interval\=86400 -Xcc -fmodules-prune-after\=345600 -package-name spi_builder_workspace -emit-const-values -const-gather-protocols-list /Users/admin/builder/spi-builder-workspace/.derivedData/Build/Intermediates.noindex/MaxVol.build/Debug-watchos/MaxVol-t.build/Objects-normal/arm64/MaxVol_const_extract_protocols.json -Xcc -I/Users/admin/builder/spi-builder-workspace/.dependencies/checkouts/swift-system/Sources/CSystem/include -Xcc -I/Users/admin/builder/spi-builder-workspace/.dependencies/checkouts/Yams/Sources/CYaml/include -Xcc -I/Users/admin/builder/spi-builder-workspace/.derivedData/Build/Products/Debug-watchos/include -Xcc -I/Users/admin/builder/spi-builder-workspace/.derivedData/Build/Intermediates.noindex/MaxVol.build/Debug-watchos/MaxVol-t.build/DerivedSources-normal/arm64 -Xcc -I/Users/admin/builder/spi-builder-workspace/.derivedData/Build/Intermediates.noindex/MaxVol.build/Debug-watchos/MaxVol-t.build/DerivedSources/arm64 -Xcc -I/Users/admin/builder/spi-builder-workspace/.derivedData/Build/Intermediates.noindex/MaxVol.build/Debug-watchos/MaxVol-t.build/DerivedSources -Xcc -DSWIFT_PACKAGE -Xcc -DDEBUG\=1 -Xcc -DACCELERATE_NEW_LAPACK -Xcc -DACCELERATE_LAPACK_ILP64 -emit-objc-header -emit-objc-header-path /Users/admin/builder/spi-builder-workspace/.derivedData/Build/Intermediates.noindex/MaxVol.build/Debug-watchos/MaxVol-t.build/Objects-normal/arm64/MaxVol-Swift.h -working-directory /Users/admin/builder/spi-builder-workspace/.swiftpm/xcode -experimental-emit-module-separately -disable-cmo
SwiftDriver MaxVol normal arm64_32 com.apple.xcode.tools.swift.compiler (in target 'MaxVol' from project 'MaxVol')
cd /Users/admin/builder/spi-builder-workspace/.swiftpm/xcode
builtin-SwiftDriver -- /Applications/Xcode-27.0.0-Release.Candidate.app/Contents/Developer/Toolchains/XcodeDefault.xctoolchain/usr/bin/swiftc -parse-as-library -module-name MaxVol -Onone @/Users/admin/builder/spi-builder-workspace/.derivedData/Build/Intermediates.noindex/MaxVol.build/Debug-watchos/MaxVol-t.build/Objects-normal/arm64_32/MaxVol.SwiftFileList -DSWIFT_PACKAGE -DDEBUG -DSWIFT_MODULE_RESOURCE_BUNDLE_UNAVAILABLE -Xcc -fmodule-map-file\=/Users/admin/builder/spi-builder-workspace/.dependencies/checkouts/swift-system/Sources/CSystem/include/module.modulemap -Xcc -fmodule-map-file\=/Users/admin/builder/spi-builder-workspace/.dependencies/checkouts/Yams/Sources/CYaml/include/module.modulemap -DXcode -plugin-path /Applications/Xcode-27.0.0-Release.Candidate.app/Contents/Developer/Toolchains/XcodeDefault.xctoolchain/usr/lib/swift/host/plugins/testing -enable-experimental-feature DebugDescriptionMacro -sdk /Applications/Xcode-27.0.0-Release.Candidate.app/Contents/Developer/Platforms/WatchOS.platform/Developer/SDKs/WatchOS27.0.sdk -target arm64_32-apple-watchos9.0 -g -module-cache-path /Users/admin/builder/spi-builder-workspace/.derivedData/ModuleCache.noindex -Xfrontend -serialize-debugging-options -profile-coverage-mapping -profile-generate -enable-testing -index-store-path /Users/admin/builder/spi-builder-workspace/.derivedData/Index.noindex/DataStore -Xcc -D_LIBCPP_HARDENING_MODE\=_LIBCPP_HARDENING_MODE_DEBUG -swift-version 6 -I /Users/admin/builder/spi-builder-workspace/.derivedData/Build/Products/Debug-watchos -Isystem /Applications/Xcode-27.0.0-Release.Candidate.app/Contents/Developer/Platforms/WatchOS.platform/Developer/usr/lib -F /Users/admin/builder/spi-builder-workspace/.derivedData/Build/Products/Debug-watchos/PackageFrameworks -F /Users/admin/builder/spi-builder-workspace/.derivedData/Build/Products/Debug-watchos -F /Applications/Xcode-27.0.0-Release.Candidate.app/Contents/Developer/Platforms/WatchOS.platform/Developer/Library/Frameworks -F /Applications/Xcode-27.0.0-Release.Candidate.app/Contents/Developer/Platforms/WatchOS.platform/Developer/SDKs/WatchOS27.0.sdk/Developer/Library/Frameworks -c -j10 -enable-batch-mode -incremental -Xcc -ivfsstatcache -Xcc /Users/admin/builder/spi-builder-workspace/.derivedData/SDKStatCaches.noindex/watchos27.0-24R360-e829b21a6f8c9b70876ba0858053c04477534ef55a1706bf4c1112bbb242f0a2.sdkstatcache -output-file-map /Users/admin/builder/spi-builder-workspace/.derivedData/Build/Intermediates.noindex/MaxVol.build/Debug-watchos/MaxVol-t.build/Objects-normal/arm64_32/MaxVol-OutputFileMap.json -save-temps -no-color-diagnostics -explicit-module-build -module-cache-path /Users/admin/builder/spi-builder-workspace/.derivedData/Build/Intermediates.noindex/SwiftExplicitPrecompiledModules -clang-scanner-module-cache-path /Users/admin/builder/spi-builder-workspace/.derivedData/ModuleCache.noindex -sdk-module-cache-path /Users/admin/builder/spi-builder-workspace/.derivedData/SDKExplicitPrecompiledModules -emit-dependencies -emit-module -emit-module-path /Users/admin/builder/spi-builder-workspace/.derivedData/Build/Intermediates.noindex/MaxVol.build/Debug-watchos/MaxVol-t.build/Objects-normal/arm64_32/MaxVol.swiftmodule -serialize-diagnostics -dependency-scan-serialize-diagnostics-path /Users/admin/builder/spi-builder-workspace/.derivedData/Build/Intermediates.noindex/MaxVol.build/Debug-watchos/MaxVol-t.build/Objects-normal/arm64_32/MaxVol-dependency-scan.dia -validate-clang-modules-once -clang-build-session-file /Users/admin/builder/spi-builder-workspace/.derivedData/ModuleCache.noindex/Session.modulevalidation -Xcc -fmodules-prune-interval\=86400 -Xcc -fmodules-prune-after\=345600 -package-name spi_builder_workspace -emit-const-values -const-gather-protocols-list /Users/admin/builder/spi-builder-workspace/.derivedData/Build/Intermediates.noindex/MaxVol.build/Debug-watchos/MaxVol-t.build/Objects-normal/arm64_32/MaxVol_const_extract_protocols.json -Xcc -I/Users/admin/builder/spi-builder-workspace/.dependencies/checkouts/swift-system/Sources/CSystem/include -Xcc -I/Users/admin/builder/spi-builder-workspace/.dependencies/checkouts/Yams/Sources/CYaml/include -Xcc -I/Users/admin/builder/spi-builder-workspace/.derivedData/Build/Products/Debug-watchos/include -Xcc -I/Users/admin/builder/spi-builder-workspace/.derivedData/Build/Intermediates.noindex/MaxVol.build/Debug-watchos/MaxVol-t.build/DerivedSources-normal/arm64_32 -Xcc -I/Users/admin/builder/spi-builder-workspace/.derivedData/Build/Intermediates.noindex/MaxVol.build/Debug-watchos/MaxVol-t.build/DerivedSources/arm64_32 -Xcc -I/Users/admin/builder/spi-builder-workspace/.derivedData/Build/Intermediates.noindex/MaxVol.build/Debug-watchos/MaxVol-t.build/DerivedSources -Xcc -DSWIFT_PACKAGE -Xcc -DDEBUG\=1 -Xcc -DACCELERATE_NEW_LAPACK -Xcc -DACCELERATE_LAPACK_ILP64 -emit-objc-header -emit-objc-header-path /Users/admin/builder/spi-builder-workspace/.derivedData/Build/Intermediates.noindex/MaxVol.build/Debug-watchos/MaxVol-t.build/Objects-normal/arm64_32/MaxVol-Swift.h -working-directory /Users/admin/builder/spi-builder-workspace/.swiftpm/xcode -experimental-emit-module-separately -disable-cmo
SwiftDriverJobDiscovery normal arm64 Compiling EnvironmentVariablesProvider.swift, CommonProviderFileSystem.swift, DirectoryFilesProvider.swift, FileProvider.swift, FileProviderSnapshot.swift (in target 'Configuration' from project 'swift-configuration')
SwiftDriverJobDiscovery normal arm64_32 Compiling AccessReporter.swift, AccessLogger.swift, FileAccessLogger.swift, ConfigContext.swift, ConfigKey.swift (in target 'Configuration' from project 'swift-configuration')
SwiftExplicitDependencyGeneratePcm arm64_32 /Users/admin/builder/spi-builder-workspace/.derivedData/SDKExplicitPrecompiledModules/_Builtin_stdbool-1ASU7U0D49LEZRLIHJKK79X17.pcm
SwiftExplicitDependencyGeneratePcm arm64_32 /Users/admin/builder/spi-builder-workspace/.derivedData/SDKExplicitPrecompiledModules/SwiftShims-4TDH8NPA33VQAHVBWKQVZ5KTQ.pcm
SwiftExplicitDependencyGeneratePcm arm64_32 /Users/admin/builder/spi-builder-workspace/.derivedData/SDKExplicitPrecompiledModules/_Builtin_stdarg-7UZ1GIOTWSO90W3MDGFSGQ2WH.pcm
SwiftExplicitDependencyGeneratePcm arm64_32 /Users/admin/builder/spi-builder-workspace/.derivedData/SDKExplicitPrecompiledModules/ptrauth-AEYORMMNQIP91SDHYISM8K7IK.pcm
SwiftExplicitDependencyGeneratePcm arm64 /Users/admin/builder/spi-builder-workspace/.derivedData/SDKExplicitPrecompiledModules/_Builtin_stdarg-EB7MZOPS256BQRDDEZJ3BEH5X.pcm
SwiftDriverJobDiscovery normal arm64 Compiling ConfigSnapshotReader+methods.swift, ConfigSnapshotReader.swift, Deprecations.swift, ExpressibleByConfigInt.swift, ExpressibleByConfigString.swift (in target 'Configuration' from project 'swift-configuration')
SwiftExplicitDependencyGeneratePcm arm64 /Users/admin/builder/spi-builder-workspace/.derivedData/SDKExplicitPrecompiledModules/_AvailabilityInternal-64IJ16A7RX8LA26DLT3TZIDTV.pcm
SwiftExplicitDependencyGeneratePcm arm64 /Users/admin/builder/spi-builder-workspace/.derivedData/SDKExplicitPrecompiledModules/_Builtin_stdbool-9KGC1K3HKUAHSNQOU5VQRW0EU.pcm
SwiftExplicitDependencyGeneratePcm arm64 /Users/admin/builder/spi-builder-workspace/.derivedData/SDKExplicitPrecompiledModules/_Builtin_float-79DE8DTR4U97M2LYJ7XY5KG8W.pcm
SwiftExplicitDependencyGeneratePcm arm64 /Users/admin/builder/spi-builder-workspace/.derivedData/SDKExplicitPrecompiledModules/ptrcheck-YEHYADG0MHSNS0LJZ4683XMR.pcm
SwiftExplicitDependencyGeneratePcm arm64 /Users/admin/builder/spi-builder-workspace/.derivedData/SDKExplicitPrecompiledModules/_SwiftConcurrencyShims-F3M9652OI9XCJXEWPRMP3028L.pcm
SwiftDriverJobDiscovery normal arm64_32 Compiling ConfigSnapshotReader+methods.swift, ConfigSnapshotReader.swift, Deprecations.swift, ExpressibleByConfigInt.swift, ExpressibleByConfigString.swift (in target 'Configuration' from project 'swift-configuration')
SwiftExplicitDependencyGeneratePcm arm64 /Users/admin/builder/spi-builder-workspace/.derivedData/SDKExplicitPrecompiledModules/ptrauth-EAXLIQP5SB973B20UVYPPL17V.pcm
SwiftExplicitDependencyGeneratePcm arm64 /Users/admin/builder/spi-builder-workspace/.derivedData/SDKExplicitPrecompiledModules/SwiftShims-ATBIXT3LY4ZC77BE708J88E8T.pcm
SwiftExplicitDependencyGeneratePcm arm64 /Users/admin/builder/spi-builder-workspace/.derivedData/SDKExplicitPrecompiledModules/_Builtin_stddef-14ETJ7ICVHNNDAGB16KUGEEHN.pcm
SwiftExplicitDependencyGeneratePcm arm64_32 /Users/admin/builder/spi-builder-workspace/.derivedData/SDKExplicitPrecompiledModules/ptrcheck-47XZ2GVUWRGDIGUMR6LCV3Q7N.pcm
SwiftExplicitDependencyGeneratePcm arm64_32 /Users/admin/builder/spi-builder-workspace/.derivedData/SDKExplicitPrecompiledModules/_Builtin_stddef-5LOH3I8AKDSC5INJEHCDDSBNS.pcm
SwiftExplicitDependencyGeneratePcm arm64_32 /Users/admin/builder/spi-builder-workspace/.derivedData/SDKExplicitPrecompiledModules/_AvailabilityInternal-UVBLS13E3D8TEFF794MXC072.pcm
SwiftExplicitDependencyGeneratePcm arm64 /Users/admin/builder/spi-builder-workspace/.derivedData/SDKExplicitPrecompiledModules/_DarwinFoundation1-3R4V4TCULLF0U6O0ZLJNUNN9W.pcm
SwiftExplicitDependencyGeneratePcm arm64_32 /Users/admin/builder/spi-builder-workspace/.derivedData/SDKExplicitPrecompiledModules/_Builtin_float-37G3E4PUB87Y8Z8C3I21OGIBK.pcm
SwiftDriverJobDiscovery normal arm64 Compiling JSONSnapshot.swift, PropertyListSnapshot.swift, ReloadingFileProvider.swift, ReloadingFileProviderMetrics.swift, YAMLSnapshot.swift (in target 'Configuration' from project 'swift-configuration')
SwiftExplicitDependencyGeneratePcm arm64_32 /Users/admin/builder/spi-builder-workspace/.derivedData/SDKExplicitPrecompiledModules/_SwiftConcurrencyShims-8EDKMQKW0ELGNCAE1FOUEEYYA.pcm
SwiftExplicitDependencyGeneratePcm arm64_32 /Users/admin/builder/spi-builder-workspace/.derivedData/SDKExplicitPrecompiledModules/_DarwinFoundation1-307FLX0JFU074TJN5C4IXB65.pcm
SwiftExplicitDependencyGeneratePcm arm64 /Users/admin/builder/spi-builder-workspace/.derivedData/SDKExplicitPrecompiledModules/_DarwinFoundation2-RO6X6E51GUCA3DMJOYFHLN4W.pcm
SwiftExplicitDependencyGeneratePcm arm64 /Users/admin/builder/spi-builder-workspace/.derivedData/SDKExplicitPrecompiledModules/_Builtin_limits-BR6W6BOUWFGG47X20GSIN36UP.pcm
SwiftDriverJobDiscovery normal arm64_32 Compiling ConfigProvider.swift, ConfigProviderHelpers.swift, ConfigReader+internalHelpers.swift, ConfigReader+methods.swift, ConfigReader.swift (in target 'Configuration' from project 'swift-configuration')
SwiftExplicitDependencyGeneratePcm arm64_32 /Users/admin/builder/spi-builder-workspace/.derivedData/SDKExplicitPrecompiledModules/_DarwinFoundation2-5WHAJRYLPG4UGLC9Z3XWXJ8VS.pcm
SwiftExplicitDependencyGeneratePcm arm64_32 /Users/admin/builder/spi-builder-workspace/.derivedData/SDKExplicitPrecompiledModules/_Builtin_limits-DYXGXISPU28LUFZ7P18IRSDV8.pcm
SwiftExplicitDependencyGeneratePcm arm64 /Users/admin/builder/spi-builder-workspace/.derivedData/SDKExplicitPrecompiledModules/_Builtin_stdint-F4OZGHGAFPU1PCPKUP1WLP1BG.pcm
SwiftExplicitDependencyGeneratePcm arm64 /Users/admin/builder/spi-builder-workspace/.derivedData/SDKExplicitPrecompiledModules/sys_types-CBXGBXHRQTSCSOD1W9SFMPVG.pcm
SwiftExplicitDependencyGeneratePcm arm64 /Users/admin/builder/spi-builder-workspace/.derivedData/SDKExplicitPrecompiledModules/_Builtin_tgmath-BM9FSQRP3HY2R4FRNEF5HWOOH.pcm
SwiftExplicitDependencyGeneratePcm arm64 /Users/admin/builder/spi-builder-workspace/.derivedData/SDKExplicitPrecompiledModules/string_h-3X97EH3G0WN7BB0KVEZ14W94F.pcm
SwiftExplicitDependencyGeneratePcm arm64 /Users/admin/builder/spi-builder-workspace/.derivedData/SDKExplicitPrecompiledModules/_Builtin_stdatomic-1WJHGW3JANZRKNVSPU3XNV6FI.pcm
SwiftExplicitDependencyGeneratePcm arm64 /Users/admin/builder/spi-builder-workspace/.derivedData/SDKExplicitPrecompiledModules/_Builtin_intrinsics-9CYX10V6TEURXEH41S94GXBK7.pcm
SwiftExplicitDependencyGeneratePcm arm64 /Users/admin/builder/spi-builder-workspace/.derivedData/SDKExplicitPrecompiledModules/_DarwinFoundation3-1UCH1QUPVO6GHQEIGF76JRV68.pcm
SwiftExplicitDependencyGeneratePcm arm64_32 /Users/admin/builder/spi-builder-workspace/.derivedData/SDKExplicitPrecompiledModules/string_h-1JC0CPIA6PAS7KU4F1DXI8HVY.pcm
SwiftExplicitDependencyGeneratePcm arm64_32 /Users/admin/builder/spi-builder-workspace/.derivedData/SDKExplicitPrecompiledModules/_Builtin_stdint-65GF18VOOQ9UZA5M96JBLV3C8.pcm
SwiftExplicitDependencyGeneratePcm arm64_32 /Users/admin/builder/spi-builder-workspace/.derivedData/SDKExplicitPrecompiledModules/sys_types-B8EVIZXSTEF7V44N3FESTBJGB.pcm
SwiftExplicitDependencyGeneratePcm arm64_32 /Users/admin/builder/spi-builder-workspace/.derivedData/SDKExplicitPrecompiledModules/_Builtin_tgmath-6M1964G9NCKJOOHO34RWXVF88.pcm
SwiftExplicitDependencyGeneratePcm arm64_32 /Users/admin/builder/spi-builder-workspace/.derivedData/SDKExplicitPrecompiledModules/_DarwinFoundation3-CP67CKV6CCIOGLAKSKS8ABJSN.pcm
SwiftExplicitDependencyGeneratePcm arm64_32 /Users/admin/builder/spi-builder-workspace/.derivedData/SDKExplicitPrecompiledModules/_Builtin_stdatomic-6XDH6OOUL1128PBQEMJI14TA2.pcm
SwiftExplicitDependencyGeneratePcm arm64_32 /Users/admin/builder/spi-builder-workspace/.derivedData/SDKExplicitPrecompiledModules/_Builtin_intrinsics-3FEAIVGHQTBG1S2D3DRB2174D.pcm
SwiftExplicitDependencyGeneratePcm arm64 /Users/admin/builder/spi-builder-workspace/.derivedData/SDKExplicitPrecompiledModules/_Builtin_inttypes-DXYQPC1EJ1H3IMLO0M2OHQMK.pcm
SwiftDriverJobDiscovery normal arm64_32 Compiling JSONSnapshot.swift, PropertyListSnapshot.swift, ReloadingFileProvider.swift, ReloadingFileProviderMetrics.swift, YAMLSnapshot.swift (in target 'Configuration' from project 'swift-configuration')
SwiftDriver\ Compilation Configuration normal arm64_32 com.apple.xcode.tools.swift.compiler (in target 'Configuration' from project 'swift-configuration')
cd /Users/admin/builder/spi-builder-workspace/.swiftpm/xcode
builtin-Swift-Compilation -- /Applications/Xcode-27.0.0-Release.Candidate.app/Contents/Developer/Toolchains/XcodeDefault.xctoolchain/usr/bin/swiftc -parse-as-library -module-name Configuration -Onone @/Users/admin/builder/spi-builder-workspace/.derivedData/Build/Intermediates.noindex/swift-configuration.build/Debug-watchos/Configuration-t.build/Objects-normal/arm64_32/Configuration.SwiftFileList -DSWIFT_PACKAGE -DDEBUG -DSWIFT_MODULE_RESOURCE_BUNDLE_UNAVAILABLE -DCommandLineArguments -DJSON -DLogging -DReloading -DYAML -Ddefault -Xcc -fmodule-map-file\=/Users/admin/builder/spi-builder-workspace/.dependencies/checkouts/swift-system/Sources/CSystem/include/module.modulemap -Xcc -fmodule-map-file\=/Users/admin/builder/spi-builder-workspace/.dependencies/checkouts/Yams/Sources/CYaml/include/module.modulemap -DXcode -enable-upcoming-feature ExistentialAny -enable-upcoming-feature MemberImportVisibility -enable-upcoming-feature InternalImportsByDefault -enable-upcoming-feature NonisolatedNonsendingByDefault -enable-experimental-feature AvailabilityMacro\=Configuration\ 1.0:macOS\ 15.0,\ iOS\ 18.0,\ watchOS\ 11.0,\ tvOS\ 18.0,\ visionOS\ 2.0 -plugin-path /Applications/Xcode-27.0.0-Release.Candidate.app/Contents/Developer/Toolchains/XcodeDefault.xctoolchain/usr/lib/swift/host/plugins/testing -enable-experimental-feature DebugDescriptionMacro -sdk /Applications/Xcode-27.0.0-Release.Candidate.app/Contents/Developer/Platforms/WatchOS.platform/Developer/SDKs/WatchOS27.0.sdk -target arm64_32-apple-watchos9.0 -g -module-cache-path /Users/admin/builder/spi-builder-workspace/.derivedData/ModuleCache.noindex -Xfrontend -serialize-debugging-options -profile-coverage-mapping -profile-generate -enable-testing -suppress-warnings -index-store-path /Users/admin/builder/spi-builder-workspace/.derivedData/Index.noindex/DataStore -Xcc -D_LIBCPP_HARDENING_MODE\=_LIBCPP_HARDENING_MODE_DEBUG -swift-version 6 -I /Users/admin/builder/spi-builder-workspace/.derivedData/Build/Products/Debug-watchos -Isystem /Applications/Xcode-27.0.0-Release.Candidate.app/Contents/Developer/Platforms/WatchOS.platform/Developer/usr/lib -F /Users/admin/builder/spi-builder-workspace/.derivedData/Build/Products/Debug-watchos/PackageFrameworks -F /Users/admin/builder/spi-builder-workspace/.derivedData/Build/Products/Debug-watchos -F /Applications/Xcode-27.0.0-Release.Candidate.app/Contents/Developer/Platforms/WatchOS.platform/Developer/Library/Frameworks -F /Applications/Xcode-27.0.0-Release.Candidate.app/Contents/Developer/Platforms/WatchOS.platform/Developer/SDKs/WatchOS27.0.sdk/Developer/Library/Frameworks -c -j10 -enable-batch-mode -incremental -Xcc -ivfsstatcache -Xcc /Users/admin/builder/spi-builder-workspace/.derivedData/SDKStatCaches.noindex/watchos27.0-24R360-e829b21a6f8c9b70876ba0858053c04477534ef55a1706bf4c1112bbb242f0a2.sdkstatcache -output-file-map /Users/admin/builder/spi-builder-workspace/.derivedData/Build/Intermediates.noindex/swift-configuration.build/Debug-watchos/Configuration-t.build/Objects-normal/arm64_32/Configuration-OutputFileMap.json -save-temps -no-color-diagnostics -explicit-module-build -module-cache-path /Users/admin/builder/spi-builder-workspace/.derivedData/Build/Intermediates.noindex/SwiftExplicitPrecompiledModules -clang-scanner-module-cache-path /Users/admin/builder/spi-builder-workspace/.derivedData/ModuleCache.noindex -sdk-module-cache-path /Users/admin/builder/spi-builder-workspace/.derivedData/SDKExplicitPrecompiledModules -emit-dependencies -emit-module -emit-module-path /Users/admin/builder/spi-builder-workspace/.derivedData/Build/Intermediates.noindex/swift-configuration.build/Debug-watchos/Configuration-t.build/Objects-normal/arm64_32/Configuration.swiftmodule -serialize-diagnostics -dependency-scan-serialize-diagnostics-path /Users/admin/builder/spi-builder-workspace/.derivedData/Build/Intermediates.noindex/swift-configuration.build/Debug-watchos/Configuration-t.build/Objects-normal/arm64_32/Configuration-dependency-scan.dia -user-module-version 1.2.1 -validate-clang-modules-once -clang-build-session-file /Users/admin/builder/spi-builder-workspace/.derivedData/ModuleCache.noindex/Session.modulevalidation -Xcc -fmodules-prune-interval\=86400 -Xcc -fmodules-prune-after\=345600 -package-name swift_configuration -emit-const-values -const-gather-protocols-list /Users/admin/builder/spi-builder-workspace/.derivedData/Build/Intermediates.noindex/swift-configuration.build/Debug-watchos/Configuration-t.build/Objects-normal/arm64_32/Configuration_const_extract_protocols.json -Xcc -I/Users/admin/builder/spi-builder-workspace/.dependencies/checkouts/swift-system/Sources/CSystem/include -Xcc -I/Users/admin/builder/spi-builder-workspace/.dependencies/checkouts/Yams/Sources/CYaml/include -Xcc -I/Users/admin/builder/spi-builder-workspace/.derivedData/Build/Products/Debug-watchos/include -Xcc -I/Users/admin/builder/spi-builder-workspace/.derivedData/Build/Intermediates.noindex/swift-configuration.build/Debug-watchos/Configuration-t.build/DerivedSources-normal/arm64_32 -Xcc -I/Users/admin/builder/spi-builder-workspace/.derivedData/Build/Intermediates.noindex/swift-configuration.build/Debug-watchos/Configuration-t.build/DerivedSources/arm64_32 -Xcc -I/Users/admin/builder/spi-builder-workspace/.derivedData/Build/Intermediates.noindex/swift-configuration.build/Debug-watchos/Configuration-t.build/DerivedSources -Xcc -DSWIFT_PACKAGE -Xcc -DDEBUG\=1 -emit-objc-header -emit-objc-header-path /Users/admin/builder/spi-builder-workspace/.derivedData/Build/Intermediates.noindex/swift-configuration.build/Debug-watchos/Configuration-t.build/Objects-normal/arm64_32/Configuration-Swift.h -working-directory /Users/admin/builder/spi-builder-workspace/.swiftpm/xcode -experimental-emit-module-separately -disable-cmo
Ld /Users/admin/builder/spi-builder-workspace/.derivedData/Build/Intermediates.noindex/swift-configuration.build/Debug-watchos/Configuration-t.build/Objects-normal/arm64_32/Binary/Configuration.o normal arm64_32 (in target 'Configuration' from project 'swift-configuration')
cd /Users/admin/builder/spi-builder-workspace/.dependencies/checkouts/swift-configuration
/Applications/Xcode-27.0.0-Release.Candidate.app/Contents/Developer/Toolchains/XcodeDefault.xctoolchain/usr/bin/clang -Xlinker -reproducible -target arm64_32-apple-watchos9.0 -r -isysroot /Applications/Xcode-27.0.0-Release.Candidate.app/Contents/Developer/Platforms/WatchOS.platform/Developer/SDKs/WatchOS27.0.sdk -O0 -w -Xlinker -no_warn_duplicate_libraries -F/Users/admin/builder/spi-builder-workspace/.derivedData/Build/Intermediates.noindex/EagerLinkingTBDs/Debug-watchos -F/Users/admin/builder/spi-builder-workspace/.derivedData/Build/Products/Debug-watchos/PackageFrameworks -F/Users/admin/builder/spi-builder-workspace/.derivedData/Build/Products/Debug-watchos -iframework /Applications/Xcode-27.0.0-Release.Candidate.app/Contents/Developer/Platforms/WatchOS.platform/Developer/Library/Frameworks -iframework /Applications/Xcode-27.0.0-Release.Candidate.app/Contents/Developer/Platforms/WatchOS.platform/Developer/SDKs/WatchOS27.0.sdk/Developer/Library/Frameworks -filelist /Users/admin/builder/spi-builder-workspace/.derivedData/Build/Intermediates.noindex/swift-configuration.build/Debug-watchos/Configuration-t.build/Objects-normal/arm64_32/Configuration.LinkFileList -nostdlib -Xlinker -object_path_lto -Xlinker /Users/admin/builder/spi-builder-workspace/.derivedData/Build/Intermediates.noindex/swift-configuration.build/Debug-watchos/Configuration-t.build/Objects-normal/arm64_32/Configuration_lto.o -Xlinker -no_deduplicate -Xlinker -debug_variant -Xlinker -dependency_info -Xlinker /Users/admin/builder/spi-builder-workspace/.derivedData/Build/Intermediates.noindex/swift-configuration.build/Debug-watchos/Configuration-t.build/Objects-normal/arm64_32/Configuration_dependency_info.dat -fobjc-link-runtime -L/Applications/Xcode-27.0.0-Release.Candidate.app/Contents/Developer/Toolchains/XcodeDefault.xctoolchain/usr/lib/swift/watchos -L/usr/lib/swift -Xlinker -add_ast_path -Xlinker /Users/admin/builder/spi-builder-workspace/.derivedData/Build/Intermediates.noindex/swift-configuration.build/Debug-watchos/Configuration-t.build/Objects-normal/arm64_32/Configuration.swiftmodule -o /Users/admin/builder/spi-builder-workspace/.derivedData/Build/Intermediates.noindex/swift-configuration.build/Debug-watchos/Configuration-t.build/Objects-normal/arm64_32/Binary/Configuration.o
SwiftExplicitDependencyGeneratePcm arm64 /Users/admin/builder/spi-builder-workspace/.derivedData/SDKExplicitPrecompiledModules/Darwin-76FAJQS76I89O0RDGLY7N1OIC.pcm
SwiftExplicitDependencyGeneratePcm arm64_32 /Users/admin/builder/spi-builder-workspace/.derivedData/SDKExplicitPrecompiledModules/_Builtin_inttypes-44YH6SACGC6F1FNSXN0A1DYA2.pcm
SwiftExplicitDependencyGeneratePcm arm64_32 /Users/admin/builder/spi-builder-workspace/.derivedData/SDKExplicitPrecompiledModules/Darwin-8UHN6OQCJA6N0YR23LAWFFTS2.pcm
SwiftExplicitDependencyGeneratePcm arm64 /Users/admin/builder/spi-builder-workspace/.derivedData/SDKExplicitPrecompiledModules/simd-7QU7HPTBTDYN2A26W7YA1QQV2.pcm
SwiftExplicitDependencyGeneratePcm arm64_32 /Users/admin/builder/spi-builder-workspace/.derivedData/SDKExplicitPrecompiledModules/simd-3E5Z7EV8ZDX2I6LCRAXCKD48R.pcm
SwiftDriverJobDiscovery normal arm64 Compiling ConfigProvider.swift, ConfigProviderHelpers.swift, ConfigReader+internalHelpers.swift, ConfigReader+methods.swift, ConfigReader.swift (in target 'Configuration' from project 'swift-configuration')
SwiftDriver\ Compilation Configuration normal arm64 com.apple.xcode.tools.swift.compiler (in target 'Configuration' from project 'swift-configuration')
cd /Users/admin/builder/spi-builder-workspace/.swiftpm/xcode
builtin-Swift-Compilation -- /Applications/Xcode-27.0.0-Release.Candidate.app/Contents/Developer/Toolchains/XcodeDefault.xctoolchain/usr/bin/swiftc -parse-as-library -module-name Configuration -Onone @/Users/admin/builder/spi-builder-workspace/.derivedData/Build/Intermediates.noindex/swift-configuration.build/Debug-watchos/Configuration-t.build/Objects-normal/arm64/Configuration.SwiftFileList -DSWIFT_PACKAGE -DDEBUG -DSWIFT_MODULE_RESOURCE_BUNDLE_UNAVAILABLE -DCommandLineArguments -DJSON -DLogging -DReloading -DYAML -Ddefault -Xcc -fmodule-map-file\=/Users/admin/builder/spi-builder-workspace/.dependencies/checkouts/swift-system/Sources/CSystem/include/module.modulemap -Xcc -fmodule-map-file\=/Users/admin/builder/spi-builder-workspace/.dependencies/checkouts/Yams/Sources/CYaml/include/module.modulemap -DXcode -enable-upcoming-feature ExistentialAny -enable-upcoming-feature MemberImportVisibility -enable-upcoming-feature InternalImportsByDefault -enable-upcoming-feature NonisolatedNonsendingByDefault -enable-experimental-feature AvailabilityMacro\=Configuration\ 1.0:macOS\ 15.0,\ iOS\ 18.0,\ watchOS\ 11.0,\ tvOS\ 18.0,\ visionOS\ 2.0 -plugin-path /Applications/Xcode-27.0.0-Release.Candidate.app/Contents/Developer/Toolchains/XcodeDefault.xctoolchain/usr/lib/swift/host/plugins/testing -enable-experimental-feature DebugDescriptionMacro -sdk /Applications/Xcode-27.0.0-Release.Candidate.app/Contents/Developer/Platforms/WatchOS.platform/Developer/SDKs/WatchOS27.0.sdk -target arm64-apple-watchos9.0 -g -module-cache-path /Users/admin/builder/spi-builder-workspace/.derivedData/ModuleCache.noindex -Xfrontend -serialize-debugging-options -profile-coverage-mapping -profile-generate -enable-testing -suppress-warnings -index-store-path /Users/admin/builder/spi-builder-workspace/.derivedData/Index.noindex/DataStore -Xcc -D_LIBCPP_HARDENING_MODE\=_LIBCPP_HARDENING_MODE_DEBUG -swift-version 6 -I /Users/admin/builder/spi-builder-workspace/.derivedData/Build/Products/Debug-watchos -Isystem /Applications/Xcode-27.0.0-Release.Candidate.app/Contents/Developer/Platforms/WatchOS.platform/Developer/usr/lib -F /Users/admin/builder/spi-builder-workspace/.derivedData/Build/Products/Debug-watchos/PackageFrameworks -F /Users/admin/builder/spi-builder-workspace/.derivedData/Build/Products/Debug-watchos -F /Applications/Xcode-27.0.0-Release.Candidate.app/Contents/Developer/Platforms/WatchOS.platform/Developer/Library/Frameworks -F /Applications/Xcode-27.0.0-Release.Candidate.app/Contents/Developer/Platforms/WatchOS.platform/Developer/SDKs/WatchOS27.0.sdk/Developer/Library/Frameworks -c -j10 -enable-batch-mode -incremental -Xcc -ivfsstatcache -Xcc /Users/admin/builder/spi-builder-workspace/.derivedData/SDKStatCaches.noindex/watchos27.0-24R360-e829b21a6f8c9b70876ba0858053c04477534ef55a1706bf4c1112bbb242f0a2.sdkstatcache -output-file-map /Users/admin/builder/spi-builder-workspace/.derivedData/Build/Intermediates.noindex/swift-configuration.build/Debug-watchos/Configuration-t.build/Objects-normal/arm64/Configuration-OutputFileMap.json -save-temps -no-color-diagnostics -explicit-module-build -module-cache-path /Users/admin/builder/spi-builder-workspace/.derivedData/Build/Intermediates.noindex/SwiftExplicitPrecompiledModules -clang-scanner-module-cache-path /Users/admin/builder/spi-builder-workspace/.derivedData/ModuleCache.noindex -sdk-module-cache-path /Users/admin/builder/spi-builder-workspace/.derivedData/SDKExplicitPrecompiledModules -emit-dependencies -emit-module -emit-module-path /Users/admin/builder/spi-builder-workspace/.derivedData/Build/Intermediates.noindex/swift-configuration.build/Debug-watchos/Configuration-t.build/Objects-normal/arm64/Configuration.swiftmodule -serialize-diagnostics -dependency-scan-serialize-diagnostics-path /Users/admin/builder/spi-builder-workspace/.derivedData/Build/Intermediates.noindex/swift-configuration.build/Debug-watchos/Configuration-t.build/Objects-normal/arm64/Configuration-dependency-scan.dia -user-module-version 1.2.1 -validate-clang-modules-once -clang-build-session-file /Users/admin/builder/spi-builder-workspace/.derivedData/ModuleCache.noindex/Session.modulevalidation -Xcc -fmodules-prune-interval\=86400 -Xcc -fmodules-prune-after\=345600 -package-name swift_configuration -emit-const-values -const-gather-protocols-list /Users/admin/builder/spi-builder-workspace/.derivedData/Build/Intermediates.noindex/swift-configuration.build/Debug-watchos/Configuration-t.build/Objects-normal/arm64/Configuration_const_extract_protocols.json -Xcc -I/Users/admin/builder/spi-builder-workspace/.dependencies/checkouts/swift-system/Sources/CSystem/include -Xcc -I/Users/admin/builder/spi-builder-workspace/.dependencies/checkouts/Yams/Sources/CYaml/include -Xcc -I/Users/admin/builder/spi-builder-workspace/.derivedData/Build/Products/Debug-watchos/include -Xcc -I/Users/admin/builder/spi-builder-workspace/.derivedData/Build/Intermediates.noindex/swift-configuration.build/Debug-watchos/Configuration-t.build/DerivedSources-normal/arm64 -Xcc -I/Users/admin/builder/spi-builder-workspace/.derivedData/Build/Intermediates.noindex/swift-configuration.build/Debug-watchos/Configuration-t.build/DerivedSources/arm64 -Xcc -I/Users/admin/builder/spi-builder-workspace/.derivedData/Build/Intermediates.noindex/swift-configuration.build/Debug-watchos/Configuration-t.build/DerivedSources -Xcc -DSWIFT_PACKAGE -Xcc -DDEBUG\=1 -emit-objc-header -emit-objc-header-path /Users/admin/builder/spi-builder-workspace/.derivedData/Build/Intermediates.noindex/swift-configuration.build/Debug-watchos/Configuration-t.build/Objects-normal/arm64/Configuration-Swift.h -working-directory /Users/admin/builder/spi-builder-workspace/.swiftpm/xcode -experimental-emit-module-separately -disable-cmo
Ld /Users/admin/builder/spi-builder-workspace/.derivedData/Build/Intermediates.noindex/swift-configuration.build/Debug-watchos/Configuration-t.build/Objects-normal/arm64/Binary/Configuration.o normal arm64 (in target 'Configuration' from project 'swift-configuration')
cd /Users/admin/builder/spi-builder-workspace/.dependencies/checkouts/swift-configuration
/Applications/Xcode-27.0.0-Release.Candidate.app/Contents/Developer/Toolchains/XcodeDefault.xctoolchain/usr/bin/clang -Xlinker -reproducible -target arm64-apple-watchos9.0 -r -isysroot /Applications/Xcode-27.0.0-Release.Candidate.app/Contents/Developer/Platforms/WatchOS.platform/Developer/SDKs/WatchOS27.0.sdk -O0 -w -Xlinker -no_warn_duplicate_libraries -F/Users/admin/builder/spi-builder-workspace/.derivedData/Build/Intermediates.noindex/EagerLinkingTBDs/Debug-watchos -F/Users/admin/builder/spi-builder-workspace/.derivedData/Build/Products/Debug-watchos/PackageFrameworks -F/Users/admin/builder/spi-builder-workspace/.derivedData/Build/Products/Debug-watchos -iframework /Applications/Xcode-27.0.0-Release.Candidate.app/Contents/Developer/Platforms/WatchOS.platform/Developer/Library/Frameworks -iframework /Applications/Xcode-27.0.0-Release.Candidate.app/Contents/Developer/Platforms/WatchOS.platform/Developer/SDKs/WatchOS27.0.sdk/Developer/Library/Frameworks -filelist /Users/admin/builder/spi-builder-workspace/.derivedData/Build/Intermediates.noindex/swift-configuration.build/Debug-watchos/Configuration-t.build/Objects-normal/arm64/Configuration.LinkFileList -nostdlib -Xlinker -object_path_lto -Xlinker /Users/admin/builder/spi-builder-workspace/.derivedData/Build/Intermediates.noindex/swift-configuration.build/Debug-watchos/Configuration-t.build/Objects-normal/arm64/Configuration_lto.o -Xlinker -no_deduplicate -Xlinker -debug_variant -Xlinker -dependency_info -Xlinker /Users/admin/builder/spi-builder-workspace/.derivedData/Build/Intermediates.noindex/swift-configuration.build/Debug-watchos/Configuration-t.build/Objects-normal/arm64/Configuration_dependency_info.dat -fobjc-link-runtime -L/Applications/Xcode-27.0.0-Release.Candidate.app/Contents/Developer/Toolchains/XcodeDefault.xctoolchain/usr/lib/swift/watchos -L/usr/lib/swift -Xlinker -add_ast_path -Xlinker /Users/admin/builder/spi-builder-workspace/.derivedData/Build/Intermediates.noindex/swift-configuration.build/Debug-watchos/Configuration-t.build/Objects-normal/arm64/Configuration.swiftmodule -o /Users/admin/builder/spi-builder-workspace/.derivedData/Build/Intermediates.noindex/swift-configuration.build/Debug-watchos/Configuration-t.build/Objects-normal/arm64/Binary/Configuration.o
CreateUniversalBinary /Users/admin/builder/spi-builder-workspace/.derivedData/Build/Products/Debug-watchos/Configuration.o normal arm64\ arm64_32 (in target 'Configuration' from project 'swift-configuration')
cd /Users/admin/builder/spi-builder-workspace/.dependencies/checkouts/swift-configuration
/Applications/Xcode-27.0.0-Release.Candidate.app/Contents/Developer/Toolchains/XcodeDefault.xctoolchain/usr/bin/lipo -create /Users/admin/builder/spi-builder-workspace/.derivedData/Build/Intermediates.noindex/swift-configuration.build/Debug-watchos/Configuration-t.build/Objects-normal/arm64/Binary/Configuration.o /Users/admin/builder/spi-builder-workspace/.derivedData/Build/Intermediates.noindex/swift-configuration.build/Debug-watchos/Configuration-t.build/Objects-normal/arm64_32/Binary/Configuration.o -output /Users/admin/builder/spi-builder-workspace/.derivedData/Build/Products/Debug-watchos/Configuration.o
ExtractAppIntentsMetadata (in target 'Configuration' from project 'swift-configuration')
cd /Users/admin/builder/spi-builder-workspace/.dependencies/checkouts/swift-configuration
/Applications/Xcode-27.0.0-Release.Candidate.app/Contents/Developer/Toolchains/XcodeDefault.xctoolchain/usr/bin/appintentsmetadataprocessor --toolchain-dir /var/run/com.apple.security.cryptexd/mnt/com.apple.MobileAsset.MetalToolchain-v27.1.266.1.5HQoLE/Metal.xctoolchain --module-name Configuration --sdk-root /Applications/Xcode-27.0.0-Release.Candidate.app/Contents/Developer/Platforms/WatchOS.platform/Developer/SDKs/WatchOS27.0.sdk --xcode-version 27A266a --platform-family watchOS --deployment-target 9.0 --bundle-identifier swift-configuration.Configuration --output /Users/admin/builder/spi-builder-workspace/.derivedData/Build/Products/Debug-watchos/Configuration.appintents --target-triple arm64-apple-watchos9.0 --target-triple arm64_32-apple-watchos9.0 --binary-file /Users/admin/builder/spi-builder-workspace/.derivedData/Build/Products/Debug-watchos/Configuration.o --dependency-file /Users/admin/builder/spi-builder-workspace/.derivedData/Build/Intermediates.noindex/swift-configuration.build/Debug-watchos/Configuration-t.build/Objects-normal/arm64/Configuration_dependency_info.dat --dependency-file /Users/admin/builder/spi-builder-workspace/.derivedData/Build/Intermediates.noindex/swift-configuration.build/Debug-watchos/Configuration-t.build/Objects-normal/arm64_32/Configuration_dependency_info.dat --stringsdata-file /Users/admin/builder/spi-builder-workspace/.derivedData/Build/Intermediates.noindex/swift-configuration.build/Debug-watchos/Configuration-t.build/Objects-normal/arm64/ExtractedAppShortcutsMetadata.stringsdata --stringsdata-file /Users/admin/builder/spi-builder-workspace/.derivedData/Build/Intermediates.noindex/swift-configuration.build/Debug-watchos/Configuration-t.build/Objects-normal/arm64_32/ExtractedAppShortcutsMetadata.stringsdata --source-file-list /Users/admin/builder/spi-builder-workspace/.derivedData/Build/Intermediates.noindex/swift-configuration.build/Debug-watchos/Configuration-t.build/Objects-normal/arm64/Configuration.SwiftFileList --source-file-list /Users/admin/builder/spi-builder-workspace/.derivedData/Build/Intermediates.noindex/swift-configuration.build/Debug-watchos/Configuration-t.build/Objects-normal/arm64_32/Configuration.SwiftFileList --metadata-file-list /Users/admin/builder/spi-builder-workspace/.derivedData/Build/Intermediates.noindex/swift-configuration.build/Debug-watchos/Configuration-t.build/Configuration.DependencyMetadataFileList --static-metadata-file-list /Users/admin/builder/spi-builder-workspace/.derivedData/Build/Intermediates.noindex/swift-configuration.build/Debug-watchos/Configuration-t.build/Configuration.DependencyStaticMetadataFileList --swift-const-vals-list /Users/admin/builder/spi-builder-workspace/.derivedData/Build/Intermediates.noindex/swift-configuration.build/Debug-watchos/Configuration-t.build/Objects-normal/arm64/Configuration.SwiftConstValuesFileList --swift-const-vals-list /Users/admin/builder/spi-builder-workspace/.derivedData/Build/Intermediates.noindex/swift-configuration.build/Debug-watchos/Configuration-t.build/Objects-normal/arm64_32/Configuration.SwiftConstValuesFileList --force --compile-time-extraction --deployment-aware-processing --no-app-shortcuts-localization
2026-09-25 21:17:45.024 appintentsmetadataprocessor[1574:8617] Starting appintentsmetadataprocessor export
2026-09-25 21:17:45.100 appintentsmetadataprocessor[1574:8617] Extracted no relevant App Intents symbols, skipping writing output
SwiftExplicitDependencyGeneratePcm arm64 /Users/admin/builder/spi-builder-workspace/.derivedData/SDKExplicitPrecompiledModules/ObjectiveC-37SJUSDVYEQPOP02FP92ZUCE.pcm
SwiftExplicitDependencyGeneratePcm arm64 /Users/admin/builder/spi-builder-workspace/.derivedData/SDKExplicitPrecompiledModules/MachO-2PPZ1IKB3ZS5INYNF0FHKJGPG.pcm
SwiftExplicitDependencyGeneratePcm arm64_32 /Users/admin/builder/spi-builder-workspace/.derivedData/SDKExplicitPrecompiledModules/ObjectiveC-9HDYOJ9PW1QMD3PUHDREQI5CW.pcm
SwiftExplicitDependencyGeneratePcm arm64_32 /Users/admin/builder/spi-builder-workspace/.derivedData/SDKExplicitPrecompiledModules/MachO-7SO3XMLYR8O8CPTJJGT0UD4Z4.pcm
SwiftExplicitDependencyGeneratePcm arm64 /Users/admin/builder/spi-builder-workspace/.derivedData/SDKExplicitPrecompiledModules/os_object-9BZC2SXUC363Y2YCW8WVHP98R.pcm
SwiftExplicitDependencyGeneratePcm arm64_32 /Users/admin/builder/spi-builder-workspace/.derivedData/SDKExplicitPrecompiledModules/os_object-AUEMT6185C0PWA2DUO2S58O9G.pcm
SwiftExplicitDependencyGeneratePcm arm64 /Users/admin/builder/spi-builder-workspace/.derivedData/SDKExplicitPrecompiledModules/os_workgroup-9YOS3VU7CZHSZSR2F6B72GUHH.pcm
SwiftExplicitDependencyGeneratePcm arm64_32 /Users/admin/builder/spi-builder-workspace/.derivedData/SDKExplicitPrecompiledModules/os_workgroup-21DC1PZPIK9B3VZA9249SXXIX.pcm
SwiftExplicitDependencyGeneratePcm arm64 /Users/admin/builder/spi-builder-workspace/.derivedData/SDKExplicitPrecompiledModules/Dispatch-47UJB7VNMVINDJXH3ZK1SW2A8.pcm
SwiftExplicitDependencyGeneratePcm arm64_32 /Users/admin/builder/spi-builder-workspace/.derivedData/SDKExplicitPrecompiledModules/Dispatch-D4YEPQTKSV1415JV0WOYX0VSD.pcm
SwiftExplicitDependencyGeneratePcm arm64 /Users/admin/builder/spi-builder-workspace/.derivedData/SDKExplicitPrecompiledModules/XPC-B3OD1PXF91Y1A9DEPZ65ZQ4T3.pcm
SwiftExplicitDependencyGeneratePcm arm64 /Users/admin/builder/spi-builder-workspace/.derivedData/SDKExplicitPrecompiledModules/CoreFoundation-2U1NVNJK5LZ273R3PS1MH1C57.pcm
SwiftExplicitDependencyGeneratePcm arm64_32 /Users/admin/builder/spi-builder-workspace/.derivedData/SDKExplicitPrecompiledModules/XPC-5C76FG52VMQY1YCHP8X6TDIDP.pcm
SwiftExplicitDependencyGeneratePcm arm64_32 /Users/admin/builder/spi-builder-workspace/.derivedData/SDKExplicitPrecompiledModules/CoreFoundation-EJ3ESCSM2X5HV7J96IQHHHTBK.pcm
SwiftExplicitDependencyGeneratePcm arm64 /Users/admin/builder/spi-builder-workspace/.derivedData/SDKExplicitPrecompiledModules/os-4RDX14KJTR4XJS8VLLXG2CU4U.pcm
SwiftExplicitDependencyGeneratePcm arm64 /Users/admin/builder/spi-builder-workspace/.derivedData/SDKExplicitPrecompiledModules/Security-B9RTFSSLOIY4CZDXIEVTRTXHQ.pcm
SwiftExplicitDependencyGeneratePcm arm64 /Users/admin/builder/spi-builder-workspace/.derivedData/SDKExplicitPrecompiledModules/CoreGraphics-5Q83K69TE8738OCM87EGCCR90.pcm
SwiftExplicitDependencyGeneratePcm arm64_32 /Users/admin/builder/spi-builder-workspace/.derivedData/SDKExplicitPrecompiledModules/os-500CG65RGJC2SLVXA4VVR0ZIB.pcm
SwiftExplicitDependencyGeneratePcm arm64_32 /Users/admin/builder/spi-builder-workspace/.derivedData/SDKExplicitPrecompiledModules/Security-E5EQRNKAA5QDWP5TLGNR33JDK.pcm
SwiftExplicitDependencyGeneratePcm arm64_32 /Users/admin/builder/spi-builder-workspace/.derivedData/SDKExplicitPrecompiledModules/CoreGraphics-CHEONANL61N7LJB7WLT1WVVA9.pcm
SwiftExplicitDependencyGeneratePcm arm64 /Users/admin/builder/spi-builder-workspace/.derivedData/SDKExplicitPrecompiledModules/Foundation-69BCV3NARJSCPPOQSS7I2CCZJ.pcm
SwiftExplicitDependencyGeneratePcm arm64 /Users/admin/builder/spi-builder-workspace/.derivedData/SDKExplicitPrecompiledModules/CoreVideo-UJTIK8Q9VFY2RFWERZONOFBX.pcm
SwiftExplicitDependencyGeneratePcm arm64_32 /Users/admin/builder/spi-builder-workspace/.derivedData/SDKExplicitPrecompiledModules/Foundation-BQDK5RIRHM1JFOU3O72B3862L.pcm
SwiftExplicitDependencyGeneratePcm arm64_32 /Users/admin/builder/spi-builder-workspace/.derivedData/SDKExplicitPrecompiledModules/CoreVideo-73GBB1IBF1ONEGE6GLKJJMSKD.pcm
SwiftExplicitDependencyGeneratePcm arm64 /Users/admin/builder/spi-builder-workspace/.derivedData/SDKExplicitPrecompiledModules/Accelerate-1CZKB8DIDBT7IL1LS18EX3VCY.pcm
SwiftExplicitDependencyGeneratePcm arm64_32 /Users/admin/builder/spi-builder-workspace/.derivedData/SDKExplicitPrecompiledModules/Accelerate-3A23O600G33RFTGQ64J01XRQT.pcm
SwiftCompile normal arm64 Compiling\ MaxVolOptions.swift /Users/admin/builder/spi-builder-workspace/Sources/MaxVol/MaxVolOptions.swift (in target 'MaxVol' from project 'MaxVol')
SwiftCompile normal arm64 /Users/admin/builder/spi-builder-workspace/Sources/MaxVol/MaxVolOptions.swift (in target 'MaxVol' from project 'MaxVol')
cd /Users/admin/builder/spi-builder-workspace/.swiftpm/xcode
builtin-SwiftPerFileCompile MaxVolOptions.swift
SwiftEmitModule normal arm64 Emitting\ module\ for\ MaxVol (in target 'MaxVol' from project 'MaxVol')
SwiftCompile normal arm64 (in target 'MaxVol' from project 'MaxVol')
cd /Users/admin/builder/spi-builder-workspace/.swiftpm/xcode
SwiftCompile normal arm64 Compiling\ DenseColumnMajorMatrix.swift /Users/admin/builder/spi-builder-workspace/Sources/MaxVol/DenseColumnMajorMatrix.swift (in target 'MaxVol' from project 'MaxVol')
SwiftCompile normal arm64 /Users/admin/builder/spi-builder-workspace/Sources/MaxVol/DenseColumnMajorMatrix.swift (in target 'MaxVol' from project 'MaxVol')
cd /Users/admin/builder/spi-builder-workspace/.swiftpm/xcode
builtin-SwiftPerFileCompile DenseColumnMajorMatrix.swift
SwiftCompile normal arm64 Compiling\ RectMaxVol.swift /Users/admin/builder/spi-builder-workspace/Sources/MaxVol/RectMaxVol.swift (in target 'MaxVol' from project 'MaxVol')
SwiftCompile normal arm64 /Users/admin/builder/spi-builder-workspace/Sources/MaxVol/RectMaxVol.swift (in target 'MaxVol' from project 'MaxVol')
cd /Users/admin/builder/spi-builder-workspace/.swiftpm/xcode
builtin-SwiftPerFileCompile RectMaxVol.swift
SwiftCompile normal arm64 Compiling\ MaxVolResult.swift /Users/admin/builder/spi-builder-workspace/Sources/MaxVol/MaxVolResult.swift (in target 'MaxVol' from project 'MaxVol')
SwiftCompile normal arm64 /Users/admin/builder/spi-builder-workspace/Sources/MaxVol/MaxVolResult.swift (in target 'MaxVol' from project 'MaxVol')
cd /Users/admin/builder/spi-builder-workspace/.swiftpm/xcode
builtin-SwiftPerFileCompile MaxVolResult.swift
SwiftCompile normal arm64 Compiling\ MaxVolScalar.swift /Users/admin/builder/spi-builder-workspace/Sources/MaxVol/MaxVolScalar.swift (in target 'MaxVol' from project 'MaxVol')
/Users/admin/builder/spi-builder-workspace/Sources/MaxVol/MaxVolScalar.swift:61:9: error: 'dgetrf_' is only available in watchOS 9.4 or newer
44 | }
45 |
46 | extension Double: MaxVolScalar {
| `- note: add '@available' attribute to enclosing extension
47 | static var getrfRoutineName: String { "dgetrf" }
48 | static var getrsRoutineName: String { "dgetrs" }
:
51 | var magnitudeAsDouble: Double { abs(self) }
52 |
53 | static func getrf(
| `- note: add '@available' attribute to enclosing static method
54 | rowCount: inout LAPACKInt,
55 | columnCount: inout LAPACKInt,
:
59 | info: inout LAPACKInt
60 | ) {
61 | dgetrf_(
| |- error: 'dgetrf_' is only available in watchOS 9.4 or newer
| `- note: add 'if #available' version check
62 | &rowCount,
63 | &columnCount,
/Users/admin/builder/spi-builder-workspace/Sources/MaxVol/MaxVolScalar.swift:82:9: error: 'dgetrs_' is only available in watchOS 9.4 or newer
44 | }
45 |
46 | extension Double: MaxVolScalar {
| `- note: add '@available' attribute to enclosing extension
47 | static var getrfRoutineName: String { "dgetrf" }
48 | static var getrsRoutineName: String { "dgetrs" }
:
69 | }
70 |
71 | static func getrs(
| `- note: add '@available' attribute to enclosing static method
72 | transpose: inout CChar,
73 | dimension: inout LAPACKInt,
:
80 | info: inout LAPACKInt
81 | ) {
82 | dgetrs_(
| |- error: 'dgetrs_' is only available in watchOS 9.4 or newer
| `- note: add 'if #available' version check
83 | &transpose,
84 | &dimension,
/Users/admin/builder/spi-builder-workspace/Sources/MaxVol/MaxVolScalar.swift:106:9: error: 'cblas_dger' is only available in watchOS 9.4 or newer
44 | }
45 |
46 | extension Double: MaxVolScalar {
| `- note: add '@available' attribute to enclosing extension
47 | static var getrfRoutineName: String { "dgetrf" }
48 | static var getrsRoutineName: String { "dgetrs" }
:
93 | }
94 |
95 | static func rankOneUpdate(
| `- note: add '@available' attribute to enclosing static method
96 | rowCount: LAPACKInt,
97 | columnCount: LAPACKInt,
:
104 | leadingDimension: LAPACKInt
105 | ) {
106 | cblas_dger(
| |- error: 'cblas_dger' is only available in watchOS 9.4 or newer
| `- note: add 'if #available' version check
107 | CblasColMajor,
108 | rowCount,
/Users/admin/builder/spi-builder-workspace/Sources/MaxVol/MaxVolScalar.swift:136:9: error: 'sgetrf_' is only available in watchOS 9.4 or newer
119 | }
120 |
121 | extension Float: MaxVolScalar {
| `- note: add '@available' attribute to enclosing extension
122 | static var getrfRoutineName: String { "sgetrf" }
123 | static var getrsRoutineName: String { "sgetrs" }
:
126 | var magnitudeAsDouble: Double { Double(abs(self)) }
127 |
128 | static func getrf(
| `- note: add '@available' attribute to enclosing static method
129 | rowCount: inout LAPACKInt,
130 | columnCount: inout LAPACKInt,
:
134 | info: inout LAPACKInt
135 | ) {
136 | sgetrf_(
| |- error: 'sgetrf_' is only available in watchOS 9.4 or newer
| `- note: add 'if #available' version check
137 | &rowCount,
138 | &columnCount,
/Users/admin/builder/spi-builder-workspace/Sources/MaxVol/MaxVolScalar.swift:157:9: error: 'sgetrs_' is only available in watchOS 9.4 or newer
119 | }
120 |
121 | extension Float: MaxVolScalar {
| `- note: add '@available' attribute to enclosing extension
122 | static var getrfRoutineName: String { "sgetrf" }
123 | static var getrsRoutineName: String { "sgetrs" }
:
144 | }
145 |
146 | static func getrs(
| `- note: add '@available' attribute to enclosing static method
147 | transpose: inout CChar,
148 | dimension: inout LAPACKInt,
:
155 | info: inout LAPACKInt
156 | ) {
157 | sgetrs_(
| |- error: 'sgetrs_' is only available in watchOS 9.4 or newer
| `- note: add 'if #available' version check
158 | &transpose,
159 | &dimension,
/Users/admin/builder/spi-builder-workspace/Sources/MaxVol/MaxVolScalar.swift:181:9: error: 'cblas_sger' is only available in watchOS 9.4 or newer
119 | }
120 |
121 | extension Float: MaxVolScalar {
| `- note: add '@available' attribute to enclosing extension
122 | static var getrfRoutineName: String { "sgetrf" }
123 | static var getrsRoutineName: String { "sgetrs" }
:
168 | }
169 |
170 | static func rankOneUpdate(
| `- note: add '@available' attribute to enclosing static method
171 | rowCount: LAPACKInt,
172 | columnCount: LAPACKInt,
:
179 | leadingDimension: LAPACKInt
180 | ) {
181 | cblas_sger(
| |- error: 'cblas_sger' is only available in watchOS 9.4 or newer
| `- note: add 'if #available' version check
182 | CblasColMajor,
183 | rowCount,
Failed frontend command:
SwiftCompile normal arm64 /Users/admin/builder/spi-builder-workspace/Sources/MaxVol/MaxVolScalar.swift (in target 'MaxVol' from project 'MaxVol')
cd /Users/admin/builder/spi-builder-workspace/.swiftpm/xcode
builtin-SwiftPerFileCompile MaxVolScalar.swift
/Applications/Xcode-27.0.0-Release.Candidate.app/Contents/Developer/Toolchains/XcodeDefault.xctoolchain/usr/bin/swift-frontend -frontend -c /Users/admin/builder/spi-builder-workspace/Sources/MaxVol/DenseColumnMajorMatrix.swift /Users/admin/builder/spi-builder-workspace/Sources/MaxVol/MaxVol.swift /Users/admin/builder/spi-builder-workspace/Sources/MaxVol/MaxVolError.swift /Users/admin/builder/spi-builder-workspace/Sources/MaxVol/MaxVolOptions.swift /Users/admin/builder/spi-builder-workspace/Sources/MaxVol/MaxVolResult.swift -primary-file /Users/admin/builder/spi-builder-workspace/Sources/MaxVol/MaxVolScalar.swift /Users/admin/builder/spi-builder-workspace/Sources/MaxVol/RectMaxVol.swift /Users/admin/builder/spi-builder-workspace/Sources/MaxVol/RectMaxVolOptions.swift -emit-dependencies-path /Users/admin/builder/spi-builder-workspace/.derivedData/Build/Intermediates.noindex/MaxVol.build/Debug-watchos/MaxVol-t.build/Objects-normal/arm64/MaxVolScalar.d -emit-const-values-path /Users/admin/builder/spi-builder-workspace/.derivedData/Build/Intermediates.noindex/MaxVol.build/Debug-watchos/MaxVol-t.build/Objects-normal/arm64/MaxVolScalar.swiftconstvalues -emit-reference-dependencies-path /Users/admin/builder/spi-builder-workspace/.derivedData/Build/Intermediates.noindex/MaxVol.build/Debug-watchos/MaxVol-t.build/Objects-normal/arm64/MaxVolScalar.swiftdeps -serialize-diagnostics-path /Users/admin/builder/spi-builder-workspace/.derivedData/Build/Intermediates.noindex/MaxVol.build/Debug-watchos/MaxVol-t.build/Objects-normal/arm64/MaxVolScalar.dia -target arm64-apple-watchos9.0 -disable-cross-import-overlay-search -load-resolved-plugin /Applications/Xcode-27.0.0-Release.Candidate.app/Contents/Developer/Platforms/WatchOS.platform/Developer/usr/lib/swift/host/plugins/libFoundationMacros.dylib\#/Applications/Xcode-27.0.0-Release.Candidate.app/Contents/Developer/Platforms/WatchOS.platform/Developer/usr/bin/swift-plugin-server\#FoundationMacros -load-resolved-plugin /Applications/Xcode-27.0.0-Release.Candidate.app/Contents/Developer/Platforms/WatchOS.platform/Developer/usr/lib/swift/host/plugins/libObservationMacros.dylib\#/Applications/Xcode-27.0.0-Release.Candidate.app/Contents/Developer/Platforms/WatchOS.platform/Developer/usr/bin/swift-plugin-server\#ObservationMacros -load-resolved-plugin /Applications/Xcode-27.0.0-Release.Candidate.app/Contents/Developer/Platforms/WatchOS.platform/Developer/usr/lib/swift/host/plugins/libSwiftMacros.dylib\#/Applications/Xcode-27.0.0-Release.Candidate.app/Contents/Developer/Platforms/WatchOS.platform/Developer/usr/bin/swift-plugin-server\#SwiftMacros -disable-implicit-swift-modules -Xcc -fno-implicit-modules -Xcc -fno-implicit-module-maps -explicit-swift-module-map-file /Users/admin/builder/spi-builder-workspace/.derivedData/Build/Intermediates.noindex/MaxVol.build/Debug-watchos/MaxVol-t.build/Objects-normal/arm64/MaxVol-dependencies-2.json -Xllvm -aarch64-use-tbi -enable-objc-interop -stack-check -sdk /Applications/Xcode-27.0.0-Release.Candidate.app/Contents/Developer/Platforms/WatchOS.platform/Developer/SDKs/WatchOS27.0.sdk -I /Users/admin/builder/spi-builder-workspace/.derivedData/Build/Products/Debug-watchos -Isystem /Applications/Xcode-27.0.0-Release.Candidate.app/Contents/Developer/Platforms/WatchOS.platform/Developer/usr/lib -F /Users/admin/builder/spi-builder-workspace/.derivedData/Build/Products/Debug-watchos/PackageFrameworks -F /Users/admin/builder/spi-builder-workspace/.derivedData/Build/Products/Debug-watchos -F /Applications/Xcode-27.0.0-Release.Candidate.app/Contents/Developer/Platforms/WatchOS.platform/Developer/Library/Frameworks -F /Applications/Xcode-27.0.0-Release.Candidate.app/Contents/Developer/Platforms/WatchOS.platform/Developer/SDKs/WatchOS27.0.sdk/Developer/Library/Frameworks -module-cache-path /Users/admin/builder/spi-builder-workspace/.derivedData/Build/Intermediates.noindex/SwiftExplicitPrecompiledModules -no-color-diagnostics -Xcc -fno-color-diagnostics -enable-testing -g -debug-info-format\=dwarf -dwarf-version\=4 -profile-generate -profile-coverage-mapping -swift-version 6 -Onone -D SWIFT_PACKAGE -D DEBUG -D SWIFT_MODULE_RESOURCE_BUNDLE_UNAVAILABLE -D Xcode -serialize-debugging-options -enable-experimental-feature DebugDescriptionMacro -empty-abi-descriptor -validate-clang-modules-once -clang-build-session-file /Users/admin/builder/spi-builder-workspace/.derivedData/ModuleCache.noindex/Session.modulevalidation -Xcc -working-directory -Xcc /Users/admin/builder/spi-builder-workspace/.swiftpm/xcode -enable-anonymous-context-mangled-names -file-compilation-dir /Users/admin/builder/spi-builder-workspace/.swiftpm/xcode -Xcc -fmodule-map-file\=/Users/admin/builder/spi-builder-workspace/.dependencies/checkouts/swift-system/Sources/CSystem/include/module.modulemap -Xcc -fmodule-map-file\=/Users/admin/builder/spi-builder-workspace/.dependencies/checkouts/Yams/Sources/CYaml/include/module.modulemap -Xcc -D_LIBCPP_HARDENING_MODE\=_LIBCPP_HARDENING_MODE_DEBUG -Xcc -ivfsstatcache -Xcc /Users/admin/builder/spi-builder-workspace/.derivedData/SDKStatCaches.noindex/watchos27.0-24R360-e829b21a6f8c9b70876ba0858053c04477534ef55a1706bf4c1112bbb242f0a2.sdkstatcache -Xcc -fmodules-prune-interval\=86400 -Xcc -fmodules-prune-after\=345600 -Xcc -I/Users/admin/builder/spi-builder-workspace/.dependencies/checkouts/swift-system/Sources/CSystem/include -Xcc -I/Users/admin/builder/spi-builder-workspace/.dependencies/checkouts/Yams/Sources/CYaml/include -Xcc -I/Users/admin/builder/spi-builder-workspace/.derivedData/Build/Products/Debug-watchos/include -Xcc -I/Users/admin/builder/spi-builder-workspace/.derivedData/Build/Intermediates.noindex/MaxVol.build/Debug-watchos/MaxVol-t.build/DerivedSources-normal/arm64 -Xcc -I/Users/admin/builder/spi-builder-workspace/.derivedData/Build/Intermediates.noindex/MaxVol.build/Debug-watchos/MaxVol-t.build/DerivedSources/arm64 -Xcc -I/Users/admin/builder/spi-builder-workspace/.derivedData/Build/Intermediates.noindex/MaxVol.build/Debug-watchos/MaxVol-t.build/DerivedSources -Xcc -DSWIFT_PACKAGE -Xcc -DDEBUG\=1 -Xcc -DACCELERATE_NEW_LAPACK -Xcc -DACCELERATE_LAPACK_ILP64 -no-auto-bridging-header-chaining -module-name MaxVol -package-name spi_builder_workspace -const-gather-protocols-file /Users/admin/builder/spi-builder-workspace/.derivedData/Build/Intermediates.noindex/MaxVol.build/Debug-watchos/MaxVol-t.build/Objects-normal/arm64/MaxVol_const_extract_protocols.json -disable-clang-spi -clang-target arm64-apple-watchos27.0 -target-sdk-version 27.0 -target-sdk-name watchos27.0 -in-process-plugin-server-path /Applications/Xcode-27.0.0-Release.Candidate.app/Contents/Developer/Toolchains/XcodeDefault.xctoolchain/usr/lib/swift/host/libSwiftInProcPluginServer.dylib -parse-as-library -o /Users/admin/builder/spi-builder-workspace/.derivedData/Build/Intermediates.noindex/MaxVol.build/Debug-watchos/MaxVol-t.build/Objects-normal/arm64/MaxVolScalar.o -debug-module-path /Users/admin/builder/spi-builder-workspace/.derivedData/Build/Intermediates.noindex/MaxVol.build/Debug-watchos/MaxVol-t.build/Objects-normal/arm64/MaxVol.swiftmodule -index-unit-output-path /MaxVol.build/Debug-watchos/MaxVol-t.build/Objects-normal/arm64/MaxVolScalar.o -index-store-path /Users/admin/builder/spi-builder-workspace/.derivedData/Index.noindex/DataStore -index-system-modules
SwiftCompile normal arm64 Compiling\ MaxVolError.swift /Users/admin/builder/spi-builder-workspace/Sources/MaxVol/MaxVolError.swift (in target 'MaxVol' from project 'MaxVol')
SwiftCompile normal arm64 /Users/admin/builder/spi-builder-workspace/Sources/MaxVol/MaxVolError.swift (in target 'MaxVol' from project 'MaxVol')
cd /Users/admin/builder/spi-builder-workspace/.swiftpm/xcode
builtin-SwiftPerFileCompile MaxVolError.swift
SwiftCompile normal arm64 Compiling\ RectMaxVolOptions.swift /Users/admin/builder/spi-builder-workspace/Sources/MaxVol/RectMaxVolOptions.swift (in target 'MaxVol' from project 'MaxVol')
SwiftCompile normal arm64 /Users/admin/builder/spi-builder-workspace/Sources/MaxVol/RectMaxVolOptions.swift (in target 'MaxVol' from project 'MaxVol')
cd /Users/admin/builder/spi-builder-workspace/.swiftpm/xcode
builtin-SwiftPerFileCompile RectMaxVolOptions.swift
SwiftCompile normal arm64 Compiling\ MaxVol.swift /Users/admin/builder/spi-builder-workspace/Sources/MaxVol/MaxVol.swift (in target 'MaxVol' from project 'MaxVol')
SwiftCompile normal arm64 (in target 'MaxVol' from project 'MaxVol')
cd /Users/admin/builder/spi-builder-workspace/.swiftpm/xcode
SwiftEmitModule normal arm64_32 Emitting\ module\ for\ MaxVol (in target 'MaxVol' from project 'MaxVol')
SwiftCompile normal arm64_32 (in target 'MaxVol' from project 'MaxVol')
cd /Users/admin/builder/spi-builder-workspace/.swiftpm/xcode
SwiftCompile normal arm64_32 Compiling\ DenseColumnMajorMatrix.swift /Users/admin/builder/spi-builder-workspace/Sources/MaxVol/DenseColumnMajorMatrix.swift (in target 'MaxVol' from project 'MaxVol')
SwiftCompile normal arm64_32 /Users/admin/builder/spi-builder-workspace/Sources/MaxVol/DenseColumnMajorMatrix.swift (in target 'MaxVol' from project 'MaxVol')
cd /Users/admin/builder/spi-builder-workspace/.swiftpm/xcode
builtin-SwiftPerFileCompile DenseColumnMajorMatrix.swift
SwiftDriverJobDiscovery normal arm64 Emitting module for MaxVol (in target 'MaxVol' from project 'MaxVol')
SwiftDriver\ Compilation\ Requirements MaxVol normal arm64 com.apple.xcode.tools.swift.compiler (in target 'MaxVol' from project 'MaxVol')
cd /Users/admin/builder/spi-builder-workspace/.swiftpm/xcode
builtin-Swift-Compilation-Requirements -- /Applications/Xcode-27.0.0-Release.Candidate.app/Contents/Developer/Toolchains/XcodeDefault.xctoolchain/usr/bin/swiftc -parse-as-library -module-name MaxVol -Onone @/Users/admin/builder/spi-builder-workspace/.derivedData/Build/Intermediates.noindex/MaxVol.build/Debug-watchos/MaxVol-t.build/Objects-normal/arm64/MaxVol.SwiftFileList -DSWIFT_PACKAGE -DDEBUG -DSWIFT_MODULE_RESOURCE_BUNDLE_UNAVAILABLE -Xcc -fmodule-map-file\=/Users/admin/builder/spi-builder-workspace/.dependencies/checkouts/swift-system/Sources/CSystem/include/module.modulemap -Xcc -fmodule-map-file\=/Users/admin/builder/spi-builder-workspace/.dependencies/checkouts/Yams/Sources/CYaml/include/module.modulemap -DXcode -plugin-path /Applications/Xcode-27.0.0-Release.Candidate.app/Contents/Developer/Toolchains/XcodeDefault.xctoolchain/usr/lib/swift/host/plugins/testing -enable-experimental-feature DebugDescriptionMacro -sdk /Applications/Xcode-27.0.0-Release.Candidate.app/Contents/Developer/Platforms/WatchOS.platform/Developer/SDKs/WatchOS27.0.sdk -target arm64-apple-watchos9.0 -g -module-cache-path /Users/admin/builder/spi-builder-workspace/.derivedData/ModuleCache.noindex -Xfrontend -serialize-debugging-options -profile-coverage-mapping -profile-generate -enable-testing -index-store-path /Users/admin/builder/spi-builder-workspace/.derivedData/Index.noindex/DataStore -Xcc -D_LIBCPP_HARDENING_MODE\=_LIBCPP_HARDENING_MODE_DEBUG -swift-version 6 -I /Users/admin/builder/spi-builder-workspace/.derivedData/Build/Products/Debug-watchos -Isystem /Applications/Xcode-27.0.0-Release.Candidate.app/Contents/Developer/Platforms/WatchOS.platform/Developer/usr/lib -F /Users/admin/builder/spi-builder-workspace/.derivedData/Build/Products/Debug-watchos/PackageFrameworks -F /Users/admin/builder/spi-builder-workspace/.derivedData/Build/Products/Debug-watchos -F /Applications/Xcode-27.0.0-Release.Candidate.app/Contents/Developer/Platforms/WatchOS.platform/Developer/Library/Frameworks -F /Applications/Xcode-27.0.0-Release.Candidate.app/Contents/Developer/Platforms/WatchOS.platform/Developer/SDKs/WatchOS27.0.sdk/Developer/Library/Frameworks -c -j10 -enable-batch-mode -incremental -Xcc -ivfsstatcache -Xcc /Users/admin/builder/spi-builder-workspace/.derivedData/SDKStatCaches.noindex/watchos27.0-24R360-e829b21a6f8c9b70876ba0858053c04477534ef55a1706bf4c1112bbb242f0a2.sdkstatcache -output-file-map /Users/admin/builder/spi-builder-workspace/.derivedData/Build/Intermediates.noindex/MaxVol.build/Debug-watchos/MaxVol-t.build/Objects-normal/arm64/MaxVol-OutputFileMap.json -save-temps -no-color-diagnostics -explicit-module-build -module-cache-path /Users/admin/builder/spi-builder-workspace/.derivedData/Build/Intermediates.noindex/SwiftExplicitPrecompiledModules -clang-scanner-module-cache-path /Users/admin/builder/spi-builder-workspace/.derivedData/ModuleCache.noindex -sdk-module-cache-path /Users/admin/builder/spi-builder-workspace/.derivedData/SDKExplicitPrecompiledModules -emit-dependencies -emit-module -emit-module-path /Users/admin/builder/spi-builder-workspace/.derivedData/Build/Intermediates.noindex/MaxVol.build/Debug-watchos/MaxVol-t.build/Objects-normal/arm64/MaxVol.swiftmodule -serialize-diagnostics -dependency-scan-serialize-diagnostics-path /Users/admin/builder/spi-builder-workspace/.derivedData/Build/Intermediates.noindex/MaxVol.build/Debug-watchos/MaxVol-t.build/Objects-normal/arm64/MaxVol-dependency-scan.dia -validate-clang-modules-once -clang-build-session-file /Users/admin/builder/spi-builder-workspace/.derivedData/ModuleCache.noindex/Session.modulevalidation -Xcc -fmodules-prune-interval\=86400 -Xcc -fmodules-prune-after\=345600 -package-name spi_builder_workspace -emit-const-values -const-gather-protocols-list /Users/admin/builder/spi-builder-workspace/.derivedData/Build/Intermediates.noindex/MaxVol.build/Debug-watchos/MaxVol-t.build/Objects-normal/arm64/MaxVol_const_extract_protocols.json -Xcc -I/Users/admin/builder/spi-builder-workspace/.dependencies/checkouts/swift-system/Sources/CSystem/include -Xcc -I/Users/admin/builder/spi-builder-workspace/.dependencies/checkouts/Yams/Sources/CYaml/include -Xcc -I/Users/admin/builder/spi-builder-workspace/.derivedData/Build/Products/Debug-watchos/include -Xcc -I/Users/admin/builder/spi-builder-workspace/.derivedData/Build/Intermediates.noindex/MaxVol.build/Debug-watchos/MaxVol-t.build/DerivedSources-normal/arm64 -Xcc -I/Users/admin/builder/spi-builder-workspace/.derivedData/Build/Intermediates.noindex/MaxVol.build/Debug-watchos/MaxVol-t.build/DerivedSources/arm64 -Xcc -I/Users/admin/builder/spi-builder-workspace/.derivedData/Build/Intermediates.noindex/MaxVol.build/Debug-watchos/MaxVol-t.build/DerivedSources -Xcc -DSWIFT_PACKAGE -Xcc -DDEBUG\=1 -Xcc -DACCELERATE_NEW_LAPACK -Xcc -DACCELERATE_LAPACK_ILP64 -emit-objc-header -emit-objc-header-path /Users/admin/builder/spi-builder-workspace/.derivedData/Build/Intermediates.noindex/MaxVol.build/Debug-watchos/MaxVol-t.build/Objects-normal/arm64/MaxVol-Swift.h -working-directory /Users/admin/builder/spi-builder-workspace/.swiftpm/xcode -experimental-emit-module-separately -disable-cmo
SwiftDriverJobDiscovery normal arm64_32 Emitting module for MaxVol (in target 'MaxVol' from project 'MaxVol')
SwiftDriver\ Compilation\ Requirements MaxVol normal arm64_32 com.apple.xcode.tools.swift.compiler (in target 'MaxVol' from project 'MaxVol')
cd /Users/admin/builder/spi-builder-workspace/.swiftpm/xcode
builtin-Swift-Compilation-Requirements -- /Applications/Xcode-27.0.0-Release.Candidate.app/Contents/Developer/Toolchains/XcodeDefault.xctoolchain/usr/bin/swiftc -parse-as-library -module-name MaxVol -Onone @/Users/admin/builder/spi-builder-workspace/.derivedData/Build/Intermediates.noindex/MaxVol.build/Debug-watchos/MaxVol-t.build/Objects-normal/arm64_32/MaxVol.SwiftFileList -DSWIFT_PACKAGE -DDEBUG -DSWIFT_MODULE_RESOURCE_BUNDLE_UNAVAILABLE -Xcc -fmodule-map-file\=/Users/admin/builder/spi-builder-workspace/.dependencies/checkouts/swift-system/Sources/CSystem/include/module.modulemap -Xcc -fmodule-map-file\=/Users/admin/builder/spi-builder-workspace/.dependencies/checkouts/Yams/Sources/CYaml/include/module.modulemap -DXcode -plugin-path /Applications/Xcode-27.0.0-Release.Candidate.app/Contents/Developer/Toolchains/XcodeDefault.xctoolchain/usr/lib/swift/host/plugins/testing -enable-experimental-feature DebugDescriptionMacro -sdk /Applications/Xcode-27.0.0-Release.Candidate.app/Contents/Developer/Platforms/WatchOS.platform/Developer/SDKs/WatchOS27.0.sdk -target arm64_32-apple-watchos9.0 -g -module-cache-path /Users/admin/builder/spi-builder-workspace/.derivedData/ModuleCache.noindex -Xfrontend -serialize-debugging-options -profile-coverage-mapping -profile-generate -enable-testing -index-store-path /Users/admin/builder/spi-builder-workspace/.derivedData/Index.noindex/DataStore -Xcc -D_LIBCPP_HARDENING_MODE\=_LIBCPP_HARDENING_MODE_DEBUG -swift-version 6 -I /Users/admin/builder/spi-builder-workspace/.derivedData/Build/Products/Debug-watchos -Isystem /Applications/Xcode-27.0.0-Release.Candidate.app/Contents/Developer/Platforms/WatchOS.platform/Developer/usr/lib -F /Users/admin/builder/spi-builder-workspace/.derivedData/Build/Products/Debug-watchos/PackageFrameworks -F /Users/admin/builder/spi-builder-workspace/.derivedData/Build/Products/Debug-watchos -F /Applications/Xcode-27.0.0-Release.Candidate.app/Contents/Developer/Platforms/WatchOS.platform/Developer/Library/Frameworks -F /Applications/Xcode-27.0.0-Release.Candidate.app/Contents/Developer/Platforms/WatchOS.platform/Developer/SDKs/WatchOS27.0.sdk/Developer/Library/Frameworks -c -j10 -enable-batch-mode -incremental -Xcc -ivfsstatcache -Xcc /Users/admin/builder/spi-builder-workspace/.derivedData/SDKStatCaches.noindex/watchos27.0-24R360-e829b21a6f8c9b70876ba0858053c04477534ef55a1706bf4c1112bbb242f0a2.sdkstatcache -output-file-map /Users/admin/builder/spi-builder-workspace/.derivedData/Build/Intermediates.noindex/MaxVol.build/Debug-watchos/MaxVol-t.build/Objects-normal/arm64_32/MaxVol-OutputFileMap.json -save-temps -no-color-diagnostics -explicit-module-build -module-cache-path /Users/admin/builder/spi-builder-workspace/.derivedData/Build/Intermediates.noindex/SwiftExplicitPrecompiledModules -clang-scanner-module-cache-path /Users/admin/builder/spi-builder-workspace/.derivedData/ModuleCache.noindex -sdk-module-cache-path /Users/admin/builder/spi-builder-workspace/.derivedData/SDKExplicitPrecompiledModules -emit-dependencies -emit-module -emit-module-path /Users/admin/builder/spi-builder-workspace/.derivedData/Build/Intermediates.noindex/MaxVol.build/Debug-watchos/MaxVol-t.build/Objects-normal/arm64_32/MaxVol.swiftmodule -serialize-diagnostics -dependency-scan-serialize-diagnostics-path /Users/admin/builder/spi-builder-workspace/.derivedData/Build/Intermediates.noindex/MaxVol.build/Debug-watchos/MaxVol-t.build/Objects-normal/arm64_32/MaxVol-dependency-scan.dia -validate-clang-modules-once -clang-build-session-file /Users/admin/builder/spi-builder-workspace/.derivedData/ModuleCache.noindex/Session.modulevalidation -Xcc -fmodules-prune-interval\=86400 -Xcc -fmodules-prune-after\=345600 -package-name spi_builder_workspace -emit-const-values -const-gather-protocols-list /Users/admin/builder/spi-builder-workspace/.derivedData/Build/Intermediates.noindex/MaxVol.build/Debug-watchos/MaxVol-t.build/Objects-normal/arm64_32/MaxVol_const_extract_protocols.json -Xcc -I/Users/admin/builder/spi-builder-workspace/.dependencies/checkouts/swift-system/Sources/CSystem/include -Xcc -I/Users/admin/builder/spi-builder-workspace/.dependencies/checkouts/Yams/Sources/CYaml/include -Xcc -I/Users/admin/builder/spi-builder-workspace/.derivedData/Build/Products/Debug-watchos/include -Xcc -I/Users/admin/builder/spi-builder-workspace/.derivedData/Build/Intermediates.noindex/MaxVol.build/Debug-watchos/MaxVol-t.build/DerivedSources-normal/arm64_32 -Xcc -I/Users/admin/builder/spi-builder-workspace/.derivedData/Build/Intermediates.noindex/MaxVol.build/Debug-watchos/MaxVol-t.build/DerivedSources/arm64_32 -Xcc -I/Users/admin/builder/spi-builder-workspace/.derivedData/Build/Intermediates.noindex/MaxVol.build/Debug-watchos/MaxVol-t.build/DerivedSources -Xcc -DSWIFT_PACKAGE -Xcc -DDEBUG\=1 -Xcc -DACCELERATE_NEW_LAPACK -Xcc -DACCELERATE_LAPACK_ILP64 -emit-objc-header -emit-objc-header-path /Users/admin/builder/spi-builder-workspace/.derivedData/Build/Intermediates.noindex/MaxVol.build/Debug-watchos/MaxVol-t.build/Objects-normal/arm64_32/MaxVol-Swift.h -working-directory /Users/admin/builder/spi-builder-workspace/.swiftpm/xcode -experimental-emit-module-separately -disable-cmo
Copy /Users/admin/builder/spi-builder-workspace/.derivedData/Build/Products/Debug-watchos/MaxVol.swiftmodule/arm64-apple-watchos.swiftmodule /Users/admin/builder/spi-builder-workspace/.derivedData/Build/Intermediates.noindex/MaxVol.build/Debug-watchos/MaxVol-t.build/Objects-normal/arm64/MaxVol.swiftmodule (in target 'MaxVol' from project 'MaxVol')
cd /Users/admin/builder/spi-builder-workspace
builtin-copy -exclude .DS_Store -exclude CVS -exclude .svn -exclude .git -exclude .hg -resolve-src-symlinks -rename /Users/admin/builder/spi-builder-workspace/.derivedData/Build/Intermediates.noindex/MaxVol.build/Debug-watchos/MaxVol-t.build/Objects-normal/arm64/MaxVol.swiftmodule /Users/admin/builder/spi-builder-workspace/.derivedData/Build/Products/Debug-watchos/MaxVol.swiftmodule/arm64-apple-watchos.swiftmodule
SwiftMergeGeneratedHeaders /Users/admin/builder/spi-builder-workspace/.derivedData/Build/Intermediates.noindex/GeneratedModuleMaps-watchos/MaxVol-Swift.h /Users/admin/builder/spi-builder-workspace/.derivedData/Build/Intermediates.noindex/MaxVol.build/Debug-watchos/MaxVol-t.build/Objects-normal/arm64/MaxVol-Swift.h /Users/admin/builder/spi-builder-workspace/.derivedData/Build/Intermediates.noindex/MaxVol.build/Debug-watchos/MaxVol-t.build/Objects-normal/arm64_32/MaxVol-Swift.h (in target 'MaxVol' from project 'MaxVol')
cd /Users/admin/builder/spi-builder-workspace
builtin-swiftHeaderTool -arch arm64 /Users/admin/builder/spi-builder-workspace/.derivedData/Build/Intermediates.noindex/MaxVol.build/Debug-watchos/MaxVol-t.build/Objects-normal/arm64/MaxVol-Swift.h -arch arm64_32 /Users/admin/builder/spi-builder-workspace/.derivedData/Build/Intermediates.noindex/MaxVol.build/Debug-watchos/MaxVol-t.build/Objects-normal/arm64_32/MaxVol-Swift.h -o /Users/admin/builder/spi-builder-workspace/.derivedData/Build/Intermediates.noindex/GeneratedModuleMaps-watchos/MaxVol-Swift.h
Copy /Users/admin/builder/spi-builder-workspace/.derivedData/Build/Products/Debug-watchos/MaxVol.swiftmodule/arm64_32-apple-watchos.swiftmodule /Users/admin/builder/spi-builder-workspace/.derivedData/Build/Intermediates.noindex/MaxVol.build/Debug-watchos/MaxVol-t.build/Objects-normal/arm64_32/MaxVol.swiftmodule (in target 'MaxVol' from project 'MaxVol')
cd /Users/admin/builder/spi-builder-workspace
builtin-copy -exclude .DS_Store -exclude CVS -exclude .svn -exclude .git -exclude .hg -resolve-src-symlinks -rename /Users/admin/builder/spi-builder-workspace/.derivedData/Build/Intermediates.noindex/MaxVol.build/Debug-watchos/MaxVol-t.build/Objects-normal/arm64_32/MaxVol.swiftmodule /Users/admin/builder/spi-builder-workspace/.derivedData/Build/Products/Debug-watchos/MaxVol.swiftmodule/arm64_32-apple-watchos.swiftmodule
Copy /Users/admin/builder/spi-builder-workspace/.derivedData/Build/Products/Debug-watchos/MaxVol.swiftmodule/arm64_32-apple-watchos.swiftdoc /Users/admin/builder/spi-builder-workspace/.derivedData/Build/Intermediates.noindex/MaxVol.build/Debug-watchos/MaxVol-t.build/Objects-normal/arm64_32/MaxVol.swiftdoc (in target 'MaxVol' from project 'MaxVol')
cd /Users/admin/builder/spi-builder-workspace
builtin-copy -exclude .DS_Store -exclude CVS -exclude .svn -exclude .git -exclude .hg -resolve-src-symlinks -rename /Users/admin/builder/spi-builder-workspace/.derivedData/Build/Intermediates.noindex/MaxVol.build/Debug-watchos/MaxVol-t.build/Objects-normal/arm64_32/MaxVol.swiftdoc /Users/admin/builder/spi-builder-workspace/.derivedData/Build/Products/Debug-watchos/MaxVol.swiftmodule/arm64_32-apple-watchos.swiftdoc
SwiftDriverJobDiscovery normal arm64 Compiling MaxVolOptions.swift (in target 'MaxVol' from project 'MaxVol')
Copy /Users/admin/builder/spi-builder-workspace/.derivedData/Build/Products/Debug-watchos/MaxVol.swiftmodule/arm64_32-apple-watchos.abi.json /Users/admin/builder/spi-builder-workspace/.derivedData/Build/Intermediates.noindex/MaxVol.build/Debug-watchos/MaxVol-t.build/Objects-normal/arm64_32/MaxVol.abi.json (in target 'MaxVol' from project 'MaxVol')
cd /Users/admin/builder/spi-builder-workspace
builtin-copy -exclude .DS_Store -exclude CVS -exclude .svn -exclude .git -exclude .hg -resolve-src-symlinks -rename /Users/admin/builder/spi-builder-workspace/.derivedData/Build/Intermediates.noindex/MaxVol.build/Debug-watchos/MaxVol-t.build/Objects-normal/arm64_32/MaxVol.abi.json /Users/admin/builder/spi-builder-workspace/.derivedData/Build/Products/Debug-watchos/MaxVol.swiftmodule/arm64_32-apple-watchos.abi.json
Copy /Users/admin/builder/spi-builder-workspace/.derivedData/Build/Products/Debug-watchos/MaxVol.swiftmodule/arm64-apple-watchos.swiftdoc /Users/admin/builder/spi-builder-workspace/.derivedData/Build/Intermediates.noindex/MaxVol.build/Debug-watchos/MaxVol-t.build/Objects-normal/arm64/MaxVol.swiftdoc (in target 'MaxVol' from project 'MaxVol')
cd /Users/admin/builder/spi-builder-workspace
builtin-copy -exclude .DS_Store -exclude CVS -exclude .svn -exclude .git -exclude .hg -resolve-src-symlinks -rename /Users/admin/builder/spi-builder-workspace/.derivedData/Build/Intermediates.noindex/MaxVol.build/Debug-watchos/MaxVol-t.build/Objects-normal/arm64/MaxVol.swiftdoc /Users/admin/builder/spi-builder-workspace/.derivedData/Build/Products/Debug-watchos/MaxVol.swiftmodule/arm64-apple-watchos.swiftdoc
Copy /Users/admin/builder/spi-builder-workspace/.derivedData/Build/Products/Debug-watchos/MaxVol.swiftmodule/arm64-apple-watchos.abi.json /Users/admin/builder/spi-builder-workspace/.derivedData/Build/Intermediates.noindex/MaxVol.build/Debug-watchos/MaxVol-t.build/Objects-normal/arm64/MaxVol.abi.json (in target 'MaxVol' from project 'MaxVol')
cd /Users/admin/builder/spi-builder-workspace
builtin-copy -exclude .DS_Store -exclude CVS -exclude .svn -exclude .git -exclude .hg -resolve-src-symlinks -rename /Users/admin/builder/spi-builder-workspace/.derivedData/Build/Intermediates.noindex/MaxVol.build/Debug-watchos/MaxVol-t.build/Objects-normal/arm64/MaxVol.abi.json /Users/admin/builder/spi-builder-workspace/.derivedData/Build/Products/Debug-watchos/MaxVol.swiftmodule/arm64-apple-watchos.abi.json
Copy /Users/admin/builder/spi-builder-workspace/.derivedData/Build/Products/Debug-watchos/MaxVol.swiftmodule/Project/arm64_32-apple-watchos.swiftsourceinfo /Users/admin/builder/spi-builder-workspace/.derivedData/Build/Intermediates.noindex/MaxVol.build/Debug-watchos/MaxVol-t.build/Objects-normal/arm64_32/MaxVol.swiftsourceinfo (in target 'MaxVol' from project 'MaxVol')
cd /Users/admin/builder/spi-builder-workspace
builtin-copy -exclude .DS_Store -exclude CVS -exclude .svn -exclude .git -exclude .hg -resolve-src-symlinks -rename /Users/admin/builder/spi-builder-workspace/.derivedData/Build/Intermediates.noindex/MaxVol.build/Debug-watchos/MaxVol-t.build/Objects-normal/arm64_32/MaxVol.swiftsourceinfo /Users/admin/builder/spi-builder-workspace/.derivedData/Build/Products/Debug-watchos/MaxVol.swiftmodule/Project/arm64_32-apple-watchos.swiftsourceinfo
Copy /Users/admin/builder/spi-builder-workspace/.derivedData/Build/Products/Debug-watchos/MaxVol.swiftmodule/Project/arm64-apple-watchos.swiftsourceinfo /Users/admin/builder/spi-builder-workspace/.derivedData/Build/Intermediates.noindex/MaxVol.build/Debug-watchos/MaxVol-t.build/Objects-normal/arm64/MaxVol.swiftsourceinfo (in target 'MaxVol' from project 'MaxVol')
cd /Users/admin/builder/spi-builder-workspace
builtin-copy -exclude .DS_Store -exclude CVS -exclude .svn -exclude .git -exclude .hg -resolve-src-symlinks -rename /Users/admin/builder/spi-builder-workspace/.derivedData/Build/Intermediates.noindex/MaxVol.build/Debug-watchos/MaxVol-t.build/Objects-normal/arm64/MaxVol.swiftsourceinfo /Users/admin/builder/spi-builder-workspace/.derivedData/Build/Products/Debug-watchos/MaxVol.swiftmodule/Project/arm64-apple-watchos.swiftsourceinfo
SwiftCompile normal arm64_32 Compiling\ MaxVolOptions.swift /Users/admin/builder/spi-builder-workspace/Sources/MaxVol/MaxVolOptions.swift (in target 'MaxVol' from project 'MaxVol')
SwiftCompile normal arm64_32 /Users/admin/builder/spi-builder-workspace/Sources/MaxVol/MaxVolOptions.swift (in target 'MaxVol' from project 'MaxVol')
cd /Users/admin/builder/spi-builder-workspace/.swiftpm/xcode
builtin-SwiftPerFileCompile MaxVolOptions.swift
SwiftCompile normal arm64_32 Compiling\ MaxVolResult.swift /Users/admin/builder/spi-builder-workspace/Sources/MaxVol/MaxVolResult.swift (in target 'MaxVol' from project 'MaxVol')
SwiftCompile normal arm64_32 /Users/admin/builder/spi-builder-workspace/Sources/MaxVol/MaxVolResult.swift (in target 'MaxVol' from project 'MaxVol')
cd /Users/admin/builder/spi-builder-workspace/.swiftpm/xcode
builtin-SwiftPerFileCompile MaxVolResult.swift
SwiftCompile normal arm64_32 Compiling\ RectMaxVol.swift /Users/admin/builder/spi-builder-workspace/Sources/MaxVol/RectMaxVol.swift (in target 'MaxVol' from project 'MaxVol')
SwiftCompile normal arm64_32 /Users/admin/builder/spi-builder-workspace/Sources/MaxVol/RectMaxVol.swift (in target 'MaxVol' from project 'MaxVol')
cd /Users/admin/builder/spi-builder-workspace/.swiftpm/xcode
builtin-SwiftPerFileCompile RectMaxVol.swift
SwiftDriverJobDiscovery normal arm64 Compiling MaxVolResult.swift (in target 'MaxVol' from project 'MaxVol')
SwiftCompile normal arm64_32 Compiling\ MaxVolScalar.swift /Users/admin/builder/spi-builder-workspace/Sources/MaxVol/MaxVolScalar.swift (in target 'MaxVol' from project 'MaxVol')
SwiftCompile normal arm64_32 /Users/admin/builder/spi-builder-workspace/Sources/MaxVol/MaxVolScalar.swift (in target 'MaxVol' from project 'MaxVol')
cd /Users/admin/builder/spi-builder-workspace/.swiftpm/xcode
builtin-SwiftPerFileCompile MaxVolScalar.swift
/Users/admin/builder/spi-builder-workspace/Sources/MaxVol/MaxVolScalar.swift:61:9: error: 'dgetrf_' is only available in watchOS 9.4 or newer
44 | }
45 |
46 | extension Double: MaxVolScalar {
| `- note: add '@available' attribute to enclosing extension
47 | static var getrfRoutineName: String { "dgetrf" }
48 | static var getrsRoutineName: String { "dgetrs" }
:
51 | var magnitudeAsDouble: Double { abs(self) }
52 |
53 | static func getrf(
| `- note: add '@available' attribute to enclosing static method
54 | rowCount: inout LAPACKInt,
55 | columnCount: inout LAPACKInt,
:
59 | info: inout LAPACKInt
60 | ) {
61 | dgetrf_(
| |- error: 'dgetrf_' is only available in watchOS 9.4 or newer
| `- note: add 'if #available' version check
62 | &rowCount,
63 | &columnCount,
/Users/admin/builder/spi-builder-workspace/Sources/MaxVol/MaxVolScalar.swift:82:9: error: 'dgetrs_' is only available in watchOS 9.4 or newer
44 | }
45 |
46 | extension Double: MaxVolScalar {
| `- note: add '@available' attribute to enclosing extension
47 | static var getrfRoutineName: String { "dgetrf" }
48 | static var getrsRoutineName: String { "dgetrs" }
:
69 | }
70 |
71 | static func getrs(
| `- note: add '@available' attribute to enclosing static method
72 | transpose: inout CChar,
73 | dimension: inout LAPACKInt,
:
80 | info: inout LAPACKInt
81 | ) {
82 | dgetrs_(
| |- error: 'dgetrs_' is only available in watchOS 9.4 or newer
| `- note: add 'if #available' version check
83 | &transpose,
84 | &dimension,
/Users/admin/builder/spi-builder-workspace/Sources/MaxVol/MaxVolScalar.swift:106:9: error: 'cblas_dger' is only available in watchOS 9.4 or newer
44 | }
45 |
46 | extension Double: MaxVolScalar {
| `- note: add '@available' attribute to enclosing extension
47 | static var getrfRoutineName: String { "dgetrf" }
48 | static var getrsRoutineName: String { "dgetrs" }
:
93 | }
94 |
95 | static func rankOneUpdate(
| `- note: add '@available' attribute to enclosing static method
96 | rowCount: LAPACKInt,
97 | columnCount: LAPACKInt,
:
104 | leadingDimension: LAPACKInt
105 | ) {
106 | cblas_dger(
| |- error: 'cblas_dger' is only available in watchOS 9.4 or newer
| `- note: add 'if #available' version check
107 | CblasColMajor,
108 | rowCount,
/Users/admin/builder/spi-builder-workspace/Sources/MaxVol/MaxVolScalar.swift:136:9: error: 'sgetrf_' is only available in watchOS 9.4 or newer
119 | }
120 |
121 | extension Float: MaxVolScalar {
| `- note: add '@available' attribute to enclosing extension
122 | static var getrfRoutineName: String { "sgetrf" }
123 | static var getrsRoutineName: String { "sgetrs" }
:
126 | var magnitudeAsDouble: Double { Double(abs(self)) }
127 |
128 | static func getrf(
| `- note: add '@available' attribute to enclosing static method
129 | rowCount: inout LAPACKInt,
130 | columnCount: inout LAPACKInt,
:
134 | info: inout LAPACKInt
135 | ) {
136 | sgetrf_(
| |- error: 'sgetrf_' is only available in watchOS 9.4 or newer
| `- note: add 'if #available' version check
137 | &rowCount,
138 | &columnCount,
/Users/admin/builder/spi-builder-workspace/Sources/MaxVol/MaxVolScalar.swift:157:9: error: 'sgetrs_' is only available in watchOS 9.4 or newer
119 | }
120 |
121 | extension Float: MaxVolScalar {
| `- note: add '@available' attribute to enclosing extension
122 | static var getrfRoutineName: String { "sgetrf" }
123 | static var getrsRoutineName: String { "sgetrs" }
:
144 | }
145 |
146 | static func getrs(
| `- note: add '@available' attribute to enclosing static method
147 | transpose: inout CChar,
148 | dimension: inout LAPACKInt,
:
155 | info: inout LAPACKInt
156 | ) {
157 | sgetrs_(
| |- error: 'sgetrs_' is only available in watchOS 9.4 or newer
| `- note: add 'if #available' version check
158 | &transpose,
159 | &dimension,
SwiftDriverJobDiscovery normal arm64 Compiling RectMaxVolOptions.swift (in target 'MaxVol' from project 'MaxVol')
SwiftDriverJobDiscovery normal arm64 Compiling DenseColumnMajorMatrix.swift (in target 'MaxVol' from project 'MaxVol')
SwiftCompile normal arm64_32 Compiling\ MaxVol.swift /Users/admin/builder/spi-builder-workspace/Sources/MaxVol/MaxVol.swift (in target 'MaxVol' from project 'MaxVol')
SwiftCompile normal arm64_32 (in target 'MaxVol' from project 'MaxVol')
cd /Users/admin/builder/spi-builder-workspace/.swiftpm/xcode
SwiftDriverJobDiscovery normal arm64 Compiling MaxVolError.swift (in target 'MaxVol' from project 'MaxVol')
SwiftCompile normal arm64_32 Compiling\ RectMaxVolOptions.swift /Users/admin/builder/spi-builder-workspace/Sources/MaxVol/RectMaxVolOptions.swift (in target 'MaxVol' from project 'MaxVol')
SwiftCompile normal arm64_32 /Users/admin/builder/spi-builder-workspace/Sources/MaxVol/RectMaxVolOptions.swift (in target 'MaxVol' from project 'MaxVol')
cd /Users/admin/builder/spi-builder-workspace/.swiftpm/xcode
builtin-SwiftPerFileCompile RectMaxVolOptions.swift
SwiftDriverJobDiscovery normal arm64 Compiling MaxVol.swift (in target 'MaxVol' from project 'MaxVol')
SwiftCompile normal arm64_32 Compiling\ MaxVolError.swift /Users/admin/builder/spi-builder-workspace/Sources/MaxVol/MaxVolError.swift (in target 'MaxVol' from project 'MaxVol')
SwiftCompile normal arm64_32 /Users/admin/builder/spi-builder-workspace/Sources/MaxVol/MaxVolError.swift (in target 'MaxVol' from project 'MaxVol')
cd /Users/admin/builder/spi-builder-workspace/.swiftpm/xcode
builtin-SwiftPerFileCompile MaxVolError.swift
SwiftDriverJobDiscovery normal arm64 Compiling RectMaxVol.swift (in target 'MaxVol' from project 'MaxVol')
SwiftDriver MaxVolBenchmark normal arm64 com.apple.xcode.tools.swift.compiler (in target 'MaxVolBenchmark-product' from project 'MaxVol')
cd /Users/admin/builder/spi-builder-workspace/.swiftpm/xcode
builtin-SwiftDriver -- /Applications/Xcode-27.0.0-Release.Candidate.app/Contents/Developer/Toolchains/XcodeDefault.xctoolchain/usr/bin/swiftc -module-name MaxVolBenchmark -Onone @/Users/admin/builder/spi-builder-workspace/.derivedData/Build/Intermediates.noindex/MaxVol.build/Debug-watchos/MaxVolBenchmark-p.build/Objects-normal/arm64/MaxVolBenchmark.SwiftFileList -DSWIFT_PACKAGE -DDEBUG -DSWIFT_MODULE_RESOURCE_BUNDLE_AVAILABLE -Xcc -fmodule-map-file\=/Users/admin/builder/spi-builder-workspace/.dependencies/checkouts/swift-system/Sources/CSystem/include/module.modulemap -Xcc -fmodule-map-file\=/Users/admin/builder/spi-builder-workspace/.dependencies/checkouts/Yams/Sources/CYaml/include/module.modulemap -DXcode -plugin-path /Applications/Xcode-27.0.0-Release.Candidate.app/Contents/Developer/Toolchains/XcodeDefault.xctoolchain/usr/lib/swift/host/plugins/testing -enable-experimental-feature DebugDescriptionMacro -sdk /Applications/Xcode-27.0.0-Release.Candidate.app/Contents/Developer/Platforms/WatchOS.platform/Developer/SDKs/WatchOS27.0.sdk -target arm64-apple-watchos9.0 -g -module-cache-path /Users/admin/builder/spi-builder-workspace/.derivedData/ModuleCache.noindex -Xfrontend -serialize-debugging-options -profile-coverage-mapping -profile-generate -enable-testing -index-store-path /Users/admin/builder/spi-builder-workspace/.derivedData/Index.noindex/DataStore -Xcc -D_LIBCPP_HARDENING_MODE\=_LIBCPP_HARDENING_MODE_DEBUG -swift-version 6 -I /Users/admin/builder/spi-builder-workspace/.derivedData/Build/Products/Debug-watchos -Isystem /Applications/Xcode-27.0.0-Release.Candidate.app/Contents/Developer/Platforms/WatchOS.platform/Developer/usr/lib -F /Users/admin/builder/spi-builder-workspace/.derivedData/Build/Products/Debug-watchos/PackageFrameworks -F /Users/admin/builder/spi-builder-workspace/.derivedData/Build/Products/Debug-watchos -F /Applications/Xcode-27.0.0-Release.Candidate.app/Contents/Developer/Platforms/WatchOS.platform/Developer/Library/Frameworks -F /Applications/Xcode-27.0.0-Release.Candidate.app/Contents/Developer/Platforms/WatchOS.platform/Developer/SDKs/WatchOS27.0.sdk/Developer/Library/Frameworks -c -j10 -enable-batch-mode -incremental -Xcc -ivfsstatcache -Xcc /Users/admin/builder/spi-builder-workspace/.derivedData/SDKStatCaches.noindex/watchos27.0-24R360-e829b21a6f8c9b70876ba0858053c04477534ef55a1706bf4c1112bbb242f0a2.sdkstatcache -output-file-map /Users/admin/builder/spi-builder-workspace/.derivedData/Build/Intermediates.noindex/MaxVol.build/Debug-watchos/MaxVolBenchmark-p.build/Objects-normal/arm64/MaxVolBenchmark-OutputFileMap.json -save-temps -no-color-diagnostics -explicit-module-build -module-cache-path /Users/admin/builder/spi-builder-workspace/.derivedData/Build/Intermediates.noindex/SwiftExplicitPrecompiledModules -clang-scanner-module-cache-path /Users/admin/builder/spi-builder-workspace/.derivedData/ModuleCache.noindex -sdk-module-cache-path /Users/admin/builder/spi-builder-workspace/.derivedData/SDKExplicitPrecompiledModules -emit-dependencies -emit-module -emit-module-path /Users/admin/builder/spi-builder-workspace/.derivedData/Build/Intermediates.noindex/MaxVol.build/Debug-watchos/MaxVolBenchmark-p.build/Objects-normal/arm64/MaxVolBenchmark.swiftmodule -serialize-diagnostics -dependency-scan-serialize-diagnostics-path /Users/admin/builder/spi-builder-workspace/.derivedData/Build/Intermediates.noindex/MaxVol.build/Debug-watchos/MaxVolBenchmark-p.build/Objects-normal/arm64/MaxVolBenchmark-dependency-scan.dia -validate-clang-modules-once -clang-build-session-file /Users/admin/builder/spi-builder-workspace/.derivedData/ModuleCache.noindex/Session.modulevalidation -Xcc -fmodules-prune-interval\=86400 -Xcc -fmodules-prune-after\=345600 -package-name spi_builder_workspace -emit-const-values -const-gather-protocols-list /Users/admin/builder/spi-builder-workspace/.derivedData/Build/Intermediates.noindex/MaxVol.build/Debug-watchos/MaxVolBenchmark-p.build/Objects-normal/arm64/MaxVolBenchmark_const_extract_protocols.json -Xcc -I/Users/admin/builder/spi-builder-workspace/.dependencies/checkouts/swift-system/Sources/CSystem/include -Xcc -I/Users/admin/builder/spi-builder-workspace/.dependencies/checkouts/Yams/Sources/CYaml/include -Xcc -I/Users/admin/builder/spi-builder-workspace/.derivedData/Build/Products/Debug-watchos/include -Xcc -I/Users/admin/builder/spi-builder-workspace/.derivedData/Build/Intermediates.noindex/MaxVol.build/Debug-watchos/MaxVolBenchmark-p.build/DerivedSources-normal/arm64 -Xcc -I/Users/admin/builder/spi-builder-workspace/.derivedData/Build/Intermediates.noindex/MaxVol.build/Debug-watchos/MaxVolBenchmark-p.build/DerivedSources/arm64 -Xcc -I/Users/admin/builder/spi-builder-workspace/.derivedData/Build/Intermediates.noindex/MaxVol.build/Debug-watchos/MaxVolBenchmark-p.build/DerivedSources -Xcc -DSWIFT_PACKAGE -Xcc -DDEBUG\=1 -working-directory /Users/admin/builder/spi-builder-workspace/.swiftpm/xcode -experimental-emit-module-separately -disable-cmo
SwiftDriver MaxVolBenchmark normal arm64_32 com.apple.xcode.tools.swift.compiler (in target 'MaxVolBenchmark-product' from project 'MaxVol')
cd /Users/admin/builder/spi-builder-workspace/.swiftpm/xcode
builtin-SwiftDriver -- /Applications/Xcode-27.0.0-Release.Candidate.app/Contents/Developer/Toolchains/XcodeDefault.xctoolchain/usr/bin/swiftc -module-name MaxVolBenchmark -Onone @/Users/admin/builder/spi-builder-workspace/.derivedData/Build/Intermediates.noindex/MaxVol.build/Debug-watchos/MaxVolBenchmark-p.build/Objects-normal/arm64_32/MaxVolBenchmark.SwiftFileList -DSWIFT_PACKAGE -DDEBUG -DSWIFT_MODULE_RESOURCE_BUNDLE_AVAILABLE -Xcc -fmodule-map-file\=/Users/admin/builder/spi-builder-workspace/.dependencies/checkouts/swift-system/Sources/CSystem/include/module.modulemap -Xcc -fmodule-map-file\=/Users/admin/builder/spi-builder-workspace/.dependencies/checkouts/Yams/Sources/CYaml/include/module.modulemap -DXcode -plugin-path /Applications/Xcode-27.0.0-Release.Candidate.app/Contents/Developer/Toolchains/XcodeDefault.xctoolchain/usr/lib/swift/host/plugins/testing -enable-experimental-feature DebugDescriptionMacro -sdk /Applications/Xcode-27.0.0-Release.Candidate.app/Contents/Developer/Platforms/WatchOS.platform/Developer/SDKs/WatchOS27.0.sdk -target arm64_32-apple-watchos9.0 -g -module-cache-path /Users/admin/builder/spi-builder-workspace/.derivedData/ModuleCache.noindex -Xfrontend -serialize-debugging-options -profile-coverage-mapping -profile-generate -enable-testing -index-store-path /Users/admin/builder/spi-builder-workspace/.derivedData/Index.noindex/DataStore -Xcc -D_LIBCPP_HARDENING_MODE\=_LIBCPP_HARDENING_MODE_DEBUG -swift-version 6 -I /Users/admin/builder/spi-builder-workspace/.derivedData/Build/Products/Debug-watchos -Isystem /Applications/Xcode-27.0.0-Release.Candidate.app/Contents/Developer/Platforms/WatchOS.platform/Developer/usr/lib -F /Users/admin/builder/spi-builder-workspace/.derivedData/Build/Products/Debug-watchos/PackageFrameworks -F /Users/admin/builder/spi-builder-workspace/.derivedData/Build/Products/Debug-watchos -F /Applications/Xcode-27.0.0-Release.Candidate.app/Contents/Developer/Platforms/WatchOS.platform/Developer/Library/Frameworks -F /Applications/Xcode-27.0.0-Release.Candidate.app/Contents/Developer/Platforms/WatchOS.platform/Developer/SDKs/WatchOS27.0.sdk/Developer/Library/Frameworks -c -j10 -enable-batch-mode -incremental -Xcc -ivfsstatcache -Xcc /Users/admin/builder/spi-builder-workspace/.derivedData/SDKStatCaches.noindex/watchos27.0-24R360-e829b21a6f8c9b70876ba0858053c04477534ef55a1706bf4c1112bbb242f0a2.sdkstatcache -output-file-map /Users/admin/builder/spi-builder-workspace/.derivedData/Build/Intermediates.noindex/MaxVol.build/Debug-watchos/MaxVolBenchmark-p.build/Objects-normal/arm64_32/MaxVolBenchmark-OutputFileMap.json -save-temps -no-color-diagnostics -explicit-module-build -module-cache-path /Users/admin/builder/spi-builder-workspace/.derivedData/Build/Intermediates.noindex/SwiftExplicitPrecompiledModules -clang-scanner-module-cache-path /Users/admin/builder/spi-builder-workspace/.derivedData/ModuleCache.noindex -sdk-module-cache-path /Users/admin/builder/spi-builder-workspace/.derivedData/SDKExplicitPrecompiledModules -emit-dependencies -emit-module -emit-module-path /Users/admin/builder/spi-builder-workspace/.derivedData/Build/Intermediates.noindex/MaxVol.build/Debug-watchos/MaxVolBenchmark-p.build/Objects-normal/arm64_32/MaxVolBenchmark.swiftmodule -serialize-diagnostics -dependency-scan-serialize-diagnostics-path /Users/admin/builder/spi-builder-workspace/.derivedData/Build/Intermediates.noindex/MaxVol.build/Debug-watchos/MaxVolBenchmark-p.build/Objects-normal/arm64_32/MaxVolBenchmark-dependency-scan.dia -validate-clang-modules-once -clang-build-session-file /Users/admin/builder/spi-builder-workspace/.derivedData/ModuleCache.noindex/Session.modulevalidation -Xcc -fmodules-prune-interval\=86400 -Xcc -fmodules-prune-after\=345600 -package-name spi_builder_workspace -emit-const-values -const-gather-protocols-list /Users/admin/builder/spi-builder-workspace/.derivedData/Build/Intermediates.noindex/MaxVol.build/Debug-watchos/MaxVolBenchmark-p.build/Objects-normal/arm64_32/MaxVolBenchmark_const_extract_protocols.json -Xcc -I/Users/admin/builder/spi-builder-workspace/.dependencies/checkouts/swift-system/Sources/CSystem/include -Xcc -I/Users/admin/builder/spi-builder-workspace/.dependencies/checkouts/Yams/Sources/CYaml/include -Xcc -I/Users/admin/builder/spi-builder-workspace/.derivedData/Build/Products/Debug-watchos/include -Xcc -I/Users/admin/builder/spi-builder-workspace/.derivedData/Build/Intermediates.noindex/MaxVol.build/Debug-watchos/MaxVolBenchmark-p.build/DerivedSources-normal/arm64_32 -Xcc -I/Users/admin/builder/spi-builder-workspace/.derivedData/Build/Intermediates.noindex/MaxVol.build/Debug-watchos/MaxVolBenchmark-p.build/DerivedSources/arm64_32 -Xcc -I/Users/admin/builder/spi-builder-workspace/.derivedData/Build/Intermediates.noindex/MaxVol.build/Debug-watchos/MaxVolBenchmark-p.build/DerivedSources -Xcc -DSWIFT_PACKAGE -Xcc -DDEBUG\=1 -working-directory /Users/admin/builder/spi-builder-workspace/.swiftpm/xcode -experimental-emit-module-separately -disable-cmo
SwiftDriverJobDiscovery normal arm64_32 Compiling DenseColumnMajorMatrix.swift (in target 'MaxVol' from project 'MaxVol')
SwiftDriverJobDiscovery normal arm64_32 Compiling RectMaxVolOptions.swift (in target 'MaxVol' from project 'MaxVol')
SwiftDriverJobDiscovery normal arm64_32 Compiling MaxVolOptions.swift (in target 'MaxVol' from project 'MaxVol')
SwiftDriverJobDiscovery normal arm64_32 Compiling MaxVolError.swift (in target 'MaxVol' from project 'MaxVol')
SwiftDriverJobDiscovery normal arm64_32 Compiling MaxVolResult.swift (in target 'MaxVol' from project 'MaxVol')
SwiftDriverJobDiscovery normal arm64_32 Compiling RectMaxVol.swift (in target 'MaxVol' from project 'MaxVol')
SwiftExplicitDependencyGeneratePcm arm64 /Users/admin/builder/spi-builder-workspace/.derivedData/SDKExplicitPrecompiledModules/_Builtin_stdatomic-25T9UW3XDYID74302F31PX0RP.pcm
SwiftExplicitDependencyGeneratePcm arm64 /Users/admin/builder/spi-builder-workspace/.derivedData/SDKExplicitPrecompiledModules/MachO-4RYXFVY68ZDEUZYFMVL57WEKU.pcm
SwiftExplicitDependencyGeneratePcm arm64 /Users/admin/builder/spi-builder-workspace/.derivedData/SDKExplicitPrecompiledModules/_Builtin_intrinsics-SQV576LJA0QE7RW5HF7CQ1BX.pcm
SwiftExplicitDependencyGeneratePcm arm64 /Users/admin/builder/spi-builder-workspace/.derivedData/SDKExplicitPrecompiledModules/CoreGraphics-5488DA9QVJJ7QOFXPYOYIYFUX.pcm
SwiftExplicitDependencyGeneratePcm arm64 /Users/admin/builder/spi-builder-workspace/.derivedData/SDKExplicitPrecompiledModules/_Builtin_tgmath-7JP2AE1NQHA1DV5JYP2OHQ3BF.pcm
SwiftDriverJobDiscovery normal arm64_32 Compiling MaxVol.swift (in target 'MaxVol' from project 'MaxVol')
SwiftExplicitDependencyGeneratePcm arm64 /Users/admin/builder/spi-builder-workspace/.derivedData/SDKExplicitPrecompiledModules/os-6BCTB8I5DCBBKFJ0Y0G4WQDDJ.pcm
SwiftExplicitDependencyGeneratePcm arm64 /Users/admin/builder/spi-builder-workspace/.derivedData/SDKExplicitPrecompiledModules/CoreVideo-2YRZ292TS6QDW2V2V92NZMPWM.pcm
SwiftExplicitDependencyGeneratePcm arm64_32 /Users/admin/builder/spi-builder-workspace/.derivedData/SDKExplicitPrecompiledModules/_Builtin_tgmath-414CVW1GW3IL0HRLCNNCS6Q0U.pcm
SwiftExplicitDependencyGeneratePcm arm64_32 /Users/admin/builder/spi-builder-workspace/.derivedData/SDKExplicitPrecompiledModules/_Builtin_stdatomic-D2FE5M7JS5NQA5JDADVERWJM4.pcm
SwiftExplicitDependencyGeneratePcm arm64_32 /Users/admin/builder/spi-builder-workspace/.derivedData/SDKExplicitPrecompiledModules/CoreGraphics-A4WOQTM8SYZAQP223LI6RRPEK.pcm
SwiftExplicitDependencyGeneratePcm arm64_32 /Users/admin/builder/spi-builder-workspace/.derivedData/SDKExplicitPrecompiledModules/MachO-F47JQRYVH1SLPOQSJD8RK9MSX.pcm
SwiftExplicitDependencyGeneratePcm arm64_32 /Users/admin/builder/spi-builder-workspace/.derivedData/SDKExplicitPrecompiledModules/_Builtin_intrinsics-2K07JIG9ZANIKHSNPO3O6L1K6.pcm
SwiftExplicitDependencyGeneratePcm arm64 /Users/admin/builder/spi-builder-workspace/.derivedData/SDKExplicitPrecompiledModules/simd-2C11HKTI5TJB05T724EWNFZXD.pcm
SwiftExplicitDependencyGeneratePcm arm64 /Users/admin/builder/spi-builder-workspace/.derivedData/SDKExplicitPrecompiledModules/Accelerate-6EQ5IAKR1K7FCNMGQEMJL2OUD.pcm
SwiftExplicitDependencyGeneratePcm arm64_32 /Users/admin/builder/spi-builder-workspace/.derivedData/SDKExplicitPrecompiledModules/os-D9NWGT7PQGY2OD43XMA2KGLJK.pcm
PruneExplicitPrecompiledModules /Users/admin/builder/spi-builder-workspace/.derivedData/Build/Intermediates.noindex/SwiftExplicitPrecompiledModules
PruneExplicitPrecompiledModules /Users/admin/builder/spi-builder-workspace/.derivedData/SDKExplicitPrecompiledModules
PruneExplicitPrecompiledModules /Users/admin/builder/spi-builder-workspace/.derivedData/Build/Intermediates.noindex/ExplicitPrecompiledModules
2026-09-25 21:17:27.819 xcodebuild[951:5390] [MT] IDERunDestination: Supported platforms for the buildables in the current scheme is empty.
** BUILD FAILED **
The following build commands failed:
SwiftCompile normal arm64 /Users/admin/builder/spi-builder-workspace/Sources/MaxVol/MaxVolScalar.swift (in target 'MaxVol' from project 'MaxVol')
SwiftCompile normal arm64 Compiling\ MaxVolScalar.swift /Users/admin/builder/spi-builder-workspace/Sources/MaxVol/MaxVolScalar.swift (in target 'MaxVol' from project 'MaxVol')
Building workspace MaxVol with scheme MaxVol-Package
(3 failures)
Command line invocation:
/Applications/Xcode-27.0.0-Release.Candidate.app/Contents/Developer/usr/bin/xcodebuild -IDEClonedSourcePackagesDirPathOverride=/Users/admin/builder/spi-builder-workspace/.dependencies -resolvePackageDependencies
Resolve Package Graph
Resolved source packages:
swift-collections: https://github.com/apple/swift-collections @ 1.7.1
swift-metrics: https://github.com/apple/swift-metrics @ 2.11.0
swift-service-lifecycle: https://github.com/swift-server/swift-service-lifecycle @ 2.12.0
swift-configuration: https://github.com/apple/swift-configuration @ 1.2.1
swift-log: https://github.com/apple/swift-log @ 1.15.1
swift-system: https://github.com/apple/swift-system @ 1.8.1
MaxVol: /Users/admin/builder/spi-builder-workspace
Yams: https://github.com/jpsim/Yams @ 6.2.2
swift-async-algorithms: https://github.com/apple/swift-async-algorithms.git @ 1.1.6
resolved source packages: swift-collections, swift-metrics, swift-service-lifecycle, swift-configuration, swift-log, swift-system, MaxVol, Yams, swift-async-algorithms
2026-09-25 21:17:48.743 xcodebuild[1634:8880] [MT] IDERunDestination: Supported platforms for the buildables in the current scheme is empty.
{
"dependencies" : [
{
"identity" : "swift-configuration",
"requirement" : {
"range" : [
{
"lower_bound" : "1.2.0",
"upper_bound" : "2.0.0"
}
]
},
"type" : "sourceControl",
"url" : "https://github.com/apple/swift-configuration"
}
],
"manifest_display_name" : "MaxVol",
"name" : "MaxVol",
"path" : "/Users/admin/builder/spi-builder-workspace",
"platforms" : [
{
"name" : "macos",
"version" : "15.0"
}
],
"products" : [
{
"name" : "MaxVol",
"targets" : [
"MaxVol"
],
"type" : {
"library" : [
"automatic"
]
}
},
{
"name" : "MaxVolBenchmark",
"targets" : [
"MaxVolBenchmark"
],
"type" : {
"executable" : null
}
}
],
"swift_languages_versions" : [
"6"
],
"targets" : [
{
"c99name" : "MaxVolTests",
"module_type" : "SwiftTarget",
"name" : "MaxVolTests",
"path" : "Tests/MaxVolTests",
"sources" : [
"DenseColumnMajorMatrixTests.swift",
"FloatMaxVolTests.swift",
"MaxVolAlgorithmTests.swift",
"NumericalBehaviorTests.swift",
"RectMaxVolTests.swift",
"TestSupport.swift"
],
"target_dependencies" : [
"MaxVol"
],
"type" : "test"
},
{
"c99name" : "MaxVolBenchmark",
"module_type" : "SwiftTarget",
"name" : "MaxVolBenchmark",
"path" : "Sources/MaxVolBenchmark",
"product_memberships" : [
"MaxVolBenchmark"
],
"resources" : [
{
"path" : "/Users/admin/builder/spi-builder-workspace/Sources/MaxVolBenchmark/Resources/fixtures.json",
"rule" : {
"copy" : {
}
}
}
],
"sources" : [
"main.swift"
],
"target_dependencies" : [
"MaxVol"
],
"type" : "executable"
},
{
"c99name" : "MaxVol",
"module_type" : "SwiftTarget",
"name" : "MaxVol",
"path" : "Sources/MaxVol",
"product_dependencies" : [
"Configuration"
],
"product_memberships" : [
"MaxVol",
"MaxVolBenchmark"
],
"sources" : [
"DenseColumnMajorMatrix.swift",
"MaxVol.swift",
"MaxVolError.swift",
"MaxVolOptions.swift",
"MaxVolResult.swift",
"MaxVolScalar.swift",
"RectMaxVol.swift",
"RectMaxVolOptions.swift"
],
"type" : "library"
}
],
"tools_version" : "6.3"
}
{
"workspace" : {
"name" : "MaxVol",
"schemes" : [
"MaxVol",
"MaxVol-Package",
"MaxVolBenchmark"
]
}
}
2026-09-25 21:17:50.415 xcodebuild[1642:8951] [MT] IDERunDestination: Supported platforms for the buildables in the current scheme is empty.
Running build ...
env DEVELOPER_DIR=/Applications/Xcode-27.0.0-Release.Candidate.app xcrun xcodebuild -IDEClonedSourcePackagesDirPathOverride=$PWD/.dependencies -skipMacroValidation -skipPackagePluginValidation -derivedDataPath $PWD/.derivedData build -scheme MaxVol-Package -destination generic/platform=watchOS
Command line invocation:
/Applications/Xcode-27.0.0-Release.Candidate.app/Contents/Developer/usr/bin/xcodebuild -IDEClonedSourcePackagesDirPathOverride=/Users/admin/builder/spi-builder-workspace/.dependencies -skipMacroValidation -skipPackagePluginValidation -derivedDataPath /Users/admin/builder/spi-builder-workspace/.derivedData build -scheme MaxVol-Package -destination generic/platform=watchOS
Resolve Package Graph
Resolved source packages:
swift-collections: https://github.com/apple/swift-collections @ 1.7.1
swift-log: https://github.com/apple/swift-log @ 1.15.1
swift-metrics: https://github.com/apple/swift-metrics @ 2.11.0
MaxVol: /Users/admin/builder/spi-builder-workspace
swift-system: https://github.com/apple/swift-system @ 1.8.1
swift-configuration: https://github.com/apple/swift-configuration @ 1.2.1
swift-service-lifecycle: https://github.com/swift-server/swift-service-lifecycle @ 2.12.0
swift-async-algorithms: https://github.com/apple/swift-async-algorithms.git @ 1.1.6
Yams: https://github.com/jpsim/Yams @ 6.2.2
ComputePackagePrebuildTargetDependencyGraph
Prepare packages
CreateBuildRequest
SendProjectDescription
CreateBuildOperation
ComputeTargetDependencyGraph
note: Building targets in dependency order
note: Target dependency graph (30 targets)
Target 'MaxVolBenchmark-product' in project 'MaxVol'
➜ Explicit dependency on target 'MaxVol_MaxVolBenchmark' in project 'MaxVol'
➜ Explicit dependency on target 'MaxVol' in project 'MaxVol'
➜ Explicit dependency on target 'Configuration-product' in project 'swift-configuration'
Target 'MaxVol_MaxVolBenchmark' in project 'MaxVol' (no dependencies)
Target 'MaxVol-product' in project 'MaxVol'
➜ Explicit dependency on target 'MaxVol' in project 'MaxVol'
➜ Explicit dependency on target 'Configuration-product' in project 'swift-configuration'
Target 'MaxVol' in project 'MaxVol'
➜ Explicit dependency on target 'Configuration-product' in project 'swift-configuration'
Target 'Configuration-product' in project 'swift-configuration'
➜ Explicit dependency on target 'Configuration' in project 'swift-configuration'
➜ Explicit dependency on target 'SystemPackage-product' in project 'swift-system'
➜ Explicit dependency on target 'DequeModule-product' in project 'swift-collections'
➜ Explicit dependency on target 'Logging-product' in project 'swift-log'
➜ Explicit dependency on target 'Metrics-product' in project 'swift-metrics'
➜ Explicit dependency on target 'ServiceLifecycle-product' in project 'swift-service-lifecycle'
➜ Explicit dependency on target 'UnixSignals-product' in project 'swift-service-lifecycle'
➜ Explicit dependency on target 'Yams-product' in project 'Yams'
Target 'Configuration' in project 'swift-configuration'
➜ Explicit dependency on target 'SystemPackage-product' in project 'swift-system'
➜ Explicit dependency on target 'DequeModule-product' in project 'swift-collections'
➜ Explicit dependency on target 'Logging-product' in project 'swift-log'
➜ Explicit dependency on target 'Metrics-product' in project 'swift-metrics'
➜ Explicit dependency on target 'ServiceLifecycle-product' in project 'swift-service-lifecycle'
➜ Explicit dependency on target 'UnixSignals-product' in project 'swift-service-lifecycle'
➜ Explicit dependency on target 'Yams-product' in project 'Yams'
Target 'Yams-product' in project 'Yams'
➜ Explicit dependency on target 'Yams' in project 'Yams'
➜ Explicit dependency on target 'CYaml' in project 'Yams'
Target 'Yams' in project 'Yams'
➜ Explicit dependency on target 'CYaml' in project 'Yams'
Target 'CYaml' in project 'Yams' (no dependencies)
Target 'UnixSignals-product' in project 'swift-service-lifecycle'
➜ Explicit dependency on target 'UnixSignals' in project 'swift-service-lifecycle'
➜ Explicit dependency on target 'ConcurrencyHelpers' in project 'swift-service-lifecycle'
Target 'ServiceLifecycle-product' in project 'swift-service-lifecycle'
➜ Explicit dependency on target 'ServiceLifecycle' in project 'swift-service-lifecycle'
➜ Explicit dependency on target 'ConcurrencyHelpers' in project 'swift-service-lifecycle'
➜ Explicit dependency on target 'UnixSignals' in project 'swift-service-lifecycle'
➜ Explicit dependency on target 'Logging-product' in project 'swift-log'
➜ Explicit dependency on target 'AsyncAlgorithms-product' in project 'swift-async-algorithms'
Target 'ServiceLifecycle' in project 'swift-service-lifecycle'
➜ Explicit dependency on target 'ConcurrencyHelpers' in project 'swift-service-lifecycle'
➜ Explicit dependency on target 'UnixSignals' in project 'swift-service-lifecycle'
➜ Explicit dependency on target 'Logging-product' in project 'swift-log'
➜ Explicit dependency on target 'AsyncAlgorithms-product' in project 'swift-async-algorithms'
Target 'AsyncAlgorithms-product' in project 'swift-async-algorithms'
➜ Explicit dependency on target 'AsyncAlgorithms' in project 'swift-async-algorithms'
➜ Explicit dependency on target 'OrderedCollections-product' in project 'swift-collections'
➜ Explicit dependency on target 'DequeModule-product' in project 'swift-collections'
Target 'AsyncAlgorithms' in project 'swift-async-algorithms'
➜ Explicit dependency on target 'OrderedCollections-product' in project 'swift-collections'
➜ Explicit dependency on target 'DequeModule-product' in project 'swift-collections'
Target 'OrderedCollections-product' in project 'swift-collections'
➜ Explicit dependency on target 'OrderedCollections' in project 'swift-collections'
➜ Explicit dependency on target 'InternalCollectionsUtilities' in project 'swift-collections'
Target 'OrderedCollections' in project 'swift-collections'
➜ Explicit dependency on target 'InternalCollectionsUtilities' in project 'swift-collections'
Target 'UnixSignals' in project 'swift-service-lifecycle'
➜ Explicit dependency on target 'ConcurrencyHelpers' in project 'swift-service-lifecycle'
Target 'ConcurrencyHelpers' in project 'swift-service-lifecycle' (no dependencies)
Target 'Metrics-product' in project 'swift-metrics'
➜ Explicit dependency on target 'Metrics' in project 'swift-metrics'
➜ Explicit dependency on target 'CoreMetrics' in project 'swift-metrics'
Target 'Metrics' in project 'swift-metrics'
➜ Explicit dependency on target 'CoreMetrics' in project 'swift-metrics'
Target 'CoreMetrics' in project 'swift-metrics' (no dependencies)
Target 'Logging-product' in project 'swift-log'
➜ Explicit dependency on target 'Logging' in project 'swift-log'
Target 'Logging' in project 'swift-log' (no dependencies)
Target 'DequeModule-product' in project 'swift-collections'
➜ Explicit dependency on target 'DequeModule' in project 'swift-collections'
➜ Explicit dependency on target 'InternalCollectionsUtilities' in project 'swift-collections'
➜ Explicit dependency on target 'SpanPreview' in project 'swift-collections'
Target 'DequeModule' in project 'swift-collections'
➜ Explicit dependency on target 'InternalCollectionsUtilities' in project 'swift-collections'
➜ Explicit dependency on target 'SpanPreview' in project 'swift-collections'
Target 'SpanPreview' in project 'swift-collections'
➜ Explicit dependency on target 'InternalCollectionsUtilities' in project 'swift-collections'
Target 'InternalCollectionsUtilities' in project 'swift-collections' (no dependencies)
Target 'SystemPackage-product' in project 'swift-system'
➜ Explicit dependency on target 'SystemPackage' in project 'swift-system'
➜ Explicit dependency on target 'CSystem' in project 'swift-system'
Target 'SystemPackage' in project 'swift-system'
➜ Explicit dependency on target 'CSystem' in project 'swift-system'
Target 'CSystem' in project 'swift-system' (no dependencies)
GatherProvisioningInputs
CreateBuildDescription
ClangStatCache /Applications/Xcode-27.0.0-Release.Candidate.app/Contents/Developer/Toolchains/XcodeDefault.xctoolchain/usr/bin/clang-stat-cache /Applications/Xcode-27.0.0-Release.Candidate.app/Contents/Developer/Platforms/WatchOS.platform/Developer/SDKs/WatchOS27.0.sdk /Users/admin/builder/spi-builder-workspace/.derivedData/SDKStatCaches.noindex/watchos27.0-24R360-e829b21a6f8c9b70876ba0858053c04477534ef55a1706bf4c1112bbb242f0a2.sdkstatcache
cd /Users/admin/builder/spi-builder-workspace/.swiftpm/xcode
/Applications/Xcode-27.0.0-Release.Candidate.app/Contents/Developer/Toolchains/XcodeDefault.xctoolchain/usr/bin/clang-stat-cache /Applications/Xcode-27.0.0-Release.Candidate.app/Contents/Developer/Platforms/WatchOS.platform/Developer/SDKs/WatchOS27.0.sdk -o /Users/admin/builder/spi-builder-workspace/.derivedData/SDKStatCaches.noindex/watchos27.0-24R360-e829b21a6f8c9b70876ba0858053c04477534ef55a1706bf4c1112bbb242f0a2.sdkstatcache
SwiftDriver MaxVolBenchmark normal arm64 com.apple.xcode.tools.swift.compiler (in target 'MaxVolBenchmark-product' from project 'MaxVol')
cd /Users/admin/builder/spi-builder-workspace/.swiftpm/xcode
builtin-SwiftDriver -- /Applications/Xcode-27.0.0-Release.Candidate.app/Contents/Developer/Toolchains/XcodeDefault.xctoolchain/usr/bin/swiftc -module-name MaxVolBenchmark -Onone @/Users/admin/builder/spi-builder-workspace/.derivedData/Build/Intermediates.noindex/MaxVol.build/Debug-watchos/MaxVolBenchmark-p.build/Objects-normal/arm64/MaxVolBenchmark.SwiftFileList -DSWIFT_PACKAGE -DDEBUG -DSWIFT_MODULE_RESOURCE_BUNDLE_AVAILABLE -Xcc -fmodule-map-file\=/Users/admin/builder/spi-builder-workspace/.dependencies/checkouts/swift-system/Sources/CSystem/include/module.modulemap -Xcc -fmodule-map-file\=/Users/admin/builder/spi-builder-workspace/.dependencies/checkouts/Yams/Sources/CYaml/include/module.modulemap -DXcode -plugin-path /Applications/Xcode-27.0.0-Release.Candidate.app/Contents/Developer/Toolchains/XcodeDefault.xctoolchain/usr/lib/swift/host/plugins/testing -enable-experimental-feature DebugDescriptionMacro -sdk /Applications/Xcode-27.0.0-Release.Candidate.app/Contents/Developer/Platforms/WatchOS.platform/Developer/SDKs/WatchOS27.0.sdk -target arm64-apple-watchos9.0 -g -module-cache-path /Users/admin/builder/spi-builder-workspace/.derivedData/ModuleCache.noindex -Xfrontend -serialize-debugging-options -profile-coverage-mapping -profile-generate -enable-testing -index-store-path /Users/admin/builder/spi-builder-workspace/.derivedData/Index.noindex/DataStore -Xcc -D_LIBCPP_HARDENING_MODE\=_LIBCPP_HARDENING_MODE_DEBUG -swift-version 6 -I /Users/admin/builder/spi-builder-workspace/.derivedData/Build/Products/Debug-watchos -Isystem /Applications/Xcode-27.0.0-Release.Candidate.app/Contents/Developer/Platforms/WatchOS.platform/Developer/usr/lib -F /Users/admin/builder/spi-builder-workspace/.derivedData/Build/Products/Debug-watchos/PackageFrameworks -F /Users/admin/builder/spi-builder-workspace/.derivedData/Build/Products/Debug-watchos -F /Applications/Xcode-27.0.0-Release.Candidate.app/Contents/Developer/Platforms/WatchOS.platform/Developer/Library/Frameworks -F /Applications/Xcode-27.0.0-Release.Candidate.app/Contents/Developer/Platforms/WatchOS.platform/Developer/SDKs/WatchOS27.0.sdk/Developer/Library/Frameworks -c -j10 -enable-batch-mode -incremental -Xcc -ivfsstatcache -Xcc /Users/admin/builder/spi-builder-workspace/.derivedData/SDKStatCaches.noindex/watchos27.0-24R360-e829b21a6f8c9b70876ba0858053c04477534ef55a1706bf4c1112bbb242f0a2.sdkstatcache -output-file-map /Users/admin/builder/spi-builder-workspace/.derivedData/Build/Intermediates.noindex/MaxVol.build/Debug-watchos/MaxVolBenchmark-p.build/Objects-normal/arm64/MaxVolBenchmark-OutputFileMap.json -save-temps -no-color-diagnostics -explicit-module-build -module-cache-path /Users/admin/builder/spi-builder-workspace/.derivedData/Build/Intermediates.noindex/SwiftExplicitPrecompiledModules -clang-scanner-module-cache-path /Users/admin/builder/spi-builder-workspace/.derivedData/ModuleCache.noindex -sdk-module-cache-path /Users/admin/builder/spi-builder-workspace/.derivedData/SDKExplicitPrecompiledModules -emit-dependencies -emit-module -emit-module-path /Users/admin/builder/spi-builder-workspace/.derivedData/Build/Intermediates.noindex/MaxVol.build/Debug-watchos/MaxVolBenchmark-p.build/Objects-normal/arm64/MaxVolBenchmark.swiftmodule -serialize-diagnostics -dependency-scan-serialize-diagnostics-path /Users/admin/builder/spi-builder-workspace/.derivedData/Build/Intermediates.noindex/MaxVol.build/Debug-watchos/MaxVolBenchmark-p.build/Objects-normal/arm64/MaxVolBenchmark-dependency-scan.dia -validate-clang-modules-once -clang-build-session-file /Users/admin/builder/spi-builder-workspace/.derivedData/ModuleCache.noindex/Session.modulevalidation -Xcc -fmodules-prune-interval\=86400 -Xcc -fmodules-prune-after\=345600 -package-name spi_builder_workspace -emit-const-values -const-gather-protocols-list /Users/admin/builder/spi-builder-workspace/.derivedData/Build/Intermediates.noindex/MaxVol.build/Debug-watchos/MaxVolBenchmark-p.build/Objects-normal/arm64/MaxVolBenchmark_const_extract_protocols.json -Xcc -I/Users/admin/builder/spi-builder-workspace/.dependencies/checkouts/swift-system/Sources/CSystem/include -Xcc -I/Users/admin/builder/spi-builder-workspace/.dependencies/checkouts/Yams/Sources/CYaml/include -Xcc -I/Users/admin/builder/spi-builder-workspace/.derivedData/Build/Products/Debug-watchos/include -Xcc -I/Users/admin/builder/spi-builder-workspace/.derivedData/Build/Intermediates.noindex/MaxVol.build/Debug-watchos/MaxVolBenchmark-p.build/DerivedSources-normal/arm64 -Xcc -I/Users/admin/builder/spi-builder-workspace/.derivedData/Build/Intermediates.noindex/MaxVol.build/Debug-watchos/MaxVolBenchmark-p.build/DerivedSources/arm64 -Xcc -I/Users/admin/builder/spi-builder-workspace/.derivedData/Build/Intermediates.noindex/MaxVol.build/Debug-watchos/MaxVolBenchmark-p.build/DerivedSources -Xcc -DSWIFT_PACKAGE -Xcc -DDEBUG\=1 -working-directory /Users/admin/builder/spi-builder-workspace/.swiftpm/xcode -experimental-emit-module-separately -disable-cmo
SwiftDriver MaxVol normal arm64_32 com.apple.xcode.tools.swift.compiler (in target 'MaxVol' from project 'MaxVol')
cd /Users/admin/builder/spi-builder-workspace/.swiftpm/xcode
builtin-SwiftDriver -- /Applications/Xcode-27.0.0-Release.Candidate.app/Contents/Developer/Toolchains/XcodeDefault.xctoolchain/usr/bin/swiftc -parse-as-library -module-name MaxVol -Onone @/Users/admin/builder/spi-builder-workspace/.derivedData/Build/Intermediates.noindex/MaxVol.build/Debug-watchos/MaxVol-t.build/Objects-normal/arm64_32/MaxVol.SwiftFileList -DSWIFT_PACKAGE -DDEBUG -DSWIFT_MODULE_RESOURCE_BUNDLE_UNAVAILABLE -Xcc -fmodule-map-file\=/Users/admin/builder/spi-builder-workspace/.dependencies/checkouts/swift-system/Sources/CSystem/include/module.modulemap -Xcc -fmodule-map-file\=/Users/admin/builder/spi-builder-workspace/.dependencies/checkouts/Yams/Sources/CYaml/include/module.modulemap -DXcode -plugin-path /Applications/Xcode-27.0.0-Release.Candidate.app/Contents/Developer/Toolchains/XcodeDefault.xctoolchain/usr/lib/swift/host/plugins/testing -enable-experimental-feature DebugDescriptionMacro -sdk /Applications/Xcode-27.0.0-Release.Candidate.app/Contents/Developer/Platforms/WatchOS.platform/Developer/SDKs/WatchOS27.0.sdk -target arm64_32-apple-watchos9.0 -g -module-cache-path /Users/admin/builder/spi-builder-workspace/.derivedData/ModuleCache.noindex -Xfrontend -serialize-debugging-options -profile-coverage-mapping -profile-generate -enable-testing -index-store-path /Users/admin/builder/spi-builder-workspace/.derivedData/Index.noindex/DataStore -Xcc -D_LIBCPP_HARDENING_MODE\=_LIBCPP_HARDENING_MODE_DEBUG -swift-version 6 -I /Users/admin/builder/spi-builder-workspace/.derivedData/Build/Products/Debug-watchos -Isystem /Applications/Xcode-27.0.0-Release.Candidate.app/Contents/Developer/Platforms/WatchOS.platform/Developer/usr/lib -F /Users/admin/builder/spi-builder-workspace/.derivedData/Build/Products/Debug-watchos/PackageFrameworks -F /Users/admin/builder/spi-builder-workspace/.derivedData/Build/Products/Debug-watchos -F /Applications/Xcode-27.0.0-Release.Candidate.app/Contents/Developer/Platforms/WatchOS.platform/Developer/Library/Frameworks -F /Applications/Xcode-27.0.0-Release.Candidate.app/Contents/Developer/Platforms/WatchOS.platform/Developer/SDKs/WatchOS27.0.sdk/Developer/Library/Frameworks -c -j10 -enable-batch-mode -incremental -Xcc -ivfsstatcache -Xcc /Users/admin/builder/spi-builder-workspace/.derivedData/SDKStatCaches.noindex/watchos27.0-24R360-e829b21a6f8c9b70876ba0858053c04477534ef55a1706bf4c1112bbb242f0a2.sdkstatcache -output-file-map /Users/admin/builder/spi-builder-workspace/.derivedData/Build/Intermediates.noindex/MaxVol.build/Debug-watchos/MaxVol-t.build/Objects-normal/arm64_32/MaxVol-OutputFileMap.json -save-temps -no-color-diagnostics -explicit-module-build -module-cache-path /Users/admin/builder/spi-builder-workspace/.derivedData/Build/Intermediates.noindex/SwiftExplicitPrecompiledModules -clang-scanner-module-cache-path /Users/admin/builder/spi-builder-workspace/.derivedData/ModuleCache.noindex -sdk-module-cache-path /Users/admin/builder/spi-builder-workspace/.derivedData/SDKExplicitPrecompiledModules -emit-dependencies -emit-module -emit-module-path /Users/admin/builder/spi-builder-workspace/.derivedData/Build/Intermediates.noindex/MaxVol.build/Debug-watchos/MaxVol-t.build/Objects-normal/arm64_32/MaxVol.swiftmodule -serialize-diagnostics -dependency-scan-serialize-diagnostics-path /Users/admin/builder/spi-builder-workspace/.derivedData/Build/Intermediates.noindex/MaxVol.build/Debug-watchos/MaxVol-t.build/Objects-normal/arm64_32/MaxVol-dependency-scan.dia -validate-clang-modules-once -clang-build-session-file /Users/admin/builder/spi-builder-workspace/.derivedData/ModuleCache.noindex/Session.modulevalidation -Xcc -fmodules-prune-interval\=86400 -Xcc -fmodules-prune-after\=345600 -package-name spi_builder_workspace -emit-const-values -const-gather-protocols-list /Users/admin/builder/spi-builder-workspace/.derivedData/Build/Intermediates.noindex/MaxVol.build/Debug-watchos/MaxVol-t.build/Objects-normal/arm64_32/MaxVol_const_extract_protocols.json -Xcc -I/Users/admin/builder/spi-builder-workspace/.dependencies/checkouts/swift-system/Sources/CSystem/include -Xcc -I/Users/admin/builder/spi-builder-workspace/.dependencies/checkouts/Yams/Sources/CYaml/include -Xcc -I/Users/admin/builder/spi-builder-workspace/.derivedData/Build/Products/Debug-watchos/include -Xcc -I/Users/admin/builder/spi-builder-workspace/.derivedData/Build/Intermediates.noindex/MaxVol.build/Debug-watchos/MaxVol-t.build/DerivedSources-normal/arm64_32 -Xcc -I/Users/admin/builder/spi-builder-workspace/.derivedData/Build/Intermediates.noindex/MaxVol.build/Debug-watchos/MaxVol-t.build/DerivedSources/arm64_32 -Xcc -I/Users/admin/builder/spi-builder-workspace/.derivedData/Build/Intermediates.noindex/MaxVol.build/Debug-watchos/MaxVol-t.build/DerivedSources -Xcc -DSWIFT_PACKAGE -Xcc -DDEBUG\=1 -Xcc -DACCELERATE_NEW_LAPACK -Xcc -DACCELERATE_LAPACK_ILP64 -emit-objc-header -emit-objc-header-path /Users/admin/builder/spi-builder-workspace/.derivedData/Build/Intermediates.noindex/MaxVol.build/Debug-watchos/MaxVol-t.build/Objects-normal/arm64_32/MaxVol-Swift.h -working-directory /Users/admin/builder/spi-builder-workspace/.swiftpm/xcode -experimental-emit-module-separately -disable-cmo
SwiftDriver MaxVolBenchmark normal arm64_32 com.apple.xcode.tools.swift.compiler (in target 'MaxVolBenchmark-product' from project 'MaxVol')
cd /Users/admin/builder/spi-builder-workspace/.swiftpm/xcode
builtin-SwiftDriver -- /Applications/Xcode-27.0.0-Release.Candidate.app/Contents/Developer/Toolchains/XcodeDefault.xctoolchain/usr/bin/swiftc -module-name MaxVolBenchmark -Onone @/Users/admin/builder/spi-builder-workspace/.derivedData/Build/Intermediates.noindex/MaxVol.build/Debug-watchos/MaxVolBenchmark-p.build/Objects-normal/arm64_32/MaxVolBenchmark.SwiftFileList -DSWIFT_PACKAGE -DDEBUG -DSWIFT_MODULE_RESOURCE_BUNDLE_AVAILABLE -Xcc -fmodule-map-file\=/Users/admin/builder/spi-builder-workspace/.dependencies/checkouts/swift-system/Sources/CSystem/include/module.modulemap -Xcc -fmodule-map-file\=/Users/admin/builder/spi-builder-workspace/.dependencies/checkouts/Yams/Sources/CYaml/include/module.modulemap -DXcode -plugin-path /Applications/Xcode-27.0.0-Release.Candidate.app/Contents/Developer/Toolchains/XcodeDefault.xctoolchain/usr/lib/swift/host/plugins/testing -enable-experimental-feature DebugDescriptionMacro -sdk /Applications/Xcode-27.0.0-Release.Candidate.app/Contents/Developer/Platforms/WatchOS.platform/Developer/SDKs/WatchOS27.0.sdk -target arm64_32-apple-watchos9.0 -g -module-cache-path /Users/admin/builder/spi-builder-workspace/.derivedData/ModuleCache.noindex -Xfrontend -serialize-debugging-options -profile-coverage-mapping -profile-generate -enable-testing -index-store-path /Users/admin/builder/spi-builder-workspace/.derivedData/Index.noindex/DataStore -Xcc -D_LIBCPP_HARDENING_MODE\=_LIBCPP_HARDENING_MODE_DEBUG -swift-version 6 -I /Users/admin/builder/spi-builder-workspace/.derivedData/Build/Products/Debug-watchos -Isystem /Applications/Xcode-27.0.0-Release.Candidate.app/Contents/Developer/Platforms/WatchOS.platform/Developer/usr/lib -F /Users/admin/builder/spi-builder-workspace/.derivedData/Build/Products/Debug-watchos/PackageFrameworks -F /Users/admin/builder/spi-builder-workspace/.derivedData/Build/Products/Debug-watchos -F /Applications/Xcode-27.0.0-Release.Candidate.app/Contents/Developer/Platforms/WatchOS.platform/Developer/Library/Frameworks -F /Applications/Xcode-27.0.0-Release.Candidate.app/Contents/Developer/Platforms/WatchOS.platform/Developer/SDKs/WatchOS27.0.sdk/Developer/Library/Frameworks -c -j10 -enable-batch-mode -incremental -Xcc -ivfsstatcache -Xcc /Users/admin/builder/spi-builder-workspace/.derivedData/SDKStatCaches.noindex/watchos27.0-24R360-e829b21a6f8c9b70876ba0858053c04477534ef55a1706bf4c1112bbb242f0a2.sdkstatcache -output-file-map /Users/admin/builder/spi-builder-workspace/.derivedData/Build/Intermediates.noindex/MaxVol.build/Debug-watchos/MaxVolBenchmark-p.build/Objects-normal/arm64_32/MaxVolBenchmark-OutputFileMap.json -save-temps -no-color-diagnostics -explicit-module-build -module-cache-path /Users/admin/builder/spi-builder-workspace/.derivedData/Build/Intermediates.noindex/SwiftExplicitPrecompiledModules -clang-scanner-module-cache-path /Users/admin/builder/spi-builder-workspace/.derivedData/ModuleCache.noindex -sdk-module-cache-path /Users/admin/builder/spi-builder-workspace/.derivedData/SDKExplicitPrecompiledModules -emit-dependencies -emit-module -emit-module-path /Users/admin/builder/spi-builder-workspace/.derivedData/Build/Intermediates.noindex/MaxVol.build/Debug-watchos/MaxVolBenchmark-p.build/Objects-normal/arm64_32/MaxVolBenchmark.swiftmodule -serialize-diagnostics -dependency-scan-serialize-diagnostics-path /Users/admin/builder/spi-builder-workspace/.derivedData/Build/Intermediates.noindex/MaxVol.build/Debug-watchos/MaxVolBenchmark-p.build/Objects-normal/arm64_32/MaxVolBenchmark-dependency-scan.dia -validate-clang-modules-once -clang-build-session-file /Users/admin/builder/spi-builder-workspace/.derivedData/ModuleCache.noindex/Session.modulevalidation -Xcc -fmodules-prune-interval\=86400 -Xcc -fmodules-prune-after\=345600 -package-name spi_builder_workspace -emit-const-values -const-gather-protocols-list /Users/admin/builder/spi-builder-workspace/.derivedData/Build/Intermediates.noindex/MaxVol.build/Debug-watchos/MaxVolBenchmark-p.build/Objects-normal/arm64_32/MaxVolBenchmark_const_extract_protocols.json -Xcc -I/Users/admin/builder/spi-builder-workspace/.dependencies/checkouts/swift-system/Sources/CSystem/include -Xcc -I/Users/admin/builder/spi-builder-workspace/.dependencies/checkouts/Yams/Sources/CYaml/include -Xcc -I/Users/admin/builder/spi-builder-workspace/.derivedData/Build/Products/Debug-watchos/include -Xcc -I/Users/admin/builder/spi-builder-workspace/.derivedData/Build/Intermediates.noindex/MaxVol.build/Debug-watchos/MaxVolBenchmark-p.build/DerivedSources-normal/arm64_32 -Xcc -I/Users/admin/builder/spi-builder-workspace/.derivedData/Build/Intermediates.noindex/MaxVol.build/Debug-watchos/MaxVolBenchmark-p.build/DerivedSources/arm64_32 -Xcc -I/Users/admin/builder/spi-builder-workspace/.derivedData/Build/Intermediates.noindex/MaxVol.build/Debug-watchos/MaxVolBenchmark-p.build/DerivedSources -Xcc -DSWIFT_PACKAGE -Xcc -DDEBUG\=1 -working-directory /Users/admin/builder/spi-builder-workspace/.swiftpm/xcode -experimental-emit-module-separately -disable-cmo
SwiftDriver MaxVol normal arm64 com.apple.xcode.tools.swift.compiler (in target 'MaxVol' from project 'MaxVol')
cd /Users/admin/builder/spi-builder-workspace/.swiftpm/xcode
builtin-SwiftDriver -- /Applications/Xcode-27.0.0-Release.Candidate.app/Contents/Developer/Toolchains/XcodeDefault.xctoolchain/usr/bin/swiftc -parse-as-library -module-name MaxVol -Onone @/Users/admin/builder/spi-builder-workspace/.derivedData/Build/Intermediates.noindex/MaxVol.build/Debug-watchos/MaxVol-t.build/Objects-normal/arm64/MaxVol.SwiftFileList -DSWIFT_PACKAGE -DDEBUG -DSWIFT_MODULE_RESOURCE_BUNDLE_UNAVAILABLE -Xcc -fmodule-map-file\=/Users/admin/builder/spi-builder-workspace/.dependencies/checkouts/swift-system/Sources/CSystem/include/module.modulemap -Xcc -fmodule-map-file\=/Users/admin/builder/spi-builder-workspace/.dependencies/checkouts/Yams/Sources/CYaml/include/module.modulemap -DXcode -plugin-path /Applications/Xcode-27.0.0-Release.Candidate.app/Contents/Developer/Toolchains/XcodeDefault.xctoolchain/usr/lib/swift/host/plugins/testing -enable-experimental-feature DebugDescriptionMacro -sdk /Applications/Xcode-27.0.0-Release.Candidate.app/Contents/Developer/Platforms/WatchOS.platform/Developer/SDKs/WatchOS27.0.sdk -target arm64-apple-watchos9.0 -g -module-cache-path /Users/admin/builder/spi-builder-workspace/.derivedData/ModuleCache.noindex -Xfrontend -serialize-debugging-options -profile-coverage-mapping -profile-generate -enable-testing -index-store-path /Users/admin/builder/spi-builder-workspace/.derivedData/Index.noindex/DataStore -Xcc -D_LIBCPP_HARDENING_MODE\=_LIBCPP_HARDENING_MODE_DEBUG -swift-version 6 -I /Users/admin/builder/spi-builder-workspace/.derivedData/Build/Products/Debug-watchos -Isystem /Applications/Xcode-27.0.0-Release.Candidate.app/Contents/Developer/Platforms/WatchOS.platform/Developer/usr/lib -F /Users/admin/builder/spi-builder-workspace/.derivedData/Build/Products/Debug-watchos/PackageFrameworks -F /Users/admin/builder/spi-builder-workspace/.derivedData/Build/Products/Debug-watchos -F /Applications/Xcode-27.0.0-Release.Candidate.app/Contents/Developer/Platforms/WatchOS.platform/Developer/Library/Frameworks -F /Applications/Xcode-27.0.0-Release.Candidate.app/Contents/Developer/Platforms/WatchOS.platform/Developer/SDKs/WatchOS27.0.sdk/Developer/Library/Frameworks -c -j10 -enable-batch-mode -incremental -Xcc -ivfsstatcache -Xcc /Users/admin/builder/spi-builder-workspace/.derivedData/SDKStatCaches.noindex/watchos27.0-24R360-e829b21a6f8c9b70876ba0858053c04477534ef55a1706bf4c1112bbb242f0a2.sdkstatcache -output-file-map /Users/admin/builder/spi-builder-workspace/.derivedData/Build/Intermediates.noindex/MaxVol.build/Debug-watchos/MaxVol-t.build/Objects-normal/arm64/MaxVol-OutputFileMap.json -save-temps -no-color-diagnostics -explicit-module-build -module-cache-path /Users/admin/builder/spi-builder-workspace/.derivedData/Build/Intermediates.noindex/SwiftExplicitPrecompiledModules -clang-scanner-module-cache-path /Users/admin/builder/spi-builder-workspace/.derivedData/ModuleCache.noindex -sdk-module-cache-path /Users/admin/builder/spi-builder-workspace/.derivedData/SDKExplicitPrecompiledModules -emit-dependencies -emit-module -emit-module-path /Users/admin/builder/spi-builder-workspace/.derivedData/Build/Intermediates.noindex/MaxVol.build/Debug-watchos/MaxVol-t.build/Objects-normal/arm64/MaxVol.swiftmodule -serialize-diagnostics -dependency-scan-serialize-diagnostics-path /Users/admin/builder/spi-builder-workspace/.derivedData/Build/Intermediates.noindex/MaxVol.build/Debug-watchos/MaxVol-t.build/Objects-normal/arm64/MaxVol-dependency-scan.dia -validate-clang-modules-once -clang-build-session-file /Users/admin/builder/spi-builder-workspace/.derivedData/ModuleCache.noindex/Session.modulevalidation -Xcc -fmodules-prune-interval\=86400 -Xcc -fmodules-prune-after\=345600 -package-name spi_builder_workspace -emit-const-values -const-gather-protocols-list /Users/admin/builder/spi-builder-workspace/.derivedData/Build/Intermediates.noindex/MaxVol.build/Debug-watchos/MaxVol-t.build/Objects-normal/arm64/MaxVol_const_extract_protocols.json -Xcc -I/Users/admin/builder/spi-builder-workspace/.dependencies/checkouts/swift-system/Sources/CSystem/include -Xcc -I/Users/admin/builder/spi-builder-workspace/.dependencies/checkouts/Yams/Sources/CYaml/include -Xcc -I/Users/admin/builder/spi-builder-workspace/.derivedData/Build/Products/Debug-watchos/include -Xcc -I/Users/admin/builder/spi-builder-workspace/.derivedData/Build/Intermediates.noindex/MaxVol.build/Debug-watchos/MaxVol-t.build/DerivedSources-normal/arm64 -Xcc -I/Users/admin/builder/spi-builder-workspace/.derivedData/Build/Intermediates.noindex/MaxVol.build/Debug-watchos/MaxVol-t.build/DerivedSources/arm64 -Xcc -I/Users/admin/builder/spi-builder-workspace/.derivedData/Build/Intermediates.noindex/MaxVol.build/Debug-watchos/MaxVol-t.build/DerivedSources -Xcc -DSWIFT_PACKAGE -Xcc -DDEBUG\=1 -Xcc -DACCELERATE_NEW_LAPACK -Xcc -DACCELERATE_LAPACK_ILP64 -emit-objc-header -emit-objc-header-path /Users/admin/builder/spi-builder-workspace/.derivedData/Build/Intermediates.noindex/MaxVol.build/Debug-watchos/MaxVol-t.build/Objects-normal/arm64/MaxVol-Swift.h -working-directory /Users/admin/builder/spi-builder-workspace/.swiftpm/xcode -experimental-emit-module-separately -disable-cmo
SwiftExplicitDependencyGeneratePcm arm64_32 /Users/admin/builder/spi-builder-workspace/.derivedData/SDKExplicitPrecompiledModules/_Builtin_intrinsics-2K07JIG9ZANIKHSNPO3O6L1K6.pcm
SwiftExplicitDependencyGeneratePcm arm64 /Users/admin/builder/spi-builder-workspace/.derivedData/SDKExplicitPrecompiledModules/Accelerate-6EQ5IAKR1K7FCNMGQEMJL2OUD.pcm
SwiftExplicitDependencyGeneratePcm arm64 /Users/admin/builder/spi-builder-workspace/.derivedData/SDKExplicitPrecompiledModules/simd-2C11HKTI5TJB05T724EWNFZXD.pcm
SwiftExplicitDependencyGeneratePcm arm64_32 /Users/admin/builder/spi-builder-workspace/.derivedData/SDKExplicitPrecompiledModules/CoreVideo-BX0NALWCB2F1YOTF0NZGV9FWU.pcm
SwiftExplicitDependencyGeneratePcm arm64_32 /Users/admin/builder/spi-builder-workspace/.derivedData/SDKExplicitPrecompiledModules/os-D9NWGT7PQGY2OD43XMA2KGLJK.pcm
SwiftEmitModule normal arm64_32 Emitting\ module\ for\ MaxVol (in target 'MaxVol' from project 'MaxVol')
SwiftCompile normal arm64_32 (in target 'MaxVol' from project 'MaxVol')
cd /Users/admin/builder/spi-builder-workspace/.swiftpm/xcode
SwiftEmitModule normal arm64 Emitting\ module\ for\ MaxVol (in target 'MaxVol' from project 'MaxVol')
SwiftCompile normal arm64 (in target 'MaxVol' from project 'MaxVol')
cd /Users/admin/builder/spi-builder-workspace/.swiftpm/xcode
SwiftCompile normal arm64_32 Compiling\ MaxVolScalar.swift /Users/admin/builder/spi-builder-workspace/Sources/MaxVol/MaxVolScalar.swift (in target 'MaxVol' from project 'MaxVol')
SwiftCompile normal arm64_32 /Users/admin/builder/spi-builder-workspace/Sources/MaxVol/MaxVolScalar.swift (in target 'MaxVol' from project 'MaxVol')
cd /Users/admin/builder/spi-builder-workspace/.swiftpm/xcode
builtin-SwiftPerFileCompile MaxVolScalar.swift
/Users/admin/builder/spi-builder-workspace/Sources/MaxVol/MaxVolScalar.swift:61:9: error: 'dgetrf_' is only available in watchOS 9.4 or newer
44 | }
45 |
46 | extension Double: MaxVolScalar {
| `- note: add '@available' attribute to enclosing extension
47 | static var getrfRoutineName: String { "dgetrf" }
48 | static var getrsRoutineName: String { "dgetrs" }
:
51 | var magnitudeAsDouble: Double { abs(self) }
52 |
53 | static func getrf(
| `- note: add '@available' attribute to enclosing static method
54 | rowCount: inout LAPACKInt,
55 | columnCount: inout LAPACKInt,
:
59 | info: inout LAPACKInt
60 | ) {
61 | dgetrf_(
| |- error: 'dgetrf_' is only available in watchOS 9.4 or newer
| `- note: add 'if #available' version check
62 | &rowCount,
63 | &columnCount,
/Users/admin/builder/spi-builder-workspace/Sources/MaxVol/MaxVolScalar.swift:82:9: error: 'dgetrs_' is only available in watchOS 9.4 or newer
44 | }
45 |
46 | extension Double: MaxVolScalar {
| `- note: add '@available' attribute to enclosing extension
47 | static var getrfRoutineName: String { "dgetrf" }
48 | static var getrsRoutineName: String { "dgetrs" }
:
69 | }
70 |
71 | static func getrs(
| `- note: add '@available' attribute to enclosing static method
72 | transpose: inout CChar,
73 | dimension: inout LAPACKInt,
:
80 | info: inout LAPACKInt
81 | ) {
82 | dgetrs_(
| |- error: 'dgetrs_' is only available in watchOS 9.4 or newer
| `- note: add 'if #available' version check
83 | &transpose,
84 | &dimension,
/Users/admin/builder/spi-builder-workspace/Sources/MaxVol/MaxVolScalar.swift:106:9: error: 'cblas_dger' is only available in watchOS 9.4 or newer
44 | }
45 |
46 | extension Double: MaxVolScalar {
| `- note: add '@available' attribute to enclosing extension
47 | static var getrfRoutineName: String { "dgetrf" }
48 | static var getrsRoutineName: String { "dgetrs" }
:
93 | }
94 |
95 | static func rankOneUpdate(
| `- note: add '@available' attribute to enclosing static method
96 | rowCount: LAPACKInt,
97 | columnCount: LAPACKInt,
:
104 | leadingDimension: LAPACKInt
105 | ) {
106 | cblas_dger(
| |- error: 'cblas_dger' is only available in watchOS 9.4 or newer
| `- note: add 'if #available' version check
107 | CblasColMajor,
108 | rowCount,
/Users/admin/builder/spi-builder-workspace/Sources/MaxVol/MaxVolScalar.swift:136:9: error: 'sgetrf_' is only available in watchOS 9.4 or newer
119 | }
120 |
121 | extension Float: MaxVolScalar {
| `- note: add '@available' attribute to enclosing extension
122 | static var getrfRoutineName: String { "sgetrf" }
123 | static var getrsRoutineName: String { "sgetrs" }
:
126 | var magnitudeAsDouble: Double { Double(abs(self)) }
127 |
128 | static func getrf(
| `- note: add '@available' attribute to enclosing static method
129 | rowCount: inout LAPACKInt,
130 | columnCount: inout LAPACKInt,
:
134 | info: inout LAPACKInt
135 | ) {
136 | sgetrf_(
| |- error: 'sgetrf_' is only available in watchOS 9.4 or newer
| `- note: add 'if #available' version check
137 | &rowCount,
138 | &columnCount,
/Users/admin/builder/spi-builder-workspace/Sources/MaxVol/MaxVolScalar.swift:157:9: error: 'sgetrs_' is only available in watchOS 9.4 or newer
119 | }
120 |
121 | extension Float: MaxVolScalar {
| `- note: add '@available' attribute to enclosing extension
122 | static var getrfRoutineName: String { "sgetrf" }
123 | static var getrsRoutineName: String { "sgetrs" }
:
144 | }
145 |
146 | static func getrs(
| `- note: add '@available' attribute to enclosing static method
147 | transpose: inout CChar,
148 | dimension: inout LAPACKInt,
:
155 | info: inout LAPACKInt
156 | ) {
157 | sgetrs_(
| |- error: 'sgetrs_' is only available in watchOS 9.4 or newer
| `- note: add 'if #available' version check
158 | &transpose,
159 | &dimension,
SwiftCompile normal arm64 Compiling\ MaxVolScalar.swift /Users/admin/builder/spi-builder-workspace/Sources/MaxVol/MaxVolScalar.swift (in target 'MaxVol' from project 'MaxVol')
/Users/admin/builder/spi-builder-workspace/Sources/MaxVol/MaxVolScalar.swift:61:9: error: 'dgetrf_' is only available in watchOS 9.4 or newer
44 | }
45 |
46 | extension Double: MaxVolScalar {
| `- note: add '@available' attribute to enclosing extension
47 | static var getrfRoutineName: String { "dgetrf" }
48 | static var getrsRoutineName: String { "dgetrs" }
:
51 | var magnitudeAsDouble: Double { abs(self) }
52 |
53 | static func getrf(
| `- note: add '@available' attribute to enclosing static method
54 | rowCount: inout LAPACKInt,
55 | columnCount: inout LAPACKInt,
:
59 | info: inout LAPACKInt
60 | ) {
61 | dgetrf_(
| |- error: 'dgetrf_' is only available in watchOS 9.4 or newer
| `- note: add 'if #available' version check
62 | &rowCount,
63 | &columnCount,
/Users/admin/builder/spi-builder-workspace/Sources/MaxVol/MaxVolScalar.swift:82:9: error: 'dgetrs_' is only available in watchOS 9.4 or newer
44 | }
45 |
46 | extension Double: MaxVolScalar {
| `- note: add '@available' attribute to enclosing extension
47 | static var getrfRoutineName: String { "dgetrf" }
48 | static var getrsRoutineName: String { "dgetrs" }
:
69 | }
70 |
71 | static func getrs(
| `- note: add '@available' attribute to enclosing static method
72 | transpose: inout CChar,
73 | dimension: inout LAPACKInt,
:
80 | info: inout LAPACKInt
81 | ) {
82 | dgetrs_(
| |- error: 'dgetrs_' is only available in watchOS 9.4 or newer
| `- note: add 'if #available' version check
83 | &transpose,
84 | &dimension,
/Users/admin/builder/spi-builder-workspace/Sources/MaxVol/MaxVolScalar.swift:106:9: error: 'cblas_dger' is only available in watchOS 9.4 or newer
44 | }
45 |
46 | extension Double: MaxVolScalar {
| `- note: add '@available' attribute to enclosing extension
47 | static var getrfRoutineName: String { "dgetrf" }
48 | static var getrsRoutineName: String { "dgetrs" }
:
93 | }
94 |
95 | static func rankOneUpdate(
| `- note: add '@available' attribute to enclosing static method
96 | rowCount: LAPACKInt,
97 | columnCount: LAPACKInt,
:
104 | leadingDimension: LAPACKInt
105 | ) {
106 | cblas_dger(
| |- error: 'cblas_dger' is only available in watchOS 9.4 or newer
| `- note: add 'if #available' version check
107 | CblasColMajor,
108 | rowCount,
/Users/admin/builder/spi-builder-workspace/Sources/MaxVol/MaxVolScalar.swift:136:9: error: 'sgetrf_' is only available in watchOS 9.4 or newer
119 | }
120 |
121 | extension Float: MaxVolScalar {
| `- note: add '@available' attribute to enclosing extension
122 | static var getrfRoutineName: String { "sgetrf" }
123 | static var getrsRoutineName: String { "sgetrs" }
:
126 | var magnitudeAsDouble: Double { Double(abs(self)) }
127 |
128 | static func getrf(
| `- note: add '@available' attribute to enclosing static method
129 | rowCount: inout LAPACKInt,
130 | columnCount: inout LAPACKInt,
:
134 | info: inout LAPACKInt
135 | ) {
136 | sgetrf_(
| |- error: 'sgetrf_' is only available in watchOS 9.4 or newer
| `- note: add 'if #available' version check
137 | &rowCount,
138 | &columnCount,
/Users/admin/builder/spi-builder-workspace/Sources/MaxVol/MaxVolScalar.swift:157:9: error: 'sgetrs_' is only available in watchOS 9.4 or newer
119 | }
120 |
121 | extension Float: MaxVolScalar {
| `- note: add '@available' attribute to enclosing extension
122 | static var getrfRoutineName: String { "sgetrf" }
123 | static var getrsRoutineName: String { "sgetrs" }
:
144 | }
145 |
146 | static func getrs(
| `- note: add '@available' attribute to enclosing static method
147 | transpose: inout CChar,
148 | dimension: inout LAPACKInt,
:
155 | info: inout LAPACKInt
156 | ) {
157 | sgetrs_(
| |- error: 'sgetrs_' is only available in watchOS 9.4 or newer
| `- note: add 'if #available' version check
158 | &transpose,
159 | &dimension,
/Users/admin/builder/spi-builder-workspace/Sources/MaxVol/MaxVolScalar.swift:181:9: error: 'cblas_sger' is only available in watchOS 9.4 or newer
119 | }
120 |
121 | extension Float: MaxVolScalar {
| `- note: add '@available' attribute to enclosing extension
122 | static var getrfRoutineName: String { "sgetrf" }
123 | static var getrsRoutineName: String { "sgetrs" }
:
168 | }
169 |
170 | static func rankOneUpdate(
| `- note: add '@available' attribute to enclosing static method
171 | rowCount: LAPACKInt,
172 | columnCount: LAPACKInt,
:
179 | leadingDimension: LAPACKInt
180 | ) {
181 | cblas_sger(
| |- error: 'cblas_sger' is only available in watchOS 9.4 or newer
| `- note: add 'if #available' version check
182 | CblasColMajor,
183 | rowCount,
Failed frontend command:
/Applications/Xcode-27.0.0-Release.Candidate.app/Contents/Developer/Toolchains/XcodeDefault.xctoolchain/usr/bin/swift-frontend -frontend -c /Users/admin/builder/spi-builder-workspace/Sources/MaxVol/DenseColumnMajorMatrix.swift /Users/admin/builder/spi-builder-workspace/Sources/MaxVol/MaxVol.swift /Users/admin/builder/spi-builder-workspace/Sources/MaxVol/MaxVolError.swift /Users/admin/builder/spi-builder-workspace/Sources/MaxVol/MaxVolOptions.swift /Users/admin/builder/spi-builder-workspace/Sources/MaxVol/MaxVolResult.swift -primary-file /Users/admin/builder/spi-builder-workspace/Sources/MaxVol/MaxVolScalar.swift /Users/admin/builder/spi-builder-workspace/Sources/MaxVol/RectMaxVol.swift /Users/admin/builder/spi-builder-workspace/Sources/MaxVol/RectMaxVolOptions.swift -emit-dependencies-path /Users/admin/builder/spi-builder-workspace/.derivedData/Build/Intermediates.noindex/MaxVol.build/Debug-watchos/MaxVol-t.build/Objects-normal/arm64/MaxVolScalar.d -emit-const-values-path /Users/admin/builder/spi-builder-workspace/.derivedData/Build/Intermediates.noindex/MaxVol.build/Debug-watchos/MaxVol-t.build/Objects-normal/arm64/MaxVolScalar.swiftconstvalues -emit-reference-dependencies-path /Users/admin/builder/spi-builder-workspace/.derivedData/Build/Intermediates.noindex/MaxVol.build/Debug-watchos/MaxVol-t.build/Objects-normal/arm64/MaxVolScalar.swiftdeps -serialize-diagnostics-path /Users/admin/builder/spi-builder-workspace/.derivedData/Build/Intermediates.noindex/MaxVol.build/Debug-watchos/MaxVol-t.build/Objects-normal/arm64/MaxVolScalar.dia -target arm64-apple-watchos9.0 -disable-cross-import-overlay-search -load-resolved-plugin /Applications/Xcode-27.0.0-Release.Candidate.app/Contents/Developer/Platforms/WatchOS.platform/Developer/usr/lib/swift/host/plugins/libFoundationMacros.dylib\#/Applications/Xcode-27.0.0-Release.Candidate.app/Contents/Developer/Platforms/WatchOS.platform/Developer/usr/bin/swift-plugin-server\#FoundationMacros -load-resolved-plugin /Applications/Xcode-27.0.0-Release.Candidate.app/Contents/Developer/Platforms/WatchOS.platform/Developer/usr/lib/swift/host/plugins/libObservationMacros.dylib\#/Applications/Xcode-27.0.0-Release.Candidate.app/Contents/Developer/Platforms/WatchOS.platform/Developer/usr/bin/swift-plugin-server\#ObservationMacros -load-resolved-plugin /Applications/Xcode-27.0.0-Release.Candidate.app/Contents/Developer/Platforms/WatchOS.platform/Developer/usr/lib/swift/host/plugins/libSwiftMacros.dylib\#/Applications/Xcode-27.0.0-Release.Candidate.app/Contents/Developer/Platforms/WatchOS.platform/Developer/usr/bin/swift-plugin-server\#SwiftMacros -disable-implicit-swift-modules -Xcc -fno-implicit-modules -Xcc -fno-implicit-module-maps -explicit-swift-module-map-file /Users/admin/builder/spi-builder-workspace/.derivedData/Build/Intermediates.noindex/MaxVol.build/Debug-watchos/MaxVol-t.build/Objects-normal/arm64/MaxVol-dependencies-1.json -Xllvm -aarch64-use-tbi -enable-objc-interop -stack-check -sdk /Applications/Xcode-27.0.0-Release.Candidate.app/Contents/Developer/Platforms/WatchOS.platform/Developer/SDKs/WatchOS27.0.sdk -I /Users/admin/builder/spi-builder-workspace/.derivedData/Build/Products/Debug-watchos -Isystem /Applications/Xcode-27.0.0-Release.Candidate.app/Contents/Developer/Platforms/WatchOS.platform/Developer/usr/lib -F /Users/admin/builder/spi-builder-workspace/.derivedData/Build/Products/Debug-watchos/PackageFrameworks -F /Users/admin/builder/spi-builder-workspace/.derivedData/Build/Products/Debug-watchos -F /Applications/Xcode-27.0.0-Release.Candidate.app/Contents/Developer/Platforms/WatchOS.platform/Developer/Library/Frameworks -F /Applications/Xcode-27.0.0-Release.Candidate.app/Contents/Developer/Platforms/WatchOS.platform/Developer/SDKs/WatchOS27.0.sdk/Developer/Library/Frameworks -module-cache-path /Users/admin/builder/spi-builder-workspace/.derivedData/Build/Intermediates.noindex/SwiftExplicitPrecompiledModules -no-color-diagnostics -Xcc -fno-color-diagnostics -enable-testing -g -debug-info-format\=dwarf -dwarf-version\=4 -profile-generate -profile-coverage-mapping -swift-version 6 -Onone -D SWIFT_PACKAGE -D DEBUG -D SWIFT_MODULE_RESOURCE_BUNDLE_UNAVAILABLE -D Xcode -serialize-debugging-options -enable-experimental-feature DebugDescriptionMacro -empty-abi-descriptor -validate-clang-modules-once -clang-build-session-file /Users/admin/builder/spi-builder-workspace/.derivedData/ModuleCache.noindex/Session.modulevalidation -Xcc -working-directory -Xcc /Users/admin/builder/spi-builder-workspace/.swiftpm/xcode -enable-anonymous-context-mangled-names -file-compilation-dir /Users/admin/builder/spi-builder-workspace/.swiftpm/xcode -Xcc -fmodule-map-file\=/Users/admin/builder/spi-builder-workspace/.dependencies/checkouts/swift-system/Sources/CSystem/include/module.modulemap -Xcc -fmodule-map-file\=/Users/admin/builder/spi-builder-workspace/.dependencies/checkouts/Yams/Sources/CYaml/include/module.modulemap -Xcc -D_LIBCPP_HARDENING_MODE\=_LIBCPP_HARDENING_MODE_DEBUG -Xcc -ivfsstatcache -Xcc /Users/admin/builder/spi-builder-workspace/.derivedData/SDKStatCaches.noindex/watchos27.0-24R360-e829b21a6f8c9b70876ba0858053c04477534ef55a1706bf4c1112bbb242f0a2.sdkstatcache -Xcc -fmodules-prune-interval\=86400 -Xcc -fmodules-prune-after\=345600 -Xcc -I/Users/admin/builder/spi-builder-workspace/.dependencies/checkouts/swift-system/Sources/CSystem/include -Xcc -I/Users/admin/builder/spi-builder-workspace/.dependencies/checkouts/Yams/Sources/CYaml/include -Xcc -I/Users/admin/builder/spi-builder-workspace/.derivedData/Build/Products/Debug-watchos/include -Xcc -I/Users/admin/builder/spi-builder-workspace/.derivedData/Build/Intermediates.noindex/MaxVol.build/Debug-watchos/MaxVol-t.build/DerivedSources-normal/arm64 -Xcc -I/Users/admin/builder/spi-builder-workspace/.derivedData/Build/Intermediates.noindex/MaxVol.build/Debug-watchos/MaxVol-t.build/DerivedSources/arm64 -Xcc -I/Users/admin/builder/spi-builder-workspace/.derivedData/Build/Intermediates.noindex/MaxVol.build/Debug-watchos/MaxVol-t.build/DerivedSources -Xcc -DSWIFT_PACKAGE -Xcc -DDEBUG\=1 -Xcc -DACCELERATE_NEW_LAPACK -Xcc -DACCELERATE_LAPACK_ILP64 -no-auto-bridging-header-chaining -module-name MaxVol -package-name spi_builder_workspace -const-gather-protocols-file /Users/admin/builder/spi-builder-workspace/.derivedData/Build/Intermediates.noindex/MaxVol.build/Debug-watchos/MaxVol-t.build/Objects-normal/arm64/MaxVol_const_extract_protocols.json -disable-clang-spi -clang-target arm64-apple-watchos27.0 -target-sdk-version 27.0 -target-sdk-name watchos27.0 -in-process-plugin-server-path /Applications/Xcode-27.0.0-Release.Candidate.app/Contents/Developer/Toolchains/XcodeDefault.xctoolchain/usr/lib/swift/host/libSwiftInProcPluginServer.dylib -parse-as-library -o /Users/admin/builder/spi-builder-workspace/.derivedData/Build/Intermediates.noindex/MaxVol.build/Debug-watchos/MaxVol-t.build/Objects-normal/arm64/MaxVolScalar.o -debug-module-path /Users/admin/builder/spi-builder-workspace/.derivedData/Build/Intermediates.noindex/MaxVol.build/Debug-watchos/MaxVol-t.build/Objects-normal/arm64/MaxVol.swiftmodule -index-unit-output-path /MaxVol.build/Debug-watchos/MaxVol-t.build/Objects-normal/arm64/MaxVolScalar.o -index-store-path /Users/admin/builder/spi-builder-workspace/.derivedData/Index.noindex/DataStore -index-system-modules
SwiftCompile normal arm64 /Users/admin/builder/spi-builder-workspace/Sources/MaxVol/MaxVolScalar.swift (in target 'MaxVol' from project 'MaxVol')
cd /Users/admin/builder/spi-builder-workspace/.swiftpm/xcode
builtin-SwiftPerFileCompile MaxVolScalar.swift
PruneExplicitPrecompiledModules /Users/admin/builder/spi-builder-workspace/.derivedData/Build/Intermediates.noindex/SwiftExplicitPrecompiledModules
PruneExplicitPrecompiledModules /Users/admin/builder/spi-builder-workspace/.derivedData/SDKExplicitPrecompiledModules
PruneExplicitPrecompiledModules /Users/admin/builder/spi-builder-workspace/.derivedData/Build/Intermediates.noindex/ExplicitPrecompiledModules
2026-09-25 21:17:51.803 xcodebuild[1643:8986] [MT] IDERunDestination: Supported platforms for the buildables in the current scheme is empty.
** BUILD FAILED **
The following build commands failed:
SwiftCompile normal arm64 Compiling\ MaxVolScalar.swift /Users/admin/builder/spi-builder-workspace/Sources/MaxVol/MaxVolScalar.swift (in target 'MaxVol' from project 'MaxVol')
SwiftCompile normal arm64 /Users/admin/builder/spi-builder-workspace/Sources/MaxVol/MaxVolScalar.swift (in target 'MaxVol' from project 'MaxVol')
Building workspace MaxVol with scheme MaxVol-Package
(3 failures)
BUILD FAILURE 6.4 watchOS