Build Information
Failed to build Adapty, reference master (a24d61), with Swift 6.2 for Linux on 10 Oct 2026 16:33:57 UTC.
Build Command
bash -c docker run --pull=always --rm -v "checkouts-54344843-0":/host -w "$PWD" -e JAVA_HOME="/root/.sdkman/candidates/java/current" -e SPI_BUILD="1" -e SPI_PROCESSING="1" registry.gitlab.com/saguaro1/spi-images:basic-6.2-latest swift build --triple x86_64-unknown-linux-gnu 2>&1Build Log
========================================
RunAll
========================================
Builder version: 5.1.1
Interrupt handler set up.
========================================
Checkout
========================================
Clone URL: https://github.com/adaptyteam/AdaptySDK-iOS.git
Reference: master
Initialized empty Git repository in /host/spi-builder-workspace/.git/
hint: Using 'master' as the name for the initial branch. This default branch name
hint: is subject to change. To configure the initial branch name to use in all
hint: of your new repositories, which will suppress this warning, call:
hint:
hint: git config --global init.defaultBranch <name>
hint:
hint: Names commonly chosen instead of 'master' are 'main', 'trunk' and
hint: 'development'. The just-created branch can be renamed via this command:
hint:
hint: git branch -m <name>
From https://github.com/adaptyteam/AdaptySDK-iOS
* branch master -> FETCH_HEAD
* [new branch] master -> origin/master
HEAD is now at a24d611 Merge branch 'hotfix/4.2.2'
Cloned https://github.com/adaptyteam/AdaptySDK-iOS.git
Revision (git rev-parse @):
a24d611b30bf3fa481f8344b2328defb9d4ad88f
SUCCESS checkout https://github.com/adaptyteam/AdaptySDK-iOS.git at master
========================================
Build
========================================
Selected platform: linux
Swift version: 6.2
Building package at path: $PWD
https://github.com/adaptyteam/AdaptySDK-iOS.git
Running build ...
bash -c docker run --pull=always --rm -v "checkouts-54344843-0":/host -w "$PWD" -e JAVA_HOME="/root/.sdkman/candidates/java/current" -e SPI_BUILD="1" -e SPI_PROCESSING="1" registry.gitlab.com/saguaro1/spi-images:basic-6.2-latest swift build --triple x86_64-unknown-linux-gnu 2>&1
basic-6.2-latest: Pulling from saguaro1/spi-images
Digest: sha256:24009fa1488c01937630ee3297a7a7a1872c773069724929dff85071fefc3743
Status: Image is up to date for registry.gitlab.com/saguaro1/spi-images:basic-6.2-latest
warning: 'spi-builder-workspace': found 4 file(s) which are unhandled; explicitly declare them as resources or exclude from the target
/host/spi-builder-workspace/Sources.UIBuilder/CLAUDE.md
/host/spi-builder-workspace/Sources.UIBuilder/AGENTS.md
/host/spi-builder-workspace/Sources.UIBuilder/UIBuilder/CLAUDE.md
/host/spi-builder-workspace/Sources.UIBuilder/UIBuilder/AGENTS.md
warning: 'spi-builder-workspace': found 2 file(s) which are unhandled; explicitly declare them as resources or exclude from the target
/host/spi-builder-workspace/Sources.AdaptyUI/CLAUDE.md
/host/spi-builder-workspace/Sources.AdaptyUI/AGENTS.md
warning: 'spi-builder-workspace': found 2 file(s) which are unhandled; explicitly declare them as resources or exclude from the target
/host/spi-builder-workspace/Sources.DeveloperTools/AGENTS.md
/host/spi-builder-workspace/Sources.DeveloperTools/CLAUDE.md
warning: 'spi-builder-workspace': found 2 file(s) which are unhandled; explicitly declare them as resources or exclude from the target
/host/spi-builder-workspace/Sources.AdaptyPlugin/AGENTS.md
/host/spi-builder-workspace/Sources.AdaptyPlugin/CLAUDE.md
Building for debugging...
[0/12] Write sources
[3/12] Copying PrivacyInfo.xcprivacy
[5/12] Write sources
[6/12] Copying PrivacyInfo.xcprivacy
[7/12] Write sources
[9/12] Compiling CSimdjson simdjson.cpp
[10/12] Write swift-version-24593BA9C3E375BF.txt
[11/12] Compiling CSimdjson SimdjsonBridge.cpp
[13/37] Compiling AdaptyCodable AnyCodable.swift
/host/spi-builder-workspace/Sources.Logger/AdaptyLogger+OSLog.swift:9:8: error: no such module 'os.log'
7 |
8 | import Foundation
9 | import os.log
| `- error: no such module 'os.log'
10 |
11 | extension AdaptyLogger {
[14/37] Compiling AdaptyCodable AnyCodingKey.swift
/host/spi-builder-workspace/Sources.Logger/AdaptyLogger+OSLog.swift:9:8: error: no such module 'os.log'
7 |
8 | import Foundation
9 | import os.log
| `- error: no such module 'os.log'
10 |
11 | extension AdaptyLogger {
[15/38] Compiling AdaptyLogger Source+Codable.swift
/host/spi-builder-workspace/Sources.Logger/AdaptyLogger+OSLog.swift:9:8: error: no such module 'os.log'
7 |
8 | import Foundation
9 | import os.log
| `- error: no such module 'os.log'
10 |
11 | extension AdaptyLogger {
[16/38] Compiling AdaptyLogger Category.swift
/host/spi-builder-workspace/Sources.Logger/AdaptyLogger+OSLog.swift:9:8: error: no such module 'os.log'
7 |
8 | import Foundation
9 | import os.log
| `- error: no such module 'os.log'
10 |
11 | extension AdaptyLogger {
[17/38] Compiling AdaptyLogger Source.swift
/host/spi-builder-workspace/Sources.Logger/AdaptyLogger+OSLog.swift:9:8: error: no such module 'os.log'
7 |
8 | import Foundation
9 | import os.log
| `- error: no such module 'os.log'
10 |
11 | extension AdaptyLogger {
error: emit-module command failed with exit code 1 (use -v to see invocation)
[18/38] Emitting module AdaptyLogger
/host/spi-builder-workspace/Sources.Logger/AdaptyLogger+OSLog.swift:9:8: error: no such module 'os.log'
7 |
8 | import Foundation
9 | import os.log
| `- error: no such module 'os.log'
10 |
11 | extension AdaptyLogger {
[19/38] Compiling AdaptyCodable JSONDecoder+DecodingConfiguration.swift
/host/spi-builder-workspace/Sources.Logger/AdaptyLogger+OSLog.swift:9:8: error: no such module 'os.log'
7 |
8 | import Foundation
9 | import os.log
| `- error: no such module 'os.log'
10 |
11 | extension AdaptyLogger {
[20/38] Compiling AdaptyCodable JSONSerialization+Extensions.swift
/host/spi-builder-workspace/Sources.Logger/AdaptyLogger+OSLog.swift:9:8: error: no such module 'os.log'
7 |
8 | import Foundation
9 | import os.log
| `- error: no such module 'os.log'
10 |
11 | extension AdaptyLogger {
[21/38] Compiling AdaptyCodable AnyOptional.swift
/host/spi-builder-workspace/Sources.Logger/AdaptyLogger+OSLog.swift:9:8: error: no such module 'os.log'
7 |
8 | import Foundation
9 | import os.log
| `- error: no such module 'os.log'
10 |
11 | extension AdaptyLogger {
[22/38] Compiling AdaptyCodable Data+jsonExtract.swift
/host/spi-builder-workspace/Sources.Logger/AdaptyLogger+OSLog.swift:9:8: error: no such module 'os.log'
7 |
8 | import Foundation
9 | import os.log
| `- error: no such module 'os.log'
10 |
11 | extension AdaptyLogger {
[23/38] Compiling AdaptyLogger AdaptyLogger+OSLog.swift
/host/spi-builder-workspace/Sources.Logger/AdaptyLogger+OSLog.swift:9:8: error: no such module 'os.log'
7 |
8 | import Foundation
9 | import os.log
| `- error: no such module 'os.log'
10 |
11 | extension AdaptyLogger {
[24/38] Compiling AdaptyLogger AdaptyLogger+stamp.swift
/host/spi-builder-workspace/Sources.Logger/AdaptyLogger+OSLog.swift:9:8: error: no such module 'os.log'
7 |
8 | import Foundation
9 | import os.log
| `- error: no such module 'os.log'
10 |
11 | extension AdaptyLogger {
[25/38] Compiling AdaptyLogger Record.swift
/host/spi-builder-workspace/Sources.Logger/AdaptyLogger+OSLog.swift:9:8: error: no such module 'os.log'
7 |
8 | import Foundation
9 | import os.log
| `- error: no such module 'os.log'
10 |
11 | extension AdaptyLogger {
[26/38] Compiling AdaptyLogger Level.swift
/host/spi-builder-workspace/Sources.Logger/AdaptyLogger+OSLog.swift:9:8: error: no such module 'os.log'
7 |
8 | import Foundation
9 | import os.log
| `- error: no such module 'os.log'
10 |
11 | extension AdaptyLogger {
[27/38] Compiling AdaptyLogger Message.swift
/host/spi-builder-workspace/Sources.Logger/AdaptyLogger+OSLog.swift:9:8: error: no such module 'os.log'
7 |
8 | import Foundation
9 | import os.log
| `- error: no such module 'os.log'
10 |
11 | extension AdaptyLogger {
[32/39] Compiling AdaptyCodable KeyedEncodingContainer+Any.swift
/host/spi-builder-workspace/Sources.Codable/KeyedEncodingContainer+Any.swift:125:12: error: cannot find 'CFGetTypeID' in scope
123 | switch value {
124 | case let number as NSNumber:
125 | if CFGetTypeID(number) == CFBooleanGetTypeID() {
| `- error: cannot find 'CFGetTypeID' in scope
126 | return number.boolValue
127 | }
/host/spi-builder-workspace/Sources.Codable/KeyedEncodingContainer+Any.swift:125:35: error: cannot find 'CFBooleanGetTypeID' in scope
123 | switch value {
124 | case let number as NSNumber:
125 | if CFGetTypeID(number) == CFBooleanGetTypeID() {
| `- error: cannot find 'CFBooleanGetTypeID' in scope
126 | return number.boolValue
127 | }
BUILD FAILURE 6.2 linux