Build Information
Failed to build HapticsManager, reference 26.9.12 (c99dfd), with Swift 6.1 for Wasm on 15 Sep 2026 09:49:17 UTC.
Build Command
bash -c docker run --pull=always --rm -v "checkouts-54344847-2":/host -w "$PWD" -e JAVA_HOME="/root/.sdkman/candidates/java/current" -e SPI_BUILD="1" -e SPI_PROCESSING="1" registry.gitlab.com/saguaro1/spi-images:wasm-6.1-latest swift build --swift-sdk wasm32-unknown-wasi 2>&1Build Log
========================================
RunAll
========================================
Builder version: 5.0.2
Interrupt handler set up.
========================================
Checkout
========================================
Clone URL: https://github.com/markbattistella/HapticsManager.git
Reference: 26.9.12
Initialized empty Git repository in /host/spi-builder-workspace/.git/
hint: Using 'master' as the name for the initial branch. This default branch name
hint: is subject to change. To configure the initial branch name to use in all
hint: of your new repositories, which will suppress this warning, call:
hint:
hint: git config --global init.defaultBranch <name>
hint:
hint: Names commonly chosen instead of 'master' are 'main', 'trunk' and
hint: 'development'. The just-created branch can be renamed via this command:
hint:
hint: git branch -m <name>
From https://github.com/markbattistella/HapticsManager
* tag 26.9.12 -> FETCH_HEAD
HEAD is now at c99dfd1 2026-09-12
Cloned https://github.com/markbattistella/HapticsManager.git
Revision (git rev-parse @):
c99dfd1e9b3a6743b7590d690dd933ff91131db5
SPI manifest file found: $PWD/.spi.yml
SUCCESS checkout https://github.com/markbattistella/HapticsManager.git at 26.9.12
========================================
Build
========================================
Selected platform: wasm
Swift version: 6.1
Building package at path: $PWD
https://github.com/markbattistella/HapticsManager.git
https://github.com/markbattistella/HapticsManager.git
WARNING: environment variable SUPPRESS_SWIFT_6_FLAGS is not set
Running build ...
bash -c docker run --pull=always --rm -v "checkouts-54344847-2":/host -w "$PWD" -e JAVA_HOME="/root/.sdkman/candidates/java/current" -e SPI_BUILD="1" -e SPI_PROCESSING="1" registry.gitlab.com/saguaro1/spi-images:wasm-6.1-latest swift build --swift-sdk wasm32-unknown-wasi -Xswiftc -Xfrontend -Xswiftc -stats-output-dir -Xswiftc -Xfrontend -Xswiftc .stats -Xswiftc -strict-concurrency=complete -Xswiftc -enable-upcoming-feature -Xswiftc StrictConcurrency -Xswiftc -enable-upcoming-feature -Xswiftc DisableOutwardActorInference -Xswiftc -enable-upcoming-feature -Xswiftc GlobalActorIsolatedTypesUsability -Xswiftc -enable-upcoming-feature -Xswiftc InferSendableFromCaptures 2>&1
wasm-6.1-latest: Pulling from saguaro1/spi-images
Digest: sha256:beceeede496da67681f4fa220a6b97cc098a0178841a413735f598dc6bbaf4c8
Status: Image is up to date for registry.gitlab.com/saguaro1/spi-images:wasm-6.1-latest
Fetching https://github.com/markbattistella/TriggerKit
Fetching https://github.com/markbattistella/DefaultsKit
[1/155] Fetching defaultskit
[156/209] Fetching defaultskit, triggerkit
Fetched https://github.com/markbattistella/DefaultsKit from cache (0.52s)
Fetched https://github.com/markbattistella/TriggerKit from cache (0.52s)
Computing version for https://github.com/markbattistella/TriggerKit
Computed https://github.com/markbattistella/TriggerKit at 26.9.12 (0.74s)
Computing version for https://github.com/markbattistella/DefaultsKit
Computed https://github.com/markbattistella/DefaultsKit at 26.9.12 (0.21s)
Creating working copy for https://github.com/markbattistella/DefaultsKit
Working copy of https://github.com/markbattistella/DefaultsKit resolved at 26.9.12
Creating working copy for https://github.com/markbattistella/TriggerKit
Working copy of https://github.com/markbattistella/TriggerKit resolved at 26.9.12
Building for debugging...
[0/6] Write sources
[0/6] Copying PrivacyInfo.xcprivacy
[5/6] Write swift-version-24593BA9C3E375BF.txt
error: emit-module command failed with exit code 1 (use -v to see invocation)
[7/15] Emitting module DefaultsKit
<unknown>:0: warning: upcoming feature 'InferSendableFromCaptures' is already enabled as of Swift version 6
<unknown>:0: warning: upcoming feature 'GlobalActorIsolatedTypesUsability' is already enabled as of Swift version 6
<unknown>:0: warning: upcoming feature 'DisableOutwardActorInference' is already enabled as of Swift version 6
/host/spi-builder-workspace/.build/checkouts/DefaultsKit/Sources/DefaultsKit/AppStorage+Ext.swift:7:8: error: no such module 'SwiftUI'
5 | //
6 |
7 | import SwiftUI
| `- error: no such module 'SwiftUI'
8 |
9 | /// Extension for AppStorage to handle `Bool` types.
error: emit-module command failed with exit code 1 (use -v to see invocation)
[8/15] Emitting module TriggerKit
<unknown>:0: warning: upcoming feature 'InferSendableFromCaptures' is already enabled as of Swift version 6
<unknown>:0: warning: upcoming feature 'GlobalActorIsolatedTypesUsability' is already enabled as of Swift version 6
<unknown>:0: warning: upcoming feature 'DisableOutwardActorInference' is already enabled as of Swift version 6
/host/spi-builder-workspace/.build/checkouts/TriggerKit/Sources/TriggerKit/StateChangeModifier.swift:7:8: error: no such module 'SwiftUI'
5 | //
6 |
7 | import SwiftUI
| `- error: no such module 'SwiftUI'
8 |
9 | /// A `ViewModifier` that triggers an action when a specified state changes.
[9/15] Compiling TriggerKit StateChangeModifier.swift
<unknown>:0: warning: upcoming feature 'InferSendableFromCaptures' is already enabled as of Swift version 6
<unknown>:0: warning: upcoming feature 'GlobalActorIsolatedTypesUsability' is already enabled as of Swift version 6
<unknown>:0: warning: upcoming feature 'DisableOutwardActorInference' is already enabled as of Swift version 6
/host/spi-builder-workspace/.build/checkouts/TriggerKit/Sources/TriggerKit/StateChangeModifier.swift:7:8: error: no such module 'SwiftUI'
5 | //
6 |
7 | import SwiftUI
| `- error: no such module 'SwiftUI'
8 |
9 | /// A `ViewModifier` that triggers an action when a specified state changes.
[10/15] Compiling TriggerKit TriggerActionPerformable.swift
<unknown>:0: warning: upcoming feature 'InferSendableFromCaptures' is already enabled as of Swift version 6
<unknown>:0: warning: upcoming feature 'GlobalActorIsolatedTypesUsability' is already enabled as of Swift version 6
<unknown>:0: warning: upcoming feature 'DisableOutwardActorInference' is already enabled as of Swift version 6
/host/spi-builder-workspace/.build/checkouts/TriggerKit/Sources/TriggerKit/StateChangeModifier.swift:7:8: error: no such module 'SwiftUI'
5 | //
6 |
7 | import SwiftUI
| `- error: no such module 'SwiftUI'
8 |
9 | /// A `ViewModifier` that triggers an action when a specified state changes.
<unknown>:0: warning: upcoming feature 'InferSendableFromCaptures' is already enabled as of Swift version 6
<unknown>:0: warning: upcoming feature 'GlobalActorIsolatedTypesUsability' is already enabled as of Swift version 6
<unknown>:0: warning: upcoming feature 'DisableOutwardActorInference' is already enabled as of Swift version 6
Running build ...
bash -c docker run --pull=always --rm -v "checkouts-54344847-2":/host -w "$PWD" -e JAVA_HOME="/root/.sdkman/candidates/java/current" -e SPI_BUILD="1" -e SPI_PROCESSING="1" registry.gitlab.com/saguaro1/spi-images:wasm-6.1-latest swift build --swift-sdk wasm32-unknown-wasi 2>&1
wasm-6.1-latest: Pulling from saguaro1/spi-images
Digest: sha256:beceeede496da67681f4fa220a6b97cc098a0178841a413735f598dc6bbaf4c8
Status: Image is up to date for registry.gitlab.com/saguaro1/spi-images:wasm-6.1-latest
[0/1] Planning build
Building for debugging...
[0/1] Write swift-version-24593BA9C3E375BF.txt
[2/10] Compiling TriggerKit TriggerActionPerformable.swift
/host/spi-builder-workspace/.build/checkouts/TriggerKit/Sources/TriggerKit/StateChangeModifier.swift:7:8: error: no such module 'SwiftUI'
5 | //
6 |
7 | import SwiftUI
| `- error: no such module 'SwiftUI'
8 |
9 | /// A `ViewModifier` that triggers an action when a specified state changes.
[3/10] Compiling TriggerKit StateChangeModifier.swift
/host/spi-builder-workspace/.build/checkouts/TriggerKit/Sources/TriggerKit/StateChangeModifier.swift:7:8: error: no such module 'SwiftUI'
5 | //
6 |
7 | import SwiftUI
| `- error: no such module 'SwiftUI'
8 |
9 | /// A `ViewModifier` that triggers an action when a specified state changes.
error: emit-module command failed with exit code 1 (use -v to see invocation)
[4/10] Emitting module TriggerKit
/host/spi-builder-workspace/.build/checkouts/TriggerKit/Sources/TriggerKit/StateChangeModifier.swift:7:8: error: no such module 'SwiftUI'
5 | //
6 |
7 | import SwiftUI
| `- error: no such module 'SwiftUI'
8 |
9 | /// A `ViewModifier` that triggers an action when a specified state changes.
BUILD FAILURE 6.1 wasm