Build Information
Failed to build CircularProgressGauge, reference 2.1.0 (ad4d05), with Swift 6.2 for visionOS using Xcode 26.3 on 3 Sep 2026 10:23:36 UTC.
Build Command
No build command. This typically means the build failed at an early stage where we determine the build command.Build Log
========================================
RunAll
========================================
Builder version: 5.0.2
Interrupt handler set up.
========================================
Checkout
========================================
Clone URL: https://github.com/Appracatappra/CircularProgressGauge.git
Reference: 2.1.0
Initialized empty Git repository in /Users/admin/builder/spi-builder-workspace/.git/
From https://github.com/Appracatappra/CircularProgressGauge
* tag 2.1.0 -> FETCH_HEAD
HEAD is now at ad4d053 Update to OS 26
Cloned https://github.com/Appracatappra/CircularProgressGauge.git
Revision (git rev-parse @):
ad4d0531839795eb26536fb371c9126f4dcc068c
SPI manifest file found: $PWD/.spi.yml
SUCCESS checkout https://github.com/Appracatappra/CircularProgressGauge.git at 2.1.0
========================================
Build
========================================
Selected platform: visionOS
Swift version: 6.2
Building package at path: $PWD
https://github.com/Appracatappra/CircularProgressGauge.git
Command line invocation:
/Applications/Xcode-26.3.0.app/Contents/Developer/usr/bin/xcodebuild -IDEClonedSourcePackagesDirPathOverride=/Users/admin/builder/spi-builder-workspace/.dependencies -resolvePackageDependencies
Resolve Package Graph
package 'spi-builder-workspace' is using Swift tools version 6.4.0 but the installed version is 6.2.4
Resolved source packages:
spi-builder-workspace: (null)
2026-09-03 06:23:35.479 xcodebuild[537:3107] Writing error result bundle to /var/folders/xq/y_g06wb113726d38xsyx71_h0000gn/T/ResultBundle_2026-03-09_06-23-0035.xcresult
xcodebuild: error: Could not resolve package dependencies:
package 'spi-builder-workspace' is using Swift tools version 6.4.0 but the installed version is 6.2.4
Command line invocation:
/Applications/Xcode-26.3.0.app/Contents/Developer/usr/bin/xcodebuild -IDEClonedSourcePackagesDirPathOverride=/Users/admin/builder/spi-builder-workspace/.dependencies -resolvePackageDependencies
Resolve Package Graph
package 'spi-builder-workspace' is using Swift tools version 6.4.0 but the installed version is 6.2.4
Resolved source packages:
spi-builder-workspace: (null)
2026-09-03 06:23:36.358 xcodebuild[599:3635] Writing error result bundle to /var/folders/xq/y_g06wb113726d38xsyx71_h0000gn/T/ResultBundle_2026-03-09_06-23-0036.xcresult
xcodebuild: error: Could not resolve package dependencies:
package 'spi-builder-workspace' is using Swift tools version 6.4.0 but the installed version is 6.2.4
BUILD FAILURE 6.2 visionOS