Build Information
Failed to build NeoSimulator, reference main (eb3f3d), with Swift 6.3 for iOS using Xcode 26.4 on 28 Sep 2026 17:09:12 UTC.
Build Command
No build command. This typically means the build failed at an early stage where we determine the build command.Build Log
========================================
RunAll
========================================
Builder version: 5.1.0
Interrupt handler set up.
========================================
Checkout
========================================
Clone URL: https://github.com/lynnswap/NeoSimulator.git
Reference: main
Initialized empty Git repository in /Users/admin/builder/spi-builder-workspace/.git/
From https://github.com/lynnswap/NeoSimulator
* branch main -> FETCH_HEAD
* [new branch] main -> origin/main
HEAD is now at eb3f3db Merge pull request #19 from lynnswap/codex/simulator-window-parity
Cloned https://github.com/lynnswap/NeoSimulator.git
Revision (git rev-parse @):
eb3f3dbb42fe9330e1cb1736f061f995b975ee13
SUCCESS checkout https://github.com/lynnswap/NeoSimulator.git at main
========================================
Build
========================================
Selected platform: iOS
Swift version: 6.3
Building package at path: $PWD
https://github.com/lynnswap/NeoSimulator.git
Command line invocation:
/Applications/Xcode-26.5.0.app/Contents/Developer/usr/bin/xcodebuild -IDEClonedSourcePackagesDirPathOverride=/Users/admin/builder/spi-builder-workspace/.dependencies -resolvePackageDependencies
2026-09-28 13:09:11.584 xcodebuild[534:3073] Writing error result bundle to /var/folders/xq/y_g06wb113726d38xsyx71_h0000gn/T/ResultBundle_2026-28-09_13-09-0011.xcresult
xcodebuild: error: Unable to read project 'NeoSimulator.xcodeproj'.
Reason: Project /Users/admin/builder/spi-builder-workspace/NeoSimulator.xcodeproj cannot be opened because it is missing its project.pbxproj file.
Command line invocation:
/Applications/Xcode-26.5.0.app/Contents/Developer/usr/bin/xcodebuild -IDEClonedSourcePackagesDirPathOverride=/Users/admin/builder/spi-builder-workspace/.dependencies -resolvePackageDependencies
2026-09-28 13:09:12.342 xcodebuild[567:3334] Writing error result bundle to /var/folders/xq/y_g06wb113726d38xsyx71_h0000gn/T/ResultBundle_2026-28-09_13-09-0012.xcresult
xcodebuild: error: Unable to read project 'NeoSimulator.xcodeproj'.
Reason: Project /Users/admin/builder/spi-builder-workspace/NeoSimulator.xcodeproj cannot be opened because it is missing its project.pbxproj file.
BUILD FAILURE 6.3 iOS