Build Information
Failed to build ServerCrypto, reference master (4ee876), with Swift 6.4 for watchOS using Xcode 27.0 on 21 Sep 2026 17:40:12 UTC.
Build Command
env DEVELOPER_DIR=/Applications/Xcode-27.0.0-Release.Candidate.app xcrun xcodebuild -IDEClonedSourcePackagesDirPathOverride=$PWD/.dependencies -skipMacroValidation -skipPackagePluginValidation -derivedDataPath $PWD/.derivedData build -scheme ServerCrypto-Package -destination generic/platform=watchOSBuild Log
========================================
RunAll
========================================
Builder version: 5.1.0
Interrupt handler set up.
========================================
Checkout
========================================
Clone URL: https://github.com/alexaubry/ServerCrypto.git
Reference: master
Initialized empty Git repository in /Users/admin/builder/spi-builder-workspace/.git/
From https://github.com/alexaubry/ServerCrypto
* branch master -> FETCH_HEAD
* [new branch] master -> origin/master
HEAD is now at 4ee8761 Fix Linux pointer type errors
Cloned https://github.com/alexaubry/ServerCrypto.git
Revision (git rev-parse @):
4ee87617153c84d6ca2ca6e8b3181848d6b3277a
SUCCESS checkout https://github.com/alexaubry/ServerCrypto.git at master
========================================
Build
========================================
Selected platform: watchOS
Swift version: 6.4
Building package at path: $PWD
https://github.com/alexaubry/ServerCrypto.git
Command line invocation:
/Applications/Xcode-27.0.0-Release.Candidate.app/Contents/Developer/usr/bin/xcodebuild -IDEClonedSourcePackagesDirPathOverride=/Users/admin/builder/spi-builder-workspace/.dependencies -resolvePackageDependencies
resolved source packages:
{
"dependencies" : [
{
"identity" : "ctls",
"requirement" : {
"range" : [
{
"lower_bound" : "1.1.0",
"upper_bound" : "2.0.0"
}
]
},
"type" : "sourceControl",
"url" : "https://github.com/vapor/ctls"
}
],
"manifest_display_name" : "ServerCrypto",
"name" : "ServerCrypto",
"path" : "/Users/admin/builder/spi-builder-workspace",
"platforms" : [
],
"products" : [
{
"name" : "CryptoSupport",
"targets" : [
"CryptoSupport"
],
"type" : {
"library" : [
"automatic"
]
}
},
{
"name" : "Hash",
"targets" : [
"Hash"
],
"type" : {
"library" : [
"automatic"
]
}
},
{
"name" : "Signature",
"targets" : [
"Signature"
],
"type" : {
"library" : [
"automatic"
]
}
}
],
"targets" : [
{
"c99name" : "Signature",
"module_type" : "SwiftTarget",
"name" : "Signature",
"path" : "Sources/Signature",
"product_memberships" : [
"Signature"
],
"sources" : [
"AsymmetricKey.swift",
"Exports.swift",
"HMACKey.swift",
"Signer.swift"
],
"target_dependencies" : [
"CryptoSupport",
"Hash"
],
"type" : "library"
},
{
"c99name" : "ServerCryptoTests",
"module_type" : "SwiftTarget",
"name" : "ServerCryptoTests",
"path" : "Tests/ServerCryptoTests",
"sources" : [
"CryptoSupport/CryptoErrorTests.swift",
"CryptoSupport/HexTests.swift",
"Hash/HashTestData.swift",
"Hash/HashTests.swift",
"Signature/ECDSA/ECDSASignatures.swift",
"Signature/ECDSA/ECDSATests.swift",
"Signature/HMAC/HMACSignatures.swift",
"Signature/HMAC/HMACTests.swift",
"Signature/RSA/RSATestVectors.swift",
"Signature/RSA/RSATests.swift",
"Signature/SignatureTestsCoordinator.swift"
],
"target_dependencies" : [
"CryptoSupport",
"Hash",
"Signature"
],
"type" : "test"
},
{
"c99name" : "Hash",
"module_type" : "SwiftTarget",
"name" : "Hash",
"path" : "Sources/Hash",
"product_memberships" : [
"Hash",
"Signature"
],
"sources" : [
"Exports.swift",
"Hasher.swift"
],
"target_dependencies" : [
"CryptoSupport"
],
"type" : "library"
},
{
"c99name" : "CryptoSupport",
"module_type" : "SwiftTarget",
"name" : "CryptoSupport",
"path" : "Sources/CryptoSupport",
"product_memberships" : [
"CryptoSupport",
"Hash",
"Signature"
],
"sources" : [
"CryptoError.swift",
"CryptoProvider.swift",
"Hex.swift",
"Protocols.swift"
],
"type" : "library"
}
],
"tools_version" : "4.0"
}
{
"project" : {
"configurations" : [
"Debug",
"Release"
],
"name" : "ServerCrypto",
"schemes" : [
"ServerCrypto",
"ServerCryptoPackageDescription",
"ServerCryptoPackageTests"
],
"targets" : [
"ServerCryptoPackageDescription",
"ServerCryptoTests",
"Signature",
"Hash",
"CryptoSupport",
"ServerCryptoPackageTests"
]
}
}
{
"workspace" : {
"name" : "ServerCrypto",
"schemes" : [
"CryptoSupport",
"Hash",
"ServerCrypto-Package",
"Signature"
]
}
}
2026-09-21 13:40:02.309 xcodebuild[621:3910] [MT] IDERunDestination: Supported platforms for the buildables in the current scheme is empty.
Running build ...
env DEVELOPER_DIR=/Applications/Xcode-27.0.0-Release.Candidate.app xcrun xcodebuild -IDEClonedSourcePackagesDirPathOverride=$PWD/.dependencies -skipMacroValidation -skipPackagePluginValidation -derivedDataPath $PWD/.derivedData build -scheme ServerCrypto-Package -destination generic/platform=watchOS
Command line invocation:
/Applications/Xcode-27.0.0-Release.Candidate.app/Contents/Developer/usr/bin/xcodebuild -IDEClonedSourcePackagesDirPathOverride=/Users/admin/builder/spi-builder-workspace/.dependencies -skipMacroValidation -skipPackagePluginValidation -derivedDataPath /Users/admin/builder/spi-builder-workspace/.derivedData build -scheme ServerCrypto-Package -destination generic/platform=watchOS
Resolve Package Graph
ignoring declared target(s) 'CTLS' in the system packagedependency 'ctls' is not used by any targetyou may be able to install ctls using your system-packager:
brew install openssl
Resolve Package Graph
ignoring declared target(s) 'CTLS' in the system packagedependency 'ctls' is not used by any targetyou may be able to install ctls using your system-packager:
brew install openssl
Resolved source packages:
CTLS: https://github.com/vapor/ctls @ 1.1.3
ServerCrypto: /Users/admin/builder/spi-builder-workspace
ComputePackagePrebuildTargetDependencyGraph
Prepare packages
CreateBuildRequest
SendProjectDescription
CreateBuildOperation
ComputeTargetDependencyGraph
note: Building targets in dependency order
note: Target dependency graph (7 targets)
Target 'Signature-product' in project 'ServerCrypto'
➜ Explicit dependency on target 'Signature' in project 'ServerCrypto'
➜ Explicit dependency on target 'CryptoSupport' in project 'ServerCrypto'
➜ Explicit dependency on target 'Hash' in project 'ServerCrypto'
Target 'Signature' in project 'ServerCrypto'
➜ Explicit dependency on target 'CTLS' in project 'CTLS'
➜ Explicit dependency on target 'CryptoSupport' in project 'ServerCrypto'
➜ Explicit dependency on target 'Hash' in project 'ServerCrypto'
Target 'Hash-product' in project 'ServerCrypto'
➜ Explicit dependency on target 'Hash' in project 'ServerCrypto'
➜ Explicit dependency on target 'CryptoSupport' in project 'ServerCrypto'
Target 'Hash' in project 'ServerCrypto'
➜ Explicit dependency on target 'CTLS' in project 'CTLS'
➜ Explicit dependency on target 'CryptoSupport' in project 'ServerCrypto'
Target 'CryptoSupport-product' in project 'ServerCrypto'
➜ Explicit dependency on target 'CryptoSupport' in project 'ServerCrypto'
Target 'CryptoSupport' in project 'ServerCrypto'
➜ Explicit dependency on target 'CTLS' in project 'CTLS'
Target 'CTLS' in project 'CTLS' (no dependencies)
GatherProvisioningInputs
CreateBuildDescription
ExecuteExternalTool /Applications/Xcode-27.0.0-Release.Candidate.app/Contents/Developer/Toolchains/XcodeDefault.xctoolchain/usr/bin/swiftc --version
ExecuteExternalTool /Applications/Xcode-27.0.0-Release.Candidate.app/Contents/Developer/Toolchains/XcodeDefault.xctoolchain/usr/bin/clang -v -E -dM -isysroot /Applications/Xcode-27.0.0-Release.Candidate.app/Contents/Developer/Platforms/WatchOS.platform/Developer/SDKs/WatchOS27.0.sdk -x c -c /dev/null
ExecuteExternalTool /Applications/Xcode-27.0.0-Release.Candidate.app/Contents/Developer/Toolchains/XcodeDefault.xctoolchain/usr/bin/ld -version_details
Build description signature: 28221182ad85dea07cead885243510d1
Build description path: /Users/admin/builder/spi-builder-workspace/.derivedData/Build/Intermediates.noindex/XCBuildData/28221182ad85dea07cead885243510d1.xcbuilddata
CreateBuildDirectory /Users/admin/builder/spi-builder-workspace/.derivedData/SDKExplicitPrecompiledModules
cd /Users/admin/builder/spi-builder-workspace/.swiftpm/xcode
builtin-create-build-directory /Users/admin/builder/spi-builder-workspace/.derivedData/SDKExplicitPrecompiledModules
CreateBuildDirectory /Users/admin/builder/spi-builder-workspace/.derivedData/ModuleCache.noindex
cd /Users/admin/builder/spi-builder-workspace/.swiftpm/xcode
builtin-create-build-directory /Users/admin/builder/spi-builder-workspace/.derivedData/ModuleCache.noindex
CreateBuildDirectory /Users/admin/builder/spi-builder-workspace/.derivedData/CompilationCache.noindex
cd /Users/admin/builder/spi-builder-workspace/.swiftpm/xcode
builtin-create-build-directory /Users/admin/builder/spi-builder-workspace/.derivedData/CompilationCache.noindex
CreateBuildDirectory /Users/admin/builder/spi-builder-workspace/.derivedData/Build/Intermediates.noindex
cd /Users/admin/builder/spi-builder-workspace/.swiftpm/xcode
builtin-create-build-directory /Users/admin/builder/spi-builder-workspace/.derivedData/Build/Intermediates.noindex
CreateBuildDirectory /Users/admin/builder/spi-builder-workspace/.derivedData/Build/Products
cd /Users/admin/builder/spi-builder-workspace/.swiftpm/xcode
builtin-create-build-directory /Users/admin/builder/spi-builder-workspace/.derivedData/Build/Products
ClangStatCache /Applications/Xcode-27.0.0-Release.Candidate.app/Contents/Developer/Toolchains/XcodeDefault.xctoolchain/usr/bin/clang-stat-cache /Applications/Xcode-27.0.0-Release.Candidate.app/Contents/Developer/Platforms/WatchOS.platform/Developer/SDKs/WatchOS27.0.sdk /Users/admin/builder/spi-builder-workspace/.derivedData/SDKStatCaches.noindex/watchos27.0-24R360-e829b21a6f8c9b70876ba0858053c04477534ef55a1706bf4c1112bbb242f0a2.sdkstatcache
cd /Users/admin/builder/spi-builder-workspace/.swiftpm/xcode
/Applications/Xcode-27.0.0-Release.Candidate.app/Contents/Developer/Toolchains/XcodeDefault.xctoolchain/usr/bin/clang-stat-cache /Applications/Xcode-27.0.0-Release.Candidate.app/Contents/Developer/Platforms/WatchOS.platform/Developer/SDKs/WatchOS27.0.sdk -o /Users/admin/builder/spi-builder-workspace/.derivedData/SDKStatCaches.noindex/watchos27.0-24R360-e829b21a6f8c9b70876ba0858053c04477534ef55a1706bf4c1112bbb242f0a2.sdkstatcache
CreateBuildDirectory /Users/admin/builder/spi-builder-workspace/.derivedData/Build/Intermediates.noindex/SwiftExplicitPrecompiledModules
cd /Users/admin/builder/spi-builder-workspace/.swiftpm/xcode
builtin-create-build-directory /Users/admin/builder/spi-builder-workspace/.derivedData/Build/Intermediates.noindex/SwiftExplicitPrecompiledModules
CreateBuildDirectory /Users/admin/builder/spi-builder-workspace/.derivedData/Build/Intermediates.noindex/PrecompiledHeaders
cd /Users/admin/builder/spi-builder-workspace/.swiftpm/xcode
builtin-create-build-directory /Users/admin/builder/spi-builder-workspace/.derivedData/Build/Intermediates.noindex/PrecompiledHeaders
CreateBuildDirectory /Users/admin/builder/spi-builder-workspace/.derivedData/Build/Intermediates.noindex/ExplicitPrecompiledModules
cd /Users/admin/builder/spi-builder-workspace/.swiftpm/xcode
builtin-create-build-directory /Users/admin/builder/spi-builder-workspace/.derivedData/Build/Intermediates.noindex/ExplicitPrecompiledModules
CreateBuildDirectory /Users/admin/builder/spi-builder-workspace/.derivedData/Build/Intermediates.noindex/EagerLinkingTBDs/Debug-watchos
cd /Users/admin/builder/spi-builder-workspace/.swiftpm/xcode
builtin-create-build-directory /Users/admin/builder/spi-builder-workspace/.derivedData/Build/Intermediates.noindex/EagerLinkingTBDs/Debug-watchos
CreateBuildDirectory /Users/admin/builder/spi-builder-workspace/.derivedData/Build/Products/Debug-watchos
cd /Users/admin/builder/spi-builder-workspace/.swiftpm/xcode
builtin-create-build-directory /Users/admin/builder/spi-builder-workspace/.derivedData/Build/Products/Debug-watchos
CreateBuildDirectory /Users/admin/builder/spi-builder-workspace/.derivedData/Build/Products/Debug-watchos/PackageFrameworks
cd /Users/admin/builder/spi-builder-workspace/.swiftpm/xcode
builtin-create-build-directory /Users/admin/builder/spi-builder-workspace/.derivedData/Build/Products/Debug-watchos/PackageFrameworks
WriteAuxiliaryFile /Users/admin/builder/spi-builder-workspace/.derivedData/Build/Intermediates.noindex/ServerCrypto.build/Debug-watchos/Signature-t.build/Signature.modulemap (in target 'Signature' from project 'ServerCrypto')
cd /Users/admin/builder/spi-builder-workspace
write-file /Users/admin/builder/spi-builder-workspace/.derivedData/Build/Intermediates.noindex/ServerCrypto.build/Debug-watchos/Signature-t.build/Signature.modulemap
WriteAuxiliaryFile /Users/admin/builder/spi-builder-workspace/.derivedData/Build/Intermediates.noindex/ServerCrypto.build/Debug-watchos/Signature-t.build/Signature.DependencyMetadataFileList (in target 'Signature' from project 'ServerCrypto')
cd /Users/admin/builder/spi-builder-workspace
write-file /Users/admin/builder/spi-builder-workspace/.derivedData/Build/Intermediates.noindex/ServerCrypto.build/Debug-watchos/Signature-t.build/Signature.DependencyMetadataFileList
WriteAuxiliaryFile /Users/admin/builder/spi-builder-workspace/.derivedData/Build/Intermediates.noindex/ServerCrypto.build/Debug-watchos/Signature-t.build/Signature.DependencyStaticMetadataFileList (in target 'Signature' from project 'ServerCrypto')
cd /Users/admin/builder/spi-builder-workspace
write-file /Users/admin/builder/spi-builder-workspace/.derivedData/Build/Intermediates.noindex/ServerCrypto.build/Debug-watchos/Signature-t.build/Signature.DependencyStaticMetadataFileList
WriteAuxiliaryFile /Users/admin/builder/spi-builder-workspace/.derivedData/Build/Intermediates.noindex/ServerCrypto.build/Debug-watchos/Signature-t.build/Objects-normal/arm64_32/Signature.SwiftFileList (in target 'Signature' from project 'ServerCrypto')
cd /Users/admin/builder/spi-builder-workspace
write-file /Users/admin/builder/spi-builder-workspace/.derivedData/Build/Intermediates.noindex/ServerCrypto.build/Debug-watchos/Signature-t.build/Objects-normal/arm64_32/Signature.SwiftFileList
WriteAuxiliaryFile /Users/admin/builder/spi-builder-workspace/.derivedData/Build/Intermediates.noindex/ServerCrypto.build/Debug-watchos/Signature-t.build/Objects-normal/arm64_32/Signature.SwiftConstValuesFileList (in target 'Signature' from project 'ServerCrypto')
cd /Users/admin/builder/spi-builder-workspace
write-file /Users/admin/builder/spi-builder-workspace/.derivedData/Build/Intermediates.noindex/ServerCrypto.build/Debug-watchos/Signature-t.build/Objects-normal/arm64_32/Signature.SwiftConstValuesFileList
WriteAuxiliaryFile /Users/admin/builder/spi-builder-workspace/.derivedData/Build/Intermediates.noindex/ServerCrypto.build/Debug-watchos/Signature-t.build/Objects-normal/arm64_32/Signature.LinkFileList (in target 'Signature' from project 'ServerCrypto')
cd /Users/admin/builder/spi-builder-workspace
write-file /Users/admin/builder/spi-builder-workspace/.derivedData/Build/Intermediates.noindex/ServerCrypto.build/Debug-watchos/Signature-t.build/Objects-normal/arm64_32/Signature.LinkFileList
WriteAuxiliaryFile /Users/admin/builder/spi-builder-workspace/.derivedData/Build/Intermediates.noindex/ServerCrypto.build/Debug-watchos/Signature-t.build/Objects-normal/arm64_32/Signature_const_extract_protocols.json (in target 'Signature' from project 'ServerCrypto')
cd /Users/admin/builder/spi-builder-workspace
write-file /Users/admin/builder/spi-builder-workspace/.derivedData/Build/Intermediates.noindex/ServerCrypto.build/Debug-watchos/Signature-t.build/Objects-normal/arm64_32/Signature_const_extract_protocols.json
WriteAuxiliaryFile /Users/admin/builder/spi-builder-workspace/.derivedData/Build/Intermediates.noindex/ServerCrypto.build/Debug-watchos/Signature-t.build/Objects-normal/arm64_32/Signature-OutputFileMap.json (in target 'Signature' from project 'ServerCrypto')
cd /Users/admin/builder/spi-builder-workspace
write-file /Users/admin/builder/spi-builder-workspace/.derivedData/Build/Intermediates.noindex/ServerCrypto.build/Debug-watchos/Signature-t.build/Objects-normal/arm64_32/Signature-OutputFileMap.json
WriteAuxiliaryFile /Users/admin/builder/spi-builder-workspace/.derivedData/Build/Intermediates.noindex/ServerCrypto.build/Debug-watchos/Signature-t.build/Objects-normal/arm64/Signature_const_extract_protocols.json (in target 'Signature' from project 'ServerCrypto')
cd /Users/admin/builder/spi-builder-workspace
write-file /Users/admin/builder/spi-builder-workspace/.derivedData/Build/Intermediates.noindex/ServerCrypto.build/Debug-watchos/Signature-t.build/Objects-normal/arm64/Signature_const_extract_protocols.json
WriteAuxiliaryFile /Users/admin/builder/spi-builder-workspace/.derivedData/Build/Intermediates.noindex/ServerCrypto.build/Debug-watchos/Signature-t.build/Objects-normal/arm64/Signature.SwiftFileList (in target 'Signature' from project 'ServerCrypto')
cd /Users/admin/builder/spi-builder-workspace
write-file /Users/admin/builder/spi-builder-workspace/.derivedData/Build/Intermediates.noindex/ServerCrypto.build/Debug-watchos/Signature-t.build/Objects-normal/arm64/Signature.SwiftFileList
WriteAuxiliaryFile /Users/admin/builder/spi-builder-workspace/.derivedData/Build/Intermediates.noindex/ServerCrypto.build/Debug-watchos/Signature-t.build/Objects-normal/arm64/Signature.SwiftConstValuesFileList (in target 'Signature' from project 'ServerCrypto')
cd /Users/admin/builder/spi-builder-workspace
write-file /Users/admin/builder/spi-builder-workspace/.derivedData/Build/Intermediates.noindex/ServerCrypto.build/Debug-watchos/Signature-t.build/Objects-normal/arm64/Signature.SwiftConstValuesFileList
WriteAuxiliaryFile /Users/admin/builder/spi-builder-workspace/.derivedData/Build/Intermediates.noindex/ServerCrypto.build/Debug-watchos/Signature-t.build/Objects-normal/arm64/Signature.LinkFileList (in target 'Signature' from project 'ServerCrypto')
cd /Users/admin/builder/spi-builder-workspace
write-file /Users/admin/builder/spi-builder-workspace/.derivedData/Build/Intermediates.noindex/ServerCrypto.build/Debug-watchos/Signature-t.build/Objects-normal/arm64/Signature.LinkFileList
WriteAuxiliaryFile /Users/admin/builder/spi-builder-workspace/.derivedData/Build/Intermediates.noindex/ServerCrypto.build/Debug-watchos/Signature-t.build/Objects-normal/arm64/Signature-OutputFileMap.json (in target 'Signature' from project 'ServerCrypto')
cd /Users/admin/builder/spi-builder-workspace
write-file /Users/admin/builder/spi-builder-workspace/.derivedData/Build/Intermediates.noindex/ServerCrypto.build/Debug-watchos/Signature-t.build/Objects-normal/arm64/Signature-OutputFileMap.json
Copy /Users/admin/builder/spi-builder-workspace/.derivedData/Build/Intermediates.noindex/GeneratedModuleMaps-watchos/Signature.modulemap /Users/admin/builder/spi-builder-workspace/.derivedData/Build/Intermediates.noindex/ServerCrypto.build/Debug-watchos/Signature-t.build/Signature.modulemap (in target 'Signature' from project 'ServerCrypto')
cd /Users/admin/builder/spi-builder-workspace
builtin-copy -exclude .DS_Store -exclude CVS -exclude .svn -exclude .git -exclude .hg -resolve-src-symlinks /Users/admin/builder/spi-builder-workspace/.derivedData/Build/Intermediates.noindex/ServerCrypto.build/Debug-watchos/Signature-t.build/Signature.modulemap /Users/admin/builder/spi-builder-workspace/.derivedData/Build/Intermediates.noindex/GeneratedModuleMaps-watchos
WriteAuxiliaryFile /Users/admin/builder/spi-builder-workspace/.derivedData/Build/Intermediates.noindex/ServerCrypto.build/Debug-watchos/Hash-t.build/Objects-normal/arm64_32/Hash.LinkFileList (in target 'Hash' from project 'ServerCrypto')
cd /Users/admin/builder/spi-builder-workspace
write-file /Users/admin/builder/spi-builder-workspace/.derivedData/Build/Intermediates.noindex/ServerCrypto.build/Debug-watchos/Hash-t.build/Objects-normal/arm64_32/Hash.LinkFileList
WriteAuxiliaryFile /Users/admin/builder/spi-builder-workspace/.derivedData/Build/Intermediates.noindex/ServerCrypto.build/Debug-watchos/Hash-t.build/Objects-normal/arm64_32/Hash_const_extract_protocols.json (in target 'Hash' from project 'ServerCrypto')
cd /Users/admin/builder/spi-builder-workspace
write-file /Users/admin/builder/spi-builder-workspace/.derivedData/Build/Intermediates.noindex/ServerCrypto.build/Debug-watchos/Hash-t.build/Objects-normal/arm64_32/Hash_const_extract_protocols.json
WriteAuxiliaryFile /Users/admin/builder/spi-builder-workspace/.derivedData/Build/Intermediates.noindex/ServerCrypto.build/Debug-watchos/Hash-t.build/Objects-normal/arm64_32/Hash.SwiftConstValuesFileList (in target 'Hash' from project 'ServerCrypto')
cd /Users/admin/builder/spi-builder-workspace
write-file /Users/admin/builder/spi-builder-workspace/.derivedData/Build/Intermediates.noindex/ServerCrypto.build/Debug-watchos/Hash-t.build/Objects-normal/arm64_32/Hash.SwiftConstValuesFileList
WriteAuxiliaryFile /Users/admin/builder/spi-builder-workspace/.derivedData/Build/Intermediates.noindex/ServerCrypto.build/Debug-watchos/Hash-t.build/Objects-normal/arm64_32/Hash.SwiftFileList (in target 'Hash' from project 'ServerCrypto')
cd /Users/admin/builder/spi-builder-workspace
write-file /Users/admin/builder/spi-builder-workspace/.derivedData/Build/Intermediates.noindex/ServerCrypto.build/Debug-watchos/Hash-t.build/Objects-normal/arm64_32/Hash.SwiftFileList
WriteAuxiliaryFile /Users/admin/builder/spi-builder-workspace/.derivedData/Build/Intermediates.noindex/ServerCrypto.build/Debug-watchos/Hash-t.build/Objects-normal/arm64_32/Hash-OutputFileMap.json (in target 'Hash' from project 'ServerCrypto')
cd /Users/admin/builder/spi-builder-workspace
write-file /Users/admin/builder/spi-builder-workspace/.derivedData/Build/Intermediates.noindex/ServerCrypto.build/Debug-watchos/Hash-t.build/Objects-normal/arm64_32/Hash-OutputFileMap.json
WriteAuxiliaryFile /Users/admin/builder/spi-builder-workspace/.derivedData/Build/Intermediates.noindex/ServerCrypto.build/Debug-watchos/Hash-t.build/Objects-normal/arm64/Hash.SwiftFileList (in target 'Hash' from project 'ServerCrypto')
cd /Users/admin/builder/spi-builder-workspace
write-file /Users/admin/builder/spi-builder-workspace/.derivedData/Build/Intermediates.noindex/ServerCrypto.build/Debug-watchos/Hash-t.build/Objects-normal/arm64/Hash.SwiftFileList
WriteAuxiliaryFile /Users/admin/builder/spi-builder-workspace/.derivedData/Build/Intermediates.noindex/ServerCrypto.build/Debug-watchos/Hash-t.build/Objects-normal/arm64/Hash_const_extract_protocols.json (in target 'Hash' from project 'ServerCrypto')
cd /Users/admin/builder/spi-builder-workspace
write-file /Users/admin/builder/spi-builder-workspace/.derivedData/Build/Intermediates.noindex/ServerCrypto.build/Debug-watchos/Hash-t.build/Objects-normal/arm64/Hash_const_extract_protocols.json
WriteAuxiliaryFile /Users/admin/builder/spi-builder-workspace/.derivedData/Build/Intermediates.noindex/ServerCrypto.build/Debug-watchos/Hash-t.build/Objects-normal/arm64/Hash.SwiftConstValuesFileList (in target 'Hash' from project 'ServerCrypto')
cd /Users/admin/builder/spi-builder-workspace
write-file /Users/admin/builder/spi-builder-workspace/.derivedData/Build/Intermediates.noindex/ServerCrypto.build/Debug-watchos/Hash-t.build/Objects-normal/arm64/Hash.SwiftConstValuesFileList
WriteAuxiliaryFile /Users/admin/builder/spi-builder-workspace/.derivedData/Build/Intermediates.noindex/ServerCrypto.build/Debug-watchos/Hash-t.build/Objects-normal/arm64/Hash.LinkFileList (in target 'Hash' from project 'ServerCrypto')
cd /Users/admin/builder/spi-builder-workspace
write-file /Users/admin/builder/spi-builder-workspace/.derivedData/Build/Intermediates.noindex/ServerCrypto.build/Debug-watchos/Hash-t.build/Objects-normal/arm64/Hash.LinkFileList
WriteAuxiliaryFile /Users/admin/builder/spi-builder-workspace/.derivedData/Build/Intermediates.noindex/ServerCrypto.build/Debug-watchos/Hash-t.build/Objects-normal/arm64/Hash-OutputFileMap.json (in target 'Hash' from project 'ServerCrypto')
cd /Users/admin/builder/spi-builder-workspace
write-file /Users/admin/builder/spi-builder-workspace/.derivedData/Build/Intermediates.noindex/ServerCrypto.build/Debug-watchos/Hash-t.build/Objects-normal/arm64/Hash-OutputFileMap.json
WriteAuxiliaryFile /Users/admin/builder/spi-builder-workspace/.derivedData/Build/Intermediates.noindex/ServerCrypto.build/Debug-watchos/Hash-t.build/Hash.modulemap (in target 'Hash' from project 'ServerCrypto')
cd /Users/admin/builder/spi-builder-workspace
write-file /Users/admin/builder/spi-builder-workspace/.derivedData/Build/Intermediates.noindex/ServerCrypto.build/Debug-watchos/Hash-t.build/Hash.modulemap
WriteAuxiliaryFile /Users/admin/builder/spi-builder-workspace/.derivedData/Build/Intermediates.noindex/ServerCrypto.build/Debug-watchos/Hash-t.build/Hash.DependencyStaticMetadataFileList (in target 'Hash' from project 'ServerCrypto')
cd /Users/admin/builder/spi-builder-workspace
write-file /Users/admin/builder/spi-builder-workspace/.derivedData/Build/Intermediates.noindex/ServerCrypto.build/Debug-watchos/Hash-t.build/Hash.DependencyStaticMetadataFileList
WriteAuxiliaryFile /Users/admin/builder/spi-builder-workspace/.derivedData/Build/Intermediates.noindex/ServerCrypto.build/Debug-watchos/Hash-t.build/Hash.DependencyMetadataFileList (in target 'Hash' from project 'ServerCrypto')
cd /Users/admin/builder/spi-builder-workspace
write-file /Users/admin/builder/spi-builder-workspace/.derivedData/Build/Intermediates.noindex/ServerCrypto.build/Debug-watchos/Hash-t.build/Hash.DependencyMetadataFileList
WriteAuxiliaryFile /Users/admin/builder/spi-builder-workspace/.derivedData/Build/Intermediates.noindex/ServerCrypto.build/Debug-watchos/CryptoSupport-t.build/Objects-normal/arm64_32/CryptoSupport_const_extract_protocols.json (in target 'CryptoSupport' from project 'ServerCrypto')
cd /Users/admin/builder/spi-builder-workspace
write-file /Users/admin/builder/spi-builder-workspace/.derivedData/Build/Intermediates.noindex/ServerCrypto.build/Debug-watchos/CryptoSupport-t.build/Objects-normal/arm64_32/CryptoSupport_const_extract_protocols.json
WriteAuxiliaryFile /Users/admin/builder/spi-builder-workspace/.derivedData/Build/Intermediates.noindex/ServerCrypto.build/Debug-watchos/CryptoSupport-t.build/Objects-normal/arm64_32/CryptoSupport.SwiftFileList (in target 'CryptoSupport' from project 'ServerCrypto')
cd /Users/admin/builder/spi-builder-workspace
write-file /Users/admin/builder/spi-builder-workspace/.derivedData/Build/Intermediates.noindex/ServerCrypto.build/Debug-watchos/CryptoSupport-t.build/Objects-normal/arm64_32/CryptoSupport.SwiftFileList
WriteAuxiliaryFile /Users/admin/builder/spi-builder-workspace/.derivedData/Build/Intermediates.noindex/ServerCrypto.build/Debug-watchos/CryptoSupport-t.build/Objects-normal/arm64_32/CryptoSupport.SwiftConstValuesFileList (in target 'CryptoSupport' from project 'ServerCrypto')
cd /Users/admin/builder/spi-builder-workspace
write-file /Users/admin/builder/spi-builder-workspace/.derivedData/Build/Intermediates.noindex/ServerCrypto.build/Debug-watchos/CryptoSupport-t.build/Objects-normal/arm64_32/CryptoSupport.SwiftConstValuesFileList
WriteAuxiliaryFile /Users/admin/builder/spi-builder-workspace/.derivedData/Build/Intermediates.noindex/ServerCrypto.build/Debug-watchos/CryptoSupport-t.build/Objects-normal/arm64_32/CryptoSupport.LinkFileList (in target 'CryptoSupport' from project 'ServerCrypto')
cd /Users/admin/builder/spi-builder-workspace
write-file /Users/admin/builder/spi-builder-workspace/.derivedData/Build/Intermediates.noindex/ServerCrypto.build/Debug-watchos/CryptoSupport-t.build/Objects-normal/arm64_32/CryptoSupport.LinkFileList
WriteAuxiliaryFile /Users/admin/builder/spi-builder-workspace/.derivedData/Build/Intermediates.noindex/ServerCrypto.build/Debug-watchos/CryptoSupport-t.build/Objects-normal/arm64_32/CryptoSupport-OutputFileMap.json (in target 'CryptoSupport' from project 'ServerCrypto')
cd /Users/admin/builder/spi-builder-workspace
write-file /Users/admin/builder/spi-builder-workspace/.derivedData/Build/Intermediates.noindex/ServerCrypto.build/Debug-watchos/CryptoSupport-t.build/Objects-normal/arm64_32/CryptoSupport-OutputFileMap.json
WriteAuxiliaryFile /Users/admin/builder/spi-builder-workspace/.derivedData/Build/Intermediates.noindex/ServerCrypto.build/Debug-watchos/CryptoSupport-t.build/Objects-normal/arm64/CryptoSupport.SwiftFileList (in target 'CryptoSupport' from project 'ServerCrypto')
cd /Users/admin/builder/spi-builder-workspace
write-file /Users/admin/builder/spi-builder-workspace/.derivedData/Build/Intermediates.noindex/ServerCrypto.build/Debug-watchos/CryptoSupport-t.build/Objects-normal/arm64/CryptoSupport.SwiftFileList
WriteAuxiliaryFile /Users/admin/builder/spi-builder-workspace/.derivedData/Build/Intermediates.noindex/ServerCrypto.build/Debug-watchos/CryptoSupport-t.build/Objects-normal/arm64/CryptoSupport_const_extract_protocols.json (in target 'CryptoSupport' from project 'ServerCrypto')
cd /Users/admin/builder/spi-builder-workspace
write-file /Users/admin/builder/spi-builder-workspace/.derivedData/Build/Intermediates.noindex/ServerCrypto.build/Debug-watchos/CryptoSupport-t.build/Objects-normal/arm64/CryptoSupport_const_extract_protocols.json
Copy /Users/admin/builder/spi-builder-workspace/.derivedData/Build/Intermediates.noindex/GeneratedModuleMaps-watchos/Hash.modulemap /Users/admin/builder/spi-builder-workspace/.derivedData/Build/Intermediates.noindex/ServerCrypto.build/Debug-watchos/Hash-t.build/Hash.modulemap (in target 'Hash' from project 'ServerCrypto')
cd /Users/admin/builder/spi-builder-workspace
builtin-copy -exclude .DS_Store -exclude CVS -exclude .svn -exclude .git -exclude .hg -resolve-src-symlinks /Users/admin/builder/spi-builder-workspace/.derivedData/Build/Intermediates.noindex/ServerCrypto.build/Debug-watchos/Hash-t.build/Hash.modulemap /Users/admin/builder/spi-builder-workspace/.derivedData/Build/Intermediates.noindex/GeneratedModuleMaps-watchos
WriteAuxiliaryFile /Users/admin/builder/spi-builder-workspace/.derivedData/Build/Intermediates.noindex/ServerCrypto.build/Debug-watchos/CryptoSupport-t.build/Objects-normal/arm64/CryptoSupport.SwiftConstValuesFileList (in target 'CryptoSupport' from project 'ServerCrypto')
cd /Users/admin/builder/spi-builder-workspace
write-file /Users/admin/builder/spi-builder-workspace/.derivedData/Build/Intermediates.noindex/ServerCrypto.build/Debug-watchos/CryptoSupport-t.build/Objects-normal/arm64/CryptoSupport.SwiftConstValuesFileList
WriteAuxiliaryFile /Users/admin/builder/spi-builder-workspace/.derivedData/Build/Intermediates.noindex/ServerCrypto.build/Debug-watchos/CryptoSupport-t.build/Objects-normal/arm64/CryptoSupport.LinkFileList (in target 'CryptoSupport' from project 'ServerCrypto')
cd /Users/admin/builder/spi-builder-workspace
write-file /Users/admin/builder/spi-builder-workspace/.derivedData/Build/Intermediates.noindex/ServerCrypto.build/Debug-watchos/CryptoSupport-t.build/Objects-normal/arm64/CryptoSupport.LinkFileList
WriteAuxiliaryFile /Users/admin/builder/spi-builder-workspace/.derivedData/Build/Intermediates.noindex/ServerCrypto.build/Debug-watchos/CryptoSupport-t.build/Objects-normal/arm64/CryptoSupport-OutputFileMap.json (in target 'CryptoSupport' from project 'ServerCrypto')
cd /Users/admin/builder/spi-builder-workspace
write-file /Users/admin/builder/spi-builder-workspace/.derivedData/Build/Intermediates.noindex/ServerCrypto.build/Debug-watchos/CryptoSupport-t.build/Objects-normal/arm64/CryptoSupport-OutputFileMap.json
WriteAuxiliaryFile /Users/admin/builder/spi-builder-workspace/.derivedData/Build/Intermediates.noindex/ServerCrypto.build/Debug-watchos/CryptoSupport-t.build/CryptoSupport.modulemap (in target 'CryptoSupport' from project 'ServerCrypto')
cd /Users/admin/builder/spi-builder-workspace
write-file /Users/admin/builder/spi-builder-workspace/.derivedData/Build/Intermediates.noindex/ServerCrypto.build/Debug-watchos/CryptoSupport-t.build/CryptoSupport.modulemap
WriteAuxiliaryFile /Users/admin/builder/spi-builder-workspace/.derivedData/Build/Intermediates.noindex/ServerCrypto.build/Debug-watchos/CryptoSupport-t.build/CryptoSupport.DependencyStaticMetadataFileList (in target 'CryptoSupport' from project 'ServerCrypto')
cd /Users/admin/builder/spi-builder-workspace
write-file /Users/admin/builder/spi-builder-workspace/.derivedData/Build/Intermediates.noindex/ServerCrypto.build/Debug-watchos/CryptoSupport-t.build/CryptoSupport.DependencyStaticMetadataFileList
WriteAuxiliaryFile /Users/admin/builder/spi-builder-workspace/.derivedData/Build/Intermediates.noindex/ServerCrypto.build/Debug-watchos/CryptoSupport-t.build/CryptoSupport.DependencyMetadataFileList (in target 'CryptoSupport' from project 'ServerCrypto')
cd /Users/admin/builder/spi-builder-workspace
write-file /Users/admin/builder/spi-builder-workspace/.derivedData/Build/Intermediates.noindex/ServerCrypto.build/Debug-watchos/CryptoSupport-t.build/CryptoSupport.DependencyMetadataFileList
Copy /Users/admin/builder/spi-builder-workspace/.derivedData/Build/Intermediates.noindex/GeneratedModuleMaps-watchos/CryptoSupport.modulemap /Users/admin/builder/spi-builder-workspace/.derivedData/Build/Intermediates.noindex/ServerCrypto.build/Debug-watchos/CryptoSupport-t.build/CryptoSupport.modulemap (in target 'CryptoSupport' from project 'ServerCrypto')
cd /Users/admin/builder/spi-builder-workspace
builtin-copy -exclude .DS_Store -exclude CVS -exclude .svn -exclude .git -exclude .hg -resolve-src-symlinks /Users/admin/builder/spi-builder-workspace/.derivedData/Build/Intermediates.noindex/ServerCrypto.build/Debug-watchos/CryptoSupport-t.build/CryptoSupport.modulemap /Users/admin/builder/spi-builder-workspace/.derivedData/Build/Intermediates.noindex/GeneratedModuleMaps-watchos
SwiftDriver CryptoSupport normal arm64 com.apple.xcode.tools.swift.compiler (in target 'CryptoSupport' from project 'ServerCrypto')
cd /Users/admin/builder/spi-builder-workspace/.swiftpm/xcode
builtin-SwiftDriver -- /Applications/Xcode-27.0.0-Release.Candidate.app/Contents/Developer/Toolchains/XcodeDefault.xctoolchain/usr/bin/swiftc -parse-as-library -module-name CryptoSupport -Onone @/Users/admin/builder/spi-builder-workspace/.derivedData/Build/Intermediates.noindex/ServerCrypto.build/Debug-watchos/CryptoSupport-t.build/Objects-normal/arm64/CryptoSupport.SwiftFileList -DSWIFT_PACKAGE -DDEBUG -DSWIFT_MODULE_RESOURCE_BUNDLE_UNAVAILABLE -Xcc -fmodule-map-file\=/Users/admin/builder/spi-builder-workspace/.dependencies/checkouts/ctls/module.modulemap -DXcode -plugin-path /Applications/Xcode-27.0.0-Release.Candidate.app/Contents/Developer/Toolchains/XcodeDefault.xctoolchain/usr/lib/swift/host/plugins/testing -enable-experimental-feature DebugDescriptionMacro -sdk /Applications/Xcode-27.0.0-Release.Candidate.app/Contents/Developer/Platforms/WatchOS.platform/Developer/SDKs/WatchOS27.0.sdk -target arm64-apple-watchos9.0 -g -module-cache-path /Users/admin/builder/spi-builder-workspace/.derivedData/ModuleCache.noindex -Xfrontend -serialize-debugging-options -profile-coverage-mapping -profile-generate -enable-testing -index-store-path /Users/admin/builder/spi-builder-workspace/.derivedData/Index.noindex/DataStore -Xcc -D_LIBCPP_HARDENING_MODE\=_LIBCPP_HARDENING_MODE_DEBUG -swift-version 4 -I /Users/admin/builder/spi-builder-workspace/.derivedData/Build/Products/Debug-watchos -Isystem /Applications/Xcode-27.0.0-Release.Candidate.app/Contents/Developer/Platforms/WatchOS.platform/Developer/usr/lib -F /Users/admin/builder/spi-builder-workspace/.derivedData/Build/Products/Debug-watchos -F /Applications/Xcode-27.0.0-Release.Candidate.app/Contents/Developer/Platforms/WatchOS.platform/Developer/Library/Frameworks -F /Applications/Xcode-27.0.0-Release.Candidate.app/Contents/Developer/Platforms/WatchOS.platform/Developer/SDKs/WatchOS27.0.sdk/Developer/Library/Frameworks -c -j10 -enable-batch-mode -incremental -Xcc -ivfsstatcache -Xcc /Users/admin/builder/spi-builder-workspace/.derivedData/SDKStatCaches.noindex/watchos27.0-24R360-e829b21a6f8c9b70876ba0858053c04477534ef55a1706bf4c1112bbb242f0a2.sdkstatcache -output-file-map /Users/admin/builder/spi-builder-workspace/.derivedData/Build/Intermediates.noindex/ServerCrypto.build/Debug-watchos/CryptoSupport-t.build/Objects-normal/arm64/CryptoSupport-OutputFileMap.json -save-temps -no-color-diagnostics -emit-dependencies -emit-module -emit-module-path /Users/admin/builder/spi-builder-workspace/.derivedData/Build/Intermediates.noindex/ServerCrypto.build/Debug-watchos/CryptoSupport-t.build/Objects-normal/arm64/CryptoSupport.swiftmodule -serialize-diagnostics -validate-clang-modules-once -clang-build-session-file /Users/admin/builder/spi-builder-workspace/.derivedData/ModuleCache.noindex/Session.modulevalidation -Xcc -fmodules-prune-interval\=86400 -Xcc -fmodules-prune-after\=345600 -emit-const-values -const-gather-protocols-list /Users/admin/builder/spi-builder-workspace/.derivedData/Build/Intermediates.noindex/ServerCrypto.build/Debug-watchos/CryptoSupport-t.build/Objects-normal/arm64/CryptoSupport_const_extract_protocols.json -Xcc -I/Users/admin/builder/spi-builder-workspace/.derivedData/Build/Products/Debug-watchos/include -Xcc -I/Users/admin/builder/spi-builder-workspace/.derivedData/Build/Intermediates.noindex/ServerCrypto.build/Debug-watchos/CryptoSupport-t.build/DerivedSources-normal/arm64 -Xcc -I/Users/admin/builder/spi-builder-workspace/.derivedData/Build/Intermediates.noindex/ServerCrypto.build/Debug-watchos/CryptoSupport-t.build/DerivedSources/arm64 -Xcc -I/Users/admin/builder/spi-builder-workspace/.derivedData/Build/Intermediates.noindex/ServerCrypto.build/Debug-watchos/CryptoSupport-t.build/DerivedSources -Xcc -DSWIFT_PACKAGE -Xcc -DDEBUG\=1 -emit-objc-header -emit-objc-header-path /Users/admin/builder/spi-builder-workspace/.derivedData/Build/Intermediates.noindex/ServerCrypto.build/Debug-watchos/CryptoSupport-t.build/Objects-normal/arm64/CryptoSupport-Swift.h -working-directory /Users/admin/builder/spi-builder-workspace/.swiftpm/xcode -experimental-emit-module-separately -disable-cmo
SwiftDriver CryptoSupport normal arm64_32 com.apple.xcode.tools.swift.compiler (in target 'CryptoSupport' from project 'ServerCrypto')
cd /Users/admin/builder/spi-builder-workspace/.swiftpm/xcode
builtin-SwiftDriver -- /Applications/Xcode-27.0.0-Release.Candidate.app/Contents/Developer/Toolchains/XcodeDefault.xctoolchain/usr/bin/swiftc -parse-as-library -module-name CryptoSupport -Onone @/Users/admin/builder/spi-builder-workspace/.derivedData/Build/Intermediates.noindex/ServerCrypto.build/Debug-watchos/CryptoSupport-t.build/Objects-normal/arm64_32/CryptoSupport.SwiftFileList -DSWIFT_PACKAGE -DDEBUG -DSWIFT_MODULE_RESOURCE_BUNDLE_UNAVAILABLE -Xcc -fmodule-map-file\=/Users/admin/builder/spi-builder-workspace/.dependencies/checkouts/ctls/module.modulemap -DXcode -plugin-path /Applications/Xcode-27.0.0-Release.Candidate.app/Contents/Developer/Toolchains/XcodeDefault.xctoolchain/usr/lib/swift/host/plugins/testing -enable-experimental-feature DebugDescriptionMacro -sdk /Applications/Xcode-27.0.0-Release.Candidate.app/Contents/Developer/Platforms/WatchOS.platform/Developer/SDKs/WatchOS27.0.sdk -target arm64_32-apple-watchos9.0 -g -module-cache-path /Users/admin/builder/spi-builder-workspace/.derivedData/ModuleCache.noindex -Xfrontend -serialize-debugging-options -profile-coverage-mapping -profile-generate -enable-testing -index-store-path /Users/admin/builder/spi-builder-workspace/.derivedData/Index.noindex/DataStore -Xcc -D_LIBCPP_HARDENING_MODE\=_LIBCPP_HARDENING_MODE_DEBUG -swift-version 4 -I /Users/admin/builder/spi-builder-workspace/.derivedData/Build/Products/Debug-watchos -Isystem /Applications/Xcode-27.0.0-Release.Candidate.app/Contents/Developer/Platforms/WatchOS.platform/Developer/usr/lib -F /Users/admin/builder/spi-builder-workspace/.derivedData/Build/Products/Debug-watchos -F /Applications/Xcode-27.0.0-Release.Candidate.app/Contents/Developer/Platforms/WatchOS.platform/Developer/Library/Frameworks -F /Applications/Xcode-27.0.0-Release.Candidate.app/Contents/Developer/Platforms/WatchOS.platform/Developer/SDKs/WatchOS27.0.sdk/Developer/Library/Frameworks -c -j10 -enable-batch-mode -incremental -Xcc -ivfsstatcache -Xcc /Users/admin/builder/spi-builder-workspace/.derivedData/SDKStatCaches.noindex/watchos27.0-24R360-e829b21a6f8c9b70876ba0858053c04477534ef55a1706bf4c1112bbb242f0a2.sdkstatcache -output-file-map /Users/admin/builder/spi-builder-workspace/.derivedData/Build/Intermediates.noindex/ServerCrypto.build/Debug-watchos/CryptoSupport-t.build/Objects-normal/arm64_32/CryptoSupport-OutputFileMap.json -save-temps -no-color-diagnostics -emit-dependencies -emit-module -emit-module-path /Users/admin/builder/spi-builder-workspace/.derivedData/Build/Intermediates.noindex/ServerCrypto.build/Debug-watchos/CryptoSupport-t.build/Objects-normal/arm64_32/CryptoSupport.swiftmodule -serialize-diagnostics -validate-clang-modules-once -clang-build-session-file /Users/admin/builder/spi-builder-workspace/.derivedData/ModuleCache.noindex/Session.modulevalidation -Xcc -fmodules-prune-interval\=86400 -Xcc -fmodules-prune-after\=345600 -emit-const-values -const-gather-protocols-list /Users/admin/builder/spi-builder-workspace/.derivedData/Build/Intermediates.noindex/ServerCrypto.build/Debug-watchos/CryptoSupport-t.build/Objects-normal/arm64_32/CryptoSupport_const_extract_protocols.json -Xcc -I/Users/admin/builder/spi-builder-workspace/.derivedData/Build/Products/Debug-watchos/include -Xcc -I/Users/admin/builder/spi-builder-workspace/.derivedData/Build/Intermediates.noindex/ServerCrypto.build/Debug-watchos/CryptoSupport-t.build/DerivedSources-normal/arm64_32 -Xcc -I/Users/admin/builder/spi-builder-workspace/.derivedData/Build/Intermediates.noindex/ServerCrypto.build/Debug-watchos/CryptoSupport-t.build/DerivedSources/arm64_32 -Xcc -I/Users/admin/builder/spi-builder-workspace/.derivedData/Build/Intermediates.noindex/ServerCrypto.build/Debug-watchos/CryptoSupport-t.build/DerivedSources -Xcc -DSWIFT_PACKAGE -Xcc -DDEBUG\=1 -emit-objc-header -emit-objc-header-path /Users/admin/builder/spi-builder-workspace/.derivedData/Build/Intermediates.noindex/ServerCrypto.build/Debug-watchos/CryptoSupport-t.build/Objects-normal/arm64_32/CryptoSupport-Swift.h -working-directory /Users/admin/builder/spi-builder-workspace/.swiftpm/xcode -experimental-emit-module-separately -disable-cmo
SwiftEmitModule normal arm64 Emitting\ module\ for\ CryptoSupport (in target 'CryptoSupport' from project 'ServerCrypto')
SwiftCompile normal arm64 (in target 'CryptoSupport' from project 'ServerCrypto')
cd /Users/admin/builder/spi-builder-workspace/.swiftpm/xcode
SwiftCompile normal arm64 Compiling\ Hex.swift /Users/admin/builder/spi-builder-workspace/Sources/CryptoSupport/Hex.swift (in target 'CryptoSupport' from project 'ServerCrypto')
SwiftCompile normal arm64 /Users/admin/builder/spi-builder-workspace/Sources/CryptoSupport/Hex.swift (in target 'CryptoSupport' from project 'ServerCrypto')
cd /Users/admin/builder/spi-builder-workspace/.swiftpm/xcode
builtin-SwiftPerFileCompile Hex.swift
<module-includes>:1:9: note: in file included from <module-includes>:1:
1 | #import "shim.h"
| `- note: in file included from <module-includes>:1:
2 |
/Users/admin/builder/spi-builder-workspace/.dependencies/checkouts/ctls/shim.h:4:10: error: 'openssl/conf.h' file not found
2 | #define __COPENSSL_SHIM_H__
3 |
4 | #include <openssl/conf.h>
| `- error: 'openssl/conf.h' file not found
5 | #include <openssl/evp.h>
6 | #include <openssl/err.h>
SwiftCompile normal arm64 Compiling\ CryptoProvider.swift /Users/admin/builder/spi-builder-workspace/Sources/CryptoSupport/CryptoProvider.swift (in target 'CryptoSupport' from project 'ServerCrypto')
SwiftCompile normal arm64 /Users/admin/builder/spi-builder-workspace/Sources/CryptoSupport/CryptoProvider.swift (in target 'CryptoSupport' from project 'ServerCrypto')
cd /Users/admin/builder/spi-builder-workspace/.swiftpm/xcode
builtin-SwiftPerFileCompile CryptoProvider.swift
<module-includes>:1:9: note: in file included from <module-includes>:1:
1 | #import "shim.h"
| `- note: in file included from <module-includes>:1:
2 |
/Users/admin/builder/spi-builder-workspace/.dependencies/checkouts/ctls/shim.h:4:10: error: 'openssl/conf.h' file not found
2 | #define __COPENSSL_SHIM_H__
3 |
4 | #include <openssl/conf.h>
| `- error: 'openssl/conf.h' file not found
5 | #include <openssl/evp.h>
6 | #include <openssl/err.h>
SwiftCompile normal arm64 Compiling\ Protocols.swift /Users/admin/builder/spi-builder-workspace/Sources/CryptoSupport/Protocols.swift (in target 'CryptoSupport' from project 'ServerCrypto')
<module-includes>:1:9: note: in file included from <module-includes>:1:
1 | #import "shim.h"
| `- note: in file included from <module-includes>:1:
2 |
/Users/admin/builder/spi-builder-workspace/.dependencies/checkouts/ctls/shim.h:4:10: error: 'openssl/conf.h' file not found
2 | #define __COPENSSL_SHIM_H__
3 |
4 | #include <openssl/conf.h>
| `- error: 'openssl/conf.h' file not found
5 | #include <openssl/evp.h>
6 | #include <openssl/err.h>
SwiftCompile normal arm64 /Users/admin/builder/spi-builder-workspace/Sources/CryptoSupport/Protocols.swift (in target 'CryptoSupport' from project 'ServerCrypto')
cd /Users/admin/builder/spi-builder-workspace/.swiftpm/xcode
builtin-SwiftPerFileCompile Protocols.swift
SwiftCompile normal arm64 Compiling\ CryptoError.swift /Users/admin/builder/spi-builder-workspace/Sources/CryptoSupport/CryptoError.swift (in target 'CryptoSupport' from project 'ServerCrypto')
SwiftCompile normal arm64 /Users/admin/builder/spi-builder-workspace/Sources/CryptoSupport/CryptoError.swift (in target 'CryptoSupport' from project 'ServerCrypto')
cd /Users/admin/builder/spi-builder-workspace/.swiftpm/xcode
builtin-SwiftPerFileCompile CryptoError.swift
<module-includes>:1:9: note: in file included from <module-includes>:1:
1 | #import "shim.h"
| `- note: in file included from <module-includes>:1:
2 |
/Users/admin/builder/spi-builder-workspace/.dependencies/checkouts/ctls/shim.h:4:10: error: 'openssl/conf.h' file not found
2 | #define __COPENSSL_SHIM_H__
3 |
4 | #include <openssl/conf.h>
| `- error: 'openssl/conf.h' file not found
5 | #include <openssl/evp.h>
6 | #include <openssl/err.h>
SwiftCompile normal arm64_32 Compiling\ CryptoProvider.swift /Users/admin/builder/spi-builder-workspace/Sources/CryptoSupport/CryptoProvider.swift (in target 'CryptoSupport' from project 'ServerCrypto')
<module-includes>:1:9: note: in file included from <module-includes>:1:
1 | #import "shim.h"
| `- note: in file included from <module-includes>:1:
2 |
/Users/admin/builder/spi-builder-workspace/.dependencies/checkouts/ctls/shim.h:4:10: error: 'openssl/conf.h' file not found
2 | #define __COPENSSL_SHIM_H__
3 |
4 | #include <openssl/conf.h>
| `- error: 'openssl/conf.h' file not found
5 | #include <openssl/evp.h>
6 | #include <openssl/err.h>
SwiftCompile normal arm64_32 /Users/admin/builder/spi-builder-workspace/Sources/CryptoSupport/CryptoProvider.swift (in target 'CryptoSupport' from project 'ServerCrypto')
cd /Users/admin/builder/spi-builder-workspace/.swiftpm/xcode
builtin-SwiftPerFileCompile CryptoProvider.swift
SwiftCompile normal arm64_32 Compiling\ CryptoError.swift /Users/admin/builder/spi-builder-workspace/Sources/CryptoSupport/CryptoError.swift (in target 'CryptoSupport' from project 'ServerCrypto')
<module-includes>:1:9: note: in file included from <module-includes>:1:
1 | #import "shim.h"
| `- note: in file included from <module-includes>:1:
2 |
/Users/admin/builder/spi-builder-workspace/.dependencies/checkouts/ctls/shim.h:4:10: error: 'openssl/conf.h' file not found
2 | #define __COPENSSL_SHIM_H__
3 |
4 | #include <openssl/conf.h>
| `- error: 'openssl/conf.h' file not found
5 | #include <openssl/evp.h>
6 | #include <openssl/err.h>
SwiftCompile normal arm64_32 /Users/admin/builder/spi-builder-workspace/Sources/CryptoSupport/CryptoError.swift (in target 'CryptoSupport' from project 'ServerCrypto')
cd /Users/admin/builder/spi-builder-workspace/.swiftpm/xcode
builtin-SwiftPerFileCompile CryptoError.swift
SwiftCompile normal arm64_32 Compiling\ Hex.swift /Users/admin/builder/spi-builder-workspace/Sources/CryptoSupport/Hex.swift (in target 'CryptoSupport' from project 'ServerCrypto')
<module-includes>:1:9: note: in file included from <module-includes>:1:
1 | #import "shim.h"
| `- note: in file included from <module-includes>:1:
2 |
/Users/admin/builder/spi-builder-workspace/.dependencies/checkouts/ctls/shim.h:4:10: error: 'openssl/conf.h' file not found
2 | #define __COPENSSL_SHIM_H__
3 |
4 | #include <openssl/conf.h>
| `- error: 'openssl/conf.h' file not found
5 | #include <openssl/evp.h>
6 | #include <openssl/err.h>
SwiftCompile normal arm64_32 /Users/admin/builder/spi-builder-workspace/Sources/CryptoSupport/Hex.swift (in target 'CryptoSupport' from project 'ServerCrypto')
cd /Users/admin/builder/spi-builder-workspace/.swiftpm/xcode
builtin-SwiftPerFileCompile Hex.swift
SwiftEmitModule normal arm64_32 Emitting\ module\ for\ CryptoSupport (in target 'CryptoSupport' from project 'ServerCrypto')
<module-includes>:1:9: note: in file included from <module-includes>:1:
1 | #import "shim.h"
| `- note: in file included from <module-includes>:1:
2 |
/Users/admin/builder/spi-builder-workspace/.dependencies/checkouts/ctls/shim.h:4:10: error: 'openssl/conf.h' file not found
2 | #define __COPENSSL_SHIM_H__
3 |
4 | #include <openssl/conf.h>
| `- error: 'openssl/conf.h' file not found
5 | #include <openssl/evp.h>
6 | #include <openssl/err.h>
/Users/admin/builder/spi-builder-workspace/Sources/CryptoSupport/CryptoError.swift:7:8: error: could not build Objective-C module 'CTLS'
5 |
6 | import Foundation
7 | import CTLS
| `- error: could not build Objective-C module 'CTLS'
8 |
9 | /**
Failed frontend command:
/Applications/Xcode-27.0.0-Release.Candidate.app/Contents/Developer/Toolchains/XcodeDefault.xctoolchain/usr/bin/swift-frontend -frontend -emit-module -experimental-skip-non-inlinable-function-bodies-without-types /Users/admin/builder/spi-builder-workspace/Sources/CryptoSupport/CryptoError.swift /Users/admin/builder/spi-builder-workspace/Sources/CryptoSupport/CryptoProvider.swift /Users/admin/builder/spi-builder-workspace/Sources/CryptoSupport/Hex.swift /Users/admin/builder/spi-builder-workspace/Sources/CryptoSupport/Protocols.swift -target arm64_32-apple-watchos9.0 -enable-objc-interop -sdk /Applications/Xcode-27.0.0-Release.Candidate.app/Contents/Developer/Platforms/WatchOS.platform/Developer/SDKs/WatchOS27.0.sdk -I /Users/admin/builder/spi-builder-workspace/.derivedData/Build/Products/Debug-watchos -Isystem /Applications/Xcode-27.0.0-Release.Candidate.app/Contents/Developer/Platforms/WatchOS.platform/Developer/usr/lib -F /Users/admin/builder/spi-builder-workspace/.derivedData/Build/Products/Debug-watchos -F /Applications/Xcode-27.0.0-Release.Candidate.app/Contents/Developer/Platforms/WatchOS.platform/Developer/Library/Frameworks -F /Applications/Xcode-27.0.0-Release.Candidate.app/Contents/Developer/Platforms/WatchOS.platform/Developer/SDKs/WatchOS27.0.sdk/Developer/Library/Frameworks -module-cache-path /Users/admin/builder/spi-builder-workspace/.derivedData/ModuleCache.noindex -no-color-diagnostics -Xcc -fno-color-diagnostics -enable-testing -g -debug-info-format\=dwarf -dwarf-version\=4 -profile-generate -profile-coverage-mapping -swift-version 4 -Onone -D SWIFT_PACKAGE -D DEBUG -D SWIFT_MODULE_RESOURCE_BUNDLE_UNAVAILABLE -D Xcode -serialize-debugging-options -enable-experimental-feature DebugDescriptionMacro -empty-abi-descriptor -plugin-path /Applications/Xcode-27.0.0-Release.Candidate.app/Contents/Developer/Toolchains/XcodeDefault.xctoolchain/usr/lib/swift/host/plugins/testing -validate-clang-modules-once -clang-build-session-file /Users/admin/builder/spi-builder-workspace/.derivedData/ModuleCache.noindex/Session.modulevalidation -Xcc -working-directory -Xcc /Users/admin/builder/spi-builder-workspace/.swiftpm/xcode -enable-anonymous-context-mangled-names -file-compilation-dir /Users/admin/builder/spi-builder-workspace/.swiftpm/xcode -Xcc -fmodule-map-file\=/Users/admin/builder/spi-builder-workspace/.dependencies/checkouts/ctls/module.modulemap -Xcc -D_LIBCPP_HARDENING_MODE\=_LIBCPP_HARDENING_MODE_DEBUG -Xcc -ivfsstatcache -Xcc /Users/admin/builder/spi-builder-workspace/.derivedData/SDKStatCaches.noindex/watchos27.0-24R360-e829b21a6f8c9b70876ba0858053c04477534ef55a1706bf4c1112bbb242f0a2.sdkstatcache -Xcc -fmodules-prune-interval\=86400 -Xcc -fmodules-prune-after\=345600 -Xcc -I/Users/admin/builder/spi-builder-workspace/.derivedData/Build/Products/Debug-watchos/include -Xcc -I/Users/admin/builder/spi-builder-workspace/.derivedData/Build/Intermediates.noindex/ServerCrypto.build/Debug-watchos/CryptoSupport-t.build/DerivedSources-normal/arm64_32 -Xcc -I/Users/admin/builder/spi-builder-workspace/.derivedData/Build/Intermediates.noindex/ServerCrypto.build/Debug-watchos/CryptoSupport-t.build/DerivedSources/arm64_32 -Xcc -I/Users/admin/builder/spi-builder-workspace/.derivedData/Build/Intermediates.noindex/ServerCrypto.build/Debug-watchos/CryptoSupport-t.build/DerivedSources -Xcc -DSWIFT_PACKAGE -Xcc -DDEBUG\=1 -no-auto-bridging-header-chaining -module-name CryptoSupport -const-gather-protocols-file /Users/admin/builder/spi-builder-workspace/.derivedData/Build/Intermediates.noindex/ServerCrypto.build/Debug-watchos/CryptoSupport-t.build/Objects-normal/arm64_32/CryptoSupport_const_extract_protocols.json -disable-clang-spi -target-sdk-version 27.0 -target-sdk-name watchos27.0 -external-plugin-path /Applications/Xcode-27.0.0-Release.Candidate.app/Contents/Developer/Platforms/WatchOS.platform/Developer/usr/lib/swift/host/plugins\#/Applications/Xcode-27.0.0-Release.Candidate.app/Contents/Developer/Platforms/WatchOS.platform/Developer/usr/bin/swift-plugin-server -external-plugin-path /Applications/Xcode-27.0.0-Release.Candidate.app/Contents/Developer/Platforms/WatchOS.platform/Developer/usr/local/lib/swift/host/plugins\#/Applications/Xcode-27.0.0-Release.Candidate.app/Contents/Developer/Platforms/WatchOS.platform/Developer/usr/bin/swift-plugin-server -in-process-plugin-server-path /Applications/Xcode-27.0.0-Release.Candidate.app/Contents/Developer/Toolchains/XcodeDefault.xctoolchain/usr/lib/swift/host/libSwiftInProcPluginServer.dylib -plugin-path /Applications/Xcode-27.0.0-Release.Candidate.app/Contents/Developer/Toolchains/XcodeDefault.xctoolchain/usr/lib/swift/host/plugins -plugin-path /Applications/Xcode-27.0.0-Release.Candidate.app/Contents/Developer/Toolchains/XcodeDefault.xctoolchain/usr/local/lib/swift/host/plugins -emit-module-doc-path /Users/admin/builder/spi-builder-workspace/.derivedData/Build/Intermediates.noindex/ServerCrypto.build/Debug-watchos/CryptoSupport-t.build/Objects-normal/arm64_32/CryptoSupport.swiftdoc -emit-module-source-info-path /Users/admin/builder/spi-builder-workspace/.derivedData/Build/Intermediates.noindex/ServerCrypto.build/Debug-watchos/CryptoSupport-t.build/Objects-normal/arm64_32/CryptoSupport.swiftsourceinfo -emit-objc-header-path /Users/admin/builder/spi-builder-workspace/.derivedData/Build/Intermediates.noindex/ServerCrypto.build/Debug-watchos/CryptoSupport-t.build/Objects-normal/arm64_32/CryptoSupport-Swift.h -serialize-diagnostics-path /Users/admin/builder/spi-builder-workspace/.derivedData/Build/Intermediates.noindex/ServerCrypto.build/Debug-watchos/CryptoSupport-t.build/Objects-normal/arm64_32/CryptoSupport-primary-emit-module.dia -emit-dependencies-path /Users/admin/builder/spi-builder-workspace/.derivedData/Build/Intermediates.noindex/ServerCrypto.build/Debug-watchos/CryptoSupport-t.build/Objects-normal/arm64_32/CryptoSupport-primary-emit-module.d -parse-as-library -o /Users/admin/builder/spi-builder-workspace/.derivedData/Build/Intermediates.noindex/ServerCrypto.build/Debug-watchos/CryptoSupport-t.build/Objects-normal/arm64_32/CryptoSupport.swiftmodule -emit-abi-descriptor-path /Users/admin/builder/spi-builder-workspace/.derivedData/Build/Intermediates.noindex/ServerCrypto.build/Debug-watchos/CryptoSupport-t.build/Objects-normal/arm64_32/CryptoSupport.abi.json
SwiftCompile normal arm64_32 (in target 'CryptoSupport' from project 'ServerCrypto')
cd /Users/admin/builder/spi-builder-workspace/.swiftpm/xcode
SwiftCompile normal arm64_32 Compiling\ Protocols.swift /Users/admin/builder/spi-builder-workspace/Sources/CryptoSupport/Protocols.swift (in target 'CryptoSupport' from project 'ServerCrypto')
<module-includes>:1:9: note: in file included from <module-includes>:1:
1 | #import "shim.h"
| `- note: in file included from <module-includes>:1:
2 |
/Users/admin/builder/spi-builder-workspace/.dependencies/checkouts/ctls/shim.h:4:10: error: 'openssl/conf.h' file not found
2 | #define __COPENSSL_SHIM_H__
3 |
4 | #include <openssl/conf.h>
| `- error: 'openssl/conf.h' file not found
5 | #include <openssl/evp.h>
6 | #include <openssl/err.h>
SwiftCompile normal arm64_32 /Users/admin/builder/spi-builder-workspace/Sources/CryptoSupport/Protocols.swift (in target 'CryptoSupport' from project 'ServerCrypto')
cd /Users/admin/builder/spi-builder-workspace/.swiftpm/xcode
builtin-SwiftPerFileCompile Protocols.swift
PruneExplicitPrecompiledModules /Users/admin/builder/spi-builder-workspace/.derivedData/Build/Intermediates.noindex/SwiftExplicitPrecompiledModules
PruneExplicitPrecompiledModules /Users/admin/builder/spi-builder-workspace/.derivedData/Build/Intermediates.noindex/ExplicitPrecompiledModules
PruneExplicitPrecompiledModules /Users/admin/builder/spi-builder-workspace/.derivedData/SDKExplicitPrecompiledModules
2026-09-21 13:40:04.553 xcodebuild[704:4452] [MT] IDERunDestination: Supported platforms for the buildables in the current scheme is empty.
** BUILD FAILED **
The following build commands failed:
SwiftEmitModule normal arm64_32 Emitting\ module\ for\ CryptoSupport (in target 'CryptoSupport' from project 'ServerCrypto')
SwiftCompile normal arm64_32 (in target 'CryptoSupport' from project 'ServerCrypto')
Building workspace ServerCrypto with scheme ServerCrypto-Package
(3 failures)
Command line invocation:
/Applications/Xcode-27.0.0-Release.Candidate.app/Contents/Developer/usr/bin/xcodebuild -IDEClonedSourcePackagesDirPathOverride=/Users/admin/builder/spi-builder-workspace/.dependencies -resolvePackageDependencies
Resolve Package Graph
ignoring declared target(s) 'CTLS' in the system packagedependency 'ctls' is not used by any targetyou may be able to install ctls using your system-packager:
brew install openssl
Resolved source packages:
ServerCrypto: /Users/admin/builder/spi-builder-workspace
CTLS: https://github.com/vapor/ctls @ 1.1.3
resolved source packages: ServerCrypto, CTLS
2026-09-21 13:40:08.753 xcodebuild[744:4719] [MT] IDERunDestination: Supported platforms for the buildables in the current scheme is empty.
{
"dependencies" : [
{
"identity" : "ctls",
"requirement" : {
"range" : [
{
"lower_bound" : "1.1.0",
"upper_bound" : "2.0.0"
}
]
},
"type" : "sourceControl",
"url" : "https://github.com/vapor/ctls"
}
],
"manifest_display_name" : "ServerCrypto",
"name" : "ServerCrypto",
"path" : "/Users/admin/builder/spi-builder-workspace",
"platforms" : [
],
"products" : [
{
"name" : "CryptoSupport",
"targets" : [
"CryptoSupport"
],
"type" : {
"library" : [
"automatic"
]
}
},
{
"name" : "Hash",
"targets" : [
"Hash"
],
"type" : {
"library" : [
"automatic"
]
}
},
{
"name" : "Signature",
"targets" : [
"Signature"
],
"type" : {
"library" : [
"automatic"
]
}
}
],
"targets" : [
{
"c99name" : "Signature",
"module_type" : "SwiftTarget",
"name" : "Signature",
"path" : "Sources/Signature",
"product_memberships" : [
"Signature"
],
"sources" : [
"AsymmetricKey.swift",
"Exports.swift",
"HMACKey.swift",
"Signer.swift"
],
"target_dependencies" : [
"CryptoSupport",
"Hash"
],
"type" : "library"
},
{
"c99name" : "ServerCryptoTests",
"module_type" : "SwiftTarget",
"name" : "ServerCryptoTests",
"path" : "Tests/ServerCryptoTests",
"sources" : [
"CryptoSupport/CryptoErrorTests.swift",
"CryptoSupport/HexTests.swift",
"Hash/HashTestData.swift",
"Hash/HashTests.swift",
"Signature/ECDSA/ECDSASignatures.swift",
"Signature/ECDSA/ECDSATests.swift",
"Signature/HMAC/HMACSignatures.swift",
"Signature/HMAC/HMACTests.swift",
"Signature/RSA/RSATestVectors.swift",
"Signature/RSA/RSATests.swift",
"Signature/SignatureTestsCoordinator.swift"
],
"target_dependencies" : [
"CryptoSupport",
"Hash",
"Signature"
],
"type" : "test"
},
{
"c99name" : "Hash",
"module_type" : "SwiftTarget",
"name" : "Hash",
"path" : "Sources/Hash",
"product_memberships" : [
"Hash",
"Signature"
],
"sources" : [
"Exports.swift",
"Hasher.swift"
],
"target_dependencies" : [
"CryptoSupport"
],
"type" : "library"
},
{
"c99name" : "CryptoSupport",
"module_type" : "SwiftTarget",
"name" : "CryptoSupport",
"path" : "Sources/CryptoSupport",
"product_memberships" : [
"CryptoSupport",
"Hash",
"Signature"
],
"sources" : [
"CryptoError.swift",
"CryptoProvider.swift",
"Hex.swift",
"Protocols.swift"
],
"type" : "library"
}
],
"tools_version" : "4.0"
}
{
"workspace" : {
"name" : "ServerCrypto",
"schemes" : [
"CryptoSupport",
"Hash",
"ServerCrypto-Package",
"Signature"
]
}
}
2026-09-21 13:40:10.046 xcodebuild[759:4795] [MT] IDERunDestination: Supported platforms for the buildables in the current scheme is empty.
Running build ...
env DEVELOPER_DIR=/Applications/Xcode-27.0.0-Release.Candidate.app xcrun xcodebuild -IDEClonedSourcePackagesDirPathOverride=$PWD/.dependencies -skipMacroValidation -skipPackagePluginValidation -derivedDataPath $PWD/.derivedData build -scheme ServerCrypto-Package -destination generic/platform=watchOS
Command line invocation:
/Applications/Xcode-27.0.0-Release.Candidate.app/Contents/Developer/usr/bin/xcodebuild -IDEClonedSourcePackagesDirPathOverride=/Users/admin/builder/spi-builder-workspace/.dependencies -skipMacroValidation -skipPackagePluginValidation -derivedDataPath /Users/admin/builder/spi-builder-workspace/.derivedData build -scheme ServerCrypto-Package -destination generic/platform=watchOS
Resolve Package Graph
ignoring declared target(s) 'CTLS' in the system packagedependency 'ctls' is not used by any targetyou may be able to install ctls using your system-packager:
brew install openssl
Resolved source packages:
ServerCrypto: /Users/admin/builder/spi-builder-workspace
CTLS: https://github.com/vapor/ctls @ 1.1.3
ComputePackagePrebuildTargetDependencyGraph
Prepare packages
CreateBuildRequest
SendProjectDescription
CreateBuildOperation
ComputeTargetDependencyGraph
note: Building targets in dependency order
note: Target dependency graph (7 targets)
Target 'Signature-product' in project 'ServerCrypto'
➜ Explicit dependency on target 'Signature' in project 'ServerCrypto'
➜ Explicit dependency on target 'CryptoSupport' in project 'ServerCrypto'
➜ Explicit dependency on target 'Hash' in project 'ServerCrypto'
Target 'Signature' in project 'ServerCrypto'
➜ Explicit dependency on target 'CTLS' in project 'CTLS'
➜ Explicit dependency on target 'CryptoSupport' in project 'ServerCrypto'
➜ Explicit dependency on target 'Hash' in project 'ServerCrypto'
Target 'Hash-product' in project 'ServerCrypto'
➜ Explicit dependency on target 'Hash' in project 'ServerCrypto'
➜ Explicit dependency on target 'CryptoSupport' in project 'ServerCrypto'
Target 'Hash' in project 'ServerCrypto'
➜ Explicit dependency on target 'CTLS' in project 'CTLS'
➜ Explicit dependency on target 'CryptoSupport' in project 'ServerCrypto'
Target 'CryptoSupport-product' in project 'ServerCrypto'
➜ Explicit dependency on target 'CryptoSupport' in project 'ServerCrypto'
Target 'CryptoSupport' in project 'ServerCrypto'
➜ Explicit dependency on target 'CTLS' in project 'CTLS'
Target 'CTLS' in project 'CTLS' (no dependencies)
GatherProvisioningInputs
CreateBuildDescription
ClangStatCache /Applications/Xcode-27.0.0-Release.Candidate.app/Contents/Developer/Toolchains/XcodeDefault.xctoolchain/usr/bin/clang-stat-cache /Applications/Xcode-27.0.0-Release.Candidate.app/Contents/Developer/Platforms/WatchOS.platform/Developer/SDKs/WatchOS27.0.sdk /Users/admin/builder/spi-builder-workspace/.derivedData/SDKStatCaches.noindex/watchos27.0-24R360-e829b21a6f8c9b70876ba0858053c04477534ef55a1706bf4c1112bbb242f0a2.sdkstatcache
cd /Users/admin/builder/spi-builder-workspace/.swiftpm/xcode
/Applications/Xcode-27.0.0-Release.Candidate.app/Contents/Developer/Toolchains/XcodeDefault.xctoolchain/usr/bin/clang-stat-cache /Applications/Xcode-27.0.0-Release.Candidate.app/Contents/Developer/Platforms/WatchOS.platform/Developer/SDKs/WatchOS27.0.sdk -o /Users/admin/builder/spi-builder-workspace/.derivedData/SDKStatCaches.noindex/watchos27.0-24R360-e829b21a6f8c9b70876ba0858053c04477534ef55a1706bf4c1112bbb242f0a2.sdkstatcache
SwiftDriver CryptoSupport normal arm64_32 com.apple.xcode.tools.swift.compiler (in target 'CryptoSupport' from project 'ServerCrypto')
cd /Users/admin/builder/spi-builder-workspace/.swiftpm/xcode
builtin-SwiftDriver -- /Applications/Xcode-27.0.0-Release.Candidate.app/Contents/Developer/Toolchains/XcodeDefault.xctoolchain/usr/bin/swiftc -parse-as-library -module-name CryptoSupport -Onone @/Users/admin/builder/spi-builder-workspace/.derivedData/Build/Intermediates.noindex/ServerCrypto.build/Debug-watchos/CryptoSupport-t.build/Objects-normal/arm64_32/CryptoSupport.SwiftFileList -DSWIFT_PACKAGE -DDEBUG -DSWIFT_MODULE_RESOURCE_BUNDLE_UNAVAILABLE -Xcc -fmodule-map-file\=/Users/admin/builder/spi-builder-workspace/.dependencies/checkouts/ctls/module.modulemap -DXcode -plugin-path /Applications/Xcode-27.0.0-Release.Candidate.app/Contents/Developer/Toolchains/XcodeDefault.xctoolchain/usr/lib/swift/host/plugins/testing -enable-experimental-feature DebugDescriptionMacro -sdk /Applications/Xcode-27.0.0-Release.Candidate.app/Contents/Developer/Platforms/WatchOS.platform/Developer/SDKs/WatchOS27.0.sdk -target arm64_32-apple-watchos9.0 -g -module-cache-path /Users/admin/builder/spi-builder-workspace/.derivedData/ModuleCache.noindex -Xfrontend -serialize-debugging-options -profile-coverage-mapping -profile-generate -enable-testing -index-store-path /Users/admin/builder/spi-builder-workspace/.derivedData/Index.noindex/DataStore -Xcc -D_LIBCPP_HARDENING_MODE\=_LIBCPP_HARDENING_MODE_DEBUG -swift-version 4 -I /Users/admin/builder/spi-builder-workspace/.derivedData/Build/Products/Debug-watchos -Isystem /Applications/Xcode-27.0.0-Release.Candidate.app/Contents/Developer/Platforms/WatchOS.platform/Developer/usr/lib -F /Users/admin/builder/spi-builder-workspace/.derivedData/Build/Products/Debug-watchos -F /Applications/Xcode-27.0.0-Release.Candidate.app/Contents/Developer/Platforms/WatchOS.platform/Developer/Library/Frameworks -F /Applications/Xcode-27.0.0-Release.Candidate.app/Contents/Developer/Platforms/WatchOS.platform/Developer/SDKs/WatchOS27.0.sdk/Developer/Library/Frameworks -c -j10 -enable-batch-mode -incremental -Xcc -ivfsstatcache -Xcc /Users/admin/builder/spi-builder-workspace/.derivedData/SDKStatCaches.noindex/watchos27.0-24R360-e829b21a6f8c9b70876ba0858053c04477534ef55a1706bf4c1112bbb242f0a2.sdkstatcache -output-file-map /Users/admin/builder/spi-builder-workspace/.derivedData/Build/Intermediates.noindex/ServerCrypto.build/Debug-watchos/CryptoSupport-t.build/Objects-normal/arm64_32/CryptoSupport-OutputFileMap.json -save-temps -no-color-diagnostics -emit-dependencies -emit-module -emit-module-path /Users/admin/builder/spi-builder-workspace/.derivedData/Build/Intermediates.noindex/ServerCrypto.build/Debug-watchos/CryptoSupport-t.build/Objects-normal/arm64_32/CryptoSupport.swiftmodule -serialize-diagnostics -validate-clang-modules-once -clang-build-session-file /Users/admin/builder/spi-builder-workspace/.derivedData/ModuleCache.noindex/Session.modulevalidation -Xcc -fmodules-prune-interval\=86400 -Xcc -fmodules-prune-after\=345600 -emit-const-values -const-gather-protocols-list /Users/admin/builder/spi-builder-workspace/.derivedData/Build/Intermediates.noindex/ServerCrypto.build/Debug-watchos/CryptoSupport-t.build/Objects-normal/arm64_32/CryptoSupport_const_extract_protocols.json -Xcc -I/Users/admin/builder/spi-builder-workspace/.derivedData/Build/Products/Debug-watchos/include -Xcc -I/Users/admin/builder/spi-builder-workspace/.derivedData/Build/Intermediates.noindex/ServerCrypto.build/Debug-watchos/CryptoSupport-t.build/DerivedSources-normal/arm64_32 -Xcc -I/Users/admin/builder/spi-builder-workspace/.derivedData/Build/Intermediates.noindex/ServerCrypto.build/Debug-watchos/CryptoSupport-t.build/DerivedSources/arm64_32 -Xcc -I/Users/admin/builder/spi-builder-workspace/.derivedData/Build/Intermediates.noindex/ServerCrypto.build/Debug-watchos/CryptoSupport-t.build/DerivedSources -Xcc -DSWIFT_PACKAGE -Xcc -DDEBUG\=1 -emit-objc-header -emit-objc-header-path /Users/admin/builder/spi-builder-workspace/.derivedData/Build/Intermediates.noindex/ServerCrypto.build/Debug-watchos/CryptoSupport-t.build/Objects-normal/arm64_32/CryptoSupport-Swift.h -working-directory /Users/admin/builder/spi-builder-workspace/.swiftpm/xcode -experimental-emit-module-separately -disable-cmo
SwiftDriver CryptoSupport normal arm64 com.apple.xcode.tools.swift.compiler (in target 'CryptoSupport' from project 'ServerCrypto')
cd /Users/admin/builder/spi-builder-workspace/.swiftpm/xcode
builtin-SwiftDriver -- /Applications/Xcode-27.0.0-Release.Candidate.app/Contents/Developer/Toolchains/XcodeDefault.xctoolchain/usr/bin/swiftc -parse-as-library -module-name CryptoSupport -Onone @/Users/admin/builder/spi-builder-workspace/.derivedData/Build/Intermediates.noindex/ServerCrypto.build/Debug-watchos/CryptoSupport-t.build/Objects-normal/arm64/CryptoSupport.SwiftFileList -DSWIFT_PACKAGE -DDEBUG -DSWIFT_MODULE_RESOURCE_BUNDLE_UNAVAILABLE -Xcc -fmodule-map-file\=/Users/admin/builder/spi-builder-workspace/.dependencies/checkouts/ctls/module.modulemap -DXcode -plugin-path /Applications/Xcode-27.0.0-Release.Candidate.app/Contents/Developer/Toolchains/XcodeDefault.xctoolchain/usr/lib/swift/host/plugins/testing -enable-experimental-feature DebugDescriptionMacro -sdk /Applications/Xcode-27.0.0-Release.Candidate.app/Contents/Developer/Platforms/WatchOS.platform/Developer/SDKs/WatchOS27.0.sdk -target arm64-apple-watchos9.0 -g -module-cache-path /Users/admin/builder/spi-builder-workspace/.derivedData/ModuleCache.noindex -Xfrontend -serialize-debugging-options -profile-coverage-mapping -profile-generate -enable-testing -index-store-path /Users/admin/builder/spi-builder-workspace/.derivedData/Index.noindex/DataStore -Xcc -D_LIBCPP_HARDENING_MODE\=_LIBCPP_HARDENING_MODE_DEBUG -swift-version 4 -I /Users/admin/builder/spi-builder-workspace/.derivedData/Build/Products/Debug-watchos -Isystem /Applications/Xcode-27.0.0-Release.Candidate.app/Contents/Developer/Platforms/WatchOS.platform/Developer/usr/lib -F /Users/admin/builder/spi-builder-workspace/.derivedData/Build/Products/Debug-watchos -F /Applications/Xcode-27.0.0-Release.Candidate.app/Contents/Developer/Platforms/WatchOS.platform/Developer/Library/Frameworks -F /Applications/Xcode-27.0.0-Release.Candidate.app/Contents/Developer/Platforms/WatchOS.platform/Developer/SDKs/WatchOS27.0.sdk/Developer/Library/Frameworks -c -j10 -enable-batch-mode -incremental -Xcc -ivfsstatcache -Xcc /Users/admin/builder/spi-builder-workspace/.derivedData/SDKStatCaches.noindex/watchos27.0-24R360-e829b21a6f8c9b70876ba0858053c04477534ef55a1706bf4c1112bbb242f0a2.sdkstatcache -output-file-map /Users/admin/builder/spi-builder-workspace/.derivedData/Build/Intermediates.noindex/ServerCrypto.build/Debug-watchos/CryptoSupport-t.build/Objects-normal/arm64/CryptoSupport-OutputFileMap.json -save-temps -no-color-diagnostics -emit-dependencies -emit-module -emit-module-path /Users/admin/builder/spi-builder-workspace/.derivedData/Build/Intermediates.noindex/ServerCrypto.build/Debug-watchos/CryptoSupport-t.build/Objects-normal/arm64/CryptoSupport.swiftmodule -serialize-diagnostics -validate-clang-modules-once -clang-build-session-file /Users/admin/builder/spi-builder-workspace/.derivedData/ModuleCache.noindex/Session.modulevalidation -Xcc -fmodules-prune-interval\=86400 -Xcc -fmodules-prune-after\=345600 -emit-const-values -const-gather-protocols-list /Users/admin/builder/spi-builder-workspace/.derivedData/Build/Intermediates.noindex/ServerCrypto.build/Debug-watchos/CryptoSupport-t.build/Objects-normal/arm64/CryptoSupport_const_extract_protocols.json -Xcc -I/Users/admin/builder/spi-builder-workspace/.derivedData/Build/Products/Debug-watchos/include -Xcc -I/Users/admin/builder/spi-builder-workspace/.derivedData/Build/Intermediates.noindex/ServerCrypto.build/Debug-watchos/CryptoSupport-t.build/DerivedSources-normal/arm64 -Xcc -I/Users/admin/builder/spi-builder-workspace/.derivedData/Build/Intermediates.noindex/ServerCrypto.build/Debug-watchos/CryptoSupport-t.build/DerivedSources/arm64 -Xcc -I/Users/admin/builder/spi-builder-workspace/.derivedData/Build/Intermediates.noindex/ServerCrypto.build/Debug-watchos/CryptoSupport-t.build/DerivedSources -Xcc -DSWIFT_PACKAGE -Xcc -DDEBUG\=1 -emit-objc-header -emit-objc-header-path /Users/admin/builder/spi-builder-workspace/.derivedData/Build/Intermediates.noindex/ServerCrypto.build/Debug-watchos/CryptoSupport-t.build/Objects-normal/arm64/CryptoSupport-Swift.h -working-directory /Users/admin/builder/spi-builder-workspace/.swiftpm/xcode -experimental-emit-module-separately -disable-cmo
SwiftEmitModule normal arm64 Emitting\ module\ for\ CryptoSupport (in target 'CryptoSupport' from project 'ServerCrypto')
SwiftCompile normal arm64 (in target 'CryptoSupport' from project 'ServerCrypto')
cd /Users/admin/builder/spi-builder-workspace/.swiftpm/xcode
<module-includes>:1:9: note: in file included from <module-includes>:1:
1 | #import "shim.h"
| `- note: in file included from <module-includes>:1:
2 |
/Users/admin/builder/spi-builder-workspace/.dependencies/checkouts/ctls/shim.h:4:10: error: 'openssl/conf.h' file not found
2 | #define __COPENSSL_SHIM_H__
3 |
4 | #include <openssl/conf.h>
| `- error: 'openssl/conf.h' file not found
5 | #include <openssl/evp.h>
6 | #include <openssl/err.h>
/Users/admin/builder/spi-builder-workspace/Sources/CryptoSupport/CryptoError.swift:7:8: error: could not build Objective-C module 'CTLS'
5 |
6 | import Foundation
7 | import CTLS
| `- error: could not build Objective-C module 'CTLS'
8 |
9 | /**
Failed frontend command:
/Applications/Xcode-27.0.0-Release.Candidate.app/Contents/Developer/Toolchains/XcodeDefault.xctoolchain/usr/bin/swift-frontend -frontend -emit-module -experimental-skip-non-inlinable-function-bodies-without-types /Users/admin/builder/spi-builder-workspace/Sources/CryptoSupport/CryptoError.swift /Users/admin/builder/spi-builder-workspace/Sources/CryptoSupport/CryptoProvider.swift /Users/admin/builder/spi-builder-workspace/Sources/CryptoSupport/Hex.swift /Users/admin/builder/spi-builder-workspace/Sources/CryptoSupport/Protocols.swift -target arm64-apple-watchos9.0 -Xllvm -aarch64-use-tbi -enable-objc-interop -stack-check -sdk /Applications/Xcode-27.0.0-Release.Candidate.app/Contents/Developer/Platforms/WatchOS.platform/Developer/SDKs/WatchOS27.0.sdk -I /Users/admin/builder/spi-builder-workspace/.derivedData/Build/Products/Debug-watchos -Isystem /Applications/Xcode-27.0.0-Release.Candidate.app/Contents/Developer/Platforms/WatchOS.platform/Developer/usr/lib -F /Users/admin/builder/spi-builder-workspace/.derivedData/Build/Products/Debug-watchos -F /Applications/Xcode-27.0.0-Release.Candidate.app/Contents/Developer/Platforms/WatchOS.platform/Developer/Library/Frameworks -F /Applications/Xcode-27.0.0-Release.Candidate.app/Contents/Developer/Platforms/WatchOS.platform/Developer/SDKs/WatchOS27.0.sdk/Developer/Library/Frameworks -module-cache-path /Users/admin/builder/spi-builder-workspace/.derivedData/ModuleCache.noindex -no-color-diagnostics -Xcc -fno-color-diagnostics -enable-testing -g -debug-info-format\=dwarf -dwarf-version\=4 -profile-generate -profile-coverage-mapping -swift-version 4 -Onone -D SWIFT_PACKAGE -D DEBUG -D SWIFT_MODULE_RESOURCE_BUNDLE_UNAVAILABLE -D Xcode -serialize-debugging-options -enable-experimental-feature DebugDescriptionMacro -empty-abi-descriptor -plugin-path /Applications/Xcode-27.0.0-Release.Candidate.app/Contents/Developer/Toolchains/XcodeDefault.xctoolchain/usr/lib/swift/host/plugins/testing -validate-clang-modules-once -clang-build-session-file /Users/admin/builder/spi-builder-workspace/.derivedData/ModuleCache.noindex/Session.modulevalidation -Xcc -working-directory -Xcc /Users/admin/builder/spi-builder-workspace/.swiftpm/xcode -enable-anonymous-context-mangled-names -file-compilation-dir /Users/admin/builder/spi-builder-workspace/.swiftpm/xcode -Xcc -fmodule-map-file\=/Users/admin/builder/spi-builder-workspace/.dependencies/checkouts/ctls/module.modulemap -Xcc -D_LIBCPP_HARDENING_MODE\=_LIBCPP_HARDENING_MODE_DEBUG -Xcc -ivfsstatcache -Xcc /Users/admin/builder/spi-builder-workspace/.derivedData/SDKStatCaches.noindex/watchos27.0-24R360-e829b21a6f8c9b70876ba0858053c04477534ef55a1706bf4c1112bbb242f0a2.sdkstatcache -Xcc -fmodules-prune-interval\=86400 -Xcc -fmodules-prune-after\=345600 -Xcc -I/Users/admin/builder/spi-builder-workspace/.derivedData/Build/Products/Debug-watchos/include -Xcc -I/Users/admin/builder/spi-builder-workspace/.derivedData/Build/Intermediates.noindex/ServerCrypto.build/Debug-watchos/CryptoSupport-t.build/DerivedSources-normal/arm64 -Xcc -I/Users/admin/builder/spi-builder-workspace/.derivedData/Build/Intermediates.noindex/ServerCrypto.build/Debug-watchos/CryptoSupport-t.build/DerivedSources/arm64 -Xcc -I/Users/admin/builder/spi-builder-workspace/.derivedData/Build/Intermediates.noindex/ServerCrypto.build/Debug-watchos/CryptoSupport-t.build/DerivedSources -Xcc -DSWIFT_PACKAGE -Xcc -DDEBUG\=1 -no-auto-bridging-header-chaining -module-name CryptoSupport -const-gather-protocols-file /Users/admin/builder/spi-builder-workspace/.derivedData/Build/Intermediates.noindex/ServerCrypto.build/Debug-watchos/CryptoSupport-t.build/Objects-normal/arm64/CryptoSupport_const_extract_protocols.json -disable-clang-spi -target-sdk-version 27.0 -target-sdk-name watchos27.0 -external-plugin-path /Applications/Xcode-27.0.0-Release.Candidate.app/Contents/Developer/Platforms/WatchOS.platform/Developer/usr/lib/swift/host/plugins\#/Applications/Xcode-27.0.0-Release.Candidate.app/Contents/Developer/Platforms/WatchOS.platform/Developer/usr/bin/swift-plugin-server -external-plugin-path /Applications/Xcode-27.0.0-Release.Candidate.app/Contents/Developer/Platforms/WatchOS.platform/Developer/usr/local/lib/swift/host/plugins\#/Applications/Xcode-27.0.0-Release.Candidate.app/Contents/Developer/Platforms/WatchOS.platform/Developer/usr/bin/swift-plugin-server -in-process-plugin-server-path /Applications/Xcode-27.0.0-Release.Candidate.app/Contents/Developer/Toolchains/XcodeDefault.xctoolchain/usr/lib/swift/host/libSwiftInProcPluginServer.dylib -plugin-path /Applications/Xcode-27.0.0-Release.Candidate.app/Contents/Developer/Toolchains/XcodeDefault.xctoolchain/usr/lib/swift/host/plugins -plugin-path /Applications/Xcode-27.0.0-Release.Candidate.app/Contents/Developer/Toolchains/XcodeDefault.xctoolchain/usr/local/lib/swift/host/plugins -emit-module-doc-path /Users/admin/builder/spi-builder-workspace/.derivedData/Build/Intermediates.noindex/ServerCrypto.build/Debug-watchos/CryptoSupport-t.build/Objects-normal/arm64/CryptoSupport.swiftdoc -emit-module-source-info-path /Users/admin/builder/spi-builder-workspace/.derivedData/Build/Intermediates.noindex/ServerCrypto.build/Debug-watchos/CryptoSupport-t.build/Objects-normal/arm64/CryptoSupport.swiftsourceinfo -emit-objc-header-path /Users/admin/builder/spi-builder-workspace/.derivedData/Build/Intermediates.noindex/ServerCrypto.build/Debug-watchos/CryptoSupport-t.build/Objects-normal/arm64/CryptoSupport-Swift.h -serialize-diagnostics-path /Users/admin/builder/spi-builder-workspace/.derivedData/Build/Intermediates.noindex/ServerCrypto.build/Debug-watchos/CryptoSupport-t.build/Objects-normal/arm64/CryptoSupport-primary-emit-module.dia -emit-dependencies-path /Users/admin/builder/spi-builder-workspace/.derivedData/Build/Intermediates.noindex/ServerCrypto.build/Debug-watchos/CryptoSupport-t.build/Objects-normal/arm64/CryptoSupport-primary-emit-module.d -parse-as-library -o /Users/admin/builder/spi-builder-workspace/.derivedData/Build/Intermediates.noindex/ServerCrypto.build/Debug-watchos/CryptoSupport-t.build/Objects-normal/arm64/CryptoSupport.swiftmodule -emit-abi-descriptor-path /Users/admin/builder/spi-builder-workspace/.derivedData/Build/Intermediates.noindex/ServerCrypto.build/Debug-watchos/CryptoSupport-t.build/Objects-normal/arm64/CryptoSupport.abi.json
SwiftCompile normal arm64 Compiling\ Protocols.swift /Users/admin/builder/spi-builder-workspace/Sources/CryptoSupport/Protocols.swift (in target 'CryptoSupport' from project 'ServerCrypto')
SwiftCompile normal arm64 /Users/admin/builder/spi-builder-workspace/Sources/CryptoSupport/Protocols.swift (in target 'CryptoSupport' from project 'ServerCrypto')
cd /Users/admin/builder/spi-builder-workspace/.swiftpm/xcode
builtin-SwiftPerFileCompile Protocols.swift
<module-includes>:1:9: note: in file included from <module-includes>:1:
1 | #import "shim.h"
| `- note: in file included from <module-includes>:1:
2 |
/Users/admin/builder/spi-builder-workspace/.dependencies/checkouts/ctls/shim.h:4:10: error: 'openssl/conf.h' file not found
2 | #define __COPENSSL_SHIM_H__
3 |
4 | #include <openssl/conf.h>
| `- error: 'openssl/conf.h' file not found
5 | #include <openssl/evp.h>
6 | #include <openssl/err.h>
SwiftCompile normal arm64 Compiling\ Hex.swift /Users/admin/builder/spi-builder-workspace/Sources/CryptoSupport/Hex.swift (in target 'CryptoSupport' from project 'ServerCrypto')
SwiftCompile normal arm64 /Users/admin/builder/spi-builder-workspace/Sources/CryptoSupport/Hex.swift (in target 'CryptoSupport' from project 'ServerCrypto')
cd /Users/admin/builder/spi-builder-workspace/.swiftpm/xcode
builtin-SwiftPerFileCompile Hex.swift
SwiftEmitModule normal arm64_32 Emitting\ module\ for\ CryptoSupport (in target 'CryptoSupport' from project 'ServerCrypto')
SwiftCompile normal arm64_32 (in target 'CryptoSupport' from project 'ServerCrypto')
cd /Users/admin/builder/spi-builder-workspace/.swiftpm/xcode
SwiftCompile normal arm64_32 Compiling\ CryptoError.swift /Users/admin/builder/spi-builder-workspace/Sources/CryptoSupport/CryptoError.swift (in target 'CryptoSupport' from project 'ServerCrypto')
<module-includes>:1:9: note: in file included from <module-includes>:1:
1 | #import "shim.h"
| `- note: in file included from <module-includes>:1:
2 |
/Users/admin/builder/spi-builder-workspace/.dependencies/checkouts/ctls/shim.h:4:10: error: 'openssl/conf.h' file not found
2 | #define __COPENSSL_SHIM_H__
3 |
4 | #include <openssl/conf.h>
| `- error: 'openssl/conf.h' file not found
5 | #include <openssl/evp.h>
6 | #include <openssl/err.h>
SwiftCompile normal arm64_32 /Users/admin/builder/spi-builder-workspace/Sources/CryptoSupport/CryptoError.swift (in target 'CryptoSupport' from project 'ServerCrypto')
cd /Users/admin/builder/spi-builder-workspace/.swiftpm/xcode
builtin-SwiftPerFileCompile CryptoError.swift
SwiftCompile normal arm64 Compiling\ CryptoProvider.swift /Users/admin/builder/spi-builder-workspace/Sources/CryptoSupport/CryptoProvider.swift (in target 'CryptoSupport' from project 'ServerCrypto')
SwiftCompile normal arm64 /Users/admin/builder/spi-builder-workspace/Sources/CryptoSupport/CryptoProvider.swift (in target 'CryptoSupport' from project 'ServerCrypto')
cd /Users/admin/builder/spi-builder-workspace/.swiftpm/xcode
builtin-SwiftPerFileCompile CryptoProvider.swift
SwiftCompile normal arm64_32 Compiling\ Hex.swift /Users/admin/builder/spi-builder-workspace/Sources/CryptoSupport/Hex.swift (in target 'CryptoSupport' from project 'ServerCrypto')
SwiftCompile normal arm64_32 /Users/admin/builder/spi-builder-workspace/Sources/CryptoSupport/Hex.swift (in target 'CryptoSupport' from project 'ServerCrypto')
cd /Users/admin/builder/spi-builder-workspace/.swiftpm/xcode
builtin-SwiftPerFileCompile Hex.swift
SwiftCompile normal arm64 Compiling\ CryptoError.swift /Users/admin/builder/spi-builder-workspace/Sources/CryptoSupport/CryptoError.swift (in target 'CryptoSupport' from project 'ServerCrypto')
<module-includes>:1:9: note: in file included from <module-includes>:1:
1 | #import "shim.h"
| `- note: in file included from <module-includes>:1:
2 |
/Users/admin/builder/spi-builder-workspace/.dependencies/checkouts/ctls/shim.h:4:10: error: 'openssl/conf.h' file not found
2 | #define __COPENSSL_SHIM_H__
3 |
4 | #include <openssl/conf.h>
| `- error: 'openssl/conf.h' file not found
5 | #include <openssl/evp.h>
6 | #include <openssl/err.h>
SwiftCompile normal arm64 /Users/admin/builder/spi-builder-workspace/Sources/CryptoSupport/CryptoError.swift (in target 'CryptoSupport' from project 'ServerCrypto')
cd /Users/admin/builder/spi-builder-workspace/.swiftpm/xcode
builtin-SwiftPerFileCompile CryptoError.swift
SwiftCompile normal arm64_32 Compiling\ CryptoProvider.swift /Users/admin/builder/spi-builder-workspace/Sources/CryptoSupport/CryptoProvider.swift (in target 'CryptoSupport' from project 'ServerCrypto')
SwiftCompile normal arm64_32 /Users/admin/builder/spi-builder-workspace/Sources/CryptoSupport/CryptoProvider.swift (in target 'CryptoSupport' from project 'ServerCrypto')
cd /Users/admin/builder/spi-builder-workspace/.swiftpm/xcode
builtin-SwiftPerFileCompile CryptoProvider.swift
<module-includes>:1:9: note: in file included from <module-includes>:1:
1 | #import "shim.h"
| `- note: in file included from <module-includes>:1:
2 |
/Users/admin/builder/spi-builder-workspace/.dependencies/checkouts/ctls/shim.h:4:10: error: 'openssl/conf.h' file not found
2 | #define __COPENSSL_SHIM_H__
3 |
4 | #include <openssl/conf.h>
| `- error: 'openssl/conf.h' file not found
5 | #include <openssl/evp.h>
6 | #include <openssl/err.h>
SwiftCompile normal arm64_32 Compiling\ Protocols.swift /Users/admin/builder/spi-builder-workspace/Sources/CryptoSupport/Protocols.swift (in target 'CryptoSupport' from project 'ServerCrypto')
<module-includes>:1:9: note: in file included from <module-includes>:1:
1 | #import "shim.h"
| `- note: in file included from <module-includes>:1:
2 |
/Users/admin/builder/spi-builder-workspace/.dependencies/checkouts/ctls/shim.h:4:10: error: 'openssl/conf.h' file not found
2 | #define __COPENSSL_SHIM_H__
3 |
4 | #include <openssl/conf.h>
| `- error: 'openssl/conf.h' file not found
5 | #include <openssl/evp.h>
6 | #include <openssl/err.h>
SwiftCompile normal arm64_32 /Users/admin/builder/spi-builder-workspace/Sources/CryptoSupport/Protocols.swift (in target 'CryptoSupport' from project 'ServerCrypto')
cd /Users/admin/builder/spi-builder-workspace/.swiftpm/xcode
builtin-SwiftPerFileCompile Protocols.swift
PruneExplicitPrecompiledModules /Users/admin/builder/spi-builder-workspace/.derivedData/Build/Intermediates.noindex/ExplicitPrecompiledModules
PruneExplicitPrecompiledModules /Users/admin/builder/spi-builder-workspace/.derivedData/SDKExplicitPrecompiledModules
PruneExplicitPrecompiledModules /Users/admin/builder/spi-builder-workspace/.derivedData/Build/Intermediates.noindex/SwiftExplicitPrecompiledModules
2026-09-21 13:40:11.060 xcodebuild[767:4830] [MT] IDERunDestination: Supported platforms for the buildables in the current scheme is empty.
** BUILD FAILED **
The following build commands failed:
SwiftCompile normal arm64 (in target 'CryptoSupport' from project 'ServerCrypto')
SwiftEmitModule normal arm64 Emitting\ module\ for\ CryptoSupport (in target 'CryptoSupport' from project 'ServerCrypto')
Building workspace ServerCrypto with scheme ServerCrypto-Package
(3 failures)
BUILD FAILURE 6.4 watchOS