Build Information
Failed to build DeclarativeTextKit, reference 0.9.0 (85aab2), with Swift 6.4 for watchOS using Xcode 27.0 on 26 Sep 2026 09:47:29 UTC.
Build Command
env DEVELOPER_DIR=/Applications/Xcode-27.0.0-Release.Candidate.app xcrun xcodebuild -IDEClonedSourcePackagesDirPathOverride=$PWD/.dependencies -skipMacroValidation -skipPackagePluginValidation -derivedDataPath $PWD/.derivedData build -scheme DeclarativeTextKit -destination generic/platform=watchOSBuild Log
"path" : "/Users/admin/builder/spi-builder-workspace",
"platforms" : [
{
"name" : "macos",
"version" : "13.0"
}
],
"products" : [
{
"name" : "DeclarativeTextKit",
"targets" : [
"DeclarativeTextKit"
],
"type" : {
"library" : [
"automatic"
]
}
}
],
"targets" : [
{
"c99name" : "DeclarativeTextKitTests",
"module_type" : "SwiftTarget",
"name" : "DeclarativeTextKitTests",
"path" : "Tests/DeclarativeTextKitTests",
"product_dependencies" : [
"TextBuffer",
"TextBufferTesting"
],
"sources" : [
"AffectedRangeTests.swift",
"AssertModification.swift",
"ConditionalTests.swift",
"DeleteTests.swift",
"Helpers.swift",
"InsertTests.swift",
"LoggingUndoManager.swift",
"ModifyingTests.swift",
"ScopedBufferSliceTests.swift",
"SelectTests.swift",
"UndoableBufferTests.swift",
"UseCaseTests.swift"
],
"target_dependencies" : [
"DeclarativeTextKit"
],
"type" : "test"
},
{
"c99name" : "DeclarativeTextKit",
"module_type" : "SwiftTarget",
"name" : "DeclarativeTextKit",
"path" : "Sources/DeclarativeTextKit",
"product_dependencies" : [
"TextBuffer"
],
"product_memberships" : [
"DeclarativeTextKit"
],
"sources" : [
"Expression/Debug.swift",
"Expression/Expression.swift",
"Expression/If.swift",
"Expression/IfLet.swift",
"Expression/Modification/ChangeInLength+Consume.swift",
"Expression/Modification/ChangeInLength.swift",
"Expression/Modification/Delete/Delete+Modification.swift",
"Expression/Modification/Delete/Delete.swift",
"Expression/Modification/Identity.swift",
"Expression/Modification/Insert/Insert+Modification.swift",
"Expression/Modification/Insert/Insert.swift",
"Expression/Modification/Insert/Insertable.swift",
"Expression/Modification/Insert/Line.swift",
"Expression/Modification/Insert/String+Insertable.swift",
"Expression/Modification/Insert/Word.swift",
"Expression/Modification/Modification.swift",
"Expression/Modification/ModificationBuilder.swift",
"Expression/Modification/ModificationSequence.swift",
"Expression/Modification/Modifying.swift",
"Expression/Modification/ScopedBufferSlice.swift",
"Expression/Select/AffectedRange.swift",
"Expression/Select/Buffer+SelectRangeExpression.swift",
"Expression/Select/BufferRangeExpression.swift",
"Expression/Select/LineRange.swift",
"Expression/Select/NSRange+BufferRangeExpression.swift",
"Expression/Select/Select.swift",
"Expression/Select/SelectedRange+BufferRangeExpression.swift",
"Expression/Select/WordRange.swift",
"ModifiableBuffer/Buffer+ModifiableBuffer.swift",
"ModifiableBuffer/ModifiableBuffer+evaluate.swift",
"ModifiableBuffer/ModifiableBuffer.swift",
"ModifiableBuffer/Undoable+ModifiableBuffer.swift",
"NSStringBuffer.swift",
"SortedArray.swift"
],
"type" : "library"
}
],
"tools_version" : "6.2"
}
{
"workspace" : {
"name" : "DeclarativeTextKit",
"schemes" : [
"DeclarativeTextKit"
]
}
}
2026-09-26 05:47:17.050 xcodebuild[659:3953] [MT] IDERunDestination: Supported platforms for the buildables in the current scheme is empty.
Running build ...
env DEVELOPER_DIR=/Applications/Xcode-27.0.0-Release.Candidate.app xcrun xcodebuild -IDEClonedSourcePackagesDirPathOverride=$PWD/.dependencies -skipMacroValidation -skipPackagePluginValidation -derivedDataPath $PWD/.derivedData build -scheme DeclarativeTextKit -destination generic/platform=watchOS
Command line invocation:
/Applications/Xcode-27.0.0-Release.Candidate.app/Contents/Developer/usr/bin/xcodebuild -IDEClonedSourcePackagesDirPathOverride=/Users/admin/builder/spi-builder-workspace/.dependencies -skipMacroValidation -skipPackagePluginValidation -derivedDataPath /Users/admin/builder/spi-builder-workspace/.derivedData build -scheme DeclarativeTextKit -destination generic/platform=watchOS
Resolve Package Graph
Resolve Package Graph
Resolved source packages:
DeclarativeTextKit: /Users/admin/builder/spi-builder-workspace
TextBuffer: https://github.com/CleanCocoa/TextBuffer @ 0.12.0
ComputePackagePrebuildTargetDependencyGraph
Prepare packages
CreateBuildRequest
SendProjectDescription
CreateBuildOperation
ComputeTargetDependencyGraph
note: Building targets in dependency order
note: Target dependency graph (5 targets)
Target 'DeclarativeTextKit-product' in project 'DeclarativeTextKit'
➜ Explicit dependency on target 'DeclarativeTextKit' in project 'DeclarativeTextKit'
➜ Explicit dependency on target 'TextBuffer-product' in project 'TextBuffer'
Target 'DeclarativeTextKit' in project 'DeclarativeTextKit'
➜ Explicit dependency on target 'TextBuffer-product' in project 'TextBuffer'
Target 'TextBuffer-product' in project 'TextBuffer'
➜ Explicit dependency on target 'TextBuffer' in project 'TextBuffer'
➜ Explicit dependency on target 'TextRope' in project 'TextBuffer'
Target 'TextBuffer' in project 'TextBuffer'
➜ Explicit dependency on target 'TextRope' in project 'TextBuffer'
Target 'TextRope' in project 'TextBuffer' (no dependencies)
GatherProvisioningInputs
CreateBuildDescription
ExecuteExternalTool /Applications/Xcode-27.0.0-Release.Candidate.app/Contents/Developer/Toolchains/XcodeDefault.xctoolchain/usr/bin/clang -v -E -dM -isysroot /Applications/Xcode-27.0.0-Release.Candidate.app/Contents/Developer/Platforms/WatchOS.platform/Developer/SDKs/WatchOS27.0.sdk -x c -c /dev/null
ExecuteExternalTool /Applications/Xcode-27.0.0-Release.Candidate.app/Contents/Developer/Toolchains/XcodeDefault.xctoolchain/usr/bin/swiftc --version
ExecuteExternalTool /Applications/Xcode-27.0.0-Release.Candidate.app/Contents/Developer/Toolchains/XcodeDefault.xctoolchain/usr/bin/ld -version_details
ReadFileContents /Applications/Xcode-27.0.0-Release.Candidate.app/Contents/Developer/Toolchains/XcodeDefault.xctoolchain/usr/share/docc/features.json
Build description signature: d17632841313721bede6547c33945781
Build description path: /Users/admin/builder/spi-builder-workspace/.derivedData/Build/Intermediates.noindex/XCBuildData/d17632841313721bede6547c33945781.xcbuilddata
CreateBuildDirectory /Users/admin/builder/spi-builder-workspace/.derivedData/SDKExplicitPrecompiledModules
cd /Users/admin/builder/spi-builder-workspace/.swiftpm/xcode
builtin-create-build-directory /Users/admin/builder/spi-builder-workspace/.derivedData/SDKExplicitPrecompiledModules
CreateBuildDirectory /Users/admin/builder/spi-builder-workspace/.derivedData/ModuleCache.noindex
cd /Users/admin/builder/spi-builder-workspace/.swiftpm/xcode
builtin-create-build-directory /Users/admin/builder/spi-builder-workspace/.derivedData/ModuleCache.noindex
CreateBuildDirectory /Users/admin/builder/spi-builder-workspace/.derivedData/CompilationCache.noindex
cd /Users/admin/builder/spi-builder-workspace/.swiftpm/xcode
builtin-create-build-directory /Users/admin/builder/spi-builder-workspace/.derivedData/CompilationCache.noindex
ClangStatCache /Applications/Xcode-27.0.0-Release.Candidate.app/Contents/Developer/Toolchains/XcodeDefault.xctoolchain/usr/bin/clang-stat-cache /Applications/Xcode-27.0.0-Release.Candidate.app/Contents/Developer/Platforms/WatchOS.platform/Developer/SDKs/WatchOS27.0.sdk /Users/admin/builder/spi-builder-workspace/.derivedData/SDKStatCaches.noindex/watchos27.0-24R360-e829b21a6f8c9b70876ba0858053c04477534ef55a1706bf4c1112bbb242f0a2.sdkstatcache
cd /Users/admin/builder/spi-builder-workspace/.swiftpm/xcode
/Applications/Xcode-27.0.0-Release.Candidate.app/Contents/Developer/Toolchains/XcodeDefault.xctoolchain/usr/bin/clang-stat-cache /Applications/Xcode-27.0.0-Release.Candidate.app/Contents/Developer/Platforms/WatchOS.platform/Developer/SDKs/WatchOS27.0.sdk -o /Users/admin/builder/spi-builder-workspace/.derivedData/SDKStatCaches.noindex/watchos27.0-24R360-e829b21a6f8c9b70876ba0858053c04477534ef55a1706bf4c1112bbb242f0a2.sdkstatcache
CreateBuildDirectory /Users/admin/builder/spi-builder-workspace/.derivedData/Build/Products
cd /Users/admin/builder/spi-builder-workspace/.swiftpm/xcode
builtin-create-build-directory /Users/admin/builder/spi-builder-workspace/.derivedData/Build/Products
CreateBuildDirectory /Users/admin/builder/spi-builder-workspace/.derivedData/Build/Intermediates.noindex
cd /Users/admin/builder/spi-builder-workspace/.swiftpm/xcode
builtin-create-build-directory /Users/admin/builder/spi-builder-workspace/.derivedData/Build/Intermediates.noindex
CreateBuildDirectory /Users/admin/builder/spi-builder-workspace/.derivedData/Build/Intermediates.noindex/SwiftExplicitPrecompiledModules
cd /Users/admin/builder/spi-builder-workspace/.swiftpm/xcode
builtin-create-build-directory /Users/admin/builder/spi-builder-workspace/.derivedData/Build/Intermediates.noindex/SwiftExplicitPrecompiledModules
CreateBuildDirectory /Users/admin/builder/spi-builder-workspace/.derivedData/Build/Intermediates.noindex/PrecompiledHeaders
cd /Users/admin/builder/spi-builder-workspace/.swiftpm/xcode
builtin-create-build-directory /Users/admin/builder/spi-builder-workspace/.derivedData/Build/Intermediates.noindex/PrecompiledHeaders
CreateBuildDirectory /Users/admin/builder/spi-builder-workspace/.derivedData/Build/Products/Debug-watchos
cd /Users/admin/builder/spi-builder-workspace/.swiftpm/xcode
builtin-create-build-directory /Users/admin/builder/spi-builder-workspace/.derivedData/Build/Products/Debug-watchos
CreateBuildDirectory /Users/admin/builder/spi-builder-workspace/.derivedData/Build/Intermediates.noindex/ExplicitPrecompiledModules
cd /Users/admin/builder/spi-builder-workspace/.swiftpm/xcode
builtin-create-build-directory /Users/admin/builder/spi-builder-workspace/.derivedData/Build/Intermediates.noindex/ExplicitPrecompiledModules
CreateBuildDirectory /Users/admin/builder/spi-builder-workspace/.derivedData/Build/Intermediates.noindex/EagerLinkingTBDs/Debug-watchos
cd /Users/admin/builder/spi-builder-workspace/.swiftpm/xcode
builtin-create-build-directory /Users/admin/builder/spi-builder-workspace/.derivedData/Build/Intermediates.noindex/EagerLinkingTBDs/Debug-watchos
CreateBuildDirectory /Users/admin/builder/spi-builder-workspace/.derivedData/Build/Products/Debug-watchos/PackageFrameworks
cd /Users/admin/builder/spi-builder-workspace/.swiftpm/xcode
builtin-create-build-directory /Users/admin/builder/spi-builder-workspace/.derivedData/Build/Products/Debug-watchos/PackageFrameworks
WriteAuxiliaryFile /Users/admin/builder/spi-builder-workspace/.derivedData/Build/Intermediates.noindex/TextBuffer.build/Debug-watchos/TextRope-t.build/TextRope.DependencyMetadataFileList (in target 'TextRope' from project 'TextBuffer')
cd /Users/admin/builder/spi-builder-workspace/.dependencies/checkouts/TextBuffer
write-file /Users/admin/builder/spi-builder-workspace/.derivedData/Build/Intermediates.noindex/TextBuffer.build/Debug-watchos/TextRope-t.build/TextRope.DependencyMetadataFileList
WriteAuxiliaryFile /Users/admin/builder/spi-builder-workspace/.derivedData/Build/Intermediates.noindex/TextBuffer.build/Debug-watchos/TextRope-t.build/TextRope.modulemap (in target 'TextRope' from project 'TextBuffer')
cd /Users/admin/builder/spi-builder-workspace/.dependencies/checkouts/TextBuffer
write-file /Users/admin/builder/spi-builder-workspace/.derivedData/Build/Intermediates.noindex/TextBuffer.build/Debug-watchos/TextRope-t.build/TextRope.modulemap
WriteAuxiliaryFile /Users/admin/builder/spi-builder-workspace/.derivedData/Build/Intermediates.noindex/TextBuffer.build/Debug-watchos/TextRope-t.build/TextRope.DependencyStaticMetadataFileList (in target 'TextRope' from project 'TextBuffer')
cd /Users/admin/builder/spi-builder-workspace/.dependencies/checkouts/TextBuffer
write-file /Users/admin/builder/spi-builder-workspace/.derivedData/Build/Intermediates.noindex/TextBuffer.build/Debug-watchos/TextRope-t.build/TextRope.DependencyStaticMetadataFileList
WriteAuxiliaryFile /Users/admin/builder/spi-builder-workspace/.derivedData/Build/Intermediates.noindex/TextBuffer.build/Debug-watchos/TextRope-t.build/Objects-normal/arm64/TextRope_const_extract_protocols.json (in target 'TextRope' from project 'TextBuffer')
cd /Users/admin/builder/spi-builder-workspace/.dependencies/checkouts/TextBuffer
write-file /Users/admin/builder/spi-builder-workspace/.derivedData/Build/Intermediates.noindex/TextBuffer.build/Debug-watchos/TextRope-t.build/Objects-normal/arm64/TextRope_const_extract_protocols.json
WriteAuxiliaryFile /Users/admin/builder/spi-builder-workspace/.derivedData/Build/Intermediates.noindex/TextBuffer.build/Debug-watchos/TextRope-t.build/Objects-normal/arm64_32/TextRope_const_extract_protocols.json (in target 'TextRope' from project 'TextBuffer')
cd /Users/admin/builder/spi-builder-workspace/.dependencies/checkouts/TextBuffer
write-file /Users/admin/builder/spi-builder-workspace/.derivedData/Build/Intermediates.noindex/TextBuffer.build/Debug-watchos/TextRope-t.build/Objects-normal/arm64_32/TextRope_const_extract_protocols.json
WriteAuxiliaryFile /Users/admin/builder/spi-builder-workspace/.derivedData/Build/Intermediates.noindex/TextBuffer.build/Debug-watchos/TextRope-t.build/Objects-normal/arm64_32/TextRope.SwiftConstValuesFileList (in target 'TextRope' from project 'TextBuffer')
cd /Users/admin/builder/spi-builder-workspace/.dependencies/checkouts/TextBuffer
write-file /Users/admin/builder/spi-builder-workspace/.derivedData/Build/Intermediates.noindex/TextBuffer.build/Debug-watchos/TextRope-t.build/Objects-normal/arm64_32/TextRope.SwiftConstValuesFileList
WriteAuxiliaryFile /Users/admin/builder/spi-builder-workspace/.derivedData/Build/Intermediates.noindex/TextBuffer.build/Debug-watchos/TextRope-t.build/Objects-normal/arm64_32/TextRope-OutputFileMap.json (in target 'TextRope' from project 'TextBuffer')
cd /Users/admin/builder/spi-builder-workspace/.dependencies/checkouts/TextBuffer
write-file /Users/admin/builder/spi-builder-workspace/.derivedData/Build/Intermediates.noindex/TextBuffer.build/Debug-watchos/TextRope-t.build/Objects-normal/arm64_32/TextRope-OutputFileMap.json
WriteAuxiliaryFile /Users/admin/builder/spi-builder-workspace/.derivedData/Build/Intermediates.noindex/TextBuffer.build/Debug-watchos/TextRope-t.build/Objects-normal/arm64/TextRope.LinkFileList (in target 'TextRope' from project 'TextBuffer')
cd /Users/admin/builder/spi-builder-workspace/.dependencies/checkouts/TextBuffer
write-file /Users/admin/builder/spi-builder-workspace/.derivedData/Build/Intermediates.noindex/TextBuffer.build/Debug-watchos/TextRope-t.build/Objects-normal/arm64/TextRope.LinkFileList
WriteAuxiliaryFile /Users/admin/builder/spi-builder-workspace/.derivedData/Build/Intermediates.noindex/TextBuffer.build/Debug-watchos/TextRope-t.build/Objects-normal/arm64_32/TextRope.LinkFileList (in target 'TextRope' from project 'TextBuffer')
cd /Users/admin/builder/spi-builder-workspace/.dependencies/checkouts/TextBuffer
write-file /Users/admin/builder/spi-builder-workspace/.derivedData/Build/Intermediates.noindex/TextBuffer.build/Debug-watchos/TextRope-t.build/Objects-normal/arm64_32/TextRope.LinkFileList
WriteAuxiliaryFile /Users/admin/builder/spi-builder-workspace/.derivedData/Build/Intermediates.noindex/TextBuffer.build/Debug-watchos/TextRope-t.build/Objects-normal/arm64_32/TextRope.SwiftFileList (in target 'TextRope' from project 'TextBuffer')
cd /Users/admin/builder/spi-builder-workspace/.dependencies/checkouts/TextBuffer
write-file /Users/admin/builder/spi-builder-workspace/.derivedData/Build/Intermediates.noindex/TextBuffer.build/Debug-watchos/TextRope-t.build/Objects-normal/arm64_32/TextRope.SwiftFileList
WriteAuxiliaryFile /Users/admin/builder/spi-builder-workspace/.derivedData/Build/Intermediates.noindex/TextBuffer.build/Debug-watchos/TextRope-t.build/Objects-normal/arm64/TextRope.SwiftConstValuesFileList (in target 'TextRope' from project 'TextBuffer')
cd /Users/admin/builder/spi-builder-workspace/.dependencies/checkouts/TextBuffer
write-file /Users/admin/builder/spi-builder-workspace/.derivedData/Build/Intermediates.noindex/TextBuffer.build/Debug-watchos/TextRope-t.build/Objects-normal/arm64/TextRope.SwiftConstValuesFileList
WriteAuxiliaryFile /Users/admin/builder/spi-builder-workspace/.derivedData/Build/Intermediates.noindex/TextBuffer.build/Debug-watchos/TextRope-t.build/Objects-normal/arm64/TextRope.SwiftFileList (in target 'TextRope' from project 'TextBuffer')
cd /Users/admin/builder/spi-builder-workspace/.dependencies/checkouts/TextBuffer
write-file /Users/admin/builder/spi-builder-workspace/.derivedData/Build/Intermediates.noindex/TextBuffer.build/Debug-watchos/TextRope-t.build/Objects-normal/arm64/TextRope.SwiftFileList
WriteAuxiliaryFile /Users/admin/builder/spi-builder-workspace/.derivedData/Build/Intermediates.noindex/TextBuffer.build/Debug-watchos/TextRope-t.build/Objects-normal/arm64/TextRope-OutputFileMap.json (in target 'TextRope' from project 'TextBuffer')
cd /Users/admin/builder/spi-builder-workspace/.dependencies/checkouts/TextBuffer
write-file /Users/admin/builder/spi-builder-workspace/.derivedData/Build/Intermediates.noindex/TextBuffer.build/Debug-watchos/TextRope-t.build/Objects-normal/arm64/TextRope-OutputFileMap.json
WriteAuxiliaryFile /Users/admin/builder/spi-builder-workspace/.derivedData/Build/Intermediates.noindex/TextBuffer.build/Debug-watchos/TextBuffer-t.build/TextBuffer.modulemap (in target 'TextBuffer' from project 'TextBuffer')
cd /Users/admin/builder/spi-builder-workspace/.dependencies/checkouts/TextBuffer
write-file /Users/admin/builder/spi-builder-workspace/.derivedData/Build/Intermediates.noindex/TextBuffer.build/Debug-watchos/TextBuffer-t.build/TextBuffer.modulemap
WriteAuxiliaryFile /Users/admin/builder/spi-builder-workspace/.derivedData/Build/Intermediates.noindex/TextBuffer.build/Debug-watchos/TextBuffer-t.build/TextBuffer.DependencyStaticMetadataFileList (in target 'TextBuffer' from project 'TextBuffer')
cd /Users/admin/builder/spi-builder-workspace/.dependencies/checkouts/TextBuffer
write-file /Users/admin/builder/spi-builder-workspace/.derivedData/Build/Intermediates.noindex/TextBuffer.build/Debug-watchos/TextBuffer-t.build/TextBuffer.DependencyStaticMetadataFileList
WriteAuxiliaryFile /Users/admin/builder/spi-builder-workspace/.derivedData/Build/Intermediates.noindex/TextBuffer.build/Debug-watchos/TextBuffer-t.build/TextBuffer.DependencyMetadataFileList (in target 'TextBuffer' from project 'TextBuffer')
cd /Users/admin/builder/spi-builder-workspace/.dependencies/checkouts/TextBuffer
write-file /Users/admin/builder/spi-builder-workspace/.derivedData/Build/Intermediates.noindex/TextBuffer.build/Debug-watchos/TextBuffer-t.build/TextBuffer.DependencyMetadataFileList
Copy /Users/admin/builder/spi-builder-workspace/.derivedData/Build/Intermediates.noindex/GeneratedModuleMaps-watchos/TextRope.modulemap /Users/admin/builder/spi-builder-workspace/.derivedData/Build/Intermediates.noindex/TextBuffer.build/Debug-watchos/TextRope-t.build/TextRope.modulemap (in target 'TextRope' from project 'TextBuffer')
cd /Users/admin/builder/spi-builder-workspace/.dependencies/checkouts/TextBuffer
builtin-copy -exclude .DS_Store -exclude CVS -exclude .svn -exclude .git -exclude .hg -resolve-src-symlinks /Users/admin/builder/spi-builder-workspace/.derivedData/Build/Intermediates.noindex/TextBuffer.build/Debug-watchos/TextRope-t.build/TextRope.modulemap /Users/admin/builder/spi-builder-workspace/.derivedData/Build/Intermediates.noindex/GeneratedModuleMaps-watchos
WriteAuxiliaryFile /Users/admin/builder/spi-builder-workspace/.derivedData/Build/Intermediates.noindex/TextBuffer.build/Debug-watchos/TextBuffer-t.build/Objects-normal/arm64_32/TextBuffer_const_extract_protocols.json (in target 'TextBuffer' from project 'TextBuffer')
cd /Users/admin/builder/spi-builder-workspace/.dependencies/checkouts/TextBuffer
write-file /Users/admin/builder/spi-builder-workspace/.derivedData/Build/Intermediates.noindex/TextBuffer.build/Debug-watchos/TextBuffer-t.build/Objects-normal/arm64_32/TextBuffer_const_extract_protocols.json
WriteAuxiliaryFile /Users/admin/builder/spi-builder-workspace/.derivedData/Build/Intermediates.noindex/TextBuffer.build/Debug-watchos/TextBuffer-t.build/Objects-normal/arm64_32/TextBuffer.LinkFileList (in target 'TextBuffer' from project 'TextBuffer')
cd /Users/admin/builder/spi-builder-workspace/.dependencies/checkouts/TextBuffer
write-file /Users/admin/builder/spi-builder-workspace/.derivedData/Build/Intermediates.noindex/TextBuffer.build/Debug-watchos/TextBuffer-t.build/Objects-normal/arm64_32/TextBuffer.LinkFileList
WriteAuxiliaryFile /Users/admin/builder/spi-builder-workspace/.derivedData/Build/Intermediates.noindex/TextBuffer.build/Debug-watchos/TextBuffer-t.build/Objects-normal/arm64_32/TextBuffer.SwiftConstValuesFileList (in target 'TextBuffer' from project 'TextBuffer')
cd /Users/admin/builder/spi-builder-workspace/.dependencies/checkouts/TextBuffer
write-file /Users/admin/builder/spi-builder-workspace/.derivedData/Build/Intermediates.noindex/TextBuffer.build/Debug-watchos/TextBuffer-t.build/Objects-normal/arm64_32/TextBuffer.SwiftConstValuesFileList
WriteAuxiliaryFile /Users/admin/builder/spi-builder-workspace/.derivedData/Build/Intermediates.noindex/TextBuffer.build/Debug-watchos/TextBuffer-t.build/Objects-normal/arm64_32/TextBuffer-OutputFileMap.json (in target 'TextBuffer' from project 'TextBuffer')
cd /Users/admin/builder/spi-builder-workspace/.dependencies/checkouts/TextBuffer
write-file /Users/admin/builder/spi-builder-workspace/.derivedData/Build/Intermediates.noindex/TextBuffer.build/Debug-watchos/TextBuffer-t.build/Objects-normal/arm64_32/TextBuffer-OutputFileMap.json
WriteAuxiliaryFile /Users/admin/builder/spi-builder-workspace/.derivedData/Build/Intermediates.noindex/TextBuffer.build/Debug-watchos/TextBuffer-t.build/Objects-normal/arm64_32/TextBuffer.SwiftFileList (in target 'TextBuffer' from project 'TextBuffer')
cd /Users/admin/builder/spi-builder-workspace/.dependencies/checkouts/TextBuffer
write-file /Users/admin/builder/spi-builder-workspace/.derivedData/Build/Intermediates.noindex/TextBuffer.build/Debug-watchos/TextBuffer-t.build/Objects-normal/arm64_32/TextBuffer.SwiftFileList
WriteAuxiliaryFile /Users/admin/builder/spi-builder-workspace/.derivedData/Build/Intermediates.noindex/TextBuffer.build/Debug-watchos/TextBuffer-t.build/Objects-normal/arm64/TextBuffer_const_extract_protocols.json (in target 'TextBuffer' from project 'TextBuffer')
cd /Users/admin/builder/spi-builder-workspace/.dependencies/checkouts/TextBuffer
write-file /Users/admin/builder/spi-builder-workspace/.derivedData/Build/Intermediates.noindex/TextBuffer.build/Debug-watchos/TextBuffer-t.build/Objects-normal/arm64/TextBuffer_const_extract_protocols.json
WriteAuxiliaryFile /Users/admin/builder/spi-builder-workspace/.derivedData/Build/Intermediates.noindex/TextBuffer.build/Debug-watchos/TextBuffer-t.build/Objects-normal/arm64/TextBuffer.SwiftFileList (in target 'TextBuffer' from project 'TextBuffer')
cd /Users/admin/builder/spi-builder-workspace/.dependencies/checkouts/TextBuffer
write-file /Users/admin/builder/spi-builder-workspace/.derivedData/Build/Intermediates.noindex/TextBuffer.build/Debug-watchos/TextBuffer-t.build/Objects-normal/arm64/TextBuffer.SwiftFileList
WriteAuxiliaryFile /Users/admin/builder/spi-builder-workspace/.derivedData/Build/Intermediates.noindex/TextBuffer.build/Debug-watchos/TextBuffer-t.build/Objects-normal/arm64/TextBuffer.SwiftConstValuesFileList (in target 'TextBuffer' from project 'TextBuffer')
cd /Users/admin/builder/spi-builder-workspace/.dependencies/checkouts/TextBuffer
write-file /Users/admin/builder/spi-builder-workspace/.derivedData/Build/Intermediates.noindex/TextBuffer.build/Debug-watchos/TextBuffer-t.build/Objects-normal/arm64/TextBuffer.SwiftConstValuesFileList
WriteAuxiliaryFile /Users/admin/builder/spi-builder-workspace/.derivedData/Build/Intermediates.noindex/TextBuffer.build/Debug-watchos/TextBuffer-t.build/Objects-normal/arm64/TextBuffer.LinkFileList (in target 'TextBuffer' from project 'TextBuffer')
cd /Users/admin/builder/spi-builder-workspace/.dependencies/checkouts/TextBuffer
write-file /Users/admin/builder/spi-builder-workspace/.derivedData/Build/Intermediates.noindex/TextBuffer.build/Debug-watchos/TextBuffer-t.build/Objects-normal/arm64/TextBuffer.LinkFileList
WriteAuxiliaryFile /Users/admin/builder/spi-builder-workspace/.derivedData/Build/Intermediates.noindex/TextBuffer.build/Debug-watchos/TextBuffer-t.build/Objects-normal/arm64/TextBuffer-OutputFileMap.json (in target 'TextBuffer' from project 'TextBuffer')
cd /Users/admin/builder/spi-builder-workspace/.dependencies/checkouts/TextBuffer
write-file /Users/admin/builder/spi-builder-workspace/.derivedData/Build/Intermediates.noindex/TextBuffer.build/Debug-watchos/TextBuffer-t.build/Objects-normal/arm64/TextBuffer-OutputFileMap.json
Copy /Users/admin/builder/spi-builder-workspace/.derivedData/Build/Intermediates.noindex/GeneratedModuleMaps-watchos/TextBuffer.modulemap /Users/admin/builder/spi-builder-workspace/.derivedData/Build/Intermediates.noindex/TextBuffer.build/Debug-watchos/TextBuffer-t.build/TextBuffer.modulemap (in target 'TextBuffer' from project 'TextBuffer')
cd /Users/admin/builder/spi-builder-workspace/.dependencies/checkouts/TextBuffer
builtin-copy -exclude .DS_Store -exclude CVS -exclude .svn -exclude .git -exclude .hg -resolve-src-symlinks /Users/admin/builder/spi-builder-workspace/.derivedData/Build/Intermediates.noindex/TextBuffer.build/Debug-watchos/TextBuffer-t.build/TextBuffer.modulemap /Users/admin/builder/spi-builder-workspace/.derivedData/Build/Intermediates.noindex/GeneratedModuleMaps-watchos
WriteAuxiliaryFile /Users/admin/builder/spi-builder-workspace/.derivedData/Build/Intermediates.noindex/DeclarativeTextKit.build/Debug-watchos/DeclarativeTextKit-t.build/Objects-normal/arm64_32/DeclarativeTextKit.LinkFileList (in target 'DeclarativeTextKit' from project 'DeclarativeTextKit')
cd /Users/admin/builder/spi-builder-workspace
write-file /Users/admin/builder/spi-builder-workspace/.derivedData/Build/Intermediates.noindex/DeclarativeTextKit.build/Debug-watchos/DeclarativeTextKit-t.build/Objects-normal/arm64_32/DeclarativeTextKit.LinkFileList
WriteAuxiliaryFile /Users/admin/builder/spi-builder-workspace/.derivedData/Build/Intermediates.noindex/DeclarativeTextKit.build/Debug-watchos/DeclarativeTextKit-t.build/Objects-normal/arm64_32/DeclarativeTextKit-OutputFileMap.json (in target 'DeclarativeTextKit' from project 'DeclarativeTextKit')
cd /Users/admin/builder/spi-builder-workspace
write-file /Users/admin/builder/spi-builder-workspace/.derivedData/Build/Intermediates.noindex/DeclarativeTextKit.build/Debug-watchos/DeclarativeTextKit-t.build/Objects-normal/arm64_32/DeclarativeTextKit-OutputFileMap.json
WriteAuxiliaryFile /Users/admin/builder/spi-builder-workspace/.derivedData/Build/Intermediates.noindex/DeclarativeTextKit.build/Debug-watchos/DeclarativeTextKit-t.build/Objects-normal/arm64_32/DeclarativeTextKit_const_extract_protocols.json (in target 'DeclarativeTextKit' from project 'DeclarativeTextKit')
cd /Users/admin/builder/spi-builder-workspace
write-file /Users/admin/builder/spi-builder-workspace/.derivedData/Build/Intermediates.noindex/DeclarativeTextKit.build/Debug-watchos/DeclarativeTextKit-t.build/Objects-normal/arm64_32/DeclarativeTextKit_const_extract_protocols.json
WriteAuxiliaryFile /Users/admin/builder/spi-builder-workspace/.derivedData/Build/Intermediates.noindex/DeclarativeTextKit.build/Debug-watchos/DeclarativeTextKit-t.build/Objects-normal/arm64_32/DeclarativeTextKit.SwiftConstValuesFileList (in target 'DeclarativeTextKit' from project 'DeclarativeTextKit')
cd /Users/admin/builder/spi-builder-workspace
write-file /Users/admin/builder/spi-builder-workspace/.derivedData/Build/Intermediates.noindex/DeclarativeTextKit.build/Debug-watchos/DeclarativeTextKit-t.build/Objects-normal/arm64_32/DeclarativeTextKit.SwiftConstValuesFileList
WriteAuxiliaryFile /Users/admin/builder/spi-builder-workspace/.derivedData/Build/Intermediates.noindex/DeclarativeTextKit.build/Debug-watchos/DeclarativeTextKit-t.build/Objects-normal/arm64_32/DeclarativeTextKit.SwiftFileList (in target 'DeclarativeTextKit' from project 'DeclarativeTextKit')
cd /Users/admin/builder/spi-builder-workspace
write-file /Users/admin/builder/spi-builder-workspace/.derivedData/Build/Intermediates.noindex/DeclarativeTextKit.build/Debug-watchos/DeclarativeTextKit-t.build/Objects-normal/arm64_32/DeclarativeTextKit.SwiftFileList
WriteAuxiliaryFile /Users/admin/builder/spi-builder-workspace/.derivedData/Build/Intermediates.noindex/DeclarativeTextKit.build/Debug-watchos/DeclarativeTextKit-t.build/Objects-normal/arm64/DeclarativeTextKit_const_extract_protocols.json (in target 'DeclarativeTextKit' from project 'DeclarativeTextKit')
cd /Users/admin/builder/spi-builder-workspace
write-file /Users/admin/builder/spi-builder-workspace/.derivedData/Build/Intermediates.noindex/DeclarativeTextKit.build/Debug-watchos/DeclarativeTextKit-t.build/Objects-normal/arm64/DeclarativeTextKit_const_extract_protocols.json
WriteAuxiliaryFile /Users/admin/builder/spi-builder-workspace/.derivedData/Build/Intermediates.noindex/DeclarativeTextKit.build/Debug-watchos/DeclarativeTextKit-t.build/Objects-normal/arm64/DeclarativeTextKit.SwiftFileList (in target 'DeclarativeTextKit' from project 'DeclarativeTextKit')
cd /Users/admin/builder/spi-builder-workspace
write-file /Users/admin/builder/spi-builder-workspace/.derivedData/Build/Intermediates.noindex/DeclarativeTextKit.build/Debug-watchos/DeclarativeTextKit-t.build/Objects-normal/arm64/DeclarativeTextKit.SwiftFileList
WriteAuxiliaryFile /Users/admin/builder/spi-builder-workspace/.derivedData/Build/Intermediates.noindex/DeclarativeTextKit.build/Debug-watchos/DeclarativeTextKit-t.build/Objects-normal/arm64/DeclarativeTextKit.SwiftConstValuesFileList (in target 'DeclarativeTextKit' from project 'DeclarativeTextKit')
cd /Users/admin/builder/spi-builder-workspace
write-file /Users/admin/builder/spi-builder-workspace/.derivedData/Build/Intermediates.noindex/DeclarativeTextKit.build/Debug-watchos/DeclarativeTextKit-t.build/Objects-normal/arm64/DeclarativeTextKit.SwiftConstValuesFileList
WriteAuxiliaryFile /Users/admin/builder/spi-builder-workspace/.derivedData/Build/Intermediates.noindex/DeclarativeTextKit.build/Debug-watchos/DeclarativeTextKit-t.build/Objects-normal/arm64/DeclarativeTextKit.LinkFileList (in target 'DeclarativeTextKit' from project 'DeclarativeTextKit')
cd /Users/admin/builder/spi-builder-workspace
write-file /Users/admin/builder/spi-builder-workspace/.derivedData/Build/Intermediates.noindex/DeclarativeTextKit.build/Debug-watchos/DeclarativeTextKit-t.build/Objects-normal/arm64/DeclarativeTextKit.LinkFileList
WriteAuxiliaryFile /Users/admin/builder/spi-builder-workspace/.derivedData/Build/Intermediates.noindex/DeclarativeTextKit.build/Debug-watchos/DeclarativeTextKit-t.build/Objects-normal/arm64/DeclarativeTextKit-OutputFileMap.json (in target 'DeclarativeTextKit' from project 'DeclarativeTextKit')
cd /Users/admin/builder/spi-builder-workspace
write-file /Users/admin/builder/spi-builder-workspace/.derivedData/Build/Intermediates.noindex/DeclarativeTextKit.build/Debug-watchos/DeclarativeTextKit-t.build/Objects-normal/arm64/DeclarativeTextKit-OutputFileMap.json
WriteAuxiliaryFile /Users/admin/builder/spi-builder-workspace/.derivedData/Build/Intermediates.noindex/DeclarativeTextKit.build/Debug-watchos/DeclarativeTextKit-t.build/DeclarativeTextKit.modulemap (in target 'DeclarativeTextKit' from project 'DeclarativeTextKit')
cd /Users/admin/builder/spi-builder-workspace
write-file /Users/admin/builder/spi-builder-workspace/.derivedData/Build/Intermediates.noindex/DeclarativeTextKit.build/Debug-watchos/DeclarativeTextKit-t.build/DeclarativeTextKit.modulemap
WriteAuxiliaryFile /Users/admin/builder/spi-builder-workspace/.derivedData/Build/Intermediates.noindex/DeclarativeTextKit.build/Debug-watchos/DeclarativeTextKit-t.build/DeclarativeTextKit.DependencyMetadataFileList (in target 'DeclarativeTextKit' from project 'DeclarativeTextKit')
cd /Users/admin/builder/spi-builder-workspace
write-file /Users/admin/builder/spi-builder-workspace/.derivedData/Build/Intermediates.noindex/DeclarativeTextKit.build/Debug-watchos/DeclarativeTextKit-t.build/DeclarativeTextKit.DependencyMetadataFileList
WriteAuxiliaryFile /Users/admin/builder/spi-builder-workspace/.derivedData/Build/Intermediates.noindex/DeclarativeTextKit.build/Debug-watchos/DeclarativeTextKit-t.build/DeclarativeTextKit.DependencyStaticMetadataFileList (in target 'DeclarativeTextKit' from project 'DeclarativeTextKit')
cd /Users/admin/builder/spi-builder-workspace
write-file /Users/admin/builder/spi-builder-workspace/.derivedData/Build/Intermediates.noindex/DeclarativeTextKit.build/Debug-watchos/DeclarativeTextKit-t.build/DeclarativeTextKit.DependencyStaticMetadataFileList
Copy /Users/admin/builder/spi-builder-workspace/.derivedData/Build/Intermediates.noindex/GeneratedModuleMaps-watchos/DeclarativeTextKit.modulemap /Users/admin/builder/spi-builder-workspace/.derivedData/Build/Intermediates.noindex/DeclarativeTextKit.build/Debug-watchos/DeclarativeTextKit-t.build/DeclarativeTextKit.modulemap (in target 'DeclarativeTextKit' from project 'DeclarativeTextKit')
cd /Users/admin/builder/spi-builder-workspace
builtin-copy -exclude .DS_Store -exclude CVS -exclude .svn -exclude .git -exclude .hg -resolve-src-symlinks /Users/admin/builder/spi-builder-workspace/.derivedData/Build/Intermediates.noindex/DeclarativeTextKit.build/Debug-watchos/DeclarativeTextKit-t.build/DeclarativeTextKit.modulemap /Users/admin/builder/spi-builder-workspace/.derivedData/Build/Intermediates.noindex/GeneratedModuleMaps-watchos
SwiftDriver TextRope normal arm64_32 com.apple.xcode.tools.swift.compiler (in target 'TextRope' from project 'TextBuffer')
cd /Users/admin/builder/spi-builder-workspace/.swiftpm/xcode
builtin-SwiftDriver -- /Applications/Xcode-27.0.0-Release.Candidate.app/Contents/Developer/Toolchains/XcodeDefault.xctoolchain/usr/bin/swiftc -parse-as-library -module-name TextRope -Onone @/Users/admin/builder/spi-builder-workspace/.derivedData/Build/Intermediates.noindex/TextBuffer.build/Debug-watchos/TextRope-t.build/Objects-normal/arm64_32/TextRope.SwiftFileList -DSWIFT_PACKAGE -DDEBUG -DSWIFT_MODULE_RESOURCE_BUNDLE_UNAVAILABLE -DXcode -plugin-path /Applications/Xcode-27.0.0-Release.Candidate.app/Contents/Developer/Toolchains/XcodeDefault.xctoolchain/usr/lib/swift/host/plugins/testing -enable-experimental-feature DebugDescriptionMacro -sdk /Applications/Xcode-27.0.0-Release.Candidate.app/Contents/Developer/Platforms/WatchOS.platform/Developer/SDKs/WatchOS27.0.sdk -target arm64_32-apple-watchos9.0 -g -module-cache-path /Users/admin/builder/spi-builder-workspace/.derivedData/ModuleCache.noindex -Xfrontend -serialize-debugging-options -profile-coverage-mapping -profile-generate -enable-testing -suppress-warnings -index-store-path /Users/admin/builder/spi-builder-workspace/.derivedData/Index.noindex/DataStore -Xcc -D_LIBCPP_HARDENING_MODE\=_LIBCPP_HARDENING_MODE_DEBUG -swift-version 6 -I /Users/admin/builder/spi-builder-workspace/.derivedData/Build/Products/Debug-watchos -Isystem /Applications/Xcode-27.0.0-Release.Candidate.app/Contents/Developer/Platforms/WatchOS.platform/Developer/usr/lib -F /Users/admin/builder/spi-builder-workspace/.derivedData/Build/Products/Debug-watchos -F /Applications/Xcode-27.0.0-Release.Candidate.app/Contents/Developer/Platforms/WatchOS.platform/Developer/Library/Frameworks -F /Applications/Xcode-27.0.0-Release.Candidate.app/Contents/Developer/Platforms/WatchOS.platform/Developer/SDKs/WatchOS27.0.sdk/Developer/Library/Frameworks -c -j10 -enable-batch-mode -incremental -Xcc -ivfsstatcache -Xcc /Users/admin/builder/spi-builder-workspace/.derivedData/SDKStatCaches.noindex/watchos27.0-24R360-e829b21a6f8c9b70876ba0858053c04477534ef55a1706bf4c1112bbb242f0a2.sdkstatcache -output-file-map /Users/admin/builder/spi-builder-workspace/.derivedData/Build/Intermediates.noindex/TextBuffer.build/Debug-watchos/TextRope-t.build/Objects-normal/arm64_32/TextRope-OutputFileMap.json -save-temps -no-color-diagnostics -explicit-module-build -module-cache-path /Users/admin/builder/spi-builder-workspace/.derivedData/Build/Intermediates.noindex/SwiftExplicitPrecompiledModules -clang-scanner-module-cache-path /Users/admin/builder/spi-builder-workspace/.derivedData/ModuleCache.noindex -sdk-module-cache-path /Users/admin/builder/spi-builder-workspace/.derivedData/SDKExplicitPrecompiledModules -emit-dependencies -emit-module -emit-module-path /Users/admin/builder/spi-builder-workspace/.derivedData/Build/Intermediates.noindex/TextBuffer.build/Debug-watchos/TextRope-t.build/Objects-normal/arm64_32/TextRope.swiftmodule -serialize-diagnostics -dependency-scan-serialize-diagnostics-path /Users/admin/builder/spi-builder-workspace/.derivedData/Build/Intermediates.noindex/TextBuffer.build/Debug-watchos/TextRope-t.build/Objects-normal/arm64_32/TextRope-dependency-scan.dia -user-module-version 0.12.0 -validate-clang-modules-once -clang-build-session-file /Users/admin/builder/spi-builder-workspace/.derivedData/ModuleCache.noindex/Session.modulevalidation -Xcc -fmodules-prune-interval\=86400 -Xcc -fmodules-prune-after\=345600 -package-name textbuffer -emit-const-values -const-gather-protocols-list /Users/admin/builder/spi-builder-workspace/.derivedData/Build/Intermediates.noindex/TextBuffer.build/Debug-watchos/TextRope-t.build/Objects-normal/arm64_32/TextRope_const_extract_protocols.json -Xcc -I/Users/admin/builder/spi-builder-workspace/.derivedData/Build/Products/Debug-watchos/include -Xcc -I/Users/admin/builder/spi-builder-workspace/.derivedData/Build/Intermediates.noindex/TextBuffer.build/Debug-watchos/TextRope-t.build/DerivedSources-normal/arm64_32 -Xcc -I/Users/admin/builder/spi-builder-workspace/.derivedData/Build/Intermediates.noindex/TextBuffer.build/Debug-watchos/TextRope-t.build/DerivedSources/arm64_32 -Xcc -I/Users/admin/builder/spi-builder-workspace/.derivedData/Build/Intermediates.noindex/TextBuffer.build/Debug-watchos/TextRope-t.build/DerivedSources -Xcc -DSWIFT_PACKAGE -Xcc -DDEBUG\=1 -emit-objc-header -emit-objc-header-path /Users/admin/builder/spi-builder-workspace/.derivedData/Build/Intermediates.noindex/TextBuffer.build/Debug-watchos/TextRope-t.build/Objects-normal/arm64_32/TextRope-Swift.h -working-directory /Users/admin/builder/spi-builder-workspace/.swiftpm/xcode -experimental-emit-module-separately -disable-cmo
SwiftDriver TextRope normal arm64 com.apple.xcode.tools.swift.compiler (in target 'TextRope' from project 'TextBuffer')
cd /Users/admin/builder/spi-builder-workspace/.swiftpm/xcode
builtin-SwiftDriver -- /Applications/Xcode-27.0.0-Release.Candidate.app/Contents/Developer/Toolchains/XcodeDefault.xctoolchain/usr/bin/swiftc -parse-as-library -module-name TextRope -Onone @/Users/admin/builder/spi-builder-workspace/.derivedData/Build/Intermediates.noindex/TextBuffer.build/Debug-watchos/TextRope-t.build/Objects-normal/arm64/TextRope.SwiftFileList -DSWIFT_PACKAGE -DDEBUG -DSWIFT_MODULE_RESOURCE_BUNDLE_UNAVAILABLE -DXcode -plugin-path /Applications/Xcode-27.0.0-Release.Candidate.app/Contents/Developer/Toolchains/XcodeDefault.xctoolchain/usr/lib/swift/host/plugins/testing -enable-experimental-feature DebugDescriptionMacro -sdk /Applications/Xcode-27.0.0-Release.Candidate.app/Contents/Developer/Platforms/WatchOS.platform/Developer/SDKs/WatchOS27.0.sdk -target arm64-apple-watchos9.0 -g -module-cache-path /Users/admin/builder/spi-builder-workspace/.derivedData/ModuleCache.noindex -Xfrontend -serialize-debugging-options -profile-coverage-mapping -profile-generate -enable-testing -suppress-warnings -index-store-path /Users/admin/builder/spi-builder-workspace/.derivedData/Index.noindex/DataStore -Xcc -D_LIBCPP_HARDENING_MODE\=_LIBCPP_HARDENING_MODE_DEBUG -swift-version 6 -I /Users/admin/builder/spi-builder-workspace/.derivedData/Build/Products/Debug-watchos -Isystem /Applications/Xcode-27.0.0-Release.Candidate.app/Contents/Developer/Platforms/WatchOS.platform/Developer/usr/lib -F /Users/admin/builder/spi-builder-workspace/.derivedData/Build/Products/Debug-watchos -F /Applications/Xcode-27.0.0-Release.Candidate.app/Contents/Developer/Platforms/WatchOS.platform/Developer/Library/Frameworks -F /Applications/Xcode-27.0.0-Release.Candidate.app/Contents/Developer/Platforms/WatchOS.platform/Developer/SDKs/WatchOS27.0.sdk/Developer/Library/Frameworks -c -j10 -enable-batch-mode -incremental -Xcc -ivfsstatcache -Xcc /Users/admin/builder/spi-builder-workspace/.derivedData/SDKStatCaches.noindex/watchos27.0-24R360-e829b21a6f8c9b70876ba0858053c04477534ef55a1706bf4c1112bbb242f0a2.sdkstatcache -output-file-map /Users/admin/builder/spi-builder-workspace/.derivedData/Build/Intermediates.noindex/TextBuffer.build/Debug-watchos/TextRope-t.build/Objects-normal/arm64/TextRope-OutputFileMap.json -save-temps -no-color-diagnostics -explicit-module-build -module-cache-path /Users/admin/builder/spi-builder-workspace/.derivedData/Build/Intermediates.noindex/SwiftExplicitPrecompiledModules -clang-scanner-module-cache-path /Users/admin/builder/spi-builder-workspace/.derivedData/ModuleCache.noindex -sdk-module-cache-path /Users/admin/builder/spi-builder-workspace/.derivedData/SDKExplicitPrecompiledModules -emit-dependencies -emit-module -emit-module-path /Users/admin/builder/spi-builder-workspace/.derivedData/Build/Intermediates.noindex/TextBuffer.build/Debug-watchos/TextRope-t.build/Objects-normal/arm64/TextRope.swiftmodule -serialize-diagnostics -dependency-scan-serialize-diagnostics-path /Users/admin/builder/spi-builder-workspace/.derivedData/Build/Intermediates.noindex/TextBuffer.build/Debug-watchos/TextRope-t.build/Objects-normal/arm64/TextRope-dependency-scan.dia -user-module-version 0.12.0 -validate-clang-modules-once -clang-build-session-file /Users/admin/builder/spi-builder-workspace/.derivedData/ModuleCache.noindex/Session.modulevalidation -Xcc -fmodules-prune-interval\=86400 -Xcc -fmodules-prune-after\=345600 -package-name textbuffer -emit-const-values -const-gather-protocols-list /Users/admin/builder/spi-builder-workspace/.derivedData/Build/Intermediates.noindex/TextBuffer.build/Debug-watchos/TextRope-t.build/Objects-normal/arm64/TextRope_const_extract_protocols.json -Xcc -I/Users/admin/builder/spi-builder-workspace/.derivedData/Build/Products/Debug-watchos/include -Xcc -I/Users/admin/builder/spi-builder-workspace/.derivedData/Build/Intermediates.noindex/TextBuffer.build/Debug-watchos/TextRope-t.build/DerivedSources-normal/arm64 -Xcc -I/Users/admin/builder/spi-builder-workspace/.derivedData/Build/Intermediates.noindex/TextBuffer.build/Debug-watchos/TextRope-t.build/DerivedSources/arm64 -Xcc -I/Users/admin/builder/spi-builder-workspace/.derivedData/Build/Intermediates.noindex/TextBuffer.build/Debug-watchos/TextRope-t.build/DerivedSources -Xcc -DSWIFT_PACKAGE -Xcc -DDEBUG\=1 -emit-objc-header -emit-objc-header-path /Users/admin/builder/spi-builder-workspace/.derivedData/Build/Intermediates.noindex/TextBuffer.build/Debug-watchos/TextRope-t.build/Objects-normal/arm64/TextRope-Swift.h -working-directory /Users/admin/builder/spi-builder-workspace/.swiftpm/xcode -experimental-emit-module-separately -disable-cmo
SwiftExplicitDependencyGeneratePcm arm64 /Users/admin/builder/spi-builder-workspace/.derivedData/SDKExplicitPrecompiledModules/SwiftShims-AJ4AZYHQNC33R5RLN7AGEIOMP.pcm
SwiftExplicitDependencyGeneratePcm arm64 /Users/admin/builder/spi-builder-workspace/.derivedData/SDKExplicitPrecompiledModules/_SwiftConcurrencyShims-CTPSFSTDCBVSSQFHL6I305U72.pcm
SwiftExplicitDependencyGeneratePcm arm64_32 /Users/admin/builder/spi-builder-workspace/.derivedData/SDKExplicitPrecompiledModules/_SwiftConcurrencyShims-58G4ISYSYDV3AT1DDGEE0QCUF.pcm
SwiftExplicitDependencyGeneratePcm arm64_32 /Users/admin/builder/spi-builder-workspace/.derivedData/SDKExplicitPrecompiledModules/SwiftShims-D9VBB138U50XYYGW2C2V21N3L.pcm
SwiftCompile normal arm64_32 Compiling\ TextRope.swift /Users/admin/builder/spi-builder-workspace/.dependencies/checkouts/TextBuffer/Sources/TextRope/TextRope.swift (in target 'TextRope' from project 'TextBuffer')
SwiftCompile normal arm64_32 /Users/admin/builder/spi-builder-workspace/.dependencies/checkouts/TextBuffer/Sources/TextRope/TextRope.swift (in target 'TextRope' from project 'TextBuffer')
cd /Users/admin/builder/spi-builder-workspace/.swiftpm/xcode
builtin-SwiftPerFileCompile TextRope.swift
SwiftCompile normal arm64_32 Compiling\ TextRope+Replace.swift /Users/admin/builder/spi-builder-workspace/.dependencies/checkouts/TextBuffer/Sources/TextRope/TextRope+Replace.swift (in target 'TextRope' from project 'TextBuffer')
SwiftCompile normal arm64_32 /Users/admin/builder/spi-builder-workspace/.dependencies/checkouts/TextBuffer/Sources/TextRope/TextRope+Replace.swift (in target 'TextRope' from project 'TextBuffer')
cd /Users/admin/builder/spi-builder-workspace/.swiftpm/xcode
builtin-SwiftPerFileCompile TextRope+Replace.swift
SwiftCompile normal arm64_32 Compiling\ TextRope+COW.swift /Users/admin/builder/spi-builder-workspace/.dependencies/checkouts/TextBuffer/Sources/TextRope/TextRope+COW.swift (in target 'TextRope' from project 'TextBuffer')
SwiftCompile normal arm64_32 /Users/admin/builder/spi-builder-workspace/.dependencies/checkouts/TextBuffer/Sources/TextRope/TextRope+COW.swift (in target 'TextRope' from project 'TextBuffer')
cd /Users/admin/builder/spi-builder-workspace/.swiftpm/xcode
builtin-SwiftPerFileCompile TextRope+COW.swift
SwiftCompile normal arm64_32 Compiling\ TextRope+Insert.swift /Users/admin/builder/spi-builder-workspace/.dependencies/checkouts/TextBuffer/Sources/TextRope/TextRope+Insert.swift (in target 'TextRope' from project 'TextBuffer')
SwiftCompile normal arm64_32 /Users/admin/builder/spi-builder-workspace/.dependencies/checkouts/TextBuffer/Sources/TextRope/TextRope+Insert.swift (in target 'TextRope' from project 'TextBuffer')
cd /Users/admin/builder/spi-builder-workspace/.swiftpm/xcode
builtin-SwiftPerFileCompile TextRope+Insert.swift
SwiftCompile normal arm64_32 Compiling\ TextRope+Construction.swift /Users/admin/builder/spi-builder-workspace/.dependencies/checkouts/TextBuffer/Sources/TextRope/TextRope+Construction.swift (in target 'TextRope' from project 'TextBuffer')
SwiftCompile normal arm64_32 /Users/admin/builder/spi-builder-workspace/.dependencies/checkouts/TextBuffer/Sources/TextRope/TextRope+Construction.swift (in target 'TextRope' from project 'TextBuffer')
cd /Users/admin/builder/spi-builder-workspace/.swiftpm/xcode
builtin-SwiftPerFileCompile TextRope+Construction.swift
SwiftCompile normal arm64_32 Compiling\ Summary.swift /Users/admin/builder/spi-builder-workspace/.dependencies/checkouts/TextBuffer/Sources/TextRope/Summary.swift (in target 'TextRope' from project 'TextBuffer')
SwiftCompile normal arm64_32 /Users/admin/builder/spi-builder-workspace/.dependencies/checkouts/TextBuffer/Sources/TextRope/Summary.swift (in target 'TextRope' from project 'TextBuffer')
cd /Users/admin/builder/spi-builder-workspace/.swiftpm/xcode
builtin-SwiftPerFileCompile Summary.swift
SwiftCompile normal arm64_32 Compiling\ TextRope+Navigation.swift /Users/admin/builder/spi-builder-workspace/.dependencies/checkouts/TextBuffer/Sources/TextRope/TextRope+Navigation.swift (in target 'TextRope' from project 'TextBuffer')
SwiftCompile normal arm64_32 /Users/admin/builder/spi-builder-workspace/.dependencies/checkouts/TextBuffer/Sources/TextRope/TextRope+Navigation.swift (in target 'TextRope' from project 'TextBuffer')
cd /Users/admin/builder/spi-builder-workspace/.swiftpm/xcode
builtin-SwiftPerFileCompile TextRope+Navigation.swift
SwiftEmitModule normal arm64_32 Emitting\ module\ for\ TextRope (in target 'TextRope' from project 'TextBuffer')
SwiftCompile normal arm64_32 (in target 'TextRope' from project 'TextBuffer')
cd /Users/admin/builder/spi-builder-workspace/.swiftpm/xcode
SwiftCompile normal arm64_32 Compiling\ Node+Merge.swift,\ Node+Split.swift /Users/admin/builder/spi-builder-workspace/.dependencies/checkouts/TextBuffer/Sources/TextRope/Node+Merge.swift /Users/admin/builder/spi-builder-workspace/.dependencies/checkouts/TextBuffer/Sources/TextRope/Node+Split.swift (in target 'TextRope' from project 'TextBuffer')
SwiftCompile normal arm64_32 /Users/admin/builder/spi-builder-workspace/.dependencies/checkouts/TextBuffer/Sources/TextRope/Node+Merge.swift (in target 'TextRope' from project 'TextBuffer')
cd /Users/admin/builder/spi-builder-workspace/.swiftpm/xcode
builtin-SwiftPerFileCompile Node+Merge.swift
SwiftCompile normal arm64_32 /Users/admin/builder/spi-builder-workspace/.dependencies/checkouts/TextBuffer/Sources/TextRope/Node+Split.swift (in target 'TextRope' from project 'TextBuffer')
cd /Users/admin/builder/spi-builder-workspace/.swiftpm/xcode
builtin-SwiftPerFileCompile Node+Split.swift
SwiftCompile normal arm64_32 Compiling\ TextRope+Delete.swift /Users/admin/builder/spi-builder-workspace/.dependencies/checkouts/TextBuffer/Sources/TextRope/TextRope+Delete.swift (in target 'TextRope' from project 'TextBuffer')
SwiftCompile normal arm64_32 /Users/admin/builder/spi-builder-workspace/.dependencies/checkouts/TextBuffer/Sources/TextRope/TextRope+Delete.swift (in target 'TextRope' from project 'TextBuffer')
cd /Users/admin/builder/spi-builder-workspace/.swiftpm/xcode
builtin-SwiftPerFileCompile TextRope+Delete.swift
SwiftEmitModule normal arm64 Emitting\ module\ for\ TextRope (in target 'TextRope' from project 'TextBuffer')
SwiftCompile normal arm64 (in target 'TextRope' from project 'TextBuffer')
cd /Users/admin/builder/spi-builder-workspace/.swiftpm/xcode
SwiftDriverJobDiscovery normal arm64_32 Emitting module for TextRope (in target 'TextRope' from project 'TextBuffer')
SwiftDriver\ Compilation\ Requirements TextRope normal arm64_32 com.apple.xcode.tools.swift.compiler (in target 'TextRope' from project 'TextBuffer')
cd /Users/admin/builder/spi-builder-workspace/.swiftpm/xcode
builtin-Swift-Compilation-Requirements -- /Applications/Xcode-27.0.0-Release.Candidate.app/Contents/Developer/Toolchains/XcodeDefault.xctoolchain/usr/bin/swiftc -parse-as-library -module-name TextRope -Onone @/Users/admin/builder/spi-builder-workspace/.derivedData/Build/Intermediates.noindex/TextBuffer.build/Debug-watchos/TextRope-t.build/Objects-normal/arm64_32/TextRope.SwiftFileList -DSWIFT_PACKAGE -DDEBUG -DSWIFT_MODULE_RESOURCE_BUNDLE_UNAVAILABLE -DXcode -plugin-path /Applications/Xcode-27.0.0-Release.Candidate.app/Contents/Developer/Toolchains/XcodeDefault.xctoolchain/usr/lib/swift/host/plugins/testing -enable-experimental-feature DebugDescriptionMacro -sdk /Applications/Xcode-27.0.0-Release.Candidate.app/Contents/Developer/Platforms/WatchOS.platform/Developer/SDKs/WatchOS27.0.sdk -target arm64_32-apple-watchos9.0 -g -module-cache-path /Users/admin/builder/spi-builder-workspace/.derivedData/ModuleCache.noindex -Xfrontend -serialize-debugging-options -profile-coverage-mapping -profile-generate -enable-testing -suppress-warnings -index-store-path /Users/admin/builder/spi-builder-workspace/.derivedData/Index.noindex/DataStore -Xcc -D_LIBCPP_HARDENING_MODE\=_LIBCPP_HARDENING_MODE_DEBUG -swift-version 6 -I /Users/admin/builder/spi-builder-workspace/.derivedData/Build/Products/Debug-watchos -Isystem /Applications/Xcode-27.0.0-Release.Candidate.app/Contents/Developer/Platforms/WatchOS.platform/Developer/usr/lib -F /Users/admin/builder/spi-builder-workspace/.derivedData/Build/Products/Debug-watchos -F /Applications/Xcode-27.0.0-Release.Candidate.app/Contents/Developer/Platforms/WatchOS.platform/Developer/Library/Frameworks -F /Applications/Xcode-27.0.0-Release.Candidate.app/Contents/Developer/Platforms/WatchOS.platform/Developer/SDKs/WatchOS27.0.sdk/Developer/Library/Frameworks -c -j10 -enable-batch-mode -incremental -Xcc -ivfsstatcache -Xcc /Users/admin/builder/spi-builder-workspace/.derivedData/SDKStatCaches.noindex/watchos27.0-24R360-e829b21a6f8c9b70876ba0858053c04477534ef55a1706bf4c1112bbb242f0a2.sdkstatcache -output-file-map /Users/admin/builder/spi-builder-workspace/.derivedData/Build/Intermediates.noindex/TextBuffer.build/Debug-watchos/TextRope-t.build/Objects-normal/arm64_32/TextRope-OutputFileMap.json -save-temps -no-color-diagnostics -explicit-module-build -module-cache-path /Users/admin/builder/spi-builder-workspace/.derivedData/Build/Intermediates.noindex/SwiftExplicitPrecompiledModules -clang-scanner-module-cache-path /Users/admin/builder/spi-builder-workspace/.derivedData/ModuleCache.noindex -sdk-module-cache-path /Users/admin/builder/spi-builder-workspace/.derivedData/SDKExplicitPrecompiledModules -emit-dependencies -emit-module -emit-module-path /Users/admin/builder/spi-builder-workspace/.derivedData/Build/Intermediates.noindex/TextBuffer.build/Debug-watchos/TextRope-t.build/Objects-normal/arm64_32/TextRope.swiftmodule -serialize-diagnostics -dependency-scan-serialize-diagnostics-path /Users/admin/builder/spi-builder-workspace/.derivedData/Build/Intermediates.noindex/TextBuffer.build/Debug-watchos/TextRope-t.build/Objects-normal/arm64_32/TextRope-dependency-scan.dia -user-module-version 0.12.0 -validate-clang-modules-once -clang-build-session-file /Users/admin/builder/spi-builder-workspace/.derivedData/ModuleCache.noindex/Session.modulevalidation -Xcc -fmodules-prune-interval\=86400 -Xcc -fmodules-prune-after\=345600 -package-name textbuffer -emit-const-values -const-gather-protocols-list /Users/admin/builder/spi-builder-workspace/.derivedData/Build/Intermediates.noindex/TextBuffer.build/Debug-watchos/TextRope-t.build/Objects-normal/arm64_32/TextRope_const_extract_protocols.json -Xcc -I/Users/admin/builder/spi-builder-workspace/.derivedData/Build/Products/Debug-watchos/include -Xcc -I/Users/admin/builder/spi-builder-workspace/.derivedData/Build/Intermediates.noindex/TextBuffer.build/Debug-watchos/TextRope-t.build/DerivedSources-normal/arm64_32 -Xcc -I/Users/admin/builder/spi-builder-workspace/.derivedData/Build/Intermediates.noindex/TextBuffer.build/Debug-watchos/TextRope-t.build/DerivedSources/arm64_32 -Xcc -I/Users/admin/builder/spi-builder-workspace/.derivedData/Build/Intermediates.noindex/TextBuffer.build/Debug-watchos/TextRope-t.build/DerivedSources -Xcc -DSWIFT_PACKAGE -Xcc -DDEBUG\=1 -emit-objc-header -emit-objc-header-path /Users/admin/builder/spi-builder-workspace/.derivedData/Build/Intermediates.noindex/TextBuffer.build/Debug-watchos/TextRope-t.build/Objects-normal/arm64_32/TextRope-Swift.h -working-directory /Users/admin/builder/spi-builder-workspace/.swiftpm/xcode -experimental-emit-module-separately -disable-cmo
SwiftDriverJobDiscovery normal arm64 Emitting module for TextRope (in target 'TextRope' from project 'TextBuffer')
SwiftDriver\ Compilation\ Requirements TextRope normal arm64 com.apple.xcode.tools.swift.compiler (in target 'TextRope' from project 'TextBuffer')
cd /Users/admin/builder/spi-builder-workspace/.swiftpm/xcode
builtin-Swift-Compilation-Requirements -- /Applications/Xcode-27.0.0-Release.Candidate.app/Contents/Developer/Toolchains/XcodeDefault.xctoolchain/usr/bin/swiftc -parse-as-library -module-name TextRope -Onone @/Users/admin/builder/spi-builder-workspace/.derivedData/Build/Intermediates.noindex/TextBuffer.build/Debug-watchos/TextRope-t.build/Objects-normal/arm64/TextRope.SwiftFileList -DSWIFT_PACKAGE -DDEBUG -DSWIFT_MODULE_RESOURCE_BUNDLE_UNAVAILABLE -DXcode -plugin-path /Applications/Xcode-27.0.0-Release.Candidate.app/Contents/Developer/Toolchains/XcodeDefault.xctoolchain/usr/lib/swift/host/plugins/testing -enable-experimental-feature DebugDescriptionMacro -sdk /Applications/Xcode-27.0.0-Release.Candidate.app/Contents/Developer/Platforms/WatchOS.platform/Developer/SDKs/WatchOS27.0.sdk -target arm64-apple-watchos9.0 -g -module-cache-path /Users/admin/builder/spi-builder-workspace/.derivedData/ModuleCache.noindex -Xfrontend -serialize-debugging-options -profile-coverage-mapping -profile-generate -enable-testing -suppress-warnings -index-store-path /Users/admin/builder/spi-builder-workspace/.derivedData/Index.noindex/DataStore -Xcc -D_LIBCPP_HARDENING_MODE\=_LIBCPP_HARDENING_MODE_DEBUG -swift-version 6 -I /Users/admin/builder/spi-builder-workspace/.derivedData/Build/Products/Debug-watchos -Isystem /Applications/Xcode-27.0.0-Release.Candidate.app/Contents/Developer/Platforms/WatchOS.platform/Developer/usr/lib -F /Users/admin/builder/spi-builder-workspace/.derivedData/Build/Products/Debug-watchos -F /Applications/Xcode-27.0.0-Release.Candidate.app/Contents/Developer/Platforms/WatchOS.platform/Developer/Library/Frameworks -F /Applications/Xcode-27.0.0-Release.Candidate.app/Contents/Developer/Platforms/WatchOS.platform/Developer/SDKs/WatchOS27.0.sdk/Developer/Library/Frameworks -c -j10 -enable-batch-mode -incremental -Xcc -ivfsstatcache -Xcc /Users/admin/builder/spi-builder-workspace/.derivedData/SDKStatCaches.noindex/watchos27.0-24R360-e829b21a6f8c9b70876ba0858053c04477534ef55a1706bf4c1112bbb242f0a2.sdkstatcache -output-file-map /Users/admin/builder/spi-builder-workspace/.derivedData/Build/Intermediates.noindex/TextBuffer.build/Debug-watchos/TextRope-t.build/Objects-normal/arm64/TextRope-OutputFileMap.json -save-temps -no-color-diagnostics -explicit-module-build -module-cache-path /Users/admin/builder/spi-builder-workspace/.derivedData/Build/Intermediates.noindex/SwiftExplicitPrecompiledModules -clang-scanner-module-cache-path /Users/admin/builder/spi-builder-workspace/.derivedData/ModuleCache.noindex -sdk-module-cache-path /Users/admin/builder/spi-builder-workspace/.derivedData/SDKExplicitPrecompiledModules -emit-dependencies -emit-module -emit-module-path /Users/admin/builder/spi-builder-workspace/.derivedData/Build/Intermediates.noindex/TextBuffer.build/Debug-watchos/TextRope-t.build/Objects-normal/arm64/TextRope.swiftmodule -serialize-diagnostics -dependency-scan-serialize-diagnostics-path /Users/admin/builder/spi-builder-workspace/.derivedData/Build/Intermediates.noindex/TextBuffer.build/Debug-watchos/TextRope-t.build/Objects-normal/arm64/TextRope-dependency-scan.dia -user-module-version 0.12.0 -validate-clang-modules-once -clang-build-session-file /Users/admin/builder/spi-builder-workspace/.derivedData/ModuleCache.noindex/Session.modulevalidation -Xcc -fmodules-prune-interval\=86400 -Xcc -fmodules-prune-after\=345600 -package-name textbuffer -emit-const-values -const-gather-protocols-list /Users/admin/builder/spi-builder-workspace/.derivedData/Build/Intermediates.noindex/TextBuffer.build/Debug-watchos/TextRope-t.build/Objects-normal/arm64/TextRope_const_extract_protocols.json -Xcc -I/Users/admin/builder/spi-builder-workspace/.derivedData/Build/Products/Debug-watchos/include -Xcc -I/Users/admin/builder/spi-builder-workspace/.derivedData/Build/Intermediates.noindex/TextBuffer.build/Debug-watchos/TextRope-t.build/DerivedSources-normal/arm64 -Xcc -I/Users/admin/builder/spi-builder-workspace/.derivedData/Build/Intermediates.noindex/TextBuffer.build/Debug-watchos/TextRope-t.build/DerivedSources/arm64 -Xcc -I/Users/admin/builder/spi-builder-workspace/.derivedData/Build/Intermediates.noindex/TextBuffer.build/Debug-watchos/TextRope-t.build/DerivedSources -Xcc -DSWIFT_PACKAGE -Xcc -DDEBUG\=1 -emit-objc-header -emit-objc-header-path /Users/admin/builder/spi-builder-workspace/.derivedData/Build/Intermediates.noindex/TextBuffer.build/Debug-watchos/TextRope-t.build/Objects-normal/arm64/TextRope-Swift.h -working-directory /Users/admin/builder/spi-builder-workspace/.swiftpm/xcode -experimental-emit-module-separately -disable-cmo
Copy /Users/admin/builder/spi-builder-workspace/.derivedData/Build/Products/Debug-watchos/TextRope.swiftmodule/arm64_32-apple-watchos.swiftmodule /Users/admin/builder/spi-builder-workspace/.derivedData/Build/Intermediates.noindex/TextBuffer.build/Debug-watchos/TextRope-t.build/Objects-normal/arm64_32/TextRope.swiftmodule (in target 'TextRope' from project 'TextBuffer')
cd /Users/admin/builder/spi-builder-workspace/.dependencies/checkouts/TextBuffer
builtin-copy -exclude .DS_Store -exclude CVS -exclude .svn -exclude .git -exclude .hg -resolve-src-symlinks -rename /Users/admin/builder/spi-builder-workspace/.derivedData/Build/Intermediates.noindex/TextBuffer.build/Debug-watchos/TextRope-t.build/Objects-normal/arm64_32/TextRope.swiftmodule /Users/admin/builder/spi-builder-workspace/.derivedData/Build/Products/Debug-watchos/TextRope.swiftmodule/arm64_32-apple-watchos.swiftmodule
SwiftMergeGeneratedHeaders /Users/admin/builder/spi-builder-workspace/.derivedData/Build/Intermediates.noindex/GeneratedModuleMaps-watchos/TextRope-Swift.h /Users/admin/builder/spi-builder-workspace/.derivedData/Build/Intermediates.noindex/TextBuffer.build/Debug-watchos/TextRope-t.build/Objects-normal/arm64/TextRope-Swift.h /Users/admin/builder/spi-builder-workspace/.derivedData/Build/Intermediates.noindex/TextBuffer.build/Debug-watchos/TextRope-t.build/Objects-normal/arm64_32/TextRope-Swift.h (in target 'TextRope' from project 'TextBuffer')
cd /Users/admin/builder/spi-builder-workspace/.dependencies/checkouts/TextBuffer
builtin-swiftHeaderTool -arch arm64 /Users/admin/builder/spi-builder-workspace/.derivedData/Build/Intermediates.noindex/TextBuffer.build/Debug-watchos/TextRope-t.build/Objects-normal/arm64/TextRope-Swift.h -arch arm64_32 /Users/admin/builder/spi-builder-workspace/.derivedData/Build/Intermediates.noindex/TextBuffer.build/Debug-watchos/TextRope-t.build/Objects-normal/arm64_32/TextRope-Swift.h -o /Users/admin/builder/spi-builder-workspace/.derivedData/Build/Intermediates.noindex/GeneratedModuleMaps-watchos/TextRope-Swift.h
Copy /Users/admin/builder/spi-builder-workspace/.derivedData/Build/Products/Debug-watchos/TextRope.swiftmodule/arm64_32-apple-watchos.swiftdoc /Users/admin/builder/spi-builder-workspace/.derivedData/Build/Intermediates.noindex/TextBuffer.build/Debug-watchos/TextRope-t.build/Objects-normal/arm64_32/TextRope.swiftdoc (in target 'TextRope' from project 'TextBuffer')
cd /Users/admin/builder/spi-builder-workspace/.dependencies/checkouts/TextBuffer
builtin-copy -exclude .DS_Store -exclude CVS -exclude .svn -exclude .git -exclude .hg -resolve-src-symlinks -rename /Users/admin/builder/spi-builder-workspace/.derivedData/Build/Intermediates.noindex/TextBuffer.build/Debug-watchos/TextRope-t.build/Objects-normal/arm64_32/TextRope.swiftdoc /Users/admin/builder/spi-builder-workspace/.derivedData/Build/Products/Debug-watchos/TextRope.swiftmodule/arm64_32-apple-watchos.swiftdoc
Copy /Users/admin/builder/spi-builder-workspace/.derivedData/Build/Products/Debug-watchos/TextRope.swiftmodule/arm64_32-apple-watchos.abi.json /Users/admin/builder/spi-builder-workspace/.derivedData/Build/Intermediates.noindex/TextBuffer.build/Debug-watchos/TextRope-t.build/Objects-normal/arm64_32/TextRope.abi.json (in target 'TextRope' from project 'TextBuffer')
cd /Users/admin/builder/spi-builder-workspace/.dependencies/checkouts/TextBuffer
builtin-copy -exclude .DS_Store -exclude CVS -exclude .svn -exclude .git -exclude .hg -resolve-src-symlinks -rename /Users/admin/builder/spi-builder-workspace/.derivedData/Build/Intermediates.noindex/TextBuffer.build/Debug-watchos/TextRope-t.build/Objects-normal/arm64_32/TextRope.abi.json /Users/admin/builder/spi-builder-workspace/.derivedData/Build/Products/Debug-watchos/TextRope.swiftmodule/arm64_32-apple-watchos.abi.json
Copy /Users/admin/builder/spi-builder-workspace/.derivedData/Build/Products/Debug-watchos/TextRope.swiftmodule/arm64-apple-watchos.swiftmodule /Users/admin/builder/spi-builder-workspace/.derivedData/Build/Intermediates.noindex/TextBuffer.build/Debug-watchos/TextRope-t.build/Objects-normal/arm64/TextRope.swiftmodule (in target 'TextRope' from project 'TextBuffer')
cd /Users/admin/builder/spi-builder-workspace/.dependencies/checkouts/TextBuffer
builtin-copy -exclude .DS_Store -exclude CVS -exclude .svn -exclude .git -exclude .hg -resolve-src-symlinks -rename /Users/admin/builder/spi-builder-workspace/.derivedData/Build/Intermediates.noindex/TextBuffer.build/Debug-watchos/TextRope-t.build/Objects-normal/arm64/TextRope.swiftmodule /Users/admin/builder/spi-builder-workspace/.derivedData/Build/Products/Debug-watchos/TextRope.swiftmodule/arm64-apple-watchos.swiftmodule
Copy /Users/admin/builder/spi-builder-workspace/.derivedData/Build/Products/Debug-watchos/TextRope.swiftmodule/arm64-apple-watchos.swiftdoc /Users/admin/builder/spi-builder-workspace/.derivedData/Build/Intermediates.noindex/TextBuffer.build/Debug-watchos/TextRope-t.build/Objects-normal/arm64/TextRope.swiftdoc (in target 'TextRope' from project 'TextBuffer')
cd /Users/admin/builder/spi-builder-workspace/.dependencies/checkouts/TextBuffer
builtin-copy -exclude .DS_Store -exclude CVS -exclude .svn -exclude .git -exclude .hg -resolve-src-symlinks -rename /Users/admin/builder/spi-builder-workspace/.derivedData/Build/Intermediates.noindex/TextBuffer.build/Debug-watchos/TextRope-t.build/Objects-normal/arm64/TextRope.swiftdoc /Users/admin/builder/spi-builder-workspace/.derivedData/Build/Products/Debug-watchos/TextRope.swiftmodule/arm64-apple-watchos.swiftdoc
Copy /Users/admin/builder/spi-builder-workspace/.derivedData/Build/Products/Debug-watchos/TextRope.swiftmodule/arm64-apple-watchos.abi.json /Users/admin/builder/spi-builder-workspace/.derivedData/Build/Intermediates.noindex/TextBuffer.build/Debug-watchos/TextRope-t.build/Objects-normal/arm64/TextRope.abi.json (in target 'TextRope' from project 'TextBuffer')
cd /Users/admin/builder/spi-builder-workspace/.dependencies/checkouts/TextBuffer
builtin-copy -exclude .DS_Store -exclude CVS -exclude .svn -exclude .git -exclude .hg -resolve-src-symlinks -rename /Users/admin/builder/spi-builder-workspace/.derivedData/Build/Intermediates.noindex/TextBuffer.build/Debug-watchos/TextRope-t.build/Objects-normal/arm64/TextRope.abi.json /Users/admin/builder/spi-builder-workspace/.derivedData/Build/Products/Debug-watchos/TextRope.swiftmodule/arm64-apple-watchos.abi.json
Copy /Users/admin/builder/spi-builder-workspace/.derivedData/Build/Products/Debug-watchos/TextRope.swiftmodule/Project/arm64_32-apple-watchos.swiftsourceinfo /Users/admin/builder/spi-builder-workspace/.derivedData/Build/Intermediates.noindex/TextBuffer.build/Debug-watchos/TextRope-t.build/Objects-normal/arm64_32/TextRope.swiftsourceinfo (in target 'TextRope' from project 'TextBuffer')
cd /Users/admin/builder/spi-builder-workspace/.dependencies/checkouts/TextBuffer
builtin-copy -exclude .DS_Store -exclude CVS -exclude .svn -exclude .git -exclude .hg -resolve-src-symlinks -rename /Users/admin/builder/spi-builder-workspace/.derivedData/Build/Intermediates.noindex/TextBuffer.build/Debug-watchos/TextRope-t.build/Objects-normal/arm64_32/TextRope.swiftsourceinfo /Users/admin/builder/spi-builder-workspace/.derivedData/Build/Products/Debug-watchos/TextRope.swiftmodule/Project/arm64_32-apple-watchos.swiftsourceinfo
Copy /Users/admin/builder/spi-builder-workspace/.derivedData/Build/Products/Debug-watchos/TextRope.swiftmodule/Project/arm64-apple-watchos.swiftsourceinfo /Users/admin/builder/spi-builder-workspace/.derivedData/Build/Intermediates.noindex/TextBuffer.build/Debug-watchos/TextRope-t.build/Objects-normal/arm64/TextRope.swiftsourceinfo (in target 'TextRope' from project 'TextBuffer')
cd /Users/admin/builder/spi-builder-workspace/.dependencies/checkouts/TextBuffer
builtin-copy -exclude .DS_Store -exclude CVS -exclude .svn -exclude .git -exclude .hg -resolve-src-symlinks -rename /Users/admin/builder/spi-builder-workspace/.derivedData/Build/Intermediates.noindex/TextBuffer.build/Debug-watchos/TextRope-t.build/Objects-normal/arm64/TextRope.swiftsourceinfo /Users/admin/builder/spi-builder-workspace/.derivedData/Build/Products/Debug-watchos/TextRope.swiftmodule/Project/arm64-apple-watchos.swiftsourceinfo
SwiftCompile normal arm64 Compiling\ TextRope+Delete.swift /Users/admin/builder/spi-builder-workspace/.dependencies/checkouts/TextBuffer/Sources/TextRope/TextRope+Delete.swift (in target 'TextRope' from project 'TextBuffer')
SwiftCompile normal arm64 /Users/admin/builder/spi-builder-workspace/.dependencies/checkouts/TextBuffer/Sources/TextRope/TextRope+Delete.swift (in target 'TextRope' from project 'TextBuffer')
cd /Users/admin/builder/spi-builder-workspace/.swiftpm/xcode
builtin-SwiftPerFileCompile TextRope+Delete.swift
SwiftCompile normal arm64 Compiling\ TextRope+Replace.swift /Users/admin/builder/spi-builder-workspace/.dependencies/checkouts/TextBuffer/Sources/TextRope/TextRope+Replace.swift (in target 'TextRope' from project 'TextBuffer')
SwiftCompile normal arm64 /Users/admin/builder/spi-builder-workspace/.dependencies/checkouts/TextBuffer/Sources/TextRope/TextRope+Replace.swift (in target 'TextRope' from project 'TextBuffer')
cd /Users/admin/builder/spi-builder-workspace/.swiftpm/xcode
builtin-SwiftPerFileCompile TextRope+Replace.swift
SwiftDriverJobDiscovery normal arm64_32 Compiling TextRope+COW.swift (in target 'TextRope' from project 'TextBuffer')
SwiftCompile normal arm64 Compiling\ TextRope+COW.swift /Users/admin/builder/spi-builder-workspace/.dependencies/checkouts/TextBuffer/Sources/TextRope/TextRope+COW.swift (in target 'TextRope' from project 'TextBuffer')
SwiftCompile normal arm64 /Users/admin/builder/spi-builder-workspace/.dependencies/checkouts/TextBuffer/Sources/TextRope/TextRope+COW.swift (in target 'TextRope' from project 'TextBuffer')
cd /Users/admin/builder/spi-builder-workspace/.swiftpm/xcode
builtin-SwiftPerFileCompile TextRope+COW.swift
SwiftDriverJobDiscovery normal arm64_32 Compiling TextRope+Replace.swift (in target 'TextRope' from project 'TextBuffer')
SwiftCompile normal arm64 Compiling\ Node.swift /Users/admin/builder/spi-builder-workspace/.dependencies/checkouts/TextBuffer/Sources/TextRope/Node.swift (in target 'TextRope' from project 'TextBuffer')
SwiftCompile normal arm64 /Users/admin/builder/spi-builder-workspace/.dependencies/checkouts/TextBuffer/Sources/TextRope/Node.swift (in target 'TextRope' from project 'TextBuffer')
cd /Users/admin/builder/spi-builder-workspace/.swiftpm/xcode
builtin-SwiftPerFileCompile Node.swift
SwiftDriverJobDiscovery normal arm64_32 Compiling TextRope+Construction.swift (in target 'TextRope' from project 'TextBuffer')
SwiftDriverJobDiscovery normal arm64_32 Compiling TextRope.swift (in target 'TextRope' from project 'TextBuffer')
SwiftCompile normal arm64 Compiling\ Summary.swift /Users/admin/builder/spi-builder-workspace/.dependencies/checkouts/TextBuffer/Sources/TextRope/Summary.swift (in target 'TextRope' from project 'TextBuffer')
SwiftCompile normal arm64 /Users/admin/builder/spi-builder-workspace/.dependencies/checkouts/TextBuffer/Sources/TextRope/Summary.swift (in target 'TextRope' from project 'TextBuffer')
cd /Users/admin/builder/spi-builder-workspace/.swiftpm/xcode
builtin-SwiftPerFileCompile Summary.swift
SwiftCompile normal arm64 Compiling\ TextRope+Navigation.swift /Users/admin/builder/spi-builder-workspace/.dependencies/checkouts/TextBuffer/Sources/TextRope/TextRope+Navigation.swift (in target 'TextRope' from project 'TextBuffer')
SwiftCompile normal arm64 /Users/admin/builder/spi-builder-workspace/.dependencies/checkouts/TextBuffer/Sources/TextRope/TextRope+Navigation.swift (in target 'TextRope' from project 'TextBuffer')
cd /Users/admin/builder/spi-builder-workspace/.swiftpm/xcode
builtin-SwiftPerFileCompile TextRope+Navigation.swift
SwiftDriverJobDiscovery normal arm64_32 Compiling TextRope+Delete.swift (in target 'TextRope' from project 'TextBuffer')
SwiftCompile normal arm64 Compiling\ Node+Merge.swift,\ Node+Split.swift /Users/admin/builder/spi-builder-workspace/.dependencies/checkouts/TextBuffer/Sources/TextRope/Node+Merge.swift /Users/admin/builder/spi-builder-workspace/.dependencies/checkouts/TextBuffer/Sources/TextRope/Node+Split.swift (in target 'TextRope' from project 'TextBuffer')
SwiftCompile normal arm64 /Users/admin/builder/spi-builder-workspace/.dependencies/checkouts/TextBuffer/Sources/TextRope/Node+Merge.swift (in target 'TextRope' from project 'TextBuffer')
cd /Users/admin/builder/spi-builder-workspace/.swiftpm/xcode
builtin-SwiftPerFileCompile Node+Merge.swift
SwiftCompile normal arm64 /Users/admin/builder/spi-builder-workspace/.dependencies/checkouts/TextBuffer/Sources/TextRope/Node+Split.swift (in target 'TextRope' from project 'TextBuffer')
cd /Users/admin/builder/spi-builder-workspace/.swiftpm/xcode
builtin-SwiftPerFileCompile Node+Split.swift
SwiftDriverJobDiscovery normal arm64_32 Compiling TextRope+Navigation.swift (in target 'TextRope' from project 'TextBuffer')
SwiftCompile normal arm64_32 Compiling\ Node.swift /Users/admin/builder/spi-builder-workspace/.dependencies/checkouts/TextBuffer/Sources/TextRope/Node.swift (in target 'TextRope' from project 'TextBuffer')
SwiftCompile normal arm64_32 /Users/admin/builder/spi-builder-workspace/.dependencies/checkouts/TextBuffer/Sources/TextRope/Node.swift (in target 'TextRope' from project 'TextBuffer')
cd /Users/admin/builder/spi-builder-workspace/.swiftpm/xcode
builtin-SwiftPerFileCompile Node.swift
SwiftDriverJobDiscovery normal arm64_32 Compiling Summary.swift (in target 'TextRope' from project 'TextBuffer')
SwiftCompile normal arm64 Compiling\ TextRope.swift /Users/admin/builder/spi-builder-workspace/.dependencies/checkouts/TextBuffer/Sources/TextRope/TextRope.swift (in target 'TextRope' from project 'TextBuffer')
SwiftCompile normal arm64 /Users/admin/builder/spi-builder-workspace/.dependencies/checkouts/TextBuffer/Sources/TextRope/TextRope.swift (in target 'TextRope' from project 'TextBuffer')
cd /Users/admin/builder/spi-builder-workspace/.swiftpm/xcode
builtin-SwiftPerFileCompile TextRope.swift
SwiftDriverJobDiscovery normal arm64_32 Compiling TextRope+Insert.swift (in target 'TextRope' from project 'TextBuffer')
SwiftCompile normal arm64 Compiling\ TextRope+Insert.swift /Users/admin/builder/spi-builder-workspace/.dependencies/checkouts/TextBuffer/Sources/TextRope/TextRope+Insert.swift (in target 'TextRope' from project 'TextBuffer')
SwiftCompile normal arm64 /Users/admin/builder/spi-builder-workspace/.dependencies/checkouts/TextBuffer/Sources/TextRope/TextRope+Insert.swift (in target 'TextRope' from project 'TextBuffer')
cd /Users/admin/builder/spi-builder-workspace/.swiftpm/xcode
builtin-SwiftPerFileCompile TextRope+Insert.swift
SwiftDriverJobDiscovery normal arm64_32 Compiling Node.swift (in target 'TextRope' from project 'TextBuffer')
SwiftCompile normal arm64 Compiling\ TextRope+Construction.swift /Users/admin/builder/spi-builder-workspace/.dependencies/checkouts/TextBuffer/Sources/TextRope/TextRope+Construction.swift (in target 'TextRope' from project 'TextBuffer')
SwiftCompile normal arm64 /Users/admin/builder/spi-builder-workspace/.dependencies/checkouts/TextBuffer/Sources/TextRope/TextRope+Construction.swift (in target 'TextRope' from project 'TextBuffer')
cd /Users/admin/builder/spi-builder-workspace/.swiftpm/xcode
builtin-SwiftPerFileCompile TextRope+Construction.swift
SwiftDriverJobDiscovery normal arm64_32 Compiling Node+Merge.swift, Node+Split.swift (in target 'TextRope' from project 'TextBuffer')
SwiftDriver\ Compilation TextRope normal arm64_32 com.apple.xcode.tools.swift.compiler (in target 'TextRope' from project 'TextBuffer')
cd /Users/admin/builder/spi-builder-workspace/.swiftpm/xcode
builtin-Swift-Compilation -- /Applications/Xcode-27.0.0-Release.Candidate.app/Contents/Developer/Toolchains/XcodeDefault.xctoolchain/usr/bin/swiftc -parse-as-library -module-name TextRope -Onone @/Users/admin/builder/spi-builder-workspace/.derivedData/Build/Intermediates.noindex/TextBuffer.build/Debug-watchos/TextRope-t.build/Objects-normal/arm64_32/TextRope.SwiftFileList -DSWIFT_PACKAGE -DDEBUG -DSWIFT_MODULE_RESOURCE_BUNDLE_UNAVAILABLE -DXcode -plugin-path /Applications/Xcode-27.0.0-Release.Candidate.app/Contents/Developer/Toolchains/XcodeDefault.xctoolchain/usr/lib/swift/host/plugins/testing -enable-experimental-feature DebugDescriptionMacro -sdk /Applications/Xcode-27.0.0-Release.Candidate.app/Contents/Developer/Platforms/WatchOS.platform/Developer/SDKs/WatchOS27.0.sdk -target arm64_32-apple-watchos9.0 -g -module-cache-path /Users/admin/builder/spi-builder-workspace/.derivedData/ModuleCache.noindex -Xfrontend -serialize-debugging-options -profile-coverage-mapping -profile-generate -enable-testing -suppress-warnings -index-store-path /Users/admin/builder/spi-builder-workspace/.derivedData/Index.noindex/DataStore -Xcc -D_LIBCPP_HARDENING_MODE\=_LIBCPP_HARDENING_MODE_DEBUG -swift-version 6 -I /Users/admin/builder/spi-builder-workspace/.derivedData/Build/Products/Debug-watchos -Isystem /Applications/Xcode-27.0.0-Release.Candidate.app/Contents/Developer/Platforms/WatchOS.platform/Developer/usr/lib -F /Users/admin/builder/spi-builder-workspace/.derivedData/Build/Products/Debug-watchos -F /Applications/Xcode-27.0.0-Release.Candidate.app/Contents/Developer/Platforms/WatchOS.platform/Developer/Library/Frameworks -F /Applications/Xcode-27.0.0-Release.Candidate.app/Contents/Developer/Platforms/WatchOS.platform/Developer/SDKs/WatchOS27.0.sdk/Developer/Library/Frameworks -c -j10 -enable-batch-mode -incremental -Xcc -ivfsstatcache -Xcc /Users/admin/builder/spi-builder-workspace/.derivedData/SDKStatCaches.noindex/watchos27.0-24R360-e829b21a6f8c9b70876ba0858053c04477534ef55a1706bf4c1112bbb242f0a2.sdkstatcache -output-file-map /Users/admin/builder/spi-builder-workspace/.derivedData/Build/Intermediates.noindex/TextBuffer.build/Debug-watchos/TextRope-t.build/Objects-normal/arm64_32/TextRope-OutputFileMap.json -save-temps -no-color-diagnostics -explicit-module-build -module-cache-path /Users/admin/builder/spi-builder-workspace/.derivedData/Build/Intermediates.noindex/SwiftExplicitPrecompiledModules -clang-scanner-module-cache-path /Users/admin/builder/spi-builder-workspace/.derivedData/ModuleCache.noindex -sdk-module-cache-path /Users/admin/builder/spi-builder-workspace/.derivedData/SDKExplicitPrecompiledModules -emit-dependencies -emit-module -emit-module-path /Users/admin/builder/spi-builder-workspace/.derivedData/Build/Intermediates.noindex/TextBuffer.build/Debug-watchos/TextRope-t.build/Objects-normal/arm64_32/TextRope.swiftmodule -serialize-diagnostics -dependency-scan-serialize-diagnostics-path /Users/admin/builder/spi-builder-workspace/.derivedData/Build/Intermediates.noindex/TextBuffer.build/Debug-watchos/TextRope-t.build/Objects-normal/arm64_32/TextRope-dependency-scan.dia -user-module-version 0.12.0 -validate-clang-modules-once -clang-build-session-file /Users/admin/builder/spi-builder-workspace/.derivedData/ModuleCache.noindex/Session.modulevalidation -Xcc -fmodules-prune-interval\=86400 -Xcc -fmodules-prune-after\=345600 -package-name textbuffer -emit-const-values -const-gather-protocols-list /Users/admin/builder/spi-builder-workspace/.derivedData/Build/Intermediates.noindex/TextBuffer.build/Debug-watchos/TextRope-t.build/Objects-normal/arm64_32/TextRope_const_extract_protocols.json -Xcc -I/Users/admin/builder/spi-builder-workspace/.derivedData/Build/Products/Debug-watchos/include -Xcc -I/Users/admin/builder/spi-builder-workspace/.derivedData/Build/Intermediates.noindex/TextBuffer.build/Debug-watchos/TextRope-t.build/DerivedSources-normal/arm64_32 -Xcc -I/Users/admin/builder/spi-builder-workspace/.derivedData/Build/Intermediates.noindex/TextBuffer.build/Debug-watchos/TextRope-t.build/DerivedSources/arm64_32 -Xcc -I/Users/admin/builder/spi-builder-workspace/.derivedData/Build/Intermediates.noindex/TextBuffer.build/Debug-watchos/TextRope-t.build/DerivedSources -Xcc -DSWIFT_PACKAGE -Xcc -DDEBUG\=1 -emit-objc-header -emit-objc-header-path /Users/admin/builder/spi-builder-workspace/.derivedData/Build/Intermediates.noindex/TextBuffer.build/Debug-watchos/TextRope-t.build/Objects-normal/arm64_32/TextRope-Swift.h -working-directory /Users/admin/builder/spi-builder-workspace/.swiftpm/xcode -experimental-emit-module-separately -disable-cmo
SwiftDriverJobDiscovery normal arm64 Compiling TextRope+Delete.swift (in target 'TextRope' from project 'TextBuffer')
Ld /Users/admin/builder/spi-builder-workspace/.derivedData/Build/Intermediates.noindex/TextBuffer.build/Debug-watchos/TextRope-t.build/Objects-normal/arm64_32/Binary/TextRope.o normal arm64_32 (in target 'TextRope' from project 'TextBuffer')
cd /Users/admin/builder/spi-builder-workspace/.dependencies/checkouts/TextBuffer
/Applications/Xcode-27.0.0-Release.Candidate.app/Contents/Developer/Toolchains/XcodeDefault.xctoolchain/usr/bin/clang -Xlinker -reproducible -target arm64_32-apple-watchos9.0 -r -isysroot /Applications/Xcode-27.0.0-Release.Candidate.app/Contents/Developer/Platforms/WatchOS.platform/Developer/SDKs/WatchOS27.0.sdk -O0 -w -Xlinker -no_warn_duplicate_libraries -F/Users/admin/builder/spi-builder-workspace/.derivedData/Build/Intermediates.noindex/EagerLinkingTBDs/Debug-watchos -F/Users/admin/builder/spi-builder-workspace/.derivedData/Build/Products/Debug-watchos -iframework /Applications/Xcode-27.0.0-Release.Candidate.app/Contents/Developer/Platforms/WatchOS.platform/Developer/Library/Frameworks -iframework /Applications/Xcode-27.0.0-Release.Candidate.app/Contents/Developer/Platforms/WatchOS.platform/Developer/SDKs/WatchOS27.0.sdk/Developer/Library/Frameworks -filelist /Users/admin/builder/spi-builder-workspace/.derivedData/Build/Intermediates.noindex/TextBuffer.build/Debug-watchos/TextRope-t.build/Objects-normal/arm64_32/TextRope.LinkFileList -nostdlib -Xlinker -object_path_lto -Xlinker /Users/admin/builder/spi-builder-workspace/.derivedData/Build/Intermediates.noindex/TextBuffer.build/Debug-watchos/TextRope-t.build/Objects-normal/arm64_32/TextRope_lto.o -Xlinker -no_deduplicate -Xlinker -debug_variant -Xlinker -dependency_info -Xlinker /Users/admin/builder/spi-builder-workspace/.derivedData/Build/Intermediates.noindex/TextBuffer.build/Debug-watchos/TextRope-t.build/Objects-normal/arm64_32/TextRope_dependency_info.dat -fobjc-link-runtime -L/Applications/Xcode-27.0.0-Release.Candidate.app/Contents/Developer/Toolchains/XcodeDefault.xctoolchain/usr/lib/swift/watchos -L/usr/lib/swift -Xlinker -add_ast_path -Xlinker /Users/admin/builder/spi-builder-workspace/.derivedData/Build/Intermediates.noindex/TextBuffer.build/Debug-watchos/TextRope-t.build/Objects-normal/arm64_32/TextRope.swiftmodule -o /Users/admin/builder/spi-builder-workspace/.derivedData/Build/Intermediates.noindex/TextBuffer.build/Debug-watchos/TextRope-t.build/Objects-normal/arm64_32/Binary/TextRope.o
SwiftDriverJobDiscovery normal arm64 Compiling Node+Merge.swift, Node+Split.swift (in target 'TextRope' from project 'TextBuffer')
SwiftDriver TextBuffer normal arm64 com.apple.xcode.tools.swift.compiler (in target 'TextBuffer' from project 'TextBuffer')
cd /Users/admin/builder/spi-builder-workspace/.swiftpm/xcode
builtin-SwiftDriver -- /Applications/Xcode-27.0.0-Release.Candidate.app/Contents/Developer/Toolchains/XcodeDefault.xctoolchain/usr/bin/swiftc -parse-as-library -module-name TextBuffer -Onone @/Users/admin/builder/spi-builder-workspace/.derivedData/Build/Intermediates.noindex/TextBuffer.build/Debug-watchos/TextBuffer-t.build/Objects-normal/arm64/TextBuffer.SwiftFileList -DSWIFT_PACKAGE -DDEBUG -DSWIFT_MODULE_RESOURCE_BUNDLE_UNAVAILABLE -DXcode -plugin-path /Applications/Xcode-27.0.0-Release.Candidate.app/Contents/Developer/Toolchains/XcodeDefault.xctoolchain/usr/lib/swift/host/plugins/testing -enable-experimental-feature DebugDescriptionMacro -sdk /Applications/Xcode-27.0.0-Release.Candidate.app/Contents/Developer/Platforms/WatchOS.platform/Developer/SDKs/WatchOS27.0.sdk -target arm64-apple-watchos9.0 -g -module-cache-path /Users/admin/builder/spi-builder-workspace/.derivedData/ModuleCache.noindex -Xfrontend -serialize-debugging-options -profile-coverage-mapping -profile-generate -enable-testing -suppress-warnings -index-store-path /Users/admin/builder/spi-builder-workspace/.derivedData/Index.noindex/DataStore -Xcc -D_LIBCPP_HARDENING_MODE\=_LIBCPP_HARDENING_MODE_DEBUG -swift-version 6 -I /Users/admin/builder/spi-builder-workspace/.derivedData/Build/Products/Debug-watchos -Isystem /Applications/Xcode-27.0.0-Release.Candidate.app/Contents/Developer/Platforms/WatchOS.platform/Developer/usr/lib -F /Users/admin/builder/spi-builder-workspace/.derivedData/Build/Products/Debug-watchos/PackageFrameworks -F /Users/admin/builder/spi-builder-workspace/.derivedData/Build/Products/Debug-watchos -F /Applications/Xcode-27.0.0-Release.Candidate.app/Contents/Developer/Platforms/WatchOS.platform/Developer/Library/Frameworks -F /Applications/Xcode-27.0.0-Release.Candidate.app/Contents/Developer/Platforms/WatchOS.platform/Developer/SDKs/WatchOS27.0.sdk/Developer/Library/Frameworks -c -j10 -enable-batch-mode -incremental -Xcc -ivfsstatcache -Xcc /Users/admin/builder/spi-builder-workspace/.derivedData/SDKStatCaches.noindex/watchos27.0-24R360-e829b21a6f8c9b70876ba0858053c04477534ef55a1706bf4c1112bbb242f0a2.sdkstatcache -output-file-map /Users/admin/builder/spi-builder-workspace/.derivedData/Build/Intermediates.noindex/TextBuffer.build/Debug-watchos/TextBuffer-t.build/Objects-normal/arm64/TextBuffer-OutputFileMap.json -save-temps -no-color-diagnostics -explicit-module-build -module-cache-path /Users/admin/builder/spi-builder-workspace/.derivedData/Build/Intermediates.noindex/SwiftExplicitPrecompiledModules -clang-scanner-module-cache-path /Users/admin/builder/spi-builder-workspace/.derivedData/ModuleCache.noindex -sdk-module-cache-path /Users/admin/builder/spi-builder-workspace/.derivedData/SDKExplicitPrecompiledModules -emit-dependencies -emit-module -emit-module-path /Users/admin/builder/spi-builder-workspace/.derivedData/Build/Intermediates.noindex/TextBuffer.build/Debug-watchos/TextBuffer-t.build/Objects-normal/arm64/TextBuffer.swiftmodule -serialize-diagnostics -dependency-scan-serialize-diagnostics-path /Users/admin/builder/spi-builder-workspace/.derivedData/Build/Intermediates.noindex/TextBuffer.build/Debug-watchos/TextBuffer-t.build/Objects-normal/arm64/TextBuffer-dependency-scan.dia -user-module-version 0.12.0 -validate-clang-modules-once -clang-build-session-file /Users/admin/builder/spi-builder-workspace/.derivedData/ModuleCache.noindex/Session.modulevalidation -Xcc -fmodules-prune-interval\=86400 -Xcc -fmodules-prune-after\=345600 -package-name textbuffer -emit-const-values -const-gather-protocols-list /Users/admin/builder/spi-builder-workspace/.derivedData/Build/Intermediates.noindex/TextBuffer.build/Debug-watchos/TextBuffer-t.build/Objects-normal/arm64/TextBuffer_const_extract_protocols.json -Xcc -I/Users/admin/builder/spi-builder-workspace/.derivedData/Build/Products/Debug-watchos/include -Xcc -I/Users/admin/builder/spi-builder-workspace/.derivedData/Build/Intermediates.noindex/TextBuffer.build/Debug-watchos/TextBuffer-t.build/DerivedSources-normal/arm64 -Xcc -I/Users/admin/builder/spi-builder-workspace/.derivedData/Build/Intermediates.noindex/TextBuffer.build/Debug-watchos/TextBuffer-t.build/DerivedSources/arm64 -Xcc -I/Users/admin/builder/spi-builder-workspace/.derivedData/Build/Intermediates.noindex/TextBuffer.build/Debug-watchos/TextBuffer-t.build/DerivedSources -Xcc -DSWIFT_PACKAGE -Xcc -DDEBUG\=1 -emit-objc-header -emit-objc-header-path /Users/admin/builder/spi-builder-workspace/.derivedData/Build/Intermediates.noindex/TextBuffer.build/Debug-watchos/TextBuffer-t.build/Objects-normal/arm64/TextBuffer-Swift.h -working-directory /Users/admin/builder/spi-builder-workspace/.swiftpm/xcode -experimental-emit-module-separately -disable-cmo
SwiftDriver TextBuffer normal arm64_32 com.apple.xcode.tools.swift.compiler (in target 'TextBuffer' from project 'TextBuffer')
cd /Users/admin/builder/spi-builder-workspace/.swiftpm/xcode
builtin-SwiftDriver -- /Applications/Xcode-27.0.0-Release.Candidate.app/Contents/Developer/Toolchains/XcodeDefault.xctoolchain/usr/bin/swiftc -parse-as-library -module-name TextBuffer -Onone @/Users/admin/builder/spi-builder-workspace/.derivedData/Build/Intermediates.noindex/TextBuffer.build/Debug-watchos/TextBuffer-t.build/Objects-normal/arm64_32/TextBuffer.SwiftFileList -DSWIFT_PACKAGE -DDEBUG -DSWIFT_MODULE_RESOURCE_BUNDLE_UNAVAILABLE -DXcode -plugin-path /Applications/Xcode-27.0.0-Release.Candidate.app/Contents/Developer/Toolchains/XcodeDefault.xctoolchain/usr/lib/swift/host/plugins/testing -enable-experimental-feature DebugDescriptionMacro -sdk /Applications/Xcode-27.0.0-Release.Candidate.app/Contents/Developer/Platforms/WatchOS.platform/Developer/SDKs/WatchOS27.0.sdk -target arm64_32-apple-watchos9.0 -g -module-cache-path /Users/admin/builder/spi-builder-workspace/.derivedData/ModuleCache.noindex -Xfrontend -serialize-debugging-options -profile-coverage-mapping -profile-generate -enable-testing -suppress-warnings -index-store-path /Users/admin/builder/spi-builder-workspace/.derivedData/Index.noindex/DataStore -Xcc -D_LIBCPP_HARDENING_MODE\=_LIBCPP_HARDENING_MODE_DEBUG -swift-version 6 -I /Users/admin/builder/spi-builder-workspace/.derivedData/Build/Products/Debug-watchos -Isystem /Applications/Xcode-27.0.0-Release.Candidate.app/Contents/Developer/Platforms/WatchOS.platform/Developer/usr/lib -F /Users/admin/builder/spi-builder-workspace/.derivedData/Build/Products/Debug-watchos/PackageFrameworks -F /Users/admin/builder/spi-builder-workspace/.derivedData/Build/Products/Debug-watchos -F /Applications/Xcode-27.0.0-Release.Candidate.app/Contents/Developer/Platforms/WatchOS.platform/Developer/Library/Frameworks -F /Applications/Xcode-27.0.0-Release.Candidate.app/Contents/Developer/Platforms/WatchOS.platform/Developer/SDKs/WatchOS27.0.sdk/Developer/Library/Frameworks -c -j10 -enable-batch-mode -incremental -Xcc -ivfsstatcache -Xcc /Users/admin/builder/spi-builder-workspace/.derivedData/SDKStatCaches.noindex/watchos27.0-24R360-e829b21a6f8c9b70876ba0858053c04477534ef55a1706bf4c1112bbb242f0a2.sdkstatcache -output-file-map /Users/admin/builder/spi-builder-workspace/.derivedData/Build/Intermediates.noindex/TextBuffer.build/Debug-watchos/TextBuffer-t.build/Objects-normal/arm64_32/TextBuffer-OutputFileMap.json -save-temps -no-color-diagnostics -explicit-module-build -module-cache-path /Users/admin/builder/spi-builder-workspace/.derivedData/Build/Intermediates.noindex/SwiftExplicitPrecompiledModules -clang-scanner-module-cache-path /Users/admin/builder/spi-builder-workspace/.derivedData/ModuleCache.noindex -sdk-module-cache-path /Users/admin/builder/spi-builder-workspace/.derivedData/SDKExplicitPrecompiledModules -emit-dependencies -emit-module -emit-module-path /Users/admin/builder/spi-builder-workspace/.derivedData/Build/Intermediates.noindex/TextBuffer.build/Debug-watchos/TextBuffer-t.build/Objects-normal/arm64_32/TextBuffer.swiftmodule -serialize-diagnostics -dependency-scan-serialize-diagnostics-path /Users/admin/builder/spi-builder-workspace/.derivedData/Build/Intermediates.noindex/TextBuffer.build/Debug-watchos/TextBuffer-t.build/Objects-normal/arm64_32/TextBuffer-dependency-scan.dia -user-module-version 0.12.0 -validate-clang-modules-once -clang-build-session-file /Users/admin/builder/spi-builder-workspace/.derivedData/ModuleCache.noindex/Session.modulevalidation -Xcc -fmodules-prune-interval\=86400 -Xcc -fmodules-prune-after\=345600 -package-name textbuffer -emit-const-values -const-gather-protocols-list /Users/admin/builder/spi-builder-workspace/.derivedData/Build/Intermediates.noindex/TextBuffer.build/Debug-watchos/TextBuffer-t.build/Objects-normal/arm64_32/TextBuffer_const_extract_protocols.json -Xcc -I/Users/admin/builder/spi-builder-workspace/.derivedData/Build/Products/Debug-watchos/include -Xcc -I/Users/admin/builder/spi-builder-workspace/.derivedData/Build/Intermediates.noindex/TextBuffer.build/Debug-watchos/TextBuffer-t.build/DerivedSources-normal/arm64_32 -Xcc -I/Users/admin/builder/spi-builder-workspace/.derivedData/Build/Intermediates.noindex/TextBuffer.build/Debug-watchos/TextBuffer-t.build/DerivedSources/arm64_32 -Xcc -I/Users/admin/builder/spi-builder-workspace/.derivedData/Build/Intermediates.noindex/TextBuffer.build/Debug-watchos/TextBuffer-t.build/DerivedSources -Xcc -DSWIFT_PACKAGE -Xcc -DDEBUG\=1 -emit-objc-header -emit-objc-header-path /Users/admin/builder/spi-builder-workspace/.derivedData/Build/Intermediates.noindex/TextBuffer.build/Debug-watchos/TextBuffer-t.build/Objects-normal/arm64_32/TextBuffer-Swift.h -working-directory /Users/admin/builder/spi-builder-workspace/.swiftpm/xcode -experimental-emit-module-separately -disable-cmo
SwiftDriverJobDiscovery normal arm64 Compiling TextRope+Construction.swift (in target 'TextRope' from project 'TextBuffer')
SwiftDriverJobDiscovery normal arm64 Compiling TextRope+Insert.swift (in target 'TextRope' from project 'TextBuffer')
SwiftDriverJobDiscovery normal arm64 Compiling TextRope+Replace.swift (in target 'TextRope' from project 'TextBuffer')
SwiftDriverJobDiscovery normal arm64 Compiling TextRope+COW.swift (in target 'TextRope' from project 'TextBuffer')
SwiftDriverJobDiscovery normal arm64 Compiling Node.swift (in target 'TextRope' from project 'TextBuffer')
SwiftDriverJobDiscovery normal arm64 Compiling Summary.swift (in target 'TextRope' from project 'TextBuffer')
SwiftDriverJobDiscovery normal arm64 Compiling TextRope+Navigation.swift (in target 'TextRope' from project 'TextBuffer')
SwiftDriverJobDiscovery normal arm64 Compiling TextRope.swift (in target 'TextRope' from project 'TextBuffer')
SwiftDriver\ Compilation TextRope normal arm64 com.apple.xcode.tools.swift.compiler (in target 'TextRope' from project 'TextBuffer')
cd /Users/admin/builder/spi-builder-workspace/.swiftpm/xcode
builtin-Swift-Compilation -- /Applications/Xcode-27.0.0-Release.Candidate.app/Contents/Developer/Toolchains/XcodeDefault.xctoolchain/usr/bin/swiftc -parse-as-library -module-name TextRope -Onone @/Users/admin/builder/spi-builder-workspace/.derivedData/Build/Intermediates.noindex/TextBuffer.build/Debug-watchos/TextRope-t.build/Objects-normal/arm64/TextRope.SwiftFileList -DSWIFT_PACKAGE -DDEBUG -DSWIFT_MODULE_RESOURCE_BUNDLE_UNAVAILABLE -DXcode -plugin-path /Applications/Xcode-27.0.0-Release.Candidate.app/Contents/Developer/Toolchains/XcodeDefault.xctoolchain/usr/lib/swift/host/plugins/testing -enable-experimental-feature DebugDescriptionMacro -sdk /Applications/Xcode-27.0.0-Release.Candidate.app/Contents/Developer/Platforms/WatchOS.platform/Developer/SDKs/WatchOS27.0.sdk -target arm64-apple-watchos9.0 -g -module-cache-path /Users/admin/builder/spi-builder-workspace/.derivedData/ModuleCache.noindex -Xfrontend -serialize-debugging-options -profile-coverage-mapping -profile-generate -enable-testing -suppress-warnings -index-store-path /Users/admin/builder/spi-builder-workspace/.derivedData/Index.noindex/DataStore -Xcc -D_LIBCPP_HARDENING_MODE\=_LIBCPP_HARDENING_MODE_DEBUG -swift-version 6 -I /Users/admin/builder/spi-builder-workspace/.derivedData/Build/Products/Debug-watchos -Isystem /Applications/Xcode-27.0.0-Release.Candidate.app/Contents/Developer/Platforms/WatchOS.platform/Developer/usr/lib -F /Users/admin/builder/spi-builder-workspace/.derivedData/Build/Products/Debug-watchos -F /Applications/Xcode-27.0.0-Release.Candidate.app/Contents/Developer/Platforms/WatchOS.platform/Developer/Library/Frameworks -F /Applications/Xcode-27.0.0-Release.Candidate.app/Contents/Developer/Platforms/WatchOS.platform/Developer/SDKs/WatchOS27.0.sdk/Developer/Library/Frameworks -c -j10 -enable-batch-mode -incremental -Xcc -ivfsstatcache -Xcc /Users/admin/builder/spi-builder-workspace/.derivedData/SDKStatCaches.noindex/watchos27.0-24R360-e829b21a6f8c9b70876ba0858053c04477534ef55a1706bf4c1112bbb242f0a2.sdkstatcache -output-file-map /Users/admin/builder/spi-builder-workspace/.derivedData/Build/Intermediates.noindex/TextBuffer.build/Debug-watchos/TextRope-t.build/Objects-normal/arm64/TextRope-OutputFileMap.json -save-temps -no-color-diagnostics -explicit-module-build -module-cache-path /Users/admin/builder/spi-builder-workspace/.derivedData/Build/Intermediates.noindex/SwiftExplicitPrecompiledModules -clang-scanner-module-cache-path /Users/admin/builder/spi-builder-workspace/.derivedData/ModuleCache.noindex -sdk-module-cache-path /Users/admin/builder/spi-builder-workspace/.derivedData/SDKExplicitPrecompiledModules -emit-dependencies -emit-module -emit-module-path /Users/admin/builder/spi-builder-workspace/.derivedData/Build/Intermediates.noindex/TextBuffer.build/Debug-watchos/TextRope-t.build/Objects-normal/arm64/TextRope.swiftmodule -serialize-diagnostics -dependency-scan-serialize-diagnostics-path /Users/admin/builder/spi-builder-workspace/.derivedData/Build/Intermediates.noindex/TextBuffer.build/Debug-watchos/TextRope-t.build/Objects-normal/arm64/TextRope-dependency-scan.dia -user-module-version 0.12.0 -validate-clang-modules-once -clang-build-session-file /Users/admin/builder/spi-builder-workspace/.derivedData/ModuleCache.noindex/Session.modulevalidation -Xcc -fmodules-prune-interval\=86400 -Xcc -fmodules-prune-after\=345600 -package-name textbuffer -emit-const-values -const-gather-protocols-list /Users/admin/builder/spi-builder-workspace/.derivedData/Build/Intermediates.noindex/TextBuffer.build/Debug-watchos/TextRope-t.build/Objects-normal/arm64/TextRope_const_extract_protocols.json -Xcc -I/Users/admin/builder/spi-builder-workspace/.derivedData/Build/Products/Debug-watchos/include -Xcc -I/Users/admin/builder/spi-builder-workspace/.derivedData/Build/Intermediates.noindex/TextBuffer.build/Debug-watchos/TextRope-t.build/DerivedSources-normal/arm64 -Xcc -I/Users/admin/builder/spi-builder-workspace/.derivedData/Build/Intermediates.noindex/TextBuffer.build/Debug-watchos/TextRope-t.build/DerivedSources/arm64 -Xcc -I/Users/admin/builder/spi-builder-workspace/.derivedData/Build/Intermediates.noindex/TextBuffer.build/Debug-watchos/TextRope-t.build/DerivedSources -Xcc -DSWIFT_PACKAGE -Xcc -DDEBUG\=1 -emit-objc-header -emit-objc-header-path /Users/admin/builder/spi-builder-workspace/.derivedData/Build/Intermediates.noindex/TextBuffer.build/Debug-watchos/TextRope-t.build/Objects-normal/arm64/TextRope-Swift.h -working-directory /Users/admin/builder/spi-builder-workspace/.swiftpm/xcode -experimental-emit-module-separately -disable-cmo
Ld /Users/admin/builder/spi-builder-workspace/.derivedData/Build/Intermediates.noindex/TextBuffer.build/Debug-watchos/TextRope-t.build/Objects-normal/arm64/Binary/TextRope.o normal arm64 (in target 'TextRope' from project 'TextBuffer')
cd /Users/admin/builder/spi-builder-workspace/.dependencies/checkouts/TextBuffer
/Applications/Xcode-27.0.0-Release.Candidate.app/Contents/Developer/Toolchains/XcodeDefault.xctoolchain/usr/bin/clang -Xlinker -reproducible -target arm64-apple-watchos9.0 -r -isysroot /Applications/Xcode-27.0.0-Release.Candidate.app/Contents/Developer/Platforms/WatchOS.platform/Developer/SDKs/WatchOS27.0.sdk -O0 -w -Xlinker -no_warn_duplicate_libraries -F/Users/admin/builder/spi-builder-workspace/.derivedData/Build/Intermediates.noindex/EagerLinkingTBDs/Debug-watchos -F/Users/admin/builder/spi-builder-workspace/.derivedData/Build/Products/Debug-watchos -iframework /Applications/Xcode-27.0.0-Release.Candidate.app/Contents/Developer/Platforms/WatchOS.platform/Developer/Library/Frameworks -iframework /Applications/Xcode-27.0.0-Release.Candidate.app/Contents/Developer/Platforms/WatchOS.platform/Developer/SDKs/WatchOS27.0.sdk/Developer/Library/Frameworks -filelist /Users/admin/builder/spi-builder-workspace/.derivedData/Build/Intermediates.noindex/TextBuffer.build/Debug-watchos/TextRope-t.build/Objects-normal/arm64/TextRope.LinkFileList -nostdlib -Xlinker -object_path_lto -Xlinker /Users/admin/builder/spi-builder-workspace/.derivedData/Build/Intermediates.noindex/TextBuffer.build/Debug-watchos/TextRope-t.build/Objects-normal/arm64/TextRope_lto.o -Xlinker -no_deduplicate -Xlinker -debug_variant -Xlinker -dependency_info -Xlinker /Users/admin/builder/spi-builder-workspace/.derivedData/Build/Intermediates.noindex/TextBuffer.build/Debug-watchos/TextRope-t.build/Objects-normal/arm64/TextRope_dependency_info.dat -fobjc-link-runtime -L/Applications/Xcode-27.0.0-Release.Candidate.app/Contents/Developer/Toolchains/XcodeDefault.xctoolchain/usr/lib/swift/watchos -L/usr/lib/swift -Xlinker -add_ast_path -Xlinker /Users/admin/builder/spi-builder-workspace/.derivedData/Build/Intermediates.noindex/TextBuffer.build/Debug-watchos/TextRope-t.build/Objects-normal/arm64/TextRope.swiftmodule -o /Users/admin/builder/spi-builder-workspace/.derivedData/Build/Intermediates.noindex/TextBuffer.build/Debug-watchos/TextRope-t.build/Objects-normal/arm64/Binary/TextRope.o
CreateUniversalBinary /Users/admin/builder/spi-builder-workspace/.derivedData/Build/Products/Debug-watchos/TextRope.o normal arm64\ arm64_32 (in target 'TextRope' from project 'TextBuffer')
cd /Users/admin/builder/spi-builder-workspace/.dependencies/checkouts/TextBuffer
/Applications/Xcode-27.0.0-Release.Candidate.app/Contents/Developer/Toolchains/XcodeDefault.xctoolchain/usr/bin/lipo -create /Users/admin/builder/spi-builder-workspace/.derivedData/Build/Intermediates.noindex/TextBuffer.build/Debug-watchos/TextRope-t.build/Objects-normal/arm64/Binary/TextRope.o /Users/admin/builder/spi-builder-workspace/.derivedData/Build/Intermediates.noindex/TextBuffer.build/Debug-watchos/TextRope-t.build/Objects-normal/arm64_32/Binary/TextRope.o -output /Users/admin/builder/spi-builder-workspace/.derivedData/Build/Products/Debug-watchos/TextRope.o
ExtractAppIntentsMetadata (in target 'TextRope' from project 'TextBuffer')
cd /Users/admin/builder/spi-builder-workspace/.dependencies/checkouts/TextBuffer
/Applications/Xcode-27.0.0-Release.Candidate.app/Contents/Developer/Toolchains/XcodeDefault.xctoolchain/usr/bin/appintentsmetadataprocessor --toolchain-dir /var/run/com.apple.security.cryptexd/mnt/com.apple.MobileAsset.MetalToolchain-v27.1.266.1.Jgpjk3/Metal.xctoolchain --module-name TextRope --sdk-root /Applications/Xcode-27.0.0-Release.Candidate.app/Contents/Developer/Platforms/WatchOS.platform/Developer/SDKs/WatchOS27.0.sdk --xcode-version 27A266a --platform-family watchOS --deployment-target 9.0 --bundle-identifier textbuffer.TextRope --output /Users/admin/builder/spi-builder-workspace/.derivedData/Build/Products/Debug-watchos/TextRope.appintents --target-triple arm64-apple-watchos9.0 --target-triple arm64_32-apple-watchos9.0 --binary-file /Users/admin/builder/spi-builder-workspace/.derivedData/Build/Products/Debug-watchos/TextRope.o --dependency-file /Users/admin/builder/spi-builder-workspace/.derivedData/Build/Intermediates.noindex/TextBuffer.build/Debug-watchos/TextRope-t.build/Objects-normal/arm64/TextRope_dependency_info.dat --dependency-file /Users/admin/builder/spi-builder-workspace/.derivedData/Build/Intermediates.noindex/TextBuffer.build/Debug-watchos/TextRope-t.build/Objects-normal/arm64_32/TextRope_dependency_info.dat --stringsdata-file /Users/admin/builder/spi-builder-workspace/.derivedData/Build/Intermediates.noindex/TextBuffer.build/Debug-watchos/TextRope-t.build/Objects-normal/arm64/ExtractedAppShortcutsMetadata.stringsdata --stringsdata-file /Users/admin/builder/spi-builder-workspace/.derivedData/Build/Intermediates.noindex/TextBuffer.build/Debug-watchos/TextRope-t.build/Objects-normal/arm64_32/ExtractedAppShortcutsMetadata.stringsdata --source-file-list /Users/admin/builder/spi-builder-workspace/.derivedData/Build/Intermediates.noindex/TextBuffer.build/Debug-watchos/TextRope-t.build/Objects-normal/arm64/TextRope.SwiftFileList --source-file-list /Users/admin/builder/spi-builder-workspace/.derivedData/Build/Intermediates.noindex/TextBuffer.build/Debug-watchos/TextRope-t.build/Objects-normal/arm64_32/TextRope.SwiftFileList --metadata-file-list /Users/admin/builder/spi-builder-workspace/.derivedData/Build/Intermediates.noindex/TextBuffer.build/Debug-watchos/TextRope-t.build/TextRope.DependencyMetadataFileList --static-metadata-file-list /Users/admin/builder/spi-builder-workspace/.derivedData/Build/Intermediates.noindex/TextBuffer.build/Debug-watchos/TextRope-t.build/TextRope.DependencyStaticMetadataFileList --swift-const-vals-list /Users/admin/builder/spi-builder-workspace/.derivedData/Build/Intermediates.noindex/TextBuffer.build/Debug-watchos/TextRope-t.build/Objects-normal/arm64/TextRope.SwiftConstValuesFileList --swift-const-vals-list /Users/admin/builder/spi-builder-workspace/.derivedData/Build/Intermediates.noindex/TextBuffer.build/Debug-watchos/TextRope-t.build/Objects-normal/arm64_32/TextRope.SwiftConstValuesFileList --force --compile-time-extraction --deployment-aware-processing --no-app-shortcuts-localization
2026-09-26 05:47:22.645 appintentsmetadataprocessor[715:4332] Starting appintentsmetadataprocessor export
2026-09-26 05:47:22.742 appintentsmetadataprocessor[715:4332] Extracted no relevant App Intents symbols, skipping writing output
SwiftExplicitDependencyGeneratePcm arm64_32 /Users/admin/builder/spi-builder-workspace/.derivedData/SDKExplicitPrecompiledModules/ptrcheck-EAZ3I917ZFA9H6ZCL6PGLG4TR.pcm
SwiftExplicitDependencyGeneratePcm arm64_32 /Users/admin/builder/spi-builder-workspace/.derivedData/SDKExplicitPrecompiledModules/_Builtin_stdarg-EYJP6DFYQL9GJLH1TJ84A8MHV.pcm
SwiftExplicitDependencyGeneratePcm arm64_32 /Users/admin/builder/spi-builder-workspace/.derivedData/SDKExplicitPrecompiledModules/_Builtin_stdbool-84ZA1VDW90AGWZ2LF5KOCM8DZ.pcm
SwiftExplicitDependencyGeneratePcm arm64_32 /Users/admin/builder/spi-builder-workspace/.derivedData/SDKExplicitPrecompiledModules/ptrauth-EW7YZZ7LEZE1QZF2T8148IPSA.pcm
SwiftExplicitDependencyGeneratePcm arm64 /Users/admin/builder/spi-builder-workspace/.derivedData/SDKExplicitPrecompiledModules/ptrcheck-8K07997SIHO7YGY7UQ3LOQ3TJ.pcm
SwiftExplicitDependencyGeneratePcm arm64_32 /Users/admin/builder/spi-builder-workspace/.derivedData/SDKExplicitPrecompiledModules/_Builtin_stddef-2F9BFIPBQ5EWNSK5G7G7V4EKL.pcm
SwiftExplicitDependencyGeneratePcm arm64_32 /Users/admin/builder/spi-builder-workspace/.derivedData/SDKExplicitPrecompiledModules/_Builtin_float-372PLGDQ1U3B6Z5EA5DJMDORJ.pcm
SwiftExplicitDependencyGeneratePcm arm64_32 /Users/admin/builder/spi-builder-workspace/.derivedData/SDKExplicitPrecompiledModules/_AvailabilityInternal-22ZP1ILSQW16KHXZS5GBZHOCS.pcm
SwiftExplicitDependencyGeneratePcm arm64 /Users/admin/builder/spi-builder-workspace/.derivedData/SDKExplicitPrecompiledModules/_Builtin_float-E4M4A8689VXF1T7P7BV56IKBT.pcm
SwiftExplicitDependencyGeneratePcm arm64 /Users/admin/builder/spi-builder-workspace/.derivedData/SDKExplicitPrecompiledModules/_Builtin_stdbool-B692L2PMR118794VVYBG37897.pcm
SwiftExplicitDependencyGeneratePcm arm64 /Users/admin/builder/spi-builder-workspace/.derivedData/SDKExplicitPrecompiledModules/_AvailabilityInternal-42EVAC8Q6P1ZT6G3A168N97G4.pcm
SwiftExplicitDependencyGeneratePcm arm64 /Users/admin/builder/spi-builder-workspace/.derivedData/SDKExplicitPrecompiledModules/ptrauth-C7VQASAJ967Q4Q6SRD4I3CFWZ.pcm
SwiftExplicitDependencyGeneratePcm arm64 /Users/admin/builder/spi-builder-workspace/.derivedData/SDKExplicitPrecompiledModules/_Builtin_stdarg-3X4KLXUYEI0UGBILP4X7D0CYW.pcm
SwiftExplicitDependencyGeneratePcm arm64 /Users/admin/builder/spi-builder-workspace/.derivedData/SDKExplicitPrecompiledModules/_Builtin_stddef-5OH846KKUPSJJT7GCX9XU1TKG.pcm
SwiftExplicitDependencyGeneratePcm arm64_32 /Users/admin/builder/spi-builder-workspace/.derivedData/SDKExplicitPrecompiledModules/_DarwinFoundation1-5SNIO0SFHX9KJZTLQGIPAPXUZ.pcm
SwiftExplicitDependencyGeneratePcm arm64 /Users/admin/builder/spi-builder-workspace/.derivedData/SDKExplicitPrecompiledModules/_DarwinFoundation1-7YQ9TVI7XTOGQU9OADRXP33D1.pcm
SwiftExplicitDependencyGeneratePcm arm64_32 /Users/admin/builder/spi-builder-workspace/.derivedData/SDKExplicitPrecompiledModules/_DarwinFoundation2-FP2Q8F1Q2HR151SBYKTU6Q8B.pcm
SwiftExplicitDependencyGeneratePcm arm64_32 /Users/admin/builder/spi-builder-workspace/.derivedData/SDKExplicitPrecompiledModules/_Builtin_limits-AQMEC9CLG0FZQN6TLGDQ6WF78.pcm
SwiftExplicitDependencyGeneratePcm arm64 /Users/admin/builder/spi-builder-workspace/.derivedData/SDKExplicitPrecompiledModules/_DarwinFoundation2-CUPL4FH2SA95GMALQP4M6O8UA.pcm
SwiftExplicitDependencyGeneratePcm arm64 /Users/admin/builder/spi-builder-workspace/.derivedData/SDKExplicitPrecompiledModules/_Builtin_limits-75TRA1C7IHYOFCG3KJXQVTHJ4.pcm
SwiftExplicitDependencyGeneratePcm arm64_32 /Users/admin/builder/spi-builder-workspace/.derivedData/SDKExplicitPrecompiledModules/string_h-8QY7P4ZQXQAF14WVDITTM4R70.pcm
SwiftExplicitDependencyGeneratePcm arm64_32 /Users/admin/builder/spi-builder-workspace/.derivedData/SDKExplicitPrecompiledModules/sys_types-65NN51P1G7GN2GUAUPC53JJ7N.pcm
SwiftExplicitDependencyGeneratePcm arm64_32 /Users/admin/builder/spi-builder-workspace/.derivedData/SDKExplicitPrecompiledModules/_Builtin_stdint-6IWJLTRH2WB6RCG4THPA65RDS.pcm
SwiftExplicitDependencyGeneratePcm arm64 /Users/admin/builder/spi-builder-workspace/.derivedData/SDKExplicitPrecompiledModules/string_h-4N9Z22C0HUO8GV7GFPCLZRZA2.pcm
SwiftExplicitDependencyGeneratePcm arm64 /Users/admin/builder/spi-builder-workspace/.derivedData/SDKExplicitPrecompiledModules/_Builtin_stdint-6TUACK4YPMARFT56PLIO388SJ.pcm
SwiftExplicitDependencyGeneratePcm arm64 /Users/admin/builder/spi-builder-workspace/.derivedData/SDKExplicitPrecompiledModules/sys_types-9KPVYINL86WUSHF45TU8PWZZ1.pcm
SwiftExplicitDependencyGeneratePcm arm64_32 /Users/admin/builder/spi-builder-workspace/.derivedData/SDKExplicitPrecompiledModules/_DarwinFoundation3-3YOBOPIW2MF1LRNQH7JBUBY4G.pcm
SwiftExplicitDependencyGeneratePcm arm64 /Users/admin/builder/spi-builder-workspace/.derivedData/SDKExplicitPrecompiledModules/_DarwinFoundation3-EJXZKD8LN9EYM9OWP9VLJ49PK.pcm
SwiftExplicitDependencyGeneratePcm arm64_32 /Users/admin/builder/spi-builder-workspace/.derivedData/SDKExplicitPrecompiledModules/_Builtin_inttypes-BPZJ68HW1IMYWSHROAZ0IMUJP.pcm
SwiftExplicitDependencyGeneratePcm arm64 /Users/admin/builder/spi-builder-workspace/.derivedData/SDKExplicitPrecompiledModules/_Builtin_inttypes-86YTNV5YADPJXFMJ82N3R4GWQ.pcm
SwiftExplicitDependencyGeneratePcm arm64_32 /Users/admin/builder/spi-builder-workspace/.derivedData/SDKExplicitPrecompiledModules/Darwin-10D35ZJWCWG7LJAF579U7I5V7.pcm
SwiftExplicitDependencyGeneratePcm arm64 /Users/admin/builder/spi-builder-workspace/.derivedData/SDKExplicitPrecompiledModules/Darwin-CSB8C43KELVSFIQVR0803IZPN.pcm
SwiftExplicitDependencyGeneratePcm arm64_32 /Users/admin/builder/spi-builder-workspace/.derivedData/SDKExplicitPrecompiledModules/ObjectiveC-71AGZNHLBMR2QK817EJNUN54E.pcm
SwiftExplicitDependencyGeneratePcm arm64 /Users/admin/builder/spi-builder-workspace/.derivedData/SDKExplicitPrecompiledModules/ObjectiveC-22CZPC4WYQC9G8T393WT2KKLW.pcm
SwiftExplicitDependencyGeneratePcm arm64_32 /Users/admin/builder/spi-builder-workspace/.derivedData/SDKExplicitPrecompiledModules/os_object-CTXVQBCWDOH6JHUXIFDUOWFRL.pcm
SwiftExplicitDependencyGeneratePcm arm64 /Users/admin/builder/spi-builder-workspace/.derivedData/SDKExplicitPrecompiledModules/os_object-6KYGGZ4DPVZ3BBAZ6QICZN8LI.pcm
SwiftExplicitDependencyGeneratePcm arm64_32 /Users/admin/builder/spi-builder-workspace/.derivedData/SDKExplicitPrecompiledModules/os_workgroup-9L9R05BT5LTFRZ2NM68BZTVV2.pcm
SwiftExplicitDependencyGeneratePcm arm64 /Users/admin/builder/spi-builder-workspace/.derivedData/SDKExplicitPrecompiledModules/os_workgroup-AHE7ULDQBKER38CYPIKDTZF4M.pcm
SwiftExplicitDependencyGeneratePcm arm64_32 /Users/admin/builder/spi-builder-workspace/.derivedData/SDKExplicitPrecompiledModules/Dispatch-CGIMI9KQKHNRQHR2IECIPRG14.pcm
SwiftExplicitDependencyGeneratePcm arm64 /Users/admin/builder/spi-builder-workspace/.derivedData/SDKExplicitPrecompiledModules/Dispatch-39VR0G01IUJ09PQKMFGOHXZ4L.pcm
SwiftExplicitDependencyGeneratePcm arm64_32 /Users/admin/builder/spi-builder-workspace/.derivedData/SDKExplicitPrecompiledModules/XPC-7SLKI45KYLKXH9QET2WYS3UZ4.pcm
SwiftExplicitDependencyGeneratePcm arm64_32 /Users/admin/builder/spi-builder-workspace/.derivedData/SDKExplicitPrecompiledModules/CoreFoundation-76B9WJP9MDYT33HZQVSNNZQZD.pcm
SwiftExplicitDependencyGeneratePcm arm64 /Users/admin/builder/spi-builder-workspace/.derivedData/SDKExplicitPrecompiledModules/XPC-650JAZBTM6I0OMHYO6CKM0CWJ.pcm
SwiftExplicitDependencyGeneratePcm arm64 /Users/admin/builder/spi-builder-workspace/.derivedData/SDKExplicitPrecompiledModules/CoreFoundation-59XKO8YNRGGYNC5U5LK8B4EM.pcm
SwiftExplicitDependencyGeneratePcm arm64_32 /Users/admin/builder/spi-builder-workspace/.derivedData/SDKExplicitPrecompiledModules/Security-1W411BS4UH2UNMNII2341429S.pcm
SwiftExplicitDependencyGeneratePcm arm64 /Users/admin/builder/spi-builder-workspace/.derivedData/SDKExplicitPrecompiledModules/Security-69WNGEAVQP55EDBQHP3BLE8QU.pcm
SwiftExplicitDependencyGeneratePcm arm64_32 /Users/admin/builder/spi-builder-workspace/.derivedData/SDKExplicitPrecompiledModules/Foundation-AIQ30TCDC2B0LBUU6FPQZ0HWI.pcm
SwiftExplicitDependencyGeneratePcm arm64 /Users/admin/builder/spi-builder-workspace/.derivedData/SDKExplicitPrecompiledModules/Foundation-B3IXODHI7VO4VRX2RWRXLVJZT.pcm
SwiftCompile normal arm64_32 Compiling\ TextRope+ComposedSequences.swift,\ TextRope+LineRange.swift,\ TextRope+NSRange.swift,\ TextRope+WordRange.swift /Users/admin/builder/spi-builder-workspace/.dependencies/checkouts/TextBuffer/Sources/TextBuffer/TextRope+ComposedSequences.swift /Users/admin/builder/spi-builder-workspace/.dependencies/checkouts/TextBuffer/Sources/TextBuffer/TextRope+LineRange.swift /Users/admin/builder/spi-builder-workspace/.dependencies/checkouts/TextBuffer/Sources/TextBuffer/TextRope+NSRange.swift /Users/admin/builder/spi-builder-workspace/.dependencies/checkouts/TextBuffer/Sources/TextBuffer/TextRope+WordRange.swift (in target 'TextBuffer' from project 'TextBuffer')
SwiftCompile normal arm64_32 /Users/admin/builder/spi-builder-workspace/.dependencies/checkouts/TextBuffer/Sources/TextBuffer/TextRope+ComposedSequences.swift (in target 'TextBuffer' from project 'TextBuffer')
cd /Users/admin/builder/spi-builder-workspace/.swiftpm/xcode
builtin-SwiftPerFileCompile TextRope+ComposedSequences.swift
SwiftCompile normal arm64_32 /Users/admin/builder/spi-builder-workspace/.dependencies/checkouts/TextBuffer/Sources/TextBuffer/TextRope+LineRange.swift (in target 'TextBuffer' from project 'TextBuffer')
cd /Users/admin/builder/spi-builder-workspace/.swiftpm/xcode
builtin-SwiftPerFileCompile TextRope+LineRange.swift
SwiftCompile normal arm64_32 /Users/admin/builder/spi-builder-workspace/.dependencies/checkouts/TextBuffer/Sources/TextBuffer/TextRope+NSRange.swift (in target 'TextBuffer' from project 'TextBuffer')
cd /Users/admin/builder/spi-builder-workspace/.swiftpm/xcode
builtin-SwiftPerFileCompile TextRope+NSRange.swift
SwiftCompile normal arm64_32 /Users/admin/builder/spi-builder-workspace/.dependencies/checkouts/TextBuffer/Sources/TextBuffer/TextRope+WordRange.swift (in target 'TextBuffer' from project 'TextBuffer')
cd /Users/admin/builder/spi-builder-workspace/.swiftpm/xcode
builtin-SwiftPerFileCompile TextRope+WordRange.swift
SwiftCompile normal arm64_32 Compiling\ Buffer.swift,\ BufferAccessFailure.swift,\ BufferContent.swift,\ BufferRange.swift /Users/admin/builder/spi-builder-workspace/.dependencies/checkouts/TextBuffer/Sources/TextBuffer/Buffer/Buffer.swift /Users/admin/builder/spi-builder-workspace/.dependencies/checkouts/TextBuffer/Sources/TextBuffer/Buffer/BufferAccessFailure.swift /Users/admin/builder/spi-builder-workspace/.dependencies/checkouts/TextBuffer/Sources/TextBuffer/Buffer/BufferContent.swift /Users/admin/builder/spi-builder-workspace/.dependencies/checkouts/TextBuffer/Sources/TextBuffer/Buffer/BufferRange.swift (in target 'TextBuffer' from project 'TextBuffer')
SwiftCompile normal arm64_32 /Users/admin/builder/spi-builder-workspace/.dependencies/checkouts/TextBuffer/Sources/TextBuffer/Buffer/Buffer.swift (in target 'TextBuffer' from project 'TextBuffer')
cd /Users/admin/builder/spi-builder-workspace/.swiftpm/xcode
builtin-SwiftPerFileCompile Buffer.swift
SwiftCompile normal arm64_32 /Users/admin/builder/spi-builder-workspace/.dependencies/checkouts/TextBuffer/Sources/TextBuffer/Buffer/BufferAccessFailure.swift (in target 'TextBuffer' from project 'TextBuffer')
cd /Users/admin/builder/spi-builder-workspace/.swiftpm/xcode
builtin-SwiftPerFileCompile BufferAccessFailure.swift
SwiftCompile normal arm64_32 /Users/admin/builder/spi-builder-workspace/.dependencies/checkouts/TextBuffer/Sources/TextBuffer/Buffer/BufferContent.swift (in target 'TextBuffer' from project 'TextBuffer')
cd /Users/admin/builder/spi-builder-workspace/.swiftpm/xcode
builtin-SwiftPerFileCompile BufferContent.swift
SwiftCompile normal arm64_32 /Users/admin/builder/spi-builder-workspace/.dependencies/checkouts/TextBuffer/Sources/TextBuffer/Buffer/BufferRange.swift (in target 'TextBuffer' from project 'TextBuffer')
cd /Users/admin/builder/spi-builder-workspace/.swiftpm/xcode
builtin-SwiftPerFileCompile BufferRange.swift
SwiftCompile normal arm64_32 Compiling\ TextAnalysisCapable.swift,\ TextBuffer.swift,\ TransferableUndoable.swift,\ UTF16.swift /Users/admin/builder/spi-builder-workspace/.dependencies/checkouts/TextBuffer/Sources/TextBuffer/Buffer/TextAnalysisCapable.swift /Users/admin/builder/spi-builder-workspace/.dependencies/checkouts/TextBuffer/Sources/TextBuffer/Buffer/TextBuffer.swift /Users/admin/builder/spi-builder-workspace/.dependencies/checkouts/TextBuffer/Sources/TextBuffer/Buffer/TransferableUndoable.swift /Users/admin/builder/spi-builder-workspace/.dependencies/checkouts/TextBuffer/Sources/TextBuffer/Buffer/UTF16.swift (in target 'TextBuffer' from project 'TextBuffer')
SwiftCompile normal arm64_32 /Users/admin/builder/spi-builder-workspace/.dependencies/checkouts/TextBuffer/Sources/TextBuffer/Buffer/TextAnalysisCapable.swift (in target 'TextBuffer' from project 'TextBuffer')
cd /Users/admin/builder/spi-builder-workspace/.swiftpm/xcode
builtin-SwiftPerFileCompile TextAnalysisCapable.swift
SwiftCompile normal arm64_32 /Users/admin/builder/spi-builder-workspace/.dependencies/checkouts/TextBuffer/Sources/TextBuffer/Buffer/TextBuffer.swift (in target 'TextBuffer' from project 'TextBuffer')
cd /Users/admin/builder/spi-builder-workspace/.swiftpm/xcode
builtin-SwiftPerFileCompile TextBuffer.swift
SwiftCompile normal arm64_32 /Users/admin/builder/spi-builder-workspace/.dependencies/checkouts/TextBuffer/Sources/TextBuffer/Buffer/TransferableUndoable.swift (in target 'TextBuffer' from project 'TextBuffer')
cd /Users/admin/builder/spi-builder-workspace/.swiftpm/xcode
builtin-SwiftPerFileCompile TransferableUndoable.swift
SwiftCompile normal arm64_32 /Users/admin/builder/spi-builder-workspace/.dependencies/checkouts/TextBuffer/Sources/TextBuffer/Buffer/UTF16.swift (in target 'TextBuffer' from project 'TextBuffer')
cd /Users/admin/builder/spi-builder-workspace/.swiftpm/xcode
builtin-SwiftPerFileCompile UTF16.swift
SwiftCompile normal arm64_32 Compiling\ Undoable+NSTextViewBuffer.swift,\ Undoable.swift,\ Exports.swift,\ NSRange+Order.swift /Users/admin/builder/spi-builder-workspace/.dependencies/checkouts/TextBuffer/Sources/TextBuffer/Buffer/Undoable+NSTextViewBuffer.swift /Users/admin/builder/spi-builder-workspace/.dependencies/checkouts/TextBuffer/Sources/TextBuffer/Buffer/Undoable.swift /Users/admin/builder/spi-builder-workspace/.dependencies/checkouts/TextBuffer/Sources/TextBuffer/Exports.swift /Users/admin/builder/spi-builder-workspace/.dependencies/checkouts/TextBuffer/Sources/TextBuffer/NSRange+Order.swift (in target 'TextBuffer' from project 'TextBuffer')
/Users/admin/builder/spi-builder-workspace/.dependencies/checkouts/TextBuffer/Sources/TextBuffer/Buffer/Undoable+NSTextViewBuffer.swift:3:34: error: cannot find type 'NSTextViewBuffer' in scope
1 | // Copyright © 2024 Christian Tietze. All rights reserved. Distributed under the MIT License.
2 |
3 | extension Undoable where Base == NSTextViewBuffer {
| `- error: cannot find type 'NSTextViewBuffer' in scope
4 | /// Wraps `base` to support automatic undo/redo of buffer mutations with the default undo manager of the `NSTextView`.
5 | ///
/Users/admin/builder/spi-builder-workspace/.dependencies/checkouts/TextBuffer/Sources/TextBuffer/Buffer/Undoable+NSTextViewBuffer.swift:10:17: error: cannot find type 'NSTextViewBuffer' in scope
8 | /// This behavior can be tweaked by setting the `undoManager` on the enclosing document directly, or by implementing [`NSWindowDelegate.windowWillReturnUndoManager(_:)`](https://developer.apple.com/documentation/appkit/nswindowdelegate/1419745-windowwillreturnundomanager) to return `UndoManager` instances you manage yourself.
9 | public convenience init(
10 | _ base: NSTextViewBuffer
| `- error: cannot find type 'NSTextViewBuffer' in scope
11 | ) {
12 | self.init(base) {
/Users/admin/builder/spi-builder-workspace/.dependencies/checkouts/TextBuffer/Sources/TextBuffer/Buffer/Undoable+NSTextViewBuffer.swift:18:11: error: cannot find type 'NSTextViewBuffer' in scope
16 | }
17 |
18 | extension NSTextViewBuffer {
| `- error: cannot find type 'NSTextViewBuffer' in scope
19 | /// Buffer with the system's default undo/redo support (which is usually delegating to the `NSWindow` or `NSDocument`).
20 | public var undoable: Undoable<NSTextViewBuffer> { Undoable(self) }
SwiftCompile normal arm64_32 /Users/admin/builder/spi-builder-workspace/.dependencies/checkouts/TextBuffer/Sources/TextBuffer/Buffer/Undoable+NSTextViewBuffer.swift (in target 'TextBuffer' from project 'TextBuffer')
cd /Users/admin/builder/spi-builder-workspace/.swiftpm/xcode
builtin-SwiftPerFileCompile Undoable+NSTextViewBuffer.swift
SwiftCompile normal arm64_32 /Users/admin/builder/spi-builder-workspace/.dependencies/checkouts/TextBuffer/Sources/TextBuffer/Buffer/Undoable.swift (in target 'TextBuffer' from project 'TextBuffer')
cd /Users/admin/builder/spi-builder-workspace/.swiftpm/xcode
builtin-SwiftPerFileCompile Undoable.swift
SwiftCompile normal arm64_32 /Users/admin/builder/spi-builder-workspace/.dependencies/checkouts/TextBuffer/Sources/TextBuffer/Exports.swift (in target 'TextBuffer' from project 'TextBuffer')
cd /Users/admin/builder/spi-builder-workspace/.swiftpm/xcode
builtin-SwiftPerFileCompile Exports.swift
SwiftCompile normal arm64_32 /Users/admin/builder/spi-builder-workspace/.dependencies/checkouts/TextBuffer/Sources/TextBuffer/NSRange+Order.swift (in target 'TextBuffer' from project 'TextBuffer')
cd /Users/admin/builder/spi-builder-workspace/.swiftpm/xcode
builtin-SwiftPerFileCompile NSRange+Order.swift
SwiftCompile normal arm64_32 Compiling\ NSRange+Resized.swift,\ NSRange+Shifted.swift,\ NSRange+Subtracting.swift,\ NSRange+containsRange.swift /Users/admin/builder/spi-builder-workspace/.dependencies/checkouts/TextBuffer/Sources/TextBuffer/NSRange+Resized.swift /Users/admin/builder/spi-builder-workspace/.dependencies/checkouts/TextBuffer/Sources/TextBuffer/NSRange+Shifted.swift /Users/admin/builder/spi-builder-workspace/.dependencies/checkouts/TextBuffer/Sources/TextBuffer/NSRange+Subtracting.swift /Users/admin/builder/spi-builder-workspace/.dependencies/checkouts/TextBuffer/Sources/TextBuffer/NSRange+containsRange.swift (in target 'TextBuffer' from project 'TextBuffer')
SwiftCompile normal arm64_32 /Users/admin/builder/spi-builder-workspace/.dependencies/checkouts/TextBuffer/Sources/TextBuffer/NSRange+Resized.swift (in target 'TextBuffer' from project 'TextBuffer')
cd /Users/admin/builder/spi-builder-workspace/.swiftpm/xcode
builtin-SwiftPerFileCompile NSRange+Resized.swift
SwiftCompile normal arm64_32 /Users/admin/builder/spi-builder-workspace/.dependencies/checkouts/TextBuffer/Sources/TextBuffer/NSRange+Shifted.swift (in target 'TextBuffer' from project 'TextBuffer')
cd /Users/admin/builder/spi-builder-workspace/.swiftpm/xcode
builtin-SwiftPerFileCompile NSRange+Shifted.swift
SwiftCompile normal arm64_32 /Users/admin/builder/spi-builder-workspace/.dependencies/checkouts/TextBuffer/Sources/TextBuffer/NSRange+Subtracting.swift (in target 'TextBuffer' from project 'TextBuffer')
cd /Users/admin/builder/spi-builder-workspace/.swiftpm/xcode
builtin-SwiftPerFileCompile NSRange+Subtracting.swift
SwiftCompile normal arm64_32 /Users/admin/builder/spi-builder-workspace/.dependencies/checkouts/TextBuffer/Sources/TextBuffer/NSRange+containsRange.swift (in target 'TextBuffer' from project 'TextBuffer')
cd /Users/admin/builder/spi-builder-workspace/.swiftpm/xcode
builtin-SwiftPerFileCompile NSRange+containsRange.swift
SwiftCompile normal arm64_32 Compiling\ NSString+locationUpToCharacter.swift,\ BufferOperation.swift,\ OperationLog.swift,\ UndoGroup.swift /Users/admin/builder/spi-builder-workspace/.dependencies/checkouts/TextBuffer/Sources/TextBuffer/NSString+locationUpToCharacter.swift /Users/admin/builder/spi-builder-workspace/.dependencies/checkouts/TextBuffer/Sources/TextBuffer/OperationLog/BufferOperation.swift /Users/admin/builder/spi-builder-workspace/.dependencies/checkouts/TextBuffer/Sources/TextBuffer/OperationLog/OperationLog.swift /Users/admin/builder/spi-builder-workspace/.dependencies/checkouts/TextBuffer/Sources/TextBuffer/OperationLog/UndoGroup.swift (in target 'TextBuffer' from project 'TextBuffer')
SwiftCompile normal arm64_32 /Users/admin/builder/spi-builder-workspace/.dependencies/checkouts/TextBuffer/Sources/TextBuffer/NSString+locationUpToCharacter.swift (in target 'TextBuffer' from project 'TextBuffer')
cd /Users/admin/builder/spi-builder-workspace/.swiftpm/xcode
builtin-SwiftPerFileCompile NSString+locationUpToCharacter.swift
SwiftCompile normal arm64_32 /Users/admin/builder/spi-builder-workspace/.dependencies/checkouts/TextBuffer/Sources/TextBuffer/OperationLog/BufferOperation.swift (in target 'TextBuffer' from project 'TextBuffer')
cd /Users/admin/builder/spi-builder-workspace/.swiftpm/xcode
builtin-SwiftPerFileCompile BufferOperation.swift
SwiftCompile normal arm64_32 /Users/admin/builder/spi-builder-workspace/.dependencies/checkouts/TextBuffer/Sources/TextBuffer/OperationLog/OperationLog.swift (in target 'TextBuffer' from project 'TextBuffer')
cd /Users/admin/builder/spi-builder-workspace/.swiftpm/xcode
builtin-SwiftPerFileCompile OperationLog.swift
SwiftCompile normal arm64_32 /Users/admin/builder/spi-builder-workspace/.dependencies/checkouts/TextBuffer/Sources/TextBuffer/OperationLog/UndoGroup.swift (in target 'TextBuffer' from project 'TextBuffer')
cd /Users/admin/builder/spi-builder-workspace/.swiftpm/xcode
builtin-SwiftPerFileCompile UndoGroup.swift
SwiftCompile normal arm64_32 Compiling\ PuppetUndoManager.swift,\ RopeBuffer.swift,\ SendableRopeBuffer+Conversion.swift,\ SendableRopeBuffer.swift /Users/admin/builder/spi-builder-workspace/.dependencies/checkouts/TextBuffer/Sources/TextBuffer/Buffer/PuppetUndoManager.swift /Users/admin/builder/spi-builder-workspace/.dependencies/checkouts/TextBuffer/Sources/TextBuffer/Buffer/RopeBuffer.swift /Users/admin/builder/spi-builder-workspace/.dependencies/checkouts/TextBuffer/Sources/TextBuffer/Buffer/SendableRopeBuffer+Conversion.swift /Users/admin/builder/spi-builder-workspace/.dependencies/checkouts/TextBuffer/Sources/TextBuffer/Buffer/SendableRopeBuffer.swift (in target 'TextBuffer' from project 'TextBuffer')
SwiftCompile normal arm64_32 /Users/admin/builder/spi-builder-workspace/.dependencies/checkouts/TextBuffer/Sources/TextBuffer/Buffer/PuppetUndoManager.swift (in target 'TextBuffer' from project 'TextBuffer')
cd /Users/admin/builder/spi-builder-workspace/.swiftpm/xcode
builtin-SwiftPerFileCompile PuppetUndoManager.swift
SwiftCompile normal arm64_32 /Users/admin/builder/spi-builder-workspace/.dependencies/checkouts/TextBuffer/Sources/TextBuffer/Buffer/RopeBuffer.swift (in target 'TextBuffer' from project 'TextBuffer')
cd /Users/admin/builder/spi-builder-workspace/.swiftpm/xcode
builtin-SwiftPerFileCompile RopeBuffer.swift
SwiftCompile normal arm64_32 /Users/admin/builder/spi-builder-workspace/.dependencies/checkouts/TextBuffer/Sources/TextBuffer/Buffer/SendableRopeBuffer+Conversion.swift (in target 'TextBuffer' from project 'TextBuffer')
cd /Users/admin/builder/spi-builder-workspace/.swiftpm/xcode
builtin-SwiftPerFileCompile SendableRopeBuffer+Conversion.swift
SwiftCompile normal arm64_32 /Users/admin/builder/spi-builder-workspace/.dependencies/checkouts/TextBuffer/Sources/TextBuffer/Buffer/SendableRopeBuffer.swift (in target 'TextBuffer' from project 'TextBuffer')
cd /Users/admin/builder/spi-builder-workspace/.swiftpm/xcode
builtin-SwiftPerFileCompile SendableRopeBuffer.swift
SwiftEmitModule normal arm64_32 Emitting\ module\ for\ TextBuffer (in target 'TextBuffer' from project 'TextBuffer')
/Users/admin/builder/spi-builder-workspace/.dependencies/checkouts/TextBuffer/Sources/TextBuffer/Buffer/Undoable+NSTextViewBuffer.swift:3:34: error: cannot find type 'NSTextViewBuffer' in scope
1 | // Copyright © 2024 Christian Tietze. All rights reserved. Distributed under the MIT License.
2 |
3 | extension Undoable where Base == NSTextViewBuffer {
| `- error: cannot find type 'NSTextViewBuffer' in scope
4 | /// Wraps `base` to support automatic undo/redo of buffer mutations with the default undo manager of the `NSTextView`.
5 | ///
/Users/admin/builder/spi-builder-workspace/.dependencies/checkouts/TextBuffer/Sources/TextBuffer/Buffer/Undoable+NSTextViewBuffer.swift:10:17: error: cannot find type 'NSTextViewBuffer' in scope
8 | /// This behavior can be tweaked by setting the `undoManager` on the enclosing document directly, or by implementing [`NSWindowDelegate.windowWillReturnUndoManager(_:)`](https://developer.apple.com/documentation/appkit/nswindowdelegate/1419745-windowwillreturnundomanager) to return `UndoManager` instances you manage yourself.
9 | public convenience init(
10 | _ base: NSTextViewBuffer
| `- error: cannot find type 'NSTextViewBuffer' in scope
11 | ) {
12 | self.init(base) {
/Users/admin/builder/spi-builder-workspace/.dependencies/checkouts/TextBuffer/Sources/TextBuffer/Buffer/Undoable+NSTextViewBuffer.swift:18:11: error: cannot find type 'NSTextViewBuffer' in scope
16 | }
17 |
18 | extension NSTextViewBuffer {
| `- error: cannot find type 'NSTextViewBuffer' in scope
19 | /// Buffer with the system's default undo/redo support (which is usually delegating to the `NSWindow` or `NSDocument`).
20 | public var undoable: Undoable<NSTextViewBuffer> { Undoable(self) }
Failed frontend command:
/Applications/Xcode-27.0.0-Release.Candidate.app/Contents/Developer/Toolchains/XcodeDefault.xctoolchain/usr/bin/swift-frontend -frontend -emit-module -experimental-skip-non-inlinable-function-bodies-without-types /Users/admin/builder/spi-builder-workspace/.dependencies/checkouts/TextBuffer/Sources/TextBuffer/Bool+inverted.swift /Users/admin/builder/spi-builder-workspace/.dependencies/checkouts/TextBuffer/Sources/TextBuffer/Buffer/AsyncBuffer.swift /Users/admin/builder/spi-builder-workspace/.dependencies/checkouts/TextBuffer/Sources/TextBuffer/Buffer/Buffer+contains.swift /Users/admin/builder/spi-builder-workspace/.dependencies/checkouts/TextBuffer/Sources/TextBuffer/Buffer/Buffer+wordRange.swift /Users/admin/builder/spi-builder-workspace/.dependencies/checkouts/TextBuffer/Sources/TextBuffer/Buffer/Buffer.swift /Users/admin/builder/spi-builder-workspace/.dependencies/checkouts/TextBuffer/Sources/TextBuffer/Buffer/BufferAccessFailure.swift /Users/admin/builder/spi-builder-workspace/.dependencies/checkouts/TextBuffer/Sources/TextBuffer/Buffer/BufferContent.swift /Users/admin/builder/spi-builder-workspace/.dependencies/checkouts/TextBuffer/Sources/TextBuffer/Buffer/BufferRange.swift /Users/admin/builder/spi-builder-workspace/.dependencies/checkouts/TextBuffer/Sources/TextBuffer/Buffer/MutableStringBuffer.swift /Users/admin/builder/spi-builder-workspace/.dependencies/checkouts/TextBuffer/Sources/TextBuffer/Buffer/NSMutableString+BufferCompatibility.swift /Users/admin/builder/spi-builder-workspace/.dependencies/checkouts/TextBuffer/Sources/TextBuffer/Buffer/NSTextViewBuffer.swift /Users/admin/builder/spi-builder-workspace/.dependencies/checkouts/TextBuffer/Sources/TextBuffer/Buffer/NSTextViewOperationLogBridge.swift /Users/admin/builder/spi-builder-workspace/.dependencies/checkouts/TextBuffer/Sources/TextBuffer/Buffer/PuppetUndoManager.swift /Users/admin/builder/spi-builder-workspace/.dependencies/checkouts/TextBuffer/Sources/TextBuffer/Buffer/RopeBuffer.swift /Users/admin/builder/spi-builder-workspace/.dependencies/checkouts/TextBuffer/Sources/TextBuffer/Buffer/SendableRopeBuffer+Conversion.swift /Users/admin/builder/spi-builder-workspace/.dependencies/checkouts/TextBuffer/Sources/TextBuffer/Buffer/SendableRopeBuffer.swift /Users/admin/builder/spi-builder-workspace/.dependencies/checkouts/TextBuffer/Sources/TextBuffer/Buffer/TextAnalysisCapable.swift /Users/admin/builder/spi-builder-workspace/.dependencies/checkouts/TextBuffer/Sources/TextBuffer/Buffer/TextBuffer.swift /Users/admin/builder/spi-builder-workspace/.dependencies/checkouts/TextBuffer/Sources/TextBuffer/Buffer/TransferableUndoable.swift /Users/admin/builder/spi-builder-workspace/.dependencies/checkouts/TextBuffer/Sources/TextBuffer/Buffer/UTF16.swift /Users/admin/builder/spi-builder-workspace/.dependencies/checkouts/TextBuffer/Sources/TextBuffer/Buffer/Undoable+NSTextViewBuffer.swift /Users/admin/builder/spi-builder-workspace/.dependencies/checkouts/TextBuffer/Sources/TextBuffer/Buffer/Undoable.swift /Users/admin/builder/spi-builder-workspace/.dependencies/checkouts/TextBuffer/Sources/TextBuffer/Exports.swift /Users/admin/builder/spi-builder-workspace/.dependencies/checkouts/TextBuffer/Sources/TextBuffer/NSRange+Order.swift /Users/admin/builder/spi-builder-workspace/.dependencies/checkouts/TextBuffer/Sources/TextBuffer/NSRange+Resized.swift /Users/admin/builder/spi-builder-workspace/.dependencies/checkouts/TextBuffer/Sources/TextBuffer/NSRange+Shifted.swift /Users/admin/builder/spi-builder-workspace/.dependencies/checkouts/TextBuffer/Sources/TextBuffer/NSRange+Subtracting.swift /Users/admin/builder/spi-builder-workspace/.dependencies/checkouts/TextBuffer/Sources/TextBuffer/NSRange+containsRange.swift /Users/admin/builder/spi-builder-workspace/.dependencies/checkouts/TextBuffer/Sources/TextBuffer/NSRange+expandedToOther.swift /Users/admin/builder/spi-builder-workspace/.dependencies/checkouts/TextBuffer/Sources/TextBuffer/NSRange+notFound.swift /Users/admin/builder/spi-builder-workspace/.dependencies/checkouts/TextBuffer/Sources/TextBuffer/NSRange+prefix.swift /Users/admin/builder/spi-builder-workspace/.dependencies/checkouts/TextBuffer/Sources/TextBuffer/NSRange+suffix.swift /Users/admin/builder/spi-builder-workspace/.dependencies/checkouts/TextBuffer/Sources/TextBuffer/NSString+locationUpToCharacter.swift /Users/admin/builder/spi-builder-workspace/.dependencies/checkouts/TextBuffer/Sources/TextBuffer/OperationLog/BufferOperation.swift /Users/admin/builder/spi-builder-workspace/.dependencies/checkouts/TextBuffer/Sources/TextBuffer/OperationLog/OperationLog.swift /Users/admin/builder/spi-builder-workspace/.dependencies/checkouts/TextBuffer/Sources/TextBuffer/OperationLog/UndoGroup.swift /Users/admin/builder/spi-builder-workspace/.dependencies/checkouts/TextBuffer/Sources/TextBuffer/TextRope+ComposedSequences.swift /Users/admin/builder/spi-builder-workspace/.dependencies/checkouts/TextBuffer/Sources/TextBuffer/TextRope+LineRange.swift /Users/admin/builder/spi-builder-workspace/.dependencies/checkouts/TextBuffer/Sources/TextBuffer/TextRope+NSRange.swift /Users/admin/builder/spi-builder-workspace/.dependencies/checkouts/TextBuffer/Sources/TextBuffer/TextRope+WordRange.swift -target arm64_32-apple-watchos9.0 -disable-cross-import-overlay-search -load-resolved-plugin /Applications/Xcode-27.0.0-Release.Candidate.app/Contents/Developer/Platforms/WatchOS.platform/Developer/usr/lib/swift/host/plugins/libFoundationMacros.dylib\#/Applications/Xcode-27.0.0-Release.Candidate.app/Contents/Developer/Platforms/WatchOS.platform/Developer/usr/bin/swift-plugin-server\#FoundationMacros -load-resolved-plugin /Applications/Xcode-27.0.0-Release.Candidate.app/Contents/Developer/Platforms/WatchOS.platform/Developer/usr/lib/swift/host/plugins/libObservationMacros.dylib\#/Applications/Xcode-27.0.0-Release.Candidate.app/Contents/Developer/Platforms/WatchOS.platform/Developer/usr/bin/swift-plugin-server\#ObservationMacros -load-resolved-plugin /Applications/Xcode-27.0.0-Release.Candidate.app/Contents/Developer/Platforms/WatchOS.platform/Developer/usr/lib/swift/host/plugins/libSwiftMacros.dylib\#/Applications/Xcode-27.0.0-Release.Candidate.app/Contents/Developer/Platforms/WatchOS.platform/Developer/usr/bin/swift-plugin-server\#SwiftMacros -disable-implicit-swift-modules -Xcc -fno-implicit-modules -Xcc -fno-implicit-module-maps -explicit-swift-module-map-file /Users/admin/builder/spi-builder-workspace/.derivedData/Build/Intermediates.noindex/TextBuffer.build/Debug-watchos/TextBuffer-t.build/Objects-normal/arm64_32/TextBuffer-dependencies-2.json -enable-objc-interop -sdk /Applications/Xcode-27.0.0-Release.Candidate.app/Contents/Developer/Platforms/WatchOS.platform/Developer/SDKs/WatchOS27.0.sdk -I /Users/admin/builder/spi-builder-workspace/.derivedData/Build/Products/Debug-watchos -Isystem /Applications/Xcode-27.0.0-Release.Candidate.app/Contents/Developer/Platforms/WatchOS.platform/Developer/usr/lib -F /Users/admin/builder/spi-builder-workspace/.derivedData/Build/Products/Debug-watchos/PackageFrameworks -F /Users/admin/builder/spi-builder-workspace/.derivedData/Build/Products/Debug-watchos -F /Applications/Xcode-27.0.0-Release.Candidate.app/Contents/Developer/Platforms/WatchOS.platform/Developer/Library/Frameworks -F /Applications/Xcode-27.0.0-Release.Candidate.app/Contents/Developer/Platforms/WatchOS.platform/Developer/SDKs/WatchOS27.0.sdk/Developer/Library/Frameworks -module-cache-path /Users/admin/builder/spi-builder-workspace/.derivedData/Build/Intermediates.noindex/SwiftExplicitPrecompiledModules -no-color-diagnostics -Xcc -fno-color-diagnostics -enable-testing -g -debug-info-format\=dwarf -dwarf-version\=4 -suppress-warnings -profile-generate -profile-coverage-mapping -swift-version 6 -Onone -D SWIFT_PACKAGE -D DEBUG -D SWIFT_MODULE_RESOURCE_BUNDLE_UNAVAILABLE -D Xcode -serialize-debugging-options -enable-experimental-feature DebugDescriptionMacro -empty-abi-descriptor -user-module-version 0.12.0 -validate-clang-modules-once -clang-build-session-file /Users/admin/builder/spi-builder-workspace/.derivedData/ModuleCache.noindex/Session.modulevalidation -Xcc -working-directory -Xcc /Users/admin/builder/spi-builder-workspace/.swiftpm/xcode -enable-anonymous-context-mangled-names -file-compilation-dir /Users/admin/builder/spi-builder-workspace/.swiftpm/xcode -Xcc -D_LIBCPP_HARDENING_MODE\=_LIBCPP_HARDENING_MODE_DEBUG -Xcc -ivfsstatcache -Xcc /Users/admin/builder/spi-builder-workspace/.derivedData/SDKStatCaches.noindex/watchos27.0-24R360-e829b21a6f8c9b70876ba0858053c04477534ef55a1706bf4c1112bbb242f0a2.sdkstatcache -Xcc -fmodules-prune-interval\=86400 -Xcc -fmodules-prune-after\=345600 -Xcc -I/Users/admin/builder/spi-builder-workspace/.derivedData/Build/Products/Debug-watchos/include -Xcc -I/Users/admin/builder/spi-builder-workspace/.derivedData/Build/Intermediates.noindex/TextBuffer.build/Debug-watchos/TextBuffer-t.build/DerivedSources-normal/arm64_32 -Xcc -I/Users/admin/builder/spi-builder-workspace/.derivedData/Build/Intermediates.noindex/TextBuffer.build/Debug-watchos/TextBuffer-t.build/DerivedSources/arm64_32 -Xcc -I/Users/admin/builder/spi-builder-workspace/.derivedData/Build/Intermediates.noindex/TextBuffer.build/Debug-watchos/TextBuffer-t.build/DerivedSources -Xcc -DSWIFT_PACKAGE -Xcc -DDEBUG\=1 -no-auto-bridging-header-chaining -module-name TextBuffer -package-name textbuffer -const-gather-protocols-file /Users/admin/builder/spi-builder-workspace/.derivedData/Build/Intermediates.noindex/TextBuffer.build/Debug-watchos/TextBuffer-t.build/Objects-normal/arm64_32/TextBuffer_const_extract_protocols.json -disable-clang-spi -clang-target arm64_32-apple-watchos27.0 -target-sdk-version 27.0 -target-sdk-name watchos27.0 -in-process-plugin-server-path /Applications/Xcode-27.0.0-Release.Candidate.app/Contents/Developer/Toolchains/XcodeDefault.xctoolchain/usr/lib/swift/host/libSwiftInProcPluginServer.dylib -emit-module-doc-path /Users/admin/builder/spi-builder-workspace/.derivedData/Build/Intermediates.noindex/TextBuffer.build/Debug-watchos/TextBuffer-t.build/Objects-normal/arm64_32/TextBuffer.swiftdoc -emit-module-source-info-path /Users/admin/builder/spi-builder-workspace/.derivedData/Build/Intermediates.noindex/TextBuffer.build/Debug-watchos/TextBuffer-t.build/Objects-normal/arm64_32/TextBuffer.swiftsourceinfo -emit-objc-header-path /Users/admin/builder/spi-builder-workspace/.derivedData/Build/Intermediates.noindex/TextBuffer.build/Debug-watchos/TextBuffer-t.build/Objects-normal/arm64_32/TextBuffer-Swift.h -serialize-diagnostics-path /Users/admin/builder/spi-builder-workspace/.derivedData/Build/Intermediates.noindex/TextBuffer.build/Debug-watchos/TextBuffer-t.build/Objects-normal/arm64_32/TextBuffer-primary-emit-module.dia -emit-dependencies-path /Users/admin/builder/spi-builder-workspace/.derivedData/Build/Intermediates.noindex/TextBuffer.build/Debug-watchos/TextBuffer-t.build/Objects-normal/arm64_32/TextBuffer-primary-emit-module.d -parse-as-library -o /Users/admin/builder/spi-builder-workspace/.derivedData/Build/Intermediates.noindex/TextBuffer.build/Debug-watchos/TextBuffer-t.build/Objects-normal/arm64_32/TextBuffer.swiftmodule -emit-abi-descriptor-path /Users/admin/builder/spi-builder-workspace/.derivedData/Build/Intermediates.noindex/TextBuffer.build/Debug-watchos/TextBuffer-t.build/Objects-normal/arm64_32/TextBuffer.abi.json
SwiftCompile normal arm64_32 (in target 'TextBuffer' from project 'TextBuffer')
cd /Users/admin/builder/spi-builder-workspace/.swiftpm/xcode
SwiftCompile normal arm64_32 Compiling\ Bool+inverted.swift,\ AsyncBuffer.swift,\ Buffer+contains.swift,\ Buffer+wordRange.swift /Users/admin/builder/spi-builder-workspace/.dependencies/checkouts/TextBuffer/Sources/TextBuffer/Bool+inverted.swift /Users/admin/builder/spi-builder-workspace/.dependencies/checkouts/TextBuffer/Sources/TextBuffer/Buffer/AsyncBuffer.swift /Users/admin/builder/spi-builder-workspace/.dependencies/checkouts/TextBuffer/Sources/TextBuffer/Buffer/Buffer+contains.swift /Users/admin/builder/spi-builder-workspace/.dependencies/checkouts/TextBuffer/Sources/TextBuffer/Buffer/Buffer+wordRange.swift (in target 'TextBuffer' from project 'TextBuffer')
SwiftCompile normal arm64_32 /Users/admin/builder/spi-builder-workspace/.dependencies/checkouts/TextBuffer/Sources/TextBuffer/Bool+inverted.swift (in target 'TextBuffer' from project 'TextBuffer')
cd /Users/admin/builder/spi-builder-workspace/.swiftpm/xcode
builtin-SwiftPerFileCompile Bool+inverted.swift
SwiftCompile normal arm64_32 /Users/admin/builder/spi-builder-workspace/.dependencies/checkouts/TextBuffer/Sources/TextBuffer/Buffer/AsyncBuffer.swift (in target 'TextBuffer' from project 'TextBuffer')
cd /Users/admin/builder/spi-builder-workspace/.swiftpm/xcode
builtin-SwiftPerFileCompile AsyncBuffer.swift
SwiftCompile normal arm64_32 /Users/admin/builder/spi-builder-workspace/.dependencies/checkouts/TextBuffer/Sources/TextBuffer/Buffer/Buffer+contains.swift (in target 'TextBuffer' from project 'TextBuffer')
cd /Users/admin/builder/spi-builder-workspace/.swiftpm/xcode
builtin-SwiftPerFileCompile Buffer+contains.swift
SwiftCompile normal arm64_32 /Users/admin/builder/spi-builder-workspace/.dependencies/checkouts/TextBuffer/Sources/TextBuffer/Buffer/Buffer+wordRange.swift (in target 'TextBuffer' from project 'TextBuffer')
cd /Users/admin/builder/spi-builder-workspace/.swiftpm/xcode
builtin-SwiftPerFileCompile Buffer+wordRange.swift
SwiftCompile normal arm64_32 Compiling\ NSRange+expandedToOther.swift,\ NSRange+notFound.swift,\ NSRange+prefix.swift,\ NSRange+suffix.swift /Users/admin/builder/spi-builder-workspace/.dependencies/checkouts/TextBuffer/Sources/TextBuffer/NSRange+expandedToOther.swift /Users/admin/builder/spi-builder-workspace/.dependencies/checkouts/TextBuffer/Sources/TextBuffer/NSRange+notFound.swift /Users/admin/builder/spi-builder-workspace/.dependencies/checkouts/TextBuffer/Sources/TextBuffer/NSRange+prefix.swift /Users/admin/builder/spi-builder-workspace/.dependencies/checkouts/TextBuffer/Sources/TextBuffer/NSRange+suffix.swift (in target 'TextBuffer' from project 'TextBuffer')
SwiftCompile normal arm64_32 /Users/admin/builder/spi-builder-workspace/.dependencies/checkouts/TextBuffer/Sources/TextBuffer/NSRange+expandedToOther.swift (in target 'TextBuffer' from project 'TextBuffer')
cd /Users/admin/builder/spi-builder-workspace/.swiftpm/xcode
builtin-SwiftPerFileCompile NSRange+expandedToOther.swift
SwiftCompile normal arm64_32 /Users/admin/builder/spi-builder-workspace/.dependencies/checkouts/TextBuffer/Sources/TextBuffer/NSRange+notFound.swift (in target 'TextBuffer' from project 'TextBuffer')
cd /Users/admin/builder/spi-builder-workspace/.swiftpm/xcode
builtin-SwiftPerFileCompile NSRange+notFound.swift
SwiftCompile normal arm64_32 /Users/admin/builder/spi-builder-workspace/.dependencies/checkouts/TextBuffer/Sources/TextBuffer/NSRange+prefix.swift (in target 'TextBuffer' from project 'TextBuffer')
cd /Users/admin/builder/spi-builder-workspace/.swiftpm/xcode
builtin-SwiftPerFileCompile NSRange+prefix.swift
SwiftCompile normal arm64_32 /Users/admin/builder/spi-builder-workspace/.dependencies/checkouts/TextBuffer/Sources/TextBuffer/NSRange+suffix.swift (in target 'TextBuffer' from project 'TextBuffer')
cd /Users/admin/builder/spi-builder-workspace/.swiftpm/xcode
builtin-SwiftPerFileCompile NSRange+suffix.swift
SwiftEmitModule normal arm64 Emitting\ module\ for\ TextBuffer (in target 'TextBuffer' from project 'TextBuffer')
SwiftCompile normal arm64 (in target 'TextBuffer' from project 'TextBuffer')
cd /Users/admin/builder/spi-builder-workspace/.swiftpm/xcode
PruneExplicitPrecompiledModules /Users/admin/builder/spi-builder-workspace/.derivedData/Build/Intermediates.noindex/SwiftExplicitPrecompiledModules
PruneExplicitPrecompiledModules /Users/admin/builder/spi-builder-workspace/.derivedData/SDKExplicitPrecompiledModules
PruneExplicitPrecompiledModules /Users/admin/builder/spi-builder-workspace/.derivedData/Build/Intermediates.noindex/ExplicitPrecompiledModules
2026-09-26 05:47:19.474 xcodebuild[660:3991] [MT] IDERunDestination: Supported platforms for the buildables in the current scheme is empty.
** BUILD FAILED **
The following build commands failed:
SwiftEmitModule normal arm64_32 Emitting\ module\ for\ TextBuffer (in target 'TextBuffer' from project 'TextBuffer')
SwiftCompile normal arm64_32 (in target 'TextBuffer' from project 'TextBuffer')
Building workspace DeclarativeTextKit with scheme DeclarativeTextKit
(3 failures)
Command line invocation:
/Applications/Xcode-27.0.0-Release.Candidate.app/Contents/Developer/usr/bin/xcodebuild -IDEClonedSourcePackagesDirPathOverride=/Users/admin/builder/spi-builder-workspace/.dependencies -resolvePackageDependencies
Resolve Package Graph
Resolved source packages:
DeclarativeTextKit: /Users/admin/builder/spi-builder-workspace
TextBuffer: https://github.com/CleanCocoa/TextBuffer @ 0.12.0
resolved source packages: DeclarativeTextKit, TextBuffer
2026-09-26 05:47:25.972 xcodebuild[794:4694] [MT] IDERunDestination: Supported platforms for the buildables in the current scheme is empty.
{
"dependencies" : [
{
"identity" : "textbuffer",
"requirement" : {
"range" : [
{
"lower_bound" : "0.12.0",
"upper_bound" : "1.0.0"
}
]
},
"type" : "sourceControl",
"url" : "https://github.com/CleanCocoa/TextBuffer"
}
],
"manifest_display_name" : "DeclarativeTextKit",
"name" : "DeclarativeTextKit",
"path" : "/Users/admin/builder/spi-builder-workspace",
"platforms" : [
{
"name" : "macos",
"version" : "13.0"
}
],
"products" : [
{
"name" : "DeclarativeTextKit",
"targets" : [
"DeclarativeTextKit"
],
"type" : {
"library" : [
"automatic"
]
}
}
],
"targets" : [
{
"c99name" : "DeclarativeTextKitTests",
"module_type" : "SwiftTarget",
"name" : "DeclarativeTextKitTests",
"path" : "Tests/DeclarativeTextKitTests",
"product_dependencies" : [
"TextBuffer",
"TextBufferTesting"
],
"sources" : [
"AffectedRangeTests.swift",
"AssertModification.swift",
"ConditionalTests.swift",
"DeleteTests.swift",
"Helpers.swift",
"InsertTests.swift",
"LoggingUndoManager.swift",
"ModifyingTests.swift",
"ScopedBufferSliceTests.swift",
"SelectTests.swift",
"UndoableBufferTests.swift",
"UseCaseTests.swift"
],
"target_dependencies" : [
"DeclarativeTextKit"
],
"type" : "test"
},
{
"c99name" : "DeclarativeTextKit",
"module_type" : "SwiftTarget",
"name" : "DeclarativeTextKit",
"path" : "Sources/DeclarativeTextKit",
"product_dependencies" : [
"TextBuffer"
],
"product_memberships" : [
"DeclarativeTextKit"
],
"sources" : [
"Expression/Debug.swift",
"Expression/Expression.swift",
"Expression/If.swift",
"Expression/IfLet.swift",
"Expression/Modification/ChangeInLength+Consume.swift",
"Expression/Modification/ChangeInLength.swift",
"Expression/Modification/Delete/Delete+Modification.swift",
"Expression/Modification/Delete/Delete.swift",
"Expression/Modification/Identity.swift",
"Expression/Modification/Insert/Insert+Modification.swift",
"Expression/Modification/Insert/Insert.swift",
"Expression/Modification/Insert/Insertable.swift",
"Expression/Modification/Insert/Line.swift",
"Expression/Modification/Insert/String+Insertable.swift",
"Expression/Modification/Insert/Word.swift",
"Expression/Modification/Modification.swift",
"Expression/Modification/ModificationBuilder.swift",
"Expression/Modification/ModificationSequence.swift",
"Expression/Modification/Modifying.swift",
"Expression/Modification/ScopedBufferSlice.swift",
"Expression/Select/AffectedRange.swift",
"Expression/Select/Buffer+SelectRangeExpression.swift",
"Expression/Select/BufferRangeExpression.swift",
"Expression/Select/LineRange.swift",
"Expression/Select/NSRange+BufferRangeExpression.swift",
"Expression/Select/Select.swift",
"Expression/Select/SelectedRange+BufferRangeExpression.swift",
"Expression/Select/WordRange.swift",
"ModifiableBuffer/Buffer+ModifiableBuffer.swift",
"ModifiableBuffer/ModifiableBuffer+evaluate.swift",
"ModifiableBuffer/ModifiableBuffer.swift",
"ModifiableBuffer/Undoable+ModifiableBuffer.swift",
"NSStringBuffer.swift",
"SortedArray.swift"
],
"type" : "library"
}
],
"tools_version" : "6.2"
}
{
"workspace" : {
"name" : "DeclarativeTextKit",
"schemes" : [
"DeclarativeTextKit"
]
}
}
2026-09-26 05:47:27.279 xcodebuild[802:4763] [MT] IDERunDestination: Supported platforms for the buildables in the current scheme is empty.
Running build ...
env DEVELOPER_DIR=/Applications/Xcode-27.0.0-Release.Candidate.app xcrun xcodebuild -IDEClonedSourcePackagesDirPathOverride=$PWD/.dependencies -skipMacroValidation -skipPackagePluginValidation -derivedDataPath $PWD/.derivedData build -scheme DeclarativeTextKit -destination generic/platform=watchOS
Command line invocation:
/Applications/Xcode-27.0.0-Release.Candidate.app/Contents/Developer/usr/bin/xcodebuild -IDEClonedSourcePackagesDirPathOverride=/Users/admin/builder/spi-builder-workspace/.dependencies -skipMacroValidation -skipPackagePluginValidation -derivedDataPath /Users/admin/builder/spi-builder-workspace/.derivedData build -scheme DeclarativeTextKit -destination generic/platform=watchOS
Resolve Package Graph
Resolved source packages:
DeclarativeTextKit: /Users/admin/builder/spi-builder-workspace
TextBuffer: https://github.com/CleanCocoa/TextBuffer @ 0.12.0
ComputePackagePrebuildTargetDependencyGraph
Prepare packages
CreateBuildRequest
SendProjectDescription
CreateBuildOperation
ComputeTargetDependencyGraph
note: Building targets in dependency order
note: Target dependency graph (5 targets)
Target 'DeclarativeTextKit-product' in project 'DeclarativeTextKit'
➜ Explicit dependency on target 'DeclarativeTextKit' in project 'DeclarativeTextKit'
➜ Explicit dependency on target 'TextBuffer-product' in project 'TextBuffer'
Target 'DeclarativeTextKit' in project 'DeclarativeTextKit'
➜ Explicit dependency on target 'TextBuffer-product' in project 'TextBuffer'
Target 'TextBuffer-product' in project 'TextBuffer'
➜ Explicit dependency on target 'TextBuffer' in project 'TextBuffer'
➜ Explicit dependency on target 'TextRope' in project 'TextBuffer'
Target 'TextBuffer' in project 'TextBuffer'
➜ Explicit dependency on target 'TextRope' in project 'TextBuffer'
Target 'TextRope' in project 'TextBuffer' (no dependencies)
GatherProvisioningInputs
CreateBuildDescription
ClangStatCache /Applications/Xcode-27.0.0-Release.Candidate.app/Contents/Developer/Toolchains/XcodeDefault.xctoolchain/usr/bin/clang-stat-cache /Applications/Xcode-27.0.0-Release.Candidate.app/Contents/Developer/Platforms/WatchOS.platform/Developer/SDKs/WatchOS27.0.sdk /Users/admin/builder/spi-builder-workspace/.derivedData/SDKStatCaches.noindex/watchos27.0-24R360-e829b21a6f8c9b70876ba0858053c04477534ef55a1706bf4c1112bbb242f0a2.sdkstatcache
cd /Users/admin/builder/spi-builder-workspace/.swiftpm/xcode
/Applications/Xcode-27.0.0-Release.Candidate.app/Contents/Developer/Toolchains/XcodeDefault.xctoolchain/usr/bin/clang-stat-cache /Applications/Xcode-27.0.0-Release.Candidate.app/Contents/Developer/Platforms/WatchOS.platform/Developer/SDKs/WatchOS27.0.sdk -o /Users/admin/builder/spi-builder-workspace/.derivedData/SDKStatCaches.noindex/watchos27.0-24R360-e829b21a6f8c9b70876ba0858053c04477534ef55a1706bf4c1112bbb242f0a2.sdkstatcache
SwiftDriver TextBuffer normal arm64 com.apple.xcode.tools.swift.compiler (in target 'TextBuffer' from project 'TextBuffer')
cd /Users/admin/builder/spi-builder-workspace/.swiftpm/xcode
builtin-SwiftDriver -- /Applications/Xcode-27.0.0-Release.Candidate.app/Contents/Developer/Toolchains/XcodeDefault.xctoolchain/usr/bin/swiftc -parse-as-library -module-name TextBuffer -Onone @/Users/admin/builder/spi-builder-workspace/.derivedData/Build/Intermediates.noindex/TextBuffer.build/Debug-watchos/TextBuffer-t.build/Objects-normal/arm64/TextBuffer.SwiftFileList -DSWIFT_PACKAGE -DDEBUG -DSWIFT_MODULE_RESOURCE_BUNDLE_UNAVAILABLE -DXcode -plugin-path /Applications/Xcode-27.0.0-Release.Candidate.app/Contents/Developer/Toolchains/XcodeDefault.xctoolchain/usr/lib/swift/host/plugins/testing -enable-experimental-feature DebugDescriptionMacro -sdk /Applications/Xcode-27.0.0-Release.Candidate.app/Contents/Developer/Platforms/WatchOS.platform/Developer/SDKs/WatchOS27.0.sdk -target arm64-apple-watchos9.0 -g -module-cache-path /Users/admin/builder/spi-builder-workspace/.derivedData/ModuleCache.noindex -Xfrontend -serialize-debugging-options -profile-coverage-mapping -profile-generate -enable-testing -suppress-warnings -index-store-path /Users/admin/builder/spi-builder-workspace/.derivedData/Index.noindex/DataStore -Xcc -D_LIBCPP_HARDENING_MODE\=_LIBCPP_HARDENING_MODE_DEBUG -swift-version 6 -I /Users/admin/builder/spi-builder-workspace/.derivedData/Build/Products/Debug-watchos -Isystem /Applications/Xcode-27.0.0-Release.Candidate.app/Contents/Developer/Platforms/WatchOS.platform/Developer/usr/lib -F /Users/admin/builder/spi-builder-workspace/.derivedData/Build/Products/Debug-watchos/PackageFrameworks -F /Users/admin/builder/spi-builder-workspace/.derivedData/Build/Products/Debug-watchos -F /Applications/Xcode-27.0.0-Release.Candidate.app/Contents/Developer/Platforms/WatchOS.platform/Developer/Library/Frameworks -F /Applications/Xcode-27.0.0-Release.Candidate.app/Contents/Developer/Platforms/WatchOS.platform/Developer/SDKs/WatchOS27.0.sdk/Developer/Library/Frameworks -c -j10 -enable-batch-mode -incremental -Xcc -ivfsstatcache -Xcc /Users/admin/builder/spi-builder-workspace/.derivedData/SDKStatCaches.noindex/watchos27.0-24R360-e829b21a6f8c9b70876ba0858053c04477534ef55a1706bf4c1112bbb242f0a2.sdkstatcache -output-file-map /Users/admin/builder/spi-builder-workspace/.derivedData/Build/Intermediates.noindex/TextBuffer.build/Debug-watchos/TextBuffer-t.build/Objects-normal/arm64/TextBuffer-OutputFileMap.json -save-temps -no-color-diagnostics -explicit-module-build -module-cache-path /Users/admin/builder/spi-builder-workspace/.derivedData/Build/Intermediates.noindex/SwiftExplicitPrecompiledModules -clang-scanner-module-cache-path /Users/admin/builder/spi-builder-workspace/.derivedData/ModuleCache.noindex -sdk-module-cache-path /Users/admin/builder/spi-builder-workspace/.derivedData/SDKExplicitPrecompiledModules -emit-dependencies -emit-module -emit-module-path /Users/admin/builder/spi-builder-workspace/.derivedData/Build/Intermediates.noindex/TextBuffer.build/Debug-watchos/TextBuffer-t.build/Objects-normal/arm64/TextBuffer.swiftmodule -serialize-diagnostics -dependency-scan-serialize-diagnostics-path /Users/admin/builder/spi-builder-workspace/.derivedData/Build/Intermediates.noindex/TextBuffer.build/Debug-watchos/TextBuffer-t.build/Objects-normal/arm64/TextBuffer-dependency-scan.dia -user-module-version 0.12.0 -validate-clang-modules-once -clang-build-session-file /Users/admin/builder/spi-builder-workspace/.derivedData/ModuleCache.noindex/Session.modulevalidation -Xcc -fmodules-prune-interval\=86400 -Xcc -fmodules-prune-after\=345600 -package-name textbuffer -emit-const-values -const-gather-protocols-list /Users/admin/builder/spi-builder-workspace/.derivedData/Build/Intermediates.noindex/TextBuffer.build/Debug-watchos/TextBuffer-t.build/Objects-normal/arm64/TextBuffer_const_extract_protocols.json -Xcc -I/Users/admin/builder/spi-builder-workspace/.derivedData/Build/Products/Debug-watchos/include -Xcc -I/Users/admin/builder/spi-builder-workspace/.derivedData/Build/Intermediates.noindex/TextBuffer.build/Debug-watchos/TextBuffer-t.build/DerivedSources-normal/arm64 -Xcc -I/Users/admin/builder/spi-builder-workspace/.derivedData/Build/Intermediates.noindex/TextBuffer.build/Debug-watchos/TextBuffer-t.build/DerivedSources/arm64 -Xcc -I/Users/admin/builder/spi-builder-workspace/.derivedData/Build/Intermediates.noindex/TextBuffer.build/Debug-watchos/TextBuffer-t.build/DerivedSources -Xcc -DSWIFT_PACKAGE -Xcc -DDEBUG\=1 -emit-objc-header -emit-objc-header-path /Users/admin/builder/spi-builder-workspace/.derivedData/Build/Intermediates.noindex/TextBuffer.build/Debug-watchos/TextBuffer-t.build/Objects-normal/arm64/TextBuffer-Swift.h -working-directory /Users/admin/builder/spi-builder-workspace/.swiftpm/xcode -experimental-emit-module-separately -disable-cmo
SwiftDriver TextBuffer normal arm64_32 com.apple.xcode.tools.swift.compiler (in target 'TextBuffer' from project 'TextBuffer')
cd /Users/admin/builder/spi-builder-workspace/.swiftpm/xcode
builtin-SwiftDriver -- /Applications/Xcode-27.0.0-Release.Candidate.app/Contents/Developer/Toolchains/XcodeDefault.xctoolchain/usr/bin/swiftc -parse-as-library -module-name TextBuffer -Onone @/Users/admin/builder/spi-builder-workspace/.derivedData/Build/Intermediates.noindex/TextBuffer.build/Debug-watchos/TextBuffer-t.build/Objects-normal/arm64_32/TextBuffer.SwiftFileList -DSWIFT_PACKAGE -DDEBUG -DSWIFT_MODULE_RESOURCE_BUNDLE_UNAVAILABLE -DXcode -plugin-path /Applications/Xcode-27.0.0-Release.Candidate.app/Contents/Developer/Toolchains/XcodeDefault.xctoolchain/usr/lib/swift/host/plugins/testing -enable-experimental-feature DebugDescriptionMacro -sdk /Applications/Xcode-27.0.0-Release.Candidate.app/Contents/Developer/Platforms/WatchOS.platform/Developer/SDKs/WatchOS27.0.sdk -target arm64_32-apple-watchos9.0 -g -module-cache-path /Users/admin/builder/spi-builder-workspace/.derivedData/ModuleCache.noindex -Xfrontend -serialize-debugging-options -profile-coverage-mapping -profile-generate -enable-testing -suppress-warnings -index-store-path /Users/admin/builder/spi-builder-workspace/.derivedData/Index.noindex/DataStore -Xcc -D_LIBCPP_HARDENING_MODE\=_LIBCPP_HARDENING_MODE_DEBUG -swift-version 6 -I /Users/admin/builder/spi-builder-workspace/.derivedData/Build/Products/Debug-watchos -Isystem /Applications/Xcode-27.0.0-Release.Candidate.app/Contents/Developer/Platforms/WatchOS.platform/Developer/usr/lib -F /Users/admin/builder/spi-builder-workspace/.derivedData/Build/Products/Debug-watchos/PackageFrameworks -F /Users/admin/builder/spi-builder-workspace/.derivedData/Build/Products/Debug-watchos -F /Applications/Xcode-27.0.0-Release.Candidate.app/Contents/Developer/Platforms/WatchOS.platform/Developer/Library/Frameworks -F /Applications/Xcode-27.0.0-Release.Candidate.app/Contents/Developer/Platforms/WatchOS.platform/Developer/SDKs/WatchOS27.0.sdk/Developer/Library/Frameworks -c -j10 -enable-batch-mode -incremental -Xcc -ivfsstatcache -Xcc /Users/admin/builder/spi-builder-workspace/.derivedData/SDKStatCaches.noindex/watchos27.0-24R360-e829b21a6f8c9b70876ba0858053c04477534ef55a1706bf4c1112bbb242f0a2.sdkstatcache -output-file-map /Users/admin/builder/spi-builder-workspace/.derivedData/Build/Intermediates.noindex/TextBuffer.build/Debug-watchos/TextBuffer-t.build/Objects-normal/arm64_32/TextBuffer-OutputFileMap.json -save-temps -no-color-diagnostics -explicit-module-build -module-cache-path /Users/admin/builder/spi-builder-workspace/.derivedData/Build/Intermediates.noindex/SwiftExplicitPrecompiledModules -clang-scanner-module-cache-path /Users/admin/builder/spi-builder-workspace/.derivedData/ModuleCache.noindex -sdk-module-cache-path /Users/admin/builder/spi-builder-workspace/.derivedData/SDKExplicitPrecompiledModules -emit-dependencies -emit-module -emit-module-path /Users/admin/builder/spi-builder-workspace/.derivedData/Build/Intermediates.noindex/TextBuffer.build/Debug-watchos/TextBuffer-t.build/Objects-normal/arm64_32/TextBuffer.swiftmodule -serialize-diagnostics -dependency-scan-serialize-diagnostics-path /Users/admin/builder/spi-builder-workspace/.derivedData/Build/Intermediates.noindex/TextBuffer.build/Debug-watchos/TextBuffer-t.build/Objects-normal/arm64_32/TextBuffer-dependency-scan.dia -user-module-version 0.12.0 -validate-clang-modules-once -clang-build-session-file /Users/admin/builder/spi-builder-workspace/.derivedData/ModuleCache.noindex/Session.modulevalidation -Xcc -fmodules-prune-interval\=86400 -Xcc -fmodules-prune-after\=345600 -package-name textbuffer -emit-const-values -const-gather-protocols-list /Users/admin/builder/spi-builder-workspace/.derivedData/Build/Intermediates.noindex/TextBuffer.build/Debug-watchos/TextBuffer-t.build/Objects-normal/arm64_32/TextBuffer_const_extract_protocols.json -Xcc -I/Users/admin/builder/spi-builder-workspace/.derivedData/Build/Products/Debug-watchos/include -Xcc -I/Users/admin/builder/spi-builder-workspace/.derivedData/Build/Intermediates.noindex/TextBuffer.build/Debug-watchos/TextBuffer-t.build/DerivedSources-normal/arm64_32 -Xcc -I/Users/admin/builder/spi-builder-workspace/.derivedData/Build/Intermediates.noindex/TextBuffer.build/Debug-watchos/TextBuffer-t.build/DerivedSources/arm64_32 -Xcc -I/Users/admin/builder/spi-builder-workspace/.derivedData/Build/Intermediates.noindex/TextBuffer.build/Debug-watchos/TextBuffer-t.build/DerivedSources -Xcc -DSWIFT_PACKAGE -Xcc -DDEBUG\=1 -emit-objc-header -emit-objc-header-path /Users/admin/builder/spi-builder-workspace/.derivedData/Build/Intermediates.noindex/TextBuffer.build/Debug-watchos/TextBuffer-t.build/Objects-normal/arm64_32/TextBuffer-Swift.h -working-directory /Users/admin/builder/spi-builder-workspace/.swiftpm/xcode -experimental-emit-module-separately -disable-cmo
SwiftEmitModule normal arm64_32 Emitting\ module\ for\ TextBuffer (in target 'TextBuffer' from project 'TextBuffer')
/Users/admin/builder/spi-builder-workspace/.dependencies/checkouts/TextBuffer/Sources/TextBuffer/Buffer/Undoable+NSTextViewBuffer.swift:3:34: error: cannot find type 'NSTextViewBuffer' in scope
1 | // Copyright © 2024 Christian Tietze. All rights reserved. Distributed under the MIT License.
2 |
3 | extension Undoable where Base == NSTextViewBuffer {
| `- error: cannot find type 'NSTextViewBuffer' in scope
4 | /// Wraps `base` to support automatic undo/redo of buffer mutations with the default undo manager of the `NSTextView`.
5 | ///
/Users/admin/builder/spi-builder-workspace/.dependencies/checkouts/TextBuffer/Sources/TextBuffer/Buffer/Undoable+NSTextViewBuffer.swift:10:17: error: cannot find type 'NSTextViewBuffer' in scope
8 | /// This behavior can be tweaked by setting the `undoManager` on the enclosing document directly, or by implementing [`NSWindowDelegate.windowWillReturnUndoManager(_:)`](https://developer.apple.com/documentation/appkit/nswindowdelegate/1419745-windowwillreturnundomanager) to return `UndoManager` instances you manage yourself.
9 | public convenience init(
10 | _ base: NSTextViewBuffer
| `- error: cannot find type 'NSTextViewBuffer' in scope
11 | ) {
12 | self.init(base) {
/Users/admin/builder/spi-builder-workspace/.dependencies/checkouts/TextBuffer/Sources/TextBuffer/Buffer/Undoable+NSTextViewBuffer.swift:18:11: error: cannot find type 'NSTextViewBuffer' in scope
16 | }
17 |
18 | extension NSTextViewBuffer {
| `- error: cannot find type 'NSTextViewBuffer' in scope
19 | /// Buffer with the system's default undo/redo support (which is usually delegating to the `NSWindow` or `NSDocument`).
20 | public var undoable: Undoable<NSTextViewBuffer> { Undoable(self) }
Failed frontend command:
SwiftCompile normal arm64_32 (in target 'TextBuffer' from project 'TextBuffer')
cd /Users/admin/builder/spi-builder-workspace/.swiftpm/xcode
/Applications/Xcode-27.0.0-Release.Candidate.app/Contents/Developer/Toolchains/XcodeDefault.xctoolchain/usr/bin/swift-frontend -frontend -emit-module -experimental-skip-non-inlinable-function-bodies-without-types /Users/admin/builder/spi-builder-workspace/.dependencies/checkouts/TextBuffer/Sources/TextBuffer/Bool+inverted.swift /Users/admin/builder/spi-builder-workspace/.dependencies/checkouts/TextBuffer/Sources/TextBuffer/Buffer/AsyncBuffer.swift /Users/admin/builder/spi-builder-workspace/.dependencies/checkouts/TextBuffer/Sources/TextBuffer/Buffer/Buffer+contains.swift /Users/admin/builder/spi-builder-workspace/.dependencies/checkouts/TextBuffer/Sources/TextBuffer/Buffer/Buffer+wordRange.swift /Users/admin/builder/spi-builder-workspace/.dependencies/checkouts/TextBuffer/Sources/TextBuffer/Buffer/Buffer.swift /Users/admin/builder/spi-builder-workspace/.dependencies/checkouts/TextBuffer/Sources/TextBuffer/Buffer/BufferAccessFailure.swift /Users/admin/builder/spi-builder-workspace/.dependencies/checkouts/TextBuffer/Sources/TextBuffer/Buffer/BufferContent.swift /Users/admin/builder/spi-builder-workspace/.dependencies/checkouts/TextBuffer/Sources/TextBuffer/Buffer/BufferRange.swift /Users/admin/builder/spi-builder-workspace/.dependencies/checkouts/TextBuffer/Sources/TextBuffer/Buffer/MutableStringBuffer.swift /Users/admin/builder/spi-builder-workspace/.dependencies/checkouts/TextBuffer/Sources/TextBuffer/Buffer/NSMutableString+BufferCompatibility.swift /Users/admin/builder/spi-builder-workspace/.dependencies/checkouts/TextBuffer/Sources/TextBuffer/Buffer/NSTextViewBuffer.swift /Users/admin/builder/spi-builder-workspace/.dependencies/checkouts/TextBuffer/Sources/TextBuffer/Buffer/NSTextViewOperationLogBridge.swift /Users/admin/builder/spi-builder-workspace/.dependencies/checkouts/TextBuffer/Sources/TextBuffer/Buffer/PuppetUndoManager.swift /Users/admin/builder/spi-builder-workspace/.dependencies/checkouts/TextBuffer/Sources/TextBuffer/Buffer/RopeBuffer.swift /Users/admin/builder/spi-builder-workspace/.dependencies/checkouts/TextBuffer/Sources/TextBuffer/Buffer/SendableRopeBuffer+Conversion.swift /Users/admin/builder/spi-builder-workspace/.dependencies/checkouts/TextBuffer/Sources/TextBuffer/Buffer/SendableRopeBuffer.swift /Users/admin/builder/spi-builder-workspace/.dependencies/checkouts/TextBuffer/Sources/TextBuffer/Buffer/TextAnalysisCapable.swift /Users/admin/builder/spi-builder-workspace/.dependencies/checkouts/TextBuffer/Sources/TextBuffer/Buffer/TextBuffer.swift /Users/admin/builder/spi-builder-workspace/.dependencies/checkouts/TextBuffer/Sources/TextBuffer/Buffer/TransferableUndoable.swift /Users/admin/builder/spi-builder-workspace/.dependencies/checkouts/TextBuffer/Sources/TextBuffer/Buffer/UTF16.swift /Users/admin/builder/spi-builder-workspace/.dependencies/checkouts/TextBuffer/Sources/TextBuffer/Buffer/Undoable+NSTextViewBuffer.swift /Users/admin/builder/spi-builder-workspace/.dependencies/checkouts/TextBuffer/Sources/TextBuffer/Buffer/Undoable.swift /Users/admin/builder/spi-builder-workspace/.dependencies/checkouts/TextBuffer/Sources/TextBuffer/Exports.swift /Users/admin/builder/spi-builder-workspace/.dependencies/checkouts/TextBuffer/Sources/TextBuffer/NSRange+Order.swift /Users/admin/builder/spi-builder-workspace/.dependencies/checkouts/TextBuffer/Sources/TextBuffer/NSRange+Resized.swift /Users/admin/builder/spi-builder-workspace/.dependencies/checkouts/TextBuffer/Sources/TextBuffer/NSRange+Shifted.swift /Users/admin/builder/spi-builder-workspace/.dependencies/checkouts/TextBuffer/Sources/TextBuffer/NSRange+Subtracting.swift /Users/admin/builder/spi-builder-workspace/.dependencies/checkouts/TextBuffer/Sources/TextBuffer/NSRange+containsRange.swift /Users/admin/builder/spi-builder-workspace/.dependencies/checkouts/TextBuffer/Sources/TextBuffer/NSRange+expandedToOther.swift /Users/admin/builder/spi-builder-workspace/.dependencies/checkouts/TextBuffer/Sources/TextBuffer/NSRange+notFound.swift /Users/admin/builder/spi-builder-workspace/.dependencies/checkouts/TextBuffer/Sources/TextBuffer/NSRange+prefix.swift /Users/admin/builder/spi-builder-workspace/.dependencies/checkouts/TextBuffer/Sources/TextBuffer/NSRange+suffix.swift /Users/admin/builder/spi-builder-workspace/.dependencies/checkouts/TextBuffer/Sources/TextBuffer/NSString+locationUpToCharacter.swift /Users/admin/builder/spi-builder-workspace/.dependencies/checkouts/TextBuffer/Sources/TextBuffer/OperationLog/BufferOperation.swift /Users/admin/builder/spi-builder-workspace/.dependencies/checkouts/TextBuffer/Sources/TextBuffer/OperationLog/OperationLog.swift /Users/admin/builder/spi-builder-workspace/.dependencies/checkouts/TextBuffer/Sources/TextBuffer/OperationLog/UndoGroup.swift /Users/admin/builder/spi-builder-workspace/.dependencies/checkouts/TextBuffer/Sources/TextBuffer/TextRope+ComposedSequences.swift /Users/admin/builder/spi-builder-workspace/.dependencies/checkouts/TextBuffer/Sources/TextBuffer/TextRope+LineRange.swift /Users/admin/builder/spi-builder-workspace/.dependencies/checkouts/TextBuffer/Sources/TextBuffer/TextRope+NSRange.swift /Users/admin/builder/spi-builder-workspace/.dependencies/checkouts/TextBuffer/Sources/TextBuffer/TextRope+WordRange.swift -target arm64_32-apple-watchos9.0 -disable-cross-import-overlay-search -load-resolved-plugin /Applications/Xcode-27.0.0-Release.Candidate.app/Contents/Developer/Platforms/WatchOS.platform/Developer/usr/lib/swift/host/plugins/libFoundationMacros.dylib\#/Applications/Xcode-27.0.0-Release.Candidate.app/Contents/Developer/Platforms/WatchOS.platform/Developer/usr/bin/swift-plugin-server\#FoundationMacros -load-resolved-plugin /Applications/Xcode-27.0.0-Release.Candidate.app/Contents/Developer/Platforms/WatchOS.platform/Developer/usr/lib/swift/host/plugins/libObservationMacros.dylib\#/Applications/Xcode-27.0.0-Release.Candidate.app/Contents/Developer/Platforms/WatchOS.platform/Developer/usr/bin/swift-plugin-server\#ObservationMacros -load-resolved-plugin /Applications/Xcode-27.0.0-Release.Candidate.app/Contents/Developer/Platforms/WatchOS.platform/Developer/usr/lib/swift/host/plugins/libSwiftMacros.dylib\#/Applications/Xcode-27.0.0-Release.Candidate.app/Contents/Developer/Platforms/WatchOS.platform/Developer/usr/bin/swift-plugin-server\#SwiftMacros -disable-implicit-swift-modules -Xcc -fno-implicit-modules -Xcc -fno-implicit-module-maps -explicit-swift-module-map-file /Users/admin/builder/spi-builder-workspace/.derivedData/Build/Intermediates.noindex/TextBuffer.build/Debug-watchos/TextBuffer-t.build/Objects-normal/arm64_32/TextBuffer-dependencies-2.json -enable-objc-interop -sdk /Applications/Xcode-27.0.0-Release.Candidate.app/Contents/Developer/Platforms/WatchOS.platform/Developer/SDKs/WatchOS27.0.sdk -I /Users/admin/builder/spi-builder-workspace/.derivedData/Build/Products/Debug-watchos -Isystem /Applications/Xcode-27.0.0-Release.Candidate.app/Contents/Developer/Platforms/WatchOS.platform/Developer/usr/lib -F /Users/admin/builder/spi-builder-workspace/.derivedData/Build/Products/Debug-watchos/PackageFrameworks -F /Users/admin/builder/spi-builder-workspace/.derivedData/Build/Products/Debug-watchos -F /Applications/Xcode-27.0.0-Release.Candidate.app/Contents/Developer/Platforms/WatchOS.platform/Developer/Library/Frameworks -F /Applications/Xcode-27.0.0-Release.Candidate.app/Contents/Developer/Platforms/WatchOS.platform/Developer/SDKs/WatchOS27.0.sdk/Developer/Library/Frameworks -module-cache-path /Users/admin/builder/spi-builder-workspace/.derivedData/Build/Intermediates.noindex/SwiftExplicitPrecompiledModules -no-color-diagnostics -Xcc -fno-color-diagnostics -enable-testing -g -debug-info-format\=dwarf -dwarf-version\=4 -suppress-warnings -profile-generate -profile-coverage-mapping -swift-version 6 -Onone -D SWIFT_PACKAGE -D DEBUG -D SWIFT_MODULE_RESOURCE_BUNDLE_UNAVAILABLE -D Xcode -serialize-debugging-options -enable-experimental-feature DebugDescriptionMacro -empty-abi-descriptor -user-module-version 0.12.0 -validate-clang-modules-once -clang-build-session-file /Users/admin/builder/spi-builder-workspace/.derivedData/ModuleCache.noindex/Session.modulevalidation -Xcc -working-directory -Xcc /Users/admin/builder/spi-builder-workspace/.swiftpm/xcode -enable-anonymous-context-mangled-names -file-compilation-dir /Users/admin/builder/spi-builder-workspace/.swiftpm/xcode -Xcc -D_LIBCPP_HARDENING_MODE\=_LIBCPP_HARDENING_MODE_DEBUG -Xcc -ivfsstatcache -Xcc /Users/admin/builder/spi-builder-workspace/.derivedData/SDKStatCaches.noindex/watchos27.0-24R360-e829b21a6f8c9b70876ba0858053c04477534ef55a1706bf4c1112bbb242f0a2.sdkstatcache -Xcc -fmodules-prune-interval\=86400 -Xcc -fmodules-prune-after\=345600 -Xcc -I/Users/admin/builder/spi-builder-workspace/.derivedData/Build/Products/Debug-watchos/include -Xcc -I/Users/admin/builder/spi-builder-workspace/.derivedData/Build/Intermediates.noindex/TextBuffer.build/Debug-watchos/TextBuffer-t.build/DerivedSources-normal/arm64_32 -Xcc -I/Users/admin/builder/spi-builder-workspace/.derivedData/Build/Intermediates.noindex/TextBuffer.build/Debug-watchos/TextBuffer-t.build/DerivedSources/arm64_32 -Xcc -I/Users/admin/builder/spi-builder-workspace/.derivedData/Build/Intermediates.noindex/TextBuffer.build/Debug-watchos/TextBuffer-t.build/DerivedSources -Xcc -DSWIFT_PACKAGE -Xcc -DDEBUG\=1 -no-auto-bridging-header-chaining -module-name TextBuffer -package-name textbuffer -const-gather-protocols-file /Users/admin/builder/spi-builder-workspace/.derivedData/Build/Intermediates.noindex/TextBuffer.build/Debug-watchos/TextBuffer-t.build/Objects-normal/arm64_32/TextBuffer_const_extract_protocols.json -disable-clang-spi -clang-target arm64_32-apple-watchos27.0 -target-sdk-version 27.0 -target-sdk-name watchos27.0 -in-process-plugin-server-path /Applications/Xcode-27.0.0-Release.Candidate.app/Contents/Developer/Toolchains/XcodeDefault.xctoolchain/usr/lib/swift/host/libSwiftInProcPluginServer.dylib -emit-module-doc-path /Users/admin/builder/spi-builder-workspace/.derivedData/Build/Intermediates.noindex/TextBuffer.build/Debug-watchos/TextBuffer-t.build/Objects-normal/arm64_32/TextBuffer.swiftdoc -emit-module-source-info-path /Users/admin/builder/spi-builder-workspace/.derivedData/Build/Intermediates.noindex/TextBuffer.build/Debug-watchos/TextBuffer-t.build/Objects-normal/arm64_32/TextBuffer.swiftsourceinfo -emit-objc-header-path /Users/admin/builder/spi-builder-workspace/.derivedData/Build/Intermediates.noindex/TextBuffer.build/Debug-watchos/TextBuffer-t.build/Objects-normal/arm64_32/TextBuffer-Swift.h -serialize-diagnostics-path /Users/admin/builder/spi-builder-workspace/.derivedData/Build/Intermediates.noindex/TextBuffer.build/Debug-watchos/TextBuffer-t.build/Objects-normal/arm64_32/TextBuffer-primary-emit-module.dia -emit-dependencies-path /Users/admin/builder/spi-builder-workspace/.derivedData/Build/Intermediates.noindex/TextBuffer.build/Debug-watchos/TextBuffer-t.build/Objects-normal/arm64_32/TextBuffer-primary-emit-module.d -parse-as-library -o /Users/admin/builder/spi-builder-workspace/.derivedData/Build/Intermediates.noindex/TextBuffer.build/Debug-watchos/TextBuffer-t.build/Objects-normal/arm64_32/TextBuffer.swiftmodule -emit-abi-descriptor-path /Users/admin/builder/spi-builder-workspace/.derivedData/Build/Intermediates.noindex/TextBuffer.build/Debug-watchos/TextBuffer-t.build/Objects-normal/arm64_32/TextBuffer.abi.json
SwiftCompile normal arm64_32 Compiling\ PuppetUndoManager.swift,\ RopeBuffer.swift,\ SendableRopeBuffer+Conversion.swift,\ SendableRopeBuffer.swift /Users/admin/builder/spi-builder-workspace/.dependencies/checkouts/TextBuffer/Sources/TextBuffer/Buffer/PuppetUndoManager.swift /Users/admin/builder/spi-builder-workspace/.dependencies/checkouts/TextBuffer/Sources/TextBuffer/Buffer/RopeBuffer.swift /Users/admin/builder/spi-builder-workspace/.dependencies/checkouts/TextBuffer/Sources/TextBuffer/Buffer/SendableRopeBuffer+Conversion.swift /Users/admin/builder/spi-builder-workspace/.dependencies/checkouts/TextBuffer/Sources/TextBuffer/Buffer/SendableRopeBuffer.swift (in target 'TextBuffer' from project 'TextBuffer')
SwiftCompile normal arm64_32 /Users/admin/builder/spi-builder-workspace/.dependencies/checkouts/TextBuffer/Sources/TextBuffer/Buffer/PuppetUndoManager.swift (in target 'TextBuffer' from project 'TextBuffer')
cd /Users/admin/builder/spi-builder-workspace/.swiftpm/xcode
builtin-SwiftPerFileCompile PuppetUndoManager.swift
SwiftCompile normal arm64_32 /Users/admin/builder/spi-builder-workspace/.dependencies/checkouts/TextBuffer/Sources/TextBuffer/Buffer/RopeBuffer.swift (in target 'TextBuffer' from project 'TextBuffer')
cd /Users/admin/builder/spi-builder-workspace/.swiftpm/xcode
builtin-SwiftPerFileCompile RopeBuffer.swift
SwiftCompile normal arm64_32 /Users/admin/builder/spi-builder-workspace/.dependencies/checkouts/TextBuffer/Sources/TextBuffer/Buffer/SendableRopeBuffer+Conversion.swift (in target 'TextBuffer' from project 'TextBuffer')
cd /Users/admin/builder/spi-builder-workspace/.swiftpm/xcode
builtin-SwiftPerFileCompile SendableRopeBuffer+Conversion.swift
SwiftCompile normal arm64_32 /Users/admin/builder/spi-builder-workspace/.dependencies/checkouts/TextBuffer/Sources/TextBuffer/Buffer/SendableRopeBuffer.swift (in target 'TextBuffer' from project 'TextBuffer')
cd /Users/admin/builder/spi-builder-workspace/.swiftpm/xcode
builtin-SwiftPerFileCompile SendableRopeBuffer.swift
SwiftCompile normal arm64_32 Compiling\ Buffer.swift,\ BufferAccessFailure.swift,\ BufferContent.swift,\ BufferRange.swift /Users/admin/builder/spi-builder-workspace/.dependencies/checkouts/TextBuffer/Sources/TextBuffer/Buffer/Buffer.swift /Users/admin/builder/spi-builder-workspace/.dependencies/checkouts/TextBuffer/Sources/TextBuffer/Buffer/BufferAccessFailure.swift /Users/admin/builder/spi-builder-workspace/.dependencies/checkouts/TextBuffer/Sources/TextBuffer/Buffer/BufferContent.swift /Users/admin/builder/spi-builder-workspace/.dependencies/checkouts/TextBuffer/Sources/TextBuffer/Buffer/BufferRange.swift (in target 'TextBuffer' from project 'TextBuffer')
SwiftCompile normal arm64_32 /Users/admin/builder/spi-builder-workspace/.dependencies/checkouts/TextBuffer/Sources/TextBuffer/Buffer/Buffer.swift (in target 'TextBuffer' from project 'TextBuffer')
cd /Users/admin/builder/spi-builder-workspace/.swiftpm/xcode
builtin-SwiftPerFileCompile Buffer.swift
SwiftCompile normal arm64_32 /Users/admin/builder/spi-builder-workspace/.dependencies/checkouts/TextBuffer/Sources/TextBuffer/Buffer/BufferAccessFailure.swift (in target 'TextBuffer' from project 'TextBuffer')
cd /Users/admin/builder/spi-builder-workspace/.swiftpm/xcode
builtin-SwiftPerFileCompile BufferAccessFailure.swift
SwiftCompile normal arm64_32 /Users/admin/builder/spi-builder-workspace/.dependencies/checkouts/TextBuffer/Sources/TextBuffer/Buffer/BufferContent.swift (in target 'TextBuffer' from project 'TextBuffer')
cd /Users/admin/builder/spi-builder-workspace/.swiftpm/xcode
builtin-SwiftPerFileCompile BufferContent.swift
SwiftCompile normal arm64_32 /Users/admin/builder/spi-builder-workspace/.dependencies/checkouts/TextBuffer/Sources/TextBuffer/Buffer/BufferRange.swift (in target 'TextBuffer' from project 'TextBuffer')
cd /Users/admin/builder/spi-builder-workspace/.swiftpm/xcode
builtin-SwiftPerFileCompile BufferRange.swift
SwiftCompile normal arm64_32 Compiling\ TextAnalysisCapable.swift,\ TextBuffer.swift,\ TransferableUndoable.swift,\ UTF16.swift /Users/admin/builder/spi-builder-workspace/.dependencies/checkouts/TextBuffer/Sources/TextBuffer/Buffer/TextAnalysisCapable.swift /Users/admin/builder/spi-builder-workspace/.dependencies/checkouts/TextBuffer/Sources/TextBuffer/Buffer/TextBuffer.swift /Users/admin/builder/spi-builder-workspace/.dependencies/checkouts/TextBuffer/Sources/TextBuffer/Buffer/TransferableUndoable.swift /Users/admin/builder/spi-builder-workspace/.dependencies/checkouts/TextBuffer/Sources/TextBuffer/Buffer/UTF16.swift (in target 'TextBuffer' from project 'TextBuffer')
SwiftCompile normal arm64_32 /Users/admin/builder/spi-builder-workspace/.dependencies/checkouts/TextBuffer/Sources/TextBuffer/Buffer/TextAnalysisCapable.swift (in target 'TextBuffer' from project 'TextBuffer')
cd /Users/admin/builder/spi-builder-workspace/.swiftpm/xcode
builtin-SwiftPerFileCompile TextAnalysisCapable.swift
SwiftCompile normal arm64_32 /Users/admin/builder/spi-builder-workspace/.dependencies/checkouts/TextBuffer/Sources/TextBuffer/Buffer/TextBuffer.swift (in target 'TextBuffer' from project 'TextBuffer')
cd /Users/admin/builder/spi-builder-workspace/.swiftpm/xcode
builtin-SwiftPerFileCompile TextBuffer.swift
SwiftCompile normal arm64_32 /Users/admin/builder/spi-builder-workspace/.dependencies/checkouts/TextBuffer/Sources/TextBuffer/Buffer/TransferableUndoable.swift (in target 'TextBuffer' from project 'TextBuffer')
cd /Users/admin/builder/spi-builder-workspace/.swiftpm/xcode
builtin-SwiftPerFileCompile TransferableUndoable.swift
SwiftCompile normal arm64_32 /Users/admin/builder/spi-builder-workspace/.dependencies/checkouts/TextBuffer/Sources/TextBuffer/Buffer/UTF16.swift (in target 'TextBuffer' from project 'TextBuffer')
cd /Users/admin/builder/spi-builder-workspace/.swiftpm/xcode
builtin-SwiftPerFileCompile UTF16.swift
SwiftCompile normal arm64_32 Compiling\ Bool+inverted.swift,\ AsyncBuffer.swift,\ Buffer+contains.swift,\ Buffer+wordRange.swift /Users/admin/builder/spi-builder-workspace/.dependencies/checkouts/TextBuffer/Sources/TextBuffer/Bool+inverted.swift /Users/admin/builder/spi-builder-workspace/.dependencies/checkouts/TextBuffer/Sources/TextBuffer/Buffer/AsyncBuffer.swift /Users/admin/builder/spi-builder-workspace/.dependencies/checkouts/TextBuffer/Sources/TextBuffer/Buffer/Buffer+contains.swift /Users/admin/builder/spi-builder-workspace/.dependencies/checkouts/TextBuffer/Sources/TextBuffer/Buffer/Buffer+wordRange.swift (in target 'TextBuffer' from project 'TextBuffer')
SwiftCompile normal arm64_32 /Users/admin/builder/spi-builder-workspace/.dependencies/checkouts/TextBuffer/Sources/TextBuffer/Bool+inverted.swift (in target 'TextBuffer' from project 'TextBuffer')
cd /Users/admin/builder/spi-builder-workspace/.swiftpm/xcode
builtin-SwiftPerFileCompile Bool+inverted.swift
SwiftCompile normal arm64_32 /Users/admin/builder/spi-builder-workspace/.dependencies/checkouts/TextBuffer/Sources/TextBuffer/Buffer/AsyncBuffer.swift (in target 'TextBuffer' from project 'TextBuffer')
cd /Users/admin/builder/spi-builder-workspace/.swiftpm/xcode
builtin-SwiftPerFileCompile AsyncBuffer.swift
SwiftCompile normal arm64_32 /Users/admin/builder/spi-builder-workspace/.dependencies/checkouts/TextBuffer/Sources/TextBuffer/Buffer/Buffer+contains.swift (in target 'TextBuffer' from project 'TextBuffer')
cd /Users/admin/builder/spi-builder-workspace/.swiftpm/xcode
builtin-SwiftPerFileCompile Buffer+contains.swift
SwiftCompile normal arm64_32 /Users/admin/builder/spi-builder-workspace/.dependencies/checkouts/TextBuffer/Sources/TextBuffer/Buffer/Buffer+wordRange.swift (in target 'TextBuffer' from project 'TextBuffer')
cd /Users/admin/builder/spi-builder-workspace/.swiftpm/xcode
builtin-SwiftPerFileCompile Buffer+wordRange.swift
SwiftCompile normal arm64_32 Compiling\ NSRange+expandedToOther.swift,\ NSRange+notFound.swift,\ NSRange+prefix.swift,\ NSRange+suffix.swift /Users/admin/builder/spi-builder-workspace/.dependencies/checkouts/TextBuffer/Sources/TextBuffer/NSRange+expandedToOther.swift /Users/admin/builder/spi-builder-workspace/.dependencies/checkouts/TextBuffer/Sources/TextBuffer/NSRange+notFound.swift /Users/admin/builder/spi-builder-workspace/.dependencies/checkouts/TextBuffer/Sources/TextBuffer/NSRange+prefix.swift /Users/admin/builder/spi-builder-workspace/.dependencies/checkouts/TextBuffer/Sources/TextBuffer/NSRange+suffix.swift (in target 'TextBuffer' from project 'TextBuffer')
SwiftCompile normal arm64_32 /Users/admin/builder/spi-builder-workspace/.dependencies/checkouts/TextBuffer/Sources/TextBuffer/NSRange+expandedToOther.swift (in target 'TextBuffer' from project 'TextBuffer')
cd /Users/admin/builder/spi-builder-workspace/.swiftpm/xcode
builtin-SwiftPerFileCompile NSRange+expandedToOther.swift
SwiftCompile normal arm64_32 /Users/admin/builder/spi-builder-workspace/.dependencies/checkouts/TextBuffer/Sources/TextBuffer/NSRange+notFound.swift (in target 'TextBuffer' from project 'TextBuffer')
cd /Users/admin/builder/spi-builder-workspace/.swiftpm/xcode
builtin-SwiftPerFileCompile NSRange+notFound.swift
SwiftCompile normal arm64_32 /Users/admin/builder/spi-builder-workspace/.dependencies/checkouts/TextBuffer/Sources/TextBuffer/NSRange+prefix.swift (in target 'TextBuffer' from project 'TextBuffer')
cd /Users/admin/builder/spi-builder-workspace/.swiftpm/xcode
builtin-SwiftPerFileCompile NSRange+prefix.swift
SwiftCompile normal arm64_32 /Users/admin/builder/spi-builder-workspace/.dependencies/checkouts/TextBuffer/Sources/TextBuffer/NSRange+suffix.swift (in target 'TextBuffer' from project 'TextBuffer')
cd /Users/admin/builder/spi-builder-workspace/.swiftpm/xcode
builtin-SwiftPerFileCompile NSRange+suffix.swift
SwiftCompile normal arm64_32 Compiling\ NSString+locationUpToCharacter.swift,\ BufferOperation.swift,\ OperationLog.swift,\ UndoGroup.swift /Users/admin/builder/spi-builder-workspace/.dependencies/checkouts/TextBuffer/Sources/TextBuffer/NSString+locationUpToCharacter.swift /Users/admin/builder/spi-builder-workspace/.dependencies/checkouts/TextBuffer/Sources/TextBuffer/OperationLog/BufferOperation.swift /Users/admin/builder/spi-builder-workspace/.dependencies/checkouts/TextBuffer/Sources/TextBuffer/OperationLog/OperationLog.swift /Users/admin/builder/spi-builder-workspace/.dependencies/checkouts/TextBuffer/Sources/TextBuffer/OperationLog/UndoGroup.swift (in target 'TextBuffer' from project 'TextBuffer')
SwiftCompile normal arm64_32 /Users/admin/builder/spi-builder-workspace/.dependencies/checkouts/TextBuffer/Sources/TextBuffer/NSString+locationUpToCharacter.swift (in target 'TextBuffer' from project 'TextBuffer')
cd /Users/admin/builder/spi-builder-workspace/.swiftpm/xcode
builtin-SwiftPerFileCompile NSString+locationUpToCharacter.swift
SwiftCompile normal arm64_32 /Users/admin/builder/spi-builder-workspace/.dependencies/checkouts/TextBuffer/Sources/TextBuffer/OperationLog/BufferOperation.swift (in target 'TextBuffer' from project 'TextBuffer')
cd /Users/admin/builder/spi-builder-workspace/.swiftpm/xcode
builtin-SwiftPerFileCompile BufferOperation.swift
SwiftCompile normal arm64_32 /Users/admin/builder/spi-builder-workspace/.dependencies/checkouts/TextBuffer/Sources/TextBuffer/OperationLog/OperationLog.swift (in target 'TextBuffer' from project 'TextBuffer')
cd /Users/admin/builder/spi-builder-workspace/.swiftpm/xcode
builtin-SwiftPerFileCompile OperationLog.swift
SwiftCompile normal arm64_32 /Users/admin/builder/spi-builder-workspace/.dependencies/checkouts/TextBuffer/Sources/TextBuffer/OperationLog/UndoGroup.swift (in target 'TextBuffer' from project 'TextBuffer')
cd /Users/admin/builder/spi-builder-workspace/.swiftpm/xcode
builtin-SwiftPerFileCompile UndoGroup.swift
SwiftCompile normal arm64_32 Compiling\ NSRange+Resized.swift,\ NSRange+Shifted.swift,\ NSRange+Subtracting.swift,\ NSRange+containsRange.swift /Users/admin/builder/spi-builder-workspace/.dependencies/checkouts/TextBuffer/Sources/TextBuffer/NSRange+Resized.swift /Users/admin/builder/spi-builder-workspace/.dependencies/checkouts/TextBuffer/Sources/TextBuffer/NSRange+Shifted.swift /Users/admin/builder/spi-builder-workspace/.dependencies/checkouts/TextBuffer/Sources/TextBuffer/NSRange+Subtracting.swift /Users/admin/builder/spi-builder-workspace/.dependencies/checkouts/TextBuffer/Sources/TextBuffer/NSRange+containsRange.swift (in target 'TextBuffer' from project 'TextBuffer')
SwiftCompile normal arm64_32 /Users/admin/builder/spi-builder-workspace/.dependencies/checkouts/TextBuffer/Sources/TextBuffer/NSRange+Resized.swift (in target 'TextBuffer' from project 'TextBuffer')
cd /Users/admin/builder/spi-builder-workspace/.swiftpm/xcode
builtin-SwiftPerFileCompile NSRange+Resized.swift
SwiftCompile normal arm64_32 /Users/admin/builder/spi-builder-workspace/.dependencies/checkouts/TextBuffer/Sources/TextBuffer/NSRange+Shifted.swift (in target 'TextBuffer' from project 'TextBuffer')
cd /Users/admin/builder/spi-builder-workspace/.swiftpm/xcode
builtin-SwiftPerFileCompile NSRange+Shifted.swift
SwiftCompile normal arm64_32 /Users/admin/builder/spi-builder-workspace/.dependencies/checkouts/TextBuffer/Sources/TextBuffer/NSRange+Subtracting.swift (in target 'TextBuffer' from project 'TextBuffer')
cd /Users/admin/builder/spi-builder-workspace/.swiftpm/xcode
builtin-SwiftPerFileCompile NSRange+Subtracting.swift
SwiftCompile normal arm64_32 /Users/admin/builder/spi-builder-workspace/.dependencies/checkouts/TextBuffer/Sources/TextBuffer/NSRange+containsRange.swift (in target 'TextBuffer' from project 'TextBuffer')
cd /Users/admin/builder/spi-builder-workspace/.swiftpm/xcode
builtin-SwiftPerFileCompile NSRange+containsRange.swift
SwiftCompile normal arm64_32 Compiling\ Undoable+NSTextViewBuffer.swift,\ Undoable.swift,\ Exports.swift,\ NSRange+Order.swift /Users/admin/builder/spi-builder-workspace/.dependencies/checkouts/TextBuffer/Sources/TextBuffer/Buffer/Undoable+NSTextViewBuffer.swift /Users/admin/builder/spi-builder-workspace/.dependencies/checkouts/TextBuffer/Sources/TextBuffer/Buffer/Undoable.swift /Users/admin/builder/spi-builder-workspace/.dependencies/checkouts/TextBuffer/Sources/TextBuffer/Exports.swift /Users/admin/builder/spi-builder-workspace/.dependencies/checkouts/TextBuffer/Sources/TextBuffer/NSRange+Order.swift (in target 'TextBuffer' from project 'TextBuffer')
/Users/admin/builder/spi-builder-workspace/.dependencies/checkouts/TextBuffer/Sources/TextBuffer/Buffer/Undoable+NSTextViewBuffer.swift:3:34: error: cannot find type 'NSTextViewBuffer' in scope
1 | // Copyright © 2024 Christian Tietze. All rights reserved. Distributed under the MIT License.
2 |
3 | extension Undoable where Base == NSTextViewBuffer {
| `- error: cannot find type 'NSTextViewBuffer' in scope
4 | /// Wraps `base` to support automatic undo/redo of buffer mutations with the default undo manager of the `NSTextView`.
5 | ///
/Users/admin/builder/spi-builder-workspace/.dependencies/checkouts/TextBuffer/Sources/TextBuffer/Buffer/Undoable+NSTextViewBuffer.swift:10:17: error: cannot find type 'NSTextViewBuffer' in scope
8 | /// This behavior can be tweaked by setting the `undoManager` on the enclosing document directly, or by implementing [`NSWindowDelegate.windowWillReturnUndoManager(_:)`](https://developer.apple.com/documentation/appkit/nswindowdelegate/1419745-windowwillreturnundomanager) to return `UndoManager` instances you manage yourself.
9 | public convenience init(
10 | _ base: NSTextViewBuffer
| `- error: cannot find type 'NSTextViewBuffer' in scope
11 | ) {
12 | self.init(base) {
/Users/admin/builder/spi-builder-workspace/.dependencies/checkouts/TextBuffer/Sources/TextBuffer/Buffer/Undoable+NSTextViewBuffer.swift:18:11: error: cannot find type 'NSTextViewBuffer' in scope
16 | }
17 |
18 | extension NSTextViewBuffer {
| `- error: cannot find type 'NSTextViewBuffer' in scope
19 | /// Buffer with the system's default undo/redo support (which is usually delegating to the `NSWindow` or `NSDocument`).
20 | public var undoable: Undoable<NSTextViewBuffer> { Undoable(self) }
SwiftCompile normal arm64_32 /Users/admin/builder/spi-builder-workspace/.dependencies/checkouts/TextBuffer/Sources/TextBuffer/Buffer/Undoable+NSTextViewBuffer.swift (in target 'TextBuffer' from project 'TextBuffer')
cd /Users/admin/builder/spi-builder-workspace/.swiftpm/xcode
builtin-SwiftPerFileCompile Undoable+NSTextViewBuffer.swift
SwiftCompile normal arm64_32 /Users/admin/builder/spi-builder-workspace/.dependencies/checkouts/TextBuffer/Sources/TextBuffer/Buffer/Undoable.swift (in target 'TextBuffer' from project 'TextBuffer')
cd /Users/admin/builder/spi-builder-workspace/.swiftpm/xcode
builtin-SwiftPerFileCompile Undoable.swift
SwiftCompile normal arm64_32 /Users/admin/builder/spi-builder-workspace/.dependencies/checkouts/TextBuffer/Sources/TextBuffer/Exports.swift (in target 'TextBuffer' from project 'TextBuffer')
cd /Users/admin/builder/spi-builder-workspace/.swiftpm/xcode
builtin-SwiftPerFileCompile Exports.swift
SwiftCompile normal arm64_32 /Users/admin/builder/spi-builder-workspace/.dependencies/checkouts/TextBuffer/Sources/TextBuffer/NSRange+Order.swift (in target 'TextBuffer' from project 'TextBuffer')
cd /Users/admin/builder/spi-builder-workspace/.swiftpm/xcode
builtin-SwiftPerFileCompile NSRange+Order.swift
SwiftCompile normal arm64 Compiling\ Buffer.swift,\ BufferAccessFailure.swift,\ BufferContent.swift,\ BufferRange.swift /Users/admin/builder/spi-builder-workspace/.dependencies/checkouts/TextBuffer/Sources/TextBuffer/Buffer/Buffer.swift /Users/admin/builder/spi-builder-workspace/.dependencies/checkouts/TextBuffer/Sources/TextBuffer/Buffer/BufferAccessFailure.swift /Users/admin/builder/spi-builder-workspace/.dependencies/checkouts/TextBuffer/Sources/TextBuffer/Buffer/BufferContent.swift /Users/admin/builder/spi-builder-workspace/.dependencies/checkouts/TextBuffer/Sources/TextBuffer/Buffer/BufferRange.swift (in target 'TextBuffer' from project 'TextBuffer')
SwiftCompile normal arm64 /Users/admin/builder/spi-builder-workspace/.dependencies/checkouts/TextBuffer/Sources/TextBuffer/Buffer/Buffer.swift (in target 'TextBuffer' from project 'TextBuffer')
cd /Users/admin/builder/spi-builder-workspace/.swiftpm/xcode
builtin-SwiftPerFileCompile Buffer.swift
SwiftCompile normal arm64 /Users/admin/builder/spi-builder-workspace/.dependencies/checkouts/TextBuffer/Sources/TextBuffer/Buffer/BufferAccessFailure.swift (in target 'TextBuffer' from project 'TextBuffer')
cd /Users/admin/builder/spi-builder-workspace/.swiftpm/xcode
builtin-SwiftPerFileCompile BufferAccessFailure.swift
SwiftCompile normal arm64 /Users/admin/builder/spi-builder-workspace/.dependencies/checkouts/TextBuffer/Sources/TextBuffer/Buffer/BufferContent.swift (in target 'TextBuffer' from project 'TextBuffer')
cd /Users/admin/builder/spi-builder-workspace/.swiftpm/xcode
builtin-SwiftPerFileCompile BufferContent.swift
SwiftCompile normal arm64 /Users/admin/builder/spi-builder-workspace/.dependencies/checkouts/TextBuffer/Sources/TextBuffer/Buffer/BufferRange.swift (in target 'TextBuffer' from project 'TextBuffer')
cd /Users/admin/builder/spi-builder-workspace/.swiftpm/xcode
builtin-SwiftPerFileCompile BufferRange.swift
SwiftEmitModule normal arm64 Emitting\ module\ for\ TextBuffer (in target 'TextBuffer' from project 'TextBuffer')
SwiftCompile normal arm64 (in target 'TextBuffer' from project 'TextBuffer')
cd /Users/admin/builder/spi-builder-workspace/.swiftpm/xcode
PruneExplicitPrecompiledModules /Users/admin/builder/spi-builder-workspace/.derivedData/Build/Intermediates.noindex/ExplicitPrecompiledModules
PruneExplicitPrecompiledModules /Users/admin/builder/spi-builder-workspace/.derivedData/Build/Intermediates.noindex/SwiftExplicitPrecompiledModules
PruneExplicitPrecompiledModules /Users/admin/builder/spi-builder-workspace/.derivedData/SDKExplicitPrecompiledModules
2026-09-26 05:47:28.356 xcodebuild[803:4788] [MT] IDERunDestination: Supported platforms for the buildables in the current scheme is empty.
** BUILD FAILED **
The following build commands failed:
SwiftCompile normal arm64_32 (in target 'TextBuffer' from project 'TextBuffer')
SwiftEmitModule normal arm64_32 Emitting\ module\ for\ TextBuffer (in target 'TextBuffer' from project 'TextBuffer')
Building workspace DeclarativeTextKit with scheme DeclarativeTextKit
(3 failures)
BUILD FAILURE 6.4 watchOS