The Swift Package Index logo.Swift Package Index

Build Information

Failed to build SDWebImageHEIFCoder, reference master (7db2c1), with Swift 6.4 for Linux on 17 Sep 2026 12:33:49 UTC.

Build Command

bash -c docker run --pull=always --rm -v "checkouts-54344843-1":/host -w "$PWD" -e JAVA_HOME="/root/.sdkman/candidates/java/current" -e SPI_BUILD="1" -e SPI_PROCESSING="1" registry.gitlab.com/saguaro1/spi-images:basic-6.4-latest swift build --triple x86_64-unknown-linux-gnu 2>&1

Build Log

========================================
RunAll
========================================
Builder version: 5.1.0
Interrupt handler set up.
========================================
Checkout
========================================
Clone URL: https://github.com/SDWebImage/SDWebImageHEIFCoder.git
Reference: master
Initialized empty Git repository in /host/spi-builder-workspace/.git/
hint: Using 'master' as the name for the initial branch. This default branch name
hint: is subject to change. To configure the initial branch name to use in all
hint: of your new repositories, which will suppress this warning, call:
hint:
hint: 	git config --global init.defaultBranch <name>
hint:
hint: Names commonly chosen instead of 'master' are 'main', 'trunk' and
hint: 'development'. The just-created branch can be renamed via this command:
hint:
hint: 	git branch -m <name>
From https://github.com/SDWebImage/SDWebImageHEIFCoder
 * branch            master     -> FETCH_HEAD
 * [new branch]      master     -> origin/master
HEAD is now at 7db2c1f Merge pull request #25 from SDWebImage/feature_color_profile_metadata
Cloned https://github.com/SDWebImage/SDWebImageHEIFCoder.git
Revision (git rev-parse @):
7db2c1f8c1140f16202714cad2084d535084f512
SUCCESS checkout https://github.com/SDWebImage/SDWebImageHEIFCoder.git at master
========================================
Build
========================================
Selected platform:         linux
Swift version:             6.4
Building package at path:  $PWD
https://github.com/SDWebImage/SDWebImageHEIFCoder.git
Running build ...
bash -c docker run --pull=always --rm -v "checkouts-54344843-1":/host -w "$PWD" -e JAVA_HOME="/root/.sdkman/candidates/java/current" -e SPI_BUILD="1" -e SPI_PROCESSING="1" registry.gitlab.com/saguaro1/spi-images:basic-6.4-latest swift build --triple x86_64-unknown-linux-gnu 2>&1
basic-6.4-latest: Pulling from saguaro1/spi-images
Digest: sha256:c77fcce225e223ac0fafed844619173fc6de8d62dd560eeb28db3182af6a282b
Status: Image is up to date for registry.gitlab.com/saguaro1/spi-images:basic-6.4-latest
Fetching https://github.com/SDWebImage/libheif-Xcode.git
Fetching https://github.com/SDWebImage/SDWebImage.git
[1/663] Fetching libheif-xcode
[306/26704] Fetching libheif-xcode, sdwebimage
Fetched https://github.com/SDWebImage/libheif-Xcode.git (0.52s)
[3907/26041] Fetching sdwebimage
Fetched https://github.com/SDWebImage/SDWebImage.git (1.19s)
Computing version for https://github.com/SDWebImage/libheif-Xcode.git
Computed https://github.com/SDWebImage/libheif-Xcode.git at 1.17.0 (1.43s)
Fetching https://github.com/SDWebImage/libde265-Xcode.git
[1/276] Fetching libde265-xcode
Fetched https://github.com/SDWebImage/libde265-Xcode.git (0.46s)
Computing version for https://github.com/SDWebImage/libde265-Xcode.git
Computed https://github.com/SDWebImage/libde265-Xcode.git at 1.0.15 (0.65s)
Computing version for https://github.com/SDWebImage/SDWebImage.git
Computed https://github.com/SDWebImage/SDWebImage.git at 5.21.7 (0.19s)
Creating working copy for https://github.com/SDWebImage/libde265-Xcode.git
Working copy of https://github.com/SDWebImage/libde265-Xcode.git resolved at 1.0.15
Creating working copy for https://github.com/SDWebImage/libheif-Xcode.git
Working copy of https://github.com/SDWebImage/libheif-Xcode.git resolved at 1.17.0
Creating working copy for https://github.com/SDWebImage/SDWebImage.git
Working copy of https://github.com/SDWebImage/SDWebImage.git resolved at 5.21.7
Building for debugging...
[Constructing description]
[Planning deferred tasks]
[41 / 205] libheif
[41 / 205] libde265
[44 / 205] libheif
[47 / 205] libheif
[49 / 205] libheif
[52 / 205] libheif
[53 / 205] libheif
[54 / 205] libheif
[56 / 205] libheif
[60 / 205] libheif
[61 / 205] libheif
[62 / 205] libheif
[64 / 205] libheif
[65 / 205] libheif
[66 / 205] libheif
[69 / 205] libheif
[71 / 205] libheif
[72 / 205] libheif
[74 / 205] libde265
[75 / 205] libheif
[76 / 205] libheif
[78 / 205] libde265
[79 / 205] libheif
[83 / 205] libde265
[86 / 205] libde265
[89 / 205] libde265
[90 / 205] libde265
[91 / 205] libde265
[95 / 205] libde265
[97 / 205] libde265
[100 / 205] libde265
[104 / 205] libde265
[106 / 205] libde265
[108 / 205] libde265
[109 / 205] libde265
[110 / 205] libde265
[112 / 205] libde265
[113 / 205] libde265
[114 / 205] libde265
[115 / 205] libde265
[117 / 205] libde265
[119 / 205] libde265
[122 / 205] libde265
[124 / 205] libde265
[127 / 205] libde265
In file included from /host/spi-builder-workspace/SDWebImageHEIFCoder/Classes/SDImageHEIFCoder.m:8:
In file included from /host/spi-builder-workspace/SDWebImageHEIFCoder/Classes/SDImageHEIFCoder.h:9:
In file included from /host/spi-builder-workspace/.build/checkouts/SDWebImage/SDWebImage/include/SDWebImage/SDWebImage.h:10:
/host/spi-builder-workspace/.build/checkouts/SDWebImage/SDWebImage/include/SDWebImage/SDWebImageCompat.h:10:9: fatal error: 'TargetConditionals.h' file not found
   10 | #import <TargetConditionals.h>
      |         ^~~~~~~~~~~~~~~~~~~~~~
1 error generated.
error: CompileC /host/spi-builder-workspace/.build/out/Intermediates.noindex/SDWebImageHEIFCoder.build/Debug-linux-x86_64/SDWebImageHEIFCoder-t.build/Objects-normal/x86_64/SDImageHEIFCoder.o /host/spi-builder-workspace/SDWebImageHEIFCoder/Classes/SDImageHEIFCoder.m normal x86_64 objective-c com.apple.compilers.llvm.clang.1_0.compiler failed with a nonzero exit code. Command line:     cd /host

    Using response file: /host/spi-builder-workspace/.build/out/Intermediates.noindex/SDWebImageHEIFCoder.build/Debug-linux-x86_64/SDWebImageHEIFCoder-t.build/Objects-normal/x86_64/6f95552a3397ee1cec971b90cf334075d5f321c3a3b0689ad55c3d1e24702600-common-args.resp

    /usr/bin/clang -x objective-c -target x86_64-unknown-linux-gnu -fmessage-length\=0 -fdiagnostics-show-note-include-stack -fmacro-backtrace-limit\=0 -fcolor-diagnostics -Wno-trigraphs -Wno-missing-field-initializers -Wno-missing-prototypes -Wno-return-type -Wno-implicit-atomic-properties -Wno-objc-interface-ivars -Wno-arc-repeated-use-of-weak -Wno-missing-braces -Wparentheses -Wswitch -Wno-unused-function -Wno-unused-label -Wno-unused-parameter -Wno-unused-variable -Wunused-value -Wno-empty-body -Wno-uninitialized -Wno-unknown-pragmas -Wno-shadow -Wno-four-char-constants -Wno-conversion -Wno-constant-conversion -Wno-int-conversion -Wno-bool-conversion -Wno-enum-conversion -Wno-float-conversion -Wno-non-literal-null-conversion -Wno-objc-literal-conversion -Wno-shorten-64-to-32 -Wpointer-sign -Wno-newline-eof -Wno-selector -Wno-strict-selector-match -Wno-undeclared-selector -Wno-deprecated-implementations -Wno-implicit-fallthrough -fstrict-aliasing -Wprotocol -Wdeprecated-declarations -Wno-sign-conversion -Wno-infinite-recursion -Wno-comma -Wno-block-capture-autoreleasing -Wno-strict-prototypes -Wno-semicolon-before-method-body --sysroot / @/host/spi-builder-workspace/.build/out/Intermediates.noindex/SDWebImageHEIFCoder.build/Debug-linux-x86_64/SDWebImageHEIFCoder-t.build/Objects-normal/x86_64/6f95552a3397ee1cec971b90cf334075d5f321c3a3b0689ad55c3d1e24702600-common-args.resp -MMD -MT dependencies -MF /host/spi-builder-workspace/.build/out/Intermediates.noindex/SDWebImageHEIFCoder.build/Debug-linux-x86_64/SDWebImageHEIFCoder-t.build/Objects-normal/x86_64/SDImageHEIFCoder.d --serialize-diagnostics /host/spi-builder-workspace/.build/out/Intermediates.noindex/SDWebImageHEIFCoder.build/Debug-linux-x86_64/SDWebImageHEIFCoder-t.build/Objects-normal/x86_64/SDImageHEIFCoder.dia -c /host/spi-builder-workspace/SDWebImageHEIFCoder/Classes/SDImageHEIFCoder.m -o /host/spi-builder-workspace/.build/out/Intermediates.noindex/SDWebImageHEIFCoder.build/Debug-linux-x86_64/SDWebImageHEIFCoder-t.build/Objects-normal/x86_64/SDImageHEIFCoder.o
In file included from <built-in>:1:
/host/spi-builder-workspace/.build/out/Intermediates.noindex/SDWebImage.build/Debug-linux-x86_64/SDWebImage-t.build/DerivedSources/resource_bundle_accessor.h:1:9: fatal error: 'Foundation/Foundation.h' file not found
    1 | #import <Foundation/Foundation.h>
      |         ^~~~~~~~~~~~~~~~~~~~~~~~~
1 error generated.
error: CompileC /host/spi-builder-workspace/.build/out/Intermediates.noindex/SDWebImage.build/Debug-linux-x86_64/SDWebImage-t.build/Objects-normal/x86_64/resource_bundle_accessor.o /host/spi-builder-workspace/.build/out/Intermediates.noindex/SDWebImage.build/Debug-linux-x86_64/SDWebImage-t.build/DerivedSources/resource_bundle_accessor.m normal x86_64 objective-c com.apple.compilers.llvm.clang.1_0.compiler failed with a nonzero exit code. Command line:     cd /host

    Using response file: /host/spi-builder-workspace/.build/out/Intermediates.noindex/SDWebImage.build/Debug-linux-x86_64/SDWebImage-t.build/Objects-normal/x86_64/6f95552a3397ee1cec971b90cf334075d5f321c3a3b0689ad55c3d1e24702600-common-args.resp

    /usr/bin/clang -x objective-c -target x86_64-unknown-linux-gnu -fmessage-length\=0 -fdiagnostics-show-note-include-stack -fmacro-backtrace-limit\=0 -fcolor-diagnostics -Wno-trigraphs -Wno-missing-field-initializers -Wno-missing-prototypes -Wno-return-type -Wno-implicit-atomic-properties -Wno-objc-interface-ivars -Wno-arc-repeated-use-of-weak -Wno-missing-braces -Wparentheses -Wswitch -Wno-unused-function -Wno-unused-label -Wno-unused-parameter -Wno-unused-variable -Wunused-value -Wno-empty-body -Wno-uninitialized -Wno-unknown-pragmas -w -Wno-shadow -Wno-four-char-constants -Wno-conversion -Wno-constant-conversion -Wno-int-conversion -Wno-bool-conversion -Wno-enum-conversion -Wno-float-conversion -Wno-non-literal-null-conversion -Wno-objc-literal-conversion -Wno-shorten-64-to-32 -Wpointer-sign -Wno-newline-eof -Wno-selector -Wno-strict-selector-match -Wno-undeclared-selector -Wno-deprecated-implementations -Wno-implicit-fallthrough -fstrict-aliasing -Wprotocol -Wdeprecated-declarations -Wno-sign-conversion -Wno-infinite-recursion -Wno-comma -Wno-block-capture-autoreleasing -Wno-strict-prototypes -Wno-semicolon-before-method-body --sysroot / @/host/spi-builder-workspace/.build/out/Intermediates.noindex/SDWebImage.build/Debug-linux-x86_64/SDWebImage-t.build/Objects-normal/x86_64/6f95552a3397ee1cec971b90cf334075d5f321c3a3b0689ad55c3d1e24702600-common-args.resp -include /host/spi-builder-workspace/.build/out/Intermediates.noindex/SDWebImage.build/Debug-linux-x86_64/SDWebImage-t.build/DerivedSources/resource_bundle_accessor.h -MMD -MT dependencies -MF /host/spi-builder-workspace/.build/out/Intermediates.noindex/SDWebImage.build/Debug-linux-x86_64/SDWebImage-t.build/Objects-normal/x86_64/resource_bundle_accessor.d --serialize-diagnostics /host/spi-builder-workspace/.build/out/Intermediates.noindex/SDWebImage.build/Debug-linux-x86_64/SDWebImage-t.build/Objects-normal/x86_64/resource_bundle_accessor.dia -c /host/spi-builder-workspace/.build/out/Intermediates.noindex/SDWebImage.build/Debug-linux-x86_64/SDWebImage-t.build/DerivedSources/resource_bundle_accessor.m -o /host/spi-builder-workspace/.build/out/Intermediates.noindex/SDWebImage.build/Debug-linux-x86_64/SDWebImage-t.build/Objects-normal/x86_64/resource_bundle_accessor.o
error: Build failed
BUILD FAILURE 6.4 linux