The Swift Package Index logo.Swift Package Index

Build Information

Failed to build SupabaseStorage, reference main (efb9c7), with Swift 6.4 for Wasm on 19 Sep 2026 10:37:40 UTC.

Build Command

bash -c docker run --pull=always --rm -v "checkouts-53886769-0":/host -w "$PWD" -e JAVA_HOME="/root/.sdkman/candidates/java/current" -e SPI_BUILD="1" -e SPI_PROCESSING="1" registry.gitlab.com/saguaro1/spi-images:wasm-6.4-latest swift build --swift-sdk swift-6.4.x-DEVELOPMENT-SNAPSHOT-2026-09-04-a_wasm 2>&1

Build Log

========================================
RunAll
========================================
Builder version: 5.1.0
Interrupt handler set up.
========================================
Checkout
========================================
Clone URL: https://github.com/supabase-community/storage-swift.git
Reference: main
Initialized empty Git repository in /host/spi-builder-workspace/.git/
hint: Using 'master' as the name for the initial branch. This default branch name
hint: is subject to change. To configure the initial branch name to use in all
hint: of your new repositories, which will suppress this warning, call:
hint:
hint: 	git config --global init.defaultBranch <name>
hint:
hint: Names commonly chosen instead of 'master' are 'main', 'trunk' and
hint: 'development'. The just-created branch can be renamed via this command:
hint:
hint: 	git branch -m <name>
From https://github.com/supabase-community/storage-swift
 * branch            main       -> FETCH_HEAD
 * [new branch]      main       -> origin/main
HEAD is now at efb9c7c Update README.md
Cloned https://github.com/supabase-community/storage-swift.git
Revision (git rev-parse @):
efb9c7c225cdc4a82787c3984ff66d2bceb97167
SUCCESS checkout https://github.com/supabase-community/storage-swift.git at main
========================================
Build
========================================
Selected platform:         wasm
Swift version:             6.4
Building package at path:  $PWD
https://github.com/supabase-community/storage-swift.git
Running build ...
bash -c docker run --pull=always --rm -v "checkouts-53886769-0":/host -w "$PWD" -e JAVA_HOME="/root/.sdkman/candidates/java/current" -e SPI_BUILD="1" -e SPI_PROCESSING="1" registry.gitlab.com/saguaro1/spi-images:wasm-6.4-latest swift build --swift-sdk swift-6.4.x-DEVELOPMENT-SNAPSHOT-2026-09-04-a_wasm 2>&1
wasm-6.4-latest: Pulling from saguaro1/spi-images
Digest: sha256:4328fdb43c680d205c1d6761b1e3267aa38277eefdda9ddfb17b6a0f1a77857a
Status: Image is up to date for registry.gitlab.com/saguaro1/spi-images:wasm-6.4-latest
Building for debugging...
[Planning deferred tasks]
error: SwiftCompile normal wasm32 failed with a nonzero exit code. Command line:     cd /host

/host/spi-builder-workspace/Sources/SupabaseStorage/StorageHTTPClient.swift:8:25: error: cannot find type 'URLRequest' in scope
 6 |
 7 | public protocol StorageHTTPClient {
 8 |   func fetch(_ request: URLRequest) async throws -> (Data, HTTPURLResponse)
   |                         `- error: cannot find type 'URLRequest' in scope
 9 |   func upload(_ request: URLRequest, from data: Data) async throws -> (Data, HTTPURLResponse)
10 | }
/host/spi-builder-workspace/Sources/SupabaseStorage/StorageHTTPClient.swift:9:26: error: cannot find type 'URLRequest' in scope
 7 | public protocol StorageHTTPClient {
 8 |   func fetch(_ request: URLRequest) async throws -> (Data, HTTPURLResponse)
 9 |   func upload(_ request: URLRequest, from data: Data) async throws -> (Data, HTTPURLResponse)
   |                          `- error: cannot find type 'URLRequest' in scope
10 | }
11 |
/host/spi-builder-workspace/Sources/SupabaseStorage/StorageHTTPClient.swift:8:60: error: 'HTTPURLResponse' is unavailable: This type has moved to the FoundationNetworking module. Import that module to use it.
 6 |
 7 | public protocol StorageHTTPClient {
 8 |   func fetch(_ request: URLRequest) async throws -> (Data, HTTPURLResponse)
   |                                                            `- error: 'HTTPURLResponse' is unavailable: This type has moved to the FoundationNetworking module. Import that module to use it.
 9 |   func upload(_ request: URLRequest, from data: Data) async throws -> (Data, HTTPURLResponse)
10 | }
Foundation.HTTPURLResponse:2:18: note: 'HTTPURLResponse' has been explicitly marked unavailable here
1 | @available(*, unavailable, message: "This type has moved to the FoundationNetworking module. Import that module to use it.")
2 | public typealias HTTPURLResponse = AnyObject
  |                  `- note: 'HTTPURLResponse' has been explicitly marked unavailable here
/host/spi-builder-workspace/Sources/SupabaseStorage/StorageHTTPClient.swift:9:78: error: 'HTTPURLResponse' is unavailable: This type has moved to the FoundationNetworking module. Import that module to use it.
 7 | public protocol StorageHTTPClient {
 8 |   func fetch(_ request: URLRequest) async throws -> (Data, HTTPURLResponse)
 9 |   func upload(_ request: URLRequest, from data: Data) async throws -> (Data, HTTPURLResponse)
   |                                                                              `- error: 'HTTPURLResponse' is unavailable: This type has moved to the FoundationNetworking module. Import that module to use it.
10 | }
11 |
Foundation.HTTPURLResponse:2:18: note: 'HTTPURLResponse' has been explicitly marked unavailable here
1 | @available(*, unavailable, message: "This type has moved to the FoundationNetworking module. Import that module to use it.")
2 | public typealias HTTPURLResponse = AnyObject
  |                  `- note: 'HTTPURLResponse' has been explicitly marked unavailable here
/host/spi-builder-workspace/Sources/SupabaseStorage/StorageHTTPClient.swift:15:32: error: cannot find type 'URLRequest' in scope
13 |   public init() {}
14 |
15 |   public func fetch(_ request: URLRequest) async throws -> (Data, HTTPURLResponse) {
   |                                `- error: cannot find type 'URLRequest' in scope
16 |     try await withCheckedThrowingContinuation { continuation in
17 |       let dataTask = URLSession.shared.dataTask(with: request) { data, response, error in
/host/spi-builder-workspace/Sources/SupabaseStorage/StorageHTTPClient.swift:15:67: error: 'HTTPURLResponse' is unavailable: This type has moved to the FoundationNetworking module. Import that module to use it.
13 |   public init() {}
14 |
15 |   public func fetch(_ request: URLRequest) async throws -> (Data, HTTPURLResponse) {
   |                                                                   `- error: 'HTTPURLResponse' is unavailable: This type has moved to the FoundationNetworking module. Import that module to use it.
16 |     try await withCheckedThrowingContinuation { continuation in
17 |       let dataTask = URLSession.shared.dataTask(with: request) { data, response, error in
Foundation.HTTPURLResponse:2:18: note: 'HTTPURLResponse' has been explicitly marked unavailable here
1 | @available(*, unavailable, message: "This type has moved to the FoundationNetworking module. Import that module to use it.")
2 | public typealias HTTPURLResponse = AnyObject
  |                  `- note: 'HTTPURLResponse' has been explicitly marked unavailable here
/host/spi-builder-workspace/Sources/SupabaseStorage/StorageHTTPClient.swift:39:16: error: cannot find type 'URLRequest' in scope
37 |
38 |   public func upload(
39 |     _ request: URLRequest,
   |                `- error: cannot find type 'URLRequest' in scope
40 |     from data: Data
41 |   ) async throws -> (Data, HTTPURLResponse) {
/host/spi-builder-workspace/Sources/SupabaseStorage/StorageHTTPClient.swift:41:28: error: 'HTTPURLResponse' is unavailable: This type has moved to the FoundationNetworking module. Import that module to use it.
39 |     _ request: URLRequest,
40 |     from data: Data
41 |   ) async throws -> (Data, HTTPURLResponse) {
   |                            `- error: 'HTTPURLResponse' is unavailable: This type has moved to the FoundationNetworking module. Import that module to use it.
42 |     try await withCheckedThrowingContinuation { continuation in
43 |       let task = URLSession.shared.uploadTask(with: request, from: data) { data, response, error in
Foundation.HTTPURLResponse:2:18: note: 'HTTPURLResponse' has been explicitly marked unavailable here
1 | @available(*, unavailable, message: "This type has moved to the FoundationNetworking module. Import that module to use it.")
2 | public typealias HTTPURLResponse = AnyObject
  |                  `- note: 'HTTPURLResponse' has been explicitly marked unavailable here
Failed frontend command:
/usr/bin/swift-frontend -frontend -emit-module -experimental-skip-non-inlinable-function-bodies-without-types /host/spi-builder-workspace/Sources/SupabaseStorage/Bucket.swift /host/spi-builder-workspace/Sources/SupabaseStorage/BucketOptions.swift /host/spi-builder-workspace/Sources/SupabaseStorage/FileObject.swift /host/spi-builder-workspace/Sources/SupabaseStorage/FileOptions.swift /host/spi-builder-workspace/Sources/SupabaseStorage/MultipartFile.swift /host/spi-builder-workspace/Sources/SupabaseStorage/SearchOptions.swift /host/spi-builder-workspace/Sources/SupabaseStorage/SortBy.swift /host/spi-builder-workspace/Sources/SupabaseStorage/StorageApi.swift /host/spi-builder-workspace/Sources/SupabaseStorage/StorageBucketApi.swift /host/spi-builder-workspace/Sources/SupabaseStorage/StorageError.swift /host/spi-builder-workspace/Sources/SupabaseStorage/StorageFileApi.swift /host/spi-builder-workspace/Sources/SupabaseStorage/StorageHTTPClient.swift /host/spi-builder-workspace/Sources/SupabaseStorage/SupabaseStorage.swift /host/spi-builder-workspace/Sources/SupabaseStorage/TransformOptions.swift -target wasm32-unknown-wasip1 -disable-objc-interop -sdk /root/.swiftpm/swift-sdks/swift-6.4.x-DEVELOPMENT-SNAPSHOT-2026-09-04-a_wasm.artifactbundle/swift-6.4.x-DEVELOPMENT-SNAPSHOT-2026-09-04-a_wasm/wasm32-unknown-wasip1/WASI.sdk -sysroot /root/.swiftpm/swift-sdks/swift-6.4.x-DEVELOPMENT-SNAPSHOT-2026-09-04-a_wasm.artifactbundle/swift-6.4.x-DEVELOPMENT-SNAPSHOT-2026-09-04-a_wasm/wasm32-unknown-wasip1/WASI.sdk -I /host/spi-builder-workspace/.build/out/Products/Debug-webassembly-wasm32 -module-cache-path /host/spi-builder-workspace/.build/out/ModuleCache.noindex -color-diagnostics -Xcc -fcolor-diagnostics -enable-testing -g -debug-info-format\=dwarf -dwarf-version\=4 -swift-version 5 -Onone -D SWIFT_PACKAGE -D DEBUG -D SWIFT_MODULE_RESOURCE_BUNDLE_UNAVAILABLE -D Xcode -serialize-debugging-options -enable-experimental-feature DebugDescriptionMacro -empty-abi-descriptor -external-plugin-path /usr/lib/swift/host/plugins/testing\#/usr/bin/swift-plugin-server -validate-clang-modules-once -clang-build-session-file /host/spi-builder-workspace/.build/out/ModuleCache.noindex/Session.modulevalidation -Xcc -working-directory -Xcc /host -resource-dir /root/.swiftpm/swift-sdks/swift-6.4.x-DEVELOPMENT-SNAPSHOT-2026-09-04-a_wasm.artifactbundle/swift-6.4.x-DEVELOPMENT-SNAPSHOT-2026-09-04-a_wasm/wasm32-unknown-wasip1/swift.xctoolchain/usr/lib/swift_static -use-static-resource-dir -enable-anonymous-context-mangled-names -file-compilation-dir /host -Xcc -resource-dir -Xcc /root/.swiftpm/swift-sdks/swift-6.4.x-DEVELOPMENT-SNAPSHOT-2026-09-04-a_wasm.artifactbundle/swift-6.4.x-DEVELOPMENT-SNAPSHOT-2026-09-04-a_wasm/wasm32-unknown-wasip1/swift.xctoolchain/usr/lib/swift_static/clang -Xcc -D_LIBCPP_HARDENING_MODE\=_LIBCPP_HARDENING_MODE_DEBUG -Xcc -fmodules-prune-interval\=86400 -Xcc -fmodules-prune-after\=345600 -Xcc -I/host/spi-builder-workspace/.build/out/Products/Debug-webassembly-wasm32/include -Xcc -I/host/spi-builder-workspace/.build/out/Intermediates.noindex/SupabaseStorage.build/Debug-webassembly-wasm32/SupabaseStorage-t.build/DerivedSources-normal/wasm32 -Xcc -I/host/spi-builder-workspace/.build/out/Intermediates.noindex/SupabaseStorage.build/Debug-webassembly-wasm32/SupabaseStorage-t.build/DerivedSources/wasm32 -Xcc -I/host/spi-builder-workspace/.build/out/Intermediates.noindex/SupabaseStorage.build/Debug-webassembly-wasm32/SupabaseStorage-t.build/DerivedSources -Xcc -DSWIFT_PACKAGE -Xcc -DDEBUG\=1 -no-auto-bridging-header-chaining -module-name SupabaseStorage -const-gather-protocols-file /host/spi-builder-workspace/.build/out/Intermediates.noindex/SupabaseStorage.build/Debug-webassembly-wasm32/SupabaseStorage-t.build/Objects-normal/wasm32/SupabaseStorage_const_extract_protocols.json -in-process-plugin-server-path /usr/lib/swift/host/libSwiftInProcPluginServer.so -plugin-path /usr/lib/swift/host/plugins -plugin-path /usr/local/lib/swift/host/plugins -emit-module-doc-path /host/spi-builder-workspace/.build/out/Intermediates.noindex/SupabaseStorage.build/Debug-webassembly-wasm32/SupabaseStorage-t.build/Objects-normal/wasm32/Modules/SupabaseStorage.swiftdoc -emit-module-source-info-path /host/spi-builder-workspace/.build/out/Intermediates.noindex/SupabaseStorage.build/Debug-webassembly-wasm32/SupabaseStorage-t.build/Objects-normal/wasm32/Modules/SupabaseStorage.swiftsourceinfo -emit-objc-header-path /host/spi-builder-workspace/.build/out/Intermediates.noindex/SupabaseStorage.build/Debug-webassembly-wasm32/SupabaseStorage-t.build/Objects-normal/wasm32/SupabaseStorage-Swift.h -serialize-diagnostics-path /host/spi-builder-workspace/.build/out/Intermediates.noindex/SupabaseStorage.build/Debug-webassembly-wasm32/SupabaseStorage-t.build/Objects-normal/wasm32/SupabaseStorage-primary-emit-module.dia -emit-dependencies-path /host/spi-builder-workspace/.build/out/Intermediates.noindex/SupabaseStorage.build/Debug-webassembly-wasm32/SupabaseStorage-t.build/Objects-normal/wasm32/SupabaseStorage-primary-emit-module.d -parse-as-library -o /host/spi-builder-workspace/.build/out/Intermediates.noindex/SupabaseStorage.build/Debug-webassembly-wasm32/SupabaseStorage-t.build/Objects-normal/wasm32/Modules/SupabaseStorage.swiftmodule
[27 / 35] SupabaseStorage
error: Build failed
BUILD FAILURE 6.4 wasm