Build Information
Failed to build GoogleCloudAccessApprovalV1, reference main (ae0fac), with Swift 6.2 for Android on 10 Oct 2026 20:33:54 UTC.
Build Command
bash -c docker run --pull=always --rm -v "checkouts-54344843-1":/host -w "$PWD" -e JAVA_HOME="/root/.sdkman/candidates/java/current" -e SPI_BUILD="1" -e SPI_PROCESSING="1" registry.gitlab.com/saguaro1/spi-images:android-6.2-latest swift build --swift-sdk aarch64-unknown-linux-android28 2>&1Build Log
========================================
RunAll
========================================
Builder version: 5.1.1
Interrupt handler set up.
========================================
Checkout
========================================
Clone URL: https://github.com/googleapis/swift-google-cloud-accessapproval-v1.git
Reference: main
Initialized empty Git repository in /host/spi-builder-workspace/.git/
hint: Using 'master' as the name for the initial branch. This default branch name
hint: is subject to change. To configure the initial branch name to use in all
hint: of your new repositories, which will suppress this warning, call:
hint:
hint: git config --global init.defaultBranch <name>
hint:
hint: Names commonly chosen instead of 'master' are 'main', 'trunk' and
hint: 'development'. The just-created branch can be renamed via this command:
hint:
hint: git branch -m <name>
From https://github.com/googleapis/swift-google-cloud-accessapproval-v1
* branch main -> FETCH_HEAD
* [new branch] main -> origin/main
HEAD is now at ae0fac8 chore: release circa 2026-10-07 (#1382)
Cloned https://github.com/googleapis/swift-google-cloud-accessapproval-v1.git
Revision (git rev-parse @):
ae0fac83a845bdbaa8f1a4a5177e7b6db5f6ffa0
SPI manifest file found: $PWD/.spi.yml
SUCCESS checkout https://github.com/googleapis/swift-google-cloud-accessapproval-v1.git at main
========================================
Build
========================================
Selected platform: android
Swift version: 6.2
Building package at path: $PWD
https://github.com/googleapis/swift-google-cloud-accessapproval-v1.git
Running build ...
bash -c docker run --pull=always --rm -v "checkouts-54344843-1":/host -w "$PWD" -e JAVA_HOME="/root/.sdkman/candidates/java/current" -e SPI_BUILD="1" -e SPI_PROCESSING="1" registry.gitlab.com/saguaro1/spi-images:android-6.2-latest swift build --swift-sdk aarch64-unknown-linux-android28 2>&1
android-6.2-latest: Pulling from saguaro1/spi-images
Digest: sha256:a839c9ce201f1dacc8eb056626ec7ab0a1c6d53d7b77c83feda395f4507c51be
Status: Image is up to date for registry.gitlab.com/saguaro1/spi-images:android-6.2-latest
Fetching https://github.com/googleapis/swift-google-wkt
Fetching https://github.com/apple/swift-log
Fetching https://github.com/googleapis/swift-google-auth
Fetching https://github.com/googleapis/swift-google-gax
[1/8257] Fetching swift-log
[2/9280] Fetching swift-log, swift-google-auth
[33/10303] Fetching swift-log, swift-google-auth, swift-google-wkt
[9974/12051] Fetching swift-log, swift-google-auth, swift-google-wkt, swift-google-gax
Fetched https://github.com/googleapis/swift-google-wkt from cache (0.89s)
Fetched https://github.com/googleapis/swift-google-auth from cache (0.89s)
[9131/10005] Fetching swift-log, swift-google-gax
Fetched https://github.com/googleapis/swift-google-gax from cache (0.97s)
Fetched https://github.com/apple/swift-log from cache (0.97s)
Computing version for https://github.com/googleapis/swift-google-wkt
Computed https://github.com/googleapis/swift-google-wkt at 0.5.0 (1.14s)
Fetching https://github.com/swift-extras/swift-extras-base64
[1/954] Fetching swift-extras-base64
Fetched https://github.com/swift-extras/swift-extras-base64 from cache (0.40s)
Computing version for https://github.com/googleapis/swift-google-gax
Computed https://github.com/googleapis/swift-google-gax at 0.5.0 (0.59s)
Fetching https://github.com/googleapis/swift-google-rpc
Fetching https://github.com/apple/swift-nio
Fetching https://github.com/swift-server/async-http-client.git
[1/422] Fetching swift-google-rpc
Fetched https://github.com/googleapis/swift-google-rpc from cache (0.39s)
[1/16464] Fetching async-http-client
[166/102838] Fetching async-http-client, swift-nio
Fetched https://github.com/swift-server/async-http-client.git from cache (1.25s)
[49234/86374] Fetching swift-nio
Fetched https://github.com/apple/swift-nio from cache (3.42s)
Computing version for https://github.com/googleapis/swift-google-auth
Computed https://github.com/googleapis/swift-google-auth at 0.5.0 (3.62s)
Fetching https://github.com/apple/swift-system.git
Fetching https://github.com/vapor/jwt-kit.git
[1/7241] Fetching swift-system
[2/17495] Fetching swift-system, jwt-kit
Fetched https://github.com/apple/swift-system.git from cache (0.76s)
[9742/10254] Fetching jwt-kit
Fetched https://github.com/vapor/jwt-kit.git from cache (0.92s)
Computing version for https://github.com/googleapis/swift-google-rpc
Computed https://github.com/googleapis/swift-google-rpc at 0.5.0 (1.09s)
Computing version for https://github.com/swift-extras/swift-extras-base64
Computed https://github.com/swift-extras/swift-extras-base64 at 1.2.0 (0.15s)
Computing version for https://github.com/swift-server/async-http-client.git
Computed https://github.com/swift-server/async-http-client.git at 1.36.2 (0.19s)
Fetching https://github.com/apple/swift-algorithms.git
Fetching https://github.com/apple/swift-nio-http2.git
Fetching https://github.com/apple/swift-nio-transport-services.git
Fetching https://github.com/apple/swift-atomics.git
Fetching https://github.com/apple/swift-service-context.git
[1/1500] Fetching swift-service-context
[16/3389] Fetching swift-service-context, swift-atomics
[532/9553] Fetching swift-service-context, swift-atomics, swift-algorithms
[1760/12420] Fetching swift-service-context, swift-atomics, swift-algorithms, swift-nio-transport-services
Fetched https://github.com/apple/swift-service-context.git from cache (0.43s)
[3053/10920] Fetching swift-atomics, swift-algorithms, swift-nio-transport-services
Fetching https://github.com/apple/swift-nio-ssl.git
[9803/23214] Fetching swift-atomics, swift-algorithms, swift-nio-transport-services, swift-nio-http2
Fetching https://github.com/apple/swift-configuration.git
Fetched https://github.com/apple/swift-algorithms.git from cache (0.56s)
Fetching https://github.com/apple/swift-distributed-tracing.git
[5002/17050] Fetching swift-atomics, swift-nio-transport-services, swift-nio-http2
Fetched https://github.com/apple/swift-atomics.git from cache (0.62s)
Fetched https://github.com/apple/swift-nio-transport-services.git from cache (0.62s)
Fetching https://github.com/apple/swift-nio-extras.git
[2705/12294] Fetching swift-nio-http2
[12295/29155] Fetching swift-nio-http2, swift-nio-ssl
[12970/33083] Fetching swift-nio-http2, swift-nio-ssl, swift-configuration
[13414/39634] Fetching swift-nio-http2, swift-nio-ssl, swift-configuration, swift-distributed-tracing
[15546/46337] Fetching swift-nio-http2, swift-nio-ssl, swift-configuration, swift-distributed-tracing, swift-nio-extras
Fetched https://github.com/apple/swift-configuration.git from cache (0.60s)
[27743/42409] Fetching swift-nio-http2, swift-nio-ssl, swift-distributed-tracing, swift-nio-extras
Fetched https://github.com/apple/swift-distributed-tracing.git from cache (0.73s)
[23550/35858] Fetching swift-nio-http2, swift-nio-ssl, swift-nio-extras
Fetched https://github.com/apple/swift-nio-extras.git from cache (0.69s)
[17184/29155] Fetching swift-nio-http2, swift-nio-ssl
Fetched https://github.com/apple/swift-nio-http2.git from cache (1.40s)
[7757/16861] Fetching swift-nio-ssl
Fetched https://github.com/apple/swift-nio-ssl.git from cache (1.49s)
Computing version for https://github.com/apple/swift-service-context.git
Computed https://github.com/apple/swift-service-context.git at 1.3.0 (2.09s)
Computing version for https://github.com/apple/swift-algorithms.git
Computed https://github.com/apple/swift-algorithms.git at 1.2.1 (1.47s)
Fetching https://github.com/apple/swift-numerics.git
[1/6728] Fetching swift-numerics
Fetched https://github.com/apple/swift-numerics.git from cache (0.56s)
Computing version for https://github.com/apple/swift-log
Computed https://github.com/apple/swift-log at 1.16.1 (0.74s)
Computing version for https://github.com/apple/swift-distributed-tracing.git
Computed https://github.com/apple/swift-distributed-tracing.git at 1.5.0 (0.18s)
Computing version for https://github.com/apple/swift-atomics.git
Computed https://github.com/apple/swift-atomics.git at 1.3.1 (0.24s)
Computing version for https://github.com/apple/swift-numerics.git
Computed https://github.com/apple/swift-numerics.git at 1.1.1 (0.16s)
Computing version for https://github.com/apple/swift-nio
Computed https://github.com/apple/swift-nio at 2.104.0 (0.48s)
Fetching https://github.com/apple/swift-collections.git
[1/28703] Fetching swift-collections
Fetched https://github.com/apple/swift-collections.git from cache (1.20s)
Computing version for https://github.com/apple/swift-configuration.git
Computed https://github.com/apple/swift-configuration.git at 1.2.2 (2.04s)
Fetching https://github.com/swift-server/swift-service-lifecycle
[1/2867] Fetching swift-service-lifecycle
Fetched https://github.com/swift-server/swift-service-lifecycle from cache (0.47s)
Computing version for https://github.com/apple/swift-nio-transport-services.git
Computed https://github.com/apple/swift-nio-transport-services.git at 1.28.0 (0.64s)
Computing version for https://github.com/swift-server/swift-service-lifecycle
Computed https://github.com/swift-server/swift-service-lifecycle at 2.12.1 (0.16s)
Fetching https://github.com/apple/swift-async-algorithms.git
[1/6820] Fetching swift-async-algorithms
Fetched https://github.com/apple/swift-async-algorithms.git from cache (0.57s)
Computing version for https://github.com/apple/swift-async-algorithms.git
Computed https://github.com/apple/swift-async-algorithms.git at 1.1.7 (0.79s)
Computing version for https://github.com/apple/swift-collections.git
Computed https://github.com/apple/swift-collections.git at 1.7.2 (0.26s)
Computing version for https://github.com/apple/swift-nio-http2.git
Computed https://github.com/apple/swift-nio-http2.git at 1.46.0 (0.17s)
Computing version for https://github.com/vapor/jwt-kit.git
Computed https://github.com/vapor/jwt-kit.git at 5.7.1 (0.15s)
Fetching https://github.com/apple/swift-crypto.git
Fetching https://github.com/apple/swift-certificates.git
[1/18629] Fetching swift-crypto
[188/26238] Fetching swift-crypto, swift-certificates
Fetched https://github.com/apple/swift-certificates.git from cache (2.58s)
Fetched https://github.com/apple/swift-crypto.git from cache (2.60s)
Computing version for https://github.com/apple/swift-crypto.git
Computed https://github.com/apple/swift-crypto.git at 4.5.2 (3.23s)
Fetching https://github.com/apple/swift-asn1.git
[1/2009] Fetching swift-asn1
Fetched https://github.com/apple/swift-asn1.git from cache (0.58s)
Computing version for https://github.com/apple/swift-asn1.git
Computed https://github.com/apple/swift-asn1.git at 1.7.3 (0.78s)
Computing version for https://github.com/apple/swift-certificates.git
Computed https://github.com/apple/swift-certificates.git at 1.21.0 (0.22s)
Computing version for https://github.com/apple/swift-nio-ssl.git
Computed https://github.com/apple/swift-nio-ssl.git at 2.37.5 (0.19s)
Computing version for https://github.com/apple/swift-system.git
Computed https://github.com/apple/swift-system.git at 1.8.1 (0.18s)
Computing version for https://github.com/apple/swift-nio-extras.git
Computed https://github.com/apple/swift-nio-extras.git at 1.35.1 (0.28s)
Fetching https://github.com/apple/swift-http-types.git
Fetching https://github.com/apple/swift-http-structured-headers.git
[1/1939] Fetching swift-http-types
[1087/3192] Fetching swift-http-types, swift-http-structured-headers
Fetched https://github.com/apple/swift-http-types.git from cache (0.63s)
Fetched https://github.com/apple/swift-http-structured-headers.git from cache (0.63s)
Computing version for https://github.com/apple/swift-http-structured-headers.git
Computed https://github.com/apple/swift-http-structured-headers.git at 1.7.0 (0.79s)
Computing version for https://github.com/apple/swift-http-types.git
Computed https://github.com/apple/swift-http-types.git at 1.8.0 (0.18s)
Creating working copy for https://github.com/apple/swift-nio-extras.git
Working copy of https://github.com/apple/swift-nio-extras.git resolved at 1.35.1
Creating working copy for https://github.com/apple/swift-log
Working copy of https://github.com/apple/swift-log resolved at 1.16.1
Creating working copy for https://github.com/apple/swift-collections.git
Working copy of https://github.com/apple/swift-collections.git resolved at 1.7.2
Creating working copy for https://github.com/apple/swift-crypto.git
Working copy of https://github.com/apple/swift-crypto.git resolved at 4.5.2
Creating working copy for https://github.com/apple/swift-system.git
Working copy of https://github.com/apple/swift-system.git resolved at 1.8.1
Creating working copy for https://github.com/googleapis/swift-google-rpc
Working copy of https://github.com/googleapis/swift-google-rpc resolved at 0.5.0
Creating working copy for https://github.com/swift-server/swift-service-lifecycle
Working copy of https://github.com/swift-server/swift-service-lifecycle resolved at 2.12.1
Creating working copy for https://github.com/apple/swift-nio-transport-services.git
Working copy of https://github.com/apple/swift-nio-transport-services.git resolved at 1.28.0
Creating working copy for https://github.com/googleapis/swift-google-wkt
Working copy of https://github.com/googleapis/swift-google-wkt resolved at 0.5.0
Creating working copy for https://github.com/apple/swift-asn1.git
Working copy of https://github.com/apple/swift-asn1.git resolved at 1.7.3
Creating working copy for https://github.com/apple/swift-algorithms.git
Working copy of https://github.com/apple/swift-algorithms.git resolved at 1.2.1
Creating working copy for https://github.com/googleapis/swift-google-auth
Working copy of https://github.com/googleapis/swift-google-auth resolved at 0.5.0
Creating working copy for https://github.com/apple/swift-configuration.git
Working copy of https://github.com/apple/swift-configuration.git resolved at 1.2.2
Creating working copy for https://github.com/apple/swift-nio-ssl.git
Working copy of https://github.com/apple/swift-nio-ssl.git resolved at 2.37.5
Creating working copy for https://github.com/apple/swift-http-types.git
Working copy of https://github.com/apple/swift-http-types.git resolved at 1.8.0
Creating working copy for https://github.com/swift-server/async-http-client.git
Working copy of https://github.com/swift-server/async-http-client.git resolved at 1.36.2
Creating working copy for https://github.com/googleapis/swift-google-gax
Working copy of https://github.com/googleapis/swift-google-gax resolved at 0.5.0
Creating working copy for https://github.com/apple/swift-certificates.git
Working copy of https://github.com/apple/swift-certificates.git resolved at 1.21.0
Creating working copy for https://github.com/apple/swift-distributed-tracing.git
Working copy of https://github.com/apple/swift-distributed-tracing.git resolved at 1.5.0
Creating working copy for https://github.com/apple/swift-atomics.git
Working copy of https://github.com/apple/swift-atomics.git resolved at 1.3.1
Creating working copy for https://github.com/apple/swift-nio-http2.git
Working copy of https://github.com/apple/swift-nio-http2.git resolved at 1.46.0
Creating working copy for https://github.com/vapor/jwt-kit.git
Working copy of https://github.com/vapor/jwt-kit.git resolved at 5.7.1
Creating working copy for https://github.com/apple/swift-nio
Working copy of https://github.com/apple/swift-nio resolved at 2.104.0
Creating working copy for https://github.com/apple/swift-numerics.git
Working copy of https://github.com/apple/swift-numerics.git resolved at 1.1.1
Creating working copy for https://github.com/swift-extras/swift-extras-base64
Working copy of https://github.com/swift-extras/swift-extras-base64 resolved at 1.2.0
Creating working copy for https://github.com/apple/swift-async-algorithms.git
Working copy of https://github.com/apple/swift-async-algorithms.git resolved at 1.1.7
Creating working copy for https://github.com/apple/swift-http-structured-headers.git
Working copy of https://github.com/apple/swift-http-structured-headers.git resolved at 1.7.0
Creating working copy for https://github.com/apple/swift-service-context.git
Working copy of https://github.com/apple/swift-service-context.git resolved at 1.3.0
Building for debugging...
[0/926] Compiling a_d2i_fp.cc
[1/926] Compiling a_octet.cc
[2/926] Compiling _NumericsShims _NumericsShims.c
[2/926] Write sources
[7/926] Compiling _AtomicsShims.c
[7/926] Write sources
[44/926] Write swift-version--11D90AFD9DD3AB2.txt
[45/926] Compiling CXKCPShims shims.c
[46/928] Compiling SimpleFIPS202.c
[47/932] Compiling a_time.cc
[48/932] Compiling a_type.cc
[49/934] Compiling a_strex.cc
[49/934] Compiling a_strnid.cc
[51/934] Compiling a_bool.cc
[52/965] Compiling x_req.cc
[54/1004] Compiling RealModule Real.swift
[55/1004] Compiling RealModule Float80+Real.swift
[56/1005] Compiling InternalCollectionsUtilities LifetimeOverride.swift
[57/1005] Compiling InternalCollectionsUtilities MutableRef.swift
[58/1005] Compiling _CertificateInternals _TinyArray.swift
[59/1005] Compiling RealModule RelaxedArithmetic.swift
[60/1007] Emitting module _CertificateInternals
[61/1007] Compiling RealModule RealFunctions.swift
[62/1007] Compiling InternalCollectionsUtilities UnsafeMutablePointer+Extras.swift
[63/1007] Compiling InternalCollectionsUtilities UnsafeMutableRawBufferPointer+Extras.swift
[64/1007] Compiling InternalCollectionsUtilities UnsafePointer+Extras.swift
[65/1011] Emitting module InternalCollectionsUtilities
[66/1011] Compiling InternalCollectionsUtilities Strideable+LimitHelpers.swift
[67/1011] Compiling InternalCollectionsUtilities String+Padding.swift
[68/1011] Compiling InternalCollectionsUtilities TemporaryAllocation.swift
[70/1011] Compiling Logging Logger+With.swift
[71/1012] Emitting module _NIOBase64
[72/1012] Compiling ServiceContextModule ServiceContextKey.swift
[73/1012] Compiling _NIOBase64 Base64.swift
[74/1012] Compiling RealModule Float16+Real.swift
[75/1013] Compiling InternalCollectionsUtilities _UnsafeBitSet+_Word.swift
[76/1013] Compiling InternalCollectionsUtilities _UnsafeBitSet.swift
[77/1013] Compiling InternalCollectionsUtilities UnsafeBufferPointer+Extras.swift
[78/1013] Compiling InternalCollectionsUtilities UnsafeMutableBufferPointer+Extras.swift
[81/1013] Emitting module RealModule
[82/1013] Compiling InternalCollectionsUtilities FixedWidthInteger+roundUpToPowerOfTwo.swift
[83/1013] Compiling InternalCollectionsUtilities Integer rank.swift
[84/1013] Compiling InternalCollectionsUtilities UInt+first and last set bit.swift
[85/1013] Compiling InternalCollectionsUtilities UInt+reversed.swift
[86/1013] Compiling InternalCollectionsUtilities Iterable+CopyContents.swift
[87/1013] Compiling InternalCollectionsUtilities Iterable+Equality.swift
[91/1013] Compiling InternalCollectionsUtilities _UnsafeBitSet+Index.swift
[92/1013] Compiling InternalCollectionsUtilities BorrowingIteratorProtocol+Equality.swift
[93/1013] Compiling InternalCollectionsUtilities BorrowingIteratorProtocol+Extras.swift
[94/1013] Compiling InternalCollectionsUtilities Debugging.swift
[95/1013] Compiling InternalCollectionsUtilities Descriptions.swift
[98/1013] Compiling SwiftASN1 DER.swift
[99/1013] Compiling SwiftASN1 Errors.swift
[100/1013] Compiling InternalCollectionsUtilities RandomAccessCollection+Offsets.swift
[101/1013] Compiling InternalCollectionsUtilities Span+Extras.swift
[106/1013] Emitting module ServiceContextModule
[107/1013] Compiling ServiceContextModule ServiceContext.swift
[110/1017] Compiling _NIODataStructures PriorityQueue.swift
[111/1017] Compiling _NIODataStructures _TinyArray.swift
[112/1020] Wrapping AST for _CertificateInternals for debugging
[114/1020] Emitting module _NIODataStructures
[115/1020] Compiling _NIODataStructures Heap.swift
[116/1020] Compiling InternalCollectionsUtilities UnsafeRawBufferPointer+Extras.swift
[117/1020] Compiling InternalCollectionsUtilities _SortedCollection.swift
[118/1020] Compiling InternalCollectionsUtilities _UniqueCollection.swift
[118/1023] Wrapping AST for _NIOBase64 for debugging
[119/1026] Wrapping AST for ServiceContextModule for debugging
[122/1027] Wrapping AST for RealModule for debugging
[123/1028] Compiling KeccakSponge.c
[126/1028] Wrapping AST for _NIODataStructures for debugging
[128/1028] Compiling Logging Logger+Attributes.swift
[131/1028] Compiling Logging LoggingSystem.swift
[131/1028] Wrapping AST for InternalCollectionsUtilities for debugging
[133/1028] Compiling Logging Logger.swift
[133/1028] Compiling KeccakHash.c
[135/1028] Compiling Instrumentation NoOpInstrument.swift
[136/1028] Compiling Instrumentation MultiplexInstrument.swift
[136/1032] Compiling CSystem shims.c
[137/1032] Compiling CNIOWindows WSAStartup.c
[138/1032] Compiling CNIOWindows shim.c
[140/1032] Emitting module Instrumentation
[141/1032] Emitting module SpanPreview
[142/1032] Compiling SpanPreview OutputSpan+InputSpanHelpers.swift
[143/1032] Compiling SpanPreview MutableSpan+InputSpanHelpers.swift
[144/1032] Compiling SpanPreview InputSpan.swift
[144/1033] Compiling CNIOWASI CNIOWASI.c
[145/1070] Compiling CNIOPosix event_loop_id.c
[148/1070] Compiling Instrumentation Instrument.swift
[149/1070] Compiling Instrumentation InstrumentationSystem.swift
[149/1070] Compiling CNIOOpenBSD shim.c
[150/1070] Compiling KeccakP-1600-opt64.c
[151/1103] Wrapping AST for SpanPreview for debugging
[152/1112] Compiling CNIOLinux liburing_shims.c
[154/1112] Compiling DequeModule Deque+Testing.swift
[155/1112] Compiling DequeModule Deque._Storage.swift
[155/1112] Compiling CNIOLinux shim.c
[156/1112] Compiling CNIOLLHTTP c_nio_http.c
[157/1112] Compiling CNIOLLHTTP c_nio_api.c
[158/1112] Compiling CNIOFreeBSD shim.c
[159/1112] Compiling CNIOExtrasZlib zutil.c
[160/1112] Compiling CNIOExtrasZlib trees.c
[161/1112] Compiling CNIOExtrasZlib inftrees.c
[162/1112] Compiling CNIOExtrasZlib inflate.c
[163/1112] Compiling CNIOExtrasZlib inffast.c
[164/1112] Compiling CNIOExtrasZlib deflate.c
[165/1112] Compiling CNIOLLHTTP c_nio_llhttp.c
[166/1112] Compiling CNIOExtrasZlib crc32.c
[167/1112] Compiling CNIODarwin shim.c
[169/1112] Compiling DequeModule RigidDeque+ContainerOperations.swift
[170/1112] Compiling DequeModule RigidDeque+Deprecations.swift
[170/1112] Compiling CNIOExtrasZlib adler32.c
[171/1112] Compiling fiat_p256_adx_sqr.S
[173/1112] Compiling DequeModule Deque+CustomReflectable.swift
[174/1112] Compiling DequeModule Deque+Descriptions.swift
[175/1112] Compiling Logging MetadataProvider.swift
[176/1112] Compiling DequeModule Deque+Codable.swift
[177/1112] Compiling DequeModule Deque+Collection.swift
[178/1112] Emitting module Logging
[180/1113] Compiling DequeModule Deque._UnsafeHandle.swift
[181/1113] Compiling DequeModule Deque.swift
[182/1113] Compiling DequeModule _DequeBuffer.swift
[183/1113] Compiling DequeModule _DequeBufferHeader.swift
[183/1113] Compiling fiat_p256_adx_mul.S
[184/1113] Compiling CNIOBoringSSLShims shims.c
[185/1113] Compiling fiat_curve25519_adx_mul.S
[187/1113] Compiling ExtrasBase64 Base32.swift
[188/1113] Compiling ExtrasBase64 Base32+Span.swift
[188/1113] Compiling fiat_curve25519_adx_square.S
[190/1113] Compiling Instrumentation Locks.swift
[190/1114] Wrapping AST for Logging for debugging
[193/1114] Compiling DequeModule Deque+Equatable.swift
[194/1114] Compiling DequeModule Deque+ExpressibleByArrayLiteral.swift
[197/1114] Compiling DequeModule RigidDeque+Append.swift
[198/1114] Compiling DequeModule RigidDeque+Consumption.swift
[202/1119] Compiling DequeModule UniqueDeque+Consumption.swift
[203/1119] Compiling DequeModule UniqueDeque+ContainerOperations.swift
[204/1119] Compiling DequeModule UniqueDeque+Deprecations.swift
[205/1119] Compiling DequeModule UniqueDeque+Descriptions.swift
[206/1119] Compiling DequeModule UniqueDeque+Equatable.swift
[207/1119] Compiling DequeModule UniqueDeque+Hashable.swift
[208/1119] Compiling DequeModule UniqueDeque+Initializers.swift
[209/1119] Compiling DequeModule UniqueDeque+Insertions.swift
[210/1119] Compiling DequeModule UniqueDeque+Iterable.swift
[211/1119] Compiling DequeModule UniqueDeque+Prepend.swift
[212/1119] Compiling DequeModule UniqueDeque+Removals.swift
[213/1119] Compiling DequeModule RigidDeque+Replacements.swift
[214/1119] Compiling DequeModule RigidDeque+Testing.swift
[215/1119] Compiling DequeModule RigidDeque.swift
[216/1119] Compiling DequeModule UniqueDeque+Append.swift
[218/1119] Compiling DequeModule RigidDeque+Initializers.swift
[219/1119] Compiling DequeModule RigidDeque+Insertions.swift
[220/1119] Compiling DequeModule RigidDeque+Iterable.swift
[221/1119] Compiling DequeModule RigidDeque+Prepend.swift
[222/1119] Compiling DequeModule RigidDeque+Removals.swift
[223/1124] Compiling DequeModule RigidDeque+Descriptions.swift
[224/1124] Compiling DequeModule RigidDeque+Equatable.swift
[225/1124] Compiling DequeModule RigidDeque+Hashable.swift
[234/1124] Compiling tls_method.cc
[241/1124] Emitting module SystemPackage
[251/1132] Compiling tls_record.cc
[259/1132] Compiling DequeModule Deque+Extras.swift
[260/1132] Compiling DequeModule Deque+Hashable.swift
[264/1132] Wrapping AST for Instrumentation for debugging
[265/1132] Compiling tls13_enc.cc
[267/1132] Emitting module Tracing
[268/1133] Compiling Tracing WithTracer.swift
[269/1133] Compiling Tracing TracingTime.swift
[270/1133] Compiling Tracing InstrumentationSystem+Tracing.swift
[271/1133] Compiling Tracing SpanProtocol.swift
[272/1133] Emitting module SwiftASN1
[273/1134] Compiling Tracing TracerProtocol.swift
[275/1134] Compiling Tracing TracerProtocol+Legacy.swift
[276/1134] Compiling Tracing Tracer.swift
[277/1134] Compiling Tracing NoOpTracer.swift
[278/1135] Compiling tls13_server.cc
[279/1135] Wrapping AST for SwiftASN1 for debugging
[280/1135] Wrapping AST for Tracing for debugging
[282/1135] Compiling SystemPackage SystemString.swift
[283/1135] Compiling SystemPackage Util+StringArray.swift
[284/1135] Compiling SystemPackage Util.swift
[285/1135] Compiling SystemPackage UtilConsumers.swift
[286/1135] Compiling SystemPackage WinSDK+Overlay.swift
[298/1136] Compiling tls13_both.cc
[299/1136] Wrapping AST for SystemPackage for debugging
[300/1136] Compiling ssl_x509.cc
[301/1136] Compiling ssl_versions.cc
[303/1136] Compiling DequeModule UniqueDeque+Replacements.swift
[304/1136] Compiling DequeModule UniqueDeque.swift
[305/1136] Compiling DequeModule _DequeSlot.swift
[306/1136] Compiling DequeModule _UnsafeDequeHandle.swift
[307/1136] Compiling DequeModule _UnsafeDequeSegments.swift
[307/1136] Compiling tls13_client.cc
[308/1136] Compiling ssl_privkey.cc
[309/1136] Compiling t1_enc.cc
[310/1136] Compiling ssl_stat.cc
[311/1136] Compiling ssl_transcript.cc
[312/1136] Compiling ssl_session.cc
[314/1136] Emitting module ExtrasBase64
[315/1136] Emitting module DequeModule
[316/1137] Compiling ssl_buffer.cc
[317/1137] Compiling ssl_file.cc
[318/1155] Wrapping AST for DequeModule for debugging
[319/1180] Compiling ssl_lib.cc
[320/1180] Compiling ssl_credential.cc
[321/1180] Compiling ssl_key_share.cc
[322/1180] Compiling ssl_cert.cc
[324/1180] Compiling Configuration JSONSnapshot.swift
[325/1180] Compiling Configuration PropertyListSnapshot.swift
[326/1180] Compiling Configuration ReloadingFileProvider.swift
[327/1180] Compiling Configuration ReloadingFileProviderMetrics.swift
[328/1180] Compiling Configuration YAMLSnapshot.swift
[329/1180] Compiling Configuration InMemoryProvider.swift
[330/1185] Emitting module Configuration
[330/1185] Compiling ssl_cipher.cc
[331/1185] Compiling ssl_asn1.cc
[332/1185] Compiling s3_both.cc
[333/1185] Compiling ssl_aead_ctx.cc
[335/1185] Compiling Configuration EnvironmentKeyEncoder.swift
[336/1185] Compiling Configuration EnvironmentVariablesProvider.swift
[337/1185] Compiling Configuration CommonProviderFileSystem.swift
[338/1185] Compiling Configuration DirectoryFilesProvider.swift
[339/1185] Compiling Configuration FileProvider.swift
[340/1185] Compiling Configuration FileProviderSnapshot.swift
[341/1185] Compiling ExtrasBase64 Base64.swift
[342/1185] Compiling ExtrasBase64 Base64+Span.swift
[342/1186] Compiling s3_lib.cc
[344/1186] Compiling s3_pkt.cc
[345/1217] Compiling handshake.cc
[346/1217] Wrapping AST for ExtrasBase64 for debugging
[347/1217] Compiling handshake_server.cc
[348/1217] Compiling handshake_client.cc
[349/1217] Compiling handoff.cc
[350/1217] Compiling encrypted_client_hello.cc
[352/1217] Emitting module GoogleWKT
[352/1221] Compiling d1_lib.cc
[354/1221] Compiling GoogleWKT WKTField.swift
[355/1221] Compiling GoogleWKT WKTMethod.swift
[356/1221] Compiling GoogleWKT WKTMixin.swift
[357/1221] Compiling GoogleWKT WKTOption.swift
[358/1221] Compiling GoogleWKT WKTValue.swift
[359/1221] Compiling GoogleWKT WKTApi.swift
[360/1221] Compiling GoogleWKT WKTEmpty.swift
[361/1221] Compiling GoogleWKT WKTFieldMask.swift
[362/1221] Compiling GoogleWKT WKTFloatValue.swift
[363/1221] Compiling GoogleWKT WKTInt32Value.swift
[364/1221] Compiling GoogleWKT WKTInt64Value.swift
[365/1221] Compiling GoogleWKT WKTRecursive.swift
[366/1221] Compiling Configuration MutableInMemoryProvider.swift
[367/1221] Compiling Configuration ConfigProvider+Operators.swift
[368/1221] Compiling Configuration KeyMappingProvider.swift
[369/1221] Compiling Configuration SecretsSpecifier.swift
[370/1221] Compiling Configuration AsyncCombineLatestManySequence.swift
[371/1221] Compiling Configuration CombineLatestManyStateMachine.swift
[372/1221] Compiling Configuration CombineLatestManyStorage.swift
[373/1221] Compiling Configuration AsyncSequences.swift
[374/1221] Compiling Configuration FoundationExtensions.swift
[375/1221] Compiling Configuration Span.swift
[376/1221] Compiling Configuration ConfigBytesFromStringDecoder.swift
[377/1221] Compiling GoogleWKT WKTAny.swift
[378/1221] Compiling GoogleWKT WKTAnyError.swift
[379/1221] Compiling GoogleWKT WKTBoolValue.swift
[380/1221] Compiling GoogleWKT WKTBytesValue.swift
[381/1221] Compiling GoogleWKT WKTDoubleValue.swift
[382/1221] Compiling GoogleWKT WKTDuration.swift
[387/1221] Compiling GoogleWKT AnyPackable.swift
[388/1221] Compiling GoogleWKT DecodeToDefault.swift
[389/1221] Compiling GoogleWKT DiscoveryBase64.swift
[390/1221] Compiling GoogleWKT ProtoJSONDecoder.swift
[391/1221] Compiling GoogleWKT ProtoJSONEncoder.swift
[392/1221] Compiling GoogleWKT UnknownFields.swift
[401/1222] Compiling GoogleWKT WKTEnum.swift
[402/1222] Compiling GoogleWKT WKTEnumValue.swift
[402/1222] Compiling dtls_record.cc
[412/1222] Compiling GoogleWKT WKTStringValue.swift
[413/1222] Compiling GoogleWKT WKTTimestamp.swift
[414/1222] Compiling GoogleWKT WKTUInt32Value.swift
[415/1222] Compiling GoogleWKT WKTUInt64Value.swift
[415/1222] Compiling d1_srtp.cc
[416/1222] Wrapping AST for Configuration for debugging
[417/1222] Compiling md5-x86_64-linux.S
[418/1222] Compiling md5-586-linux.S
[419/1222] Compiling md5-x86_64-apple.S
[420/1222] Compiling md5-586-apple.S
[422/1222] Compiling GoogleWKT WKTSourceContext.swift
[423/1222] Compiling GoogleWKT WKTSyntax.swift
[424/1222] Compiling GoogleWKT WKTType.swift
[425/1222] Compiling GoogleWKT PackageVersion.swift
[425/1222] Compiling dtls_method.cc
[426/1222] Compiling chacha20_poly1305_x86_64-linux.S
[427/1222] Compiling chacha20_poly1305_x86_64-apple.S
[428/1222] Compiling chacha20_poly1305_armv8-win.S
[429/1222] Compiling extensions.cc
[430/1222] Compiling chacha20_poly1305_armv8-apple.S
[431/1222] Compiling chacha-x86_64-apple.S
[432/1222] Compiling chacha-x86_64-linux.S
[433/1222] Compiling chacha20_poly1305_armv8-linux.S
[434/1222] Compiling chacha-x86-apple.S
[435/1222] Compiling chacha-x86-linux.S
[436/1222] Compiling chacha-armv8-win.S
[437/1222] Compiling chacha-armv8-apple.S
[438/1222] Compiling chacha-armv4-linux.S
[439/1222] Compiling chacha-armv8-linux.S
[440/1222] Compiling aes128gcmsiv-x86_64-linux.S
[441/1222] Compiling err_data.cc
[442/1222] Compiling aes128gcmsiv-x86_64-apple.S
[443/1222] Compiling x86_64-mont5-apple.S
[444/1222] Compiling x86_64-mont-linux.S
[445/1222] Compiling x86_64-mont5-linux.S
[446/1222] Compiling x86_64-mont-apple.S
[447/1222] Compiling x86-mont-apple.S
[448/1222] Compiling vpaes-x86_64-linux.S
[449/1222] Compiling x86-mont-linux.S
[450/1222] Compiling vpaes-x86_64-apple.S
[451/1222] Compiling vpaes-x86-linux.S
[452/1222] Compiling vpaes-x86-apple.S
[453/1222] Compiling vpaes-armv8-win.S
[454/1222] Compiling vpaes-armv8-linux.S
[455/1222] Compiling vpaes-armv8-apple.S
[456/1222] Compiling vpaes-armv7-linux.S
[457/1222] Compiling sha512-x86_64-linux.S
[458/1222] Compiling sha512-armv8-win.S
[459/1222] Compiling sha512-armv8-apple.S
[460/1222] Compiling sha512-x86_64-apple.S
[461/1222] Compiling sha512-armv4-linux.S
[462/1222] Compiling sha512-586-linux.S
[468/1222] Compiling sha512-586-apple.S
[469/1223] Compiling sha512-armv8-linux.S
[470/1223] Compiling sha256-x86_64-apple.S
[470/1223] Compiling sha256-x86_64-linux.S
[472/1223] Compiling sha256-armv8-win.S
[473/1223] Compiling sha256-armv8-linux.S
[474/1223] Compiling sha256-armv4-linux.S
[476/1223] Compiling sha256-586-linux.S
[477/1223] Compiling sha256-armv8-apple.S
[478/1223] Compiling sha1-x86_64-linux.S
[479/1223] Compiling sha256-586-apple.S
[480/1223] Compiling sha1-armv8-win.S
[481/1223] Compiling sha1-x86_64-apple.S
[482/1223] Compiling sha1-armv8-apple.S
[483/1223] Compiling sha1-armv4-large-linux.S
[484/1223] Compiling sha1-586-linux.S
[485/1223] Compiling sha1-armv8-linux.S
[486/1223] Compiling sha1-586-apple.S
[487/1223] Compiling rsaz-avx2-linux.S
[488/1223] Wrapping AST for GoogleWKT for debugging
[489/1225] Compiling rsaz-avx2-apple.S
[490/1238] Compiling rdrand-x86_64-linux.S
[491/1238] Compiling d1_pkt.cc
[492/1238] Compiling rdrand-x86_64-apple.S
[493/1238] Compiling p256_beeu-x86_64-asm-linux.S
[494/1238] Compiling p256_beeu-x86_64-asm-apple.S
[495/1238] Compiling bio_ssl.cc
[496/1238] Compiling p256_beeu-armv8-asm-win.S
[497/1238] Compiling p256-x86_64-asm-apple.S
[498/1238] Compiling p256-x86_64-asm-linux.S
[499/1238] Compiling p256-armv8-asm-win.S
[500/1238] Compiling p256_beeu-armv8-asm-linux.S
[501/1238] Compiling p256_beeu-armv8-asm-apple.S
[502/1238] Compiling p256-armv8-asm-linux.S
[503/1238] Compiling ghashv8-armv8-win.S
[504/1238] Compiling p256-armv8-asm-apple.S
[505/1238] Compiling ghashv8-armv8-linux.S
[506/1238] Compiling ghashv8-armv8-apple.S
[507/1238] Compiling ghash-x86_64-linux.S
[508/1238] Compiling ghashv8-armv7-linux.S
[509/1238] Compiling ghash-x86_64-apple.S
[510/1238] Compiling ghash-x86-linux.S
[511/1238] Compiling ghash-ssse3-x86_64-apple.S
[512/1238] Compiling ghash-ssse3-x86_64-linux.S
[513/1238] Compiling ghash-ssse3-x86-linux.S
[514/1238] Compiling ghash-x86-apple.S
[515/1238] Compiling ghash-neon-armv8-win.S
[516/1238] Compiling ghash-ssse3-x86-apple.S
[517/1238] Compiling ghash-neon-armv8-linux.S
[518/1238] Compiling ghash-armv4-linux.S
[519/1238] Compiling ghash-neon-armv8-apple.S
[520/1238] Compiling bsaes-armv7-linux.S
[521/1238] Compiling co-586-apple.S
[522/1238] Compiling co-586-linux.S
[523/1238] Compiling bn-armv8-win.S
[524/1238] Compiling bn-armv8-linux.S
[525/1238] Compiling bn-armv8-apple.S
[526/1238] Compiling bn-586-linux.S
[527/1238] Compiling bn-586-apple.S
[528/1238] Compiling armv8-mont-apple.S
[529/1238] Compiling armv8-mont-win.S
[530/1238] Compiling armv4-mont-linux.S
[531/1238] Compiling armv8-mont-linux.S
[532/1238] Compiling d1_both.cc
[533/1238] Compiling aesv8-gcm-armv8-win.S
[534/1238] Compiling aesv8-gcm-armv8-apple.S
[534/1238] Compiling aesv8-armv8-linux.S
[536/1238] Compiling aesv8-armv8-win.S
[537/1238] Compiling aesv8-armv8-apple.S
[538/1238] Compiling aesv8-armv7-linux.S
[539/1238] Compiling aesni-x86_64-linux.S
[540/1238] Compiling aesni-x86_64-apple.S
[541/1238] Compiling aesni-x86-apple.S
[542/1238] Compiling aesni-x86-linux.S
[543/1238] Compiling aesv8-gcm-armv8-linux.S
[544/1238] Compiling aesni-gcm-x86_64-linux.S
[546/1238] Compiling GoogleRpc RequestInfo.swift
[547/1238] Compiling GoogleRpc ResourceInfo.swift
[547/1238] Compiling aesni-gcm-x86_64-apple.S
[548/1238] Compiling aes-gcm-avx2-x86_64-linux.S
[549/1240] Compiling aes-gcm-avx10-x86_64-linux.S
[550/1240] Compiling aes-gcm-avx2-x86_64-apple.S
[551/1240] Compiling aes-gcm-avx10-x86_64-apple.S
[553/1240] Compiling GoogleRpc LocalizedMessage.swift
[554/1240] Compiling GoogleRpc PackageVersion.swift
[555/1240] Compiling GoogleRpc PreconditionFailure.swift
[556/1240] Compiling GoogleRpc QuotaFailure.swift
[557/1240] Compiling GoogleRpc HttpRequest.swift
[558/1240] Compiling GoogleRpc HttpResponse.swift
[559/1240] Compiling GoogleRpc DebugInfo.swift
[560/1240] Compiling GoogleRpc ErrorInfo.swift
[561/1240] Emitting module GoogleRpc
[562/1240] Compiling GoogleRpc BadRequest.swift
[563/1240] Compiling GoogleRpc Code.swift
[564/1240] Compiling GoogleRpc Help.swift
[565/1240] Compiling GoogleRpc HttpHeader.swift
[565/1240] Compiling x_val.cc
[567/1240] Compiling GoogleRpc RetryInfo.swift
[568/1240] Compiling GoogleRpc Status.swift
[569/1241] Compiling x_name.cc
[570/1241] Wrapping AST for GoogleRpc for debugging
[571/1241] Compiling x_pubkey.cc
[572/1241] Compiling x_sig.cc
[573/1241] Compiling x_spki.cc
[574/1241] Compiling x_x509a.cc
[575/1241] Compiling x_x509.cc
[576/1241] Compiling x_req.cc
[577/1241] Compiling x_exten.cc
[578/1241] Compiling x_all.cc
[579/1241] Compiling x509_vpm.cc
[580/1241] Compiling x509rset.cc
[581/1241] Compiling x_crl.cc
[582/1241] Compiling x_attrib.cc
[583/1241] Compiling x_algor.cc
[584/1241] Compiling x509_vfy.cc
[585/1241] Compiling x509_trs.cc
[586/1241] Compiling x509spki.cc
[587/1241] Compiling x509name.cc
[588/1241] Compiling x509cset.cc
[589/1241] Compiling x509_v3.cc
[590/1241] Compiling x509_obj.cc
[591/1241] Compiling x509_txt.cc
[592/1241] Compiling x509_ext.cc
[593/1241] Compiling x509_set.cc
[594/1241] Compiling x509.cc
[595/1241] Compiling x509_cmp.cc
[596/1241] Compiling x509_req.cc
[597/1241] Compiling v3_skey.cc
[598/1241] Compiling x509_att.cc
[599/1241] Compiling x509_lu.cc
[600/1241] Compiling x509_def.cc
[601/1241] Compiling x509_d2.cc
[602/1241] Compiling v3_prn.cc
[603/1241] Compiling v3_pmaps.cc
[604/1241] Compiling v3_utl.cc
[605/1241] Compiling v3_int.cc
[606/1241] Compiling v3_info.cc
[607/1241] Compiling v3_pcons.cc
[608/1241] Compiling v3_ncons.cc
[609/1241] Compiling v3_purp.cc
[610/1241] Compiling v3_genn.cc
[611/1241] Compiling v3_extku.cc
[612/1241] Compiling v3_ocsp.cc
[613/1241] Compiling v3_lib.cc
[614/1241] Compiling v3_ia5.cc
[615/1241] Compiling v3_alt.cc
[616/1241] Compiling v3_bcons.cc
[617/1241] Compiling v3_bitst.cc
[618/1241] Compiling v3_enum.cc
[619/1241] Compiling v3_crld.cc
[620/1241] Compiling v3_cpols.cc
[621/1241] Compiling v3_conf.cc
[622/1241] Compiling v3_akeya.cc
[623/1241] Compiling v3_akey.cc
[624/1241] Compiling t_x509.cc
[625/1241] Compiling t_crl.cc
[626/1241] Compiling i2d_pr.cc
[627/1241] Compiling by_file.cc
[628/1241] Compiling name_print.cc
[629/1241] Compiling t_x509a.cc
[630/1241] Compiling t_req.cc
[631/1241] Compiling rsa_pss.cc
[632/1241] Compiling policy.cc
[633/1241] Compiling asn1_gen.cc
[634/1241] Compiling a_verify.cc
[635/1241] Compiling pmbtoken.cc
[636/1241] Compiling by_dir.cc
[637/1241] Compiling thread_win.cc
[638/1241] Compiling trust_token.cc
[639/1241] Compiling algorithm.cc
[640/1241] Compiling voprf.cc
[641/1241] Compiling a_digest.cc
[642/1241] Compiling thread_pthread.cc
[643/1241] Compiling a_sign.cc
[644/1241] Compiling stack.cc
[645/1241] Compiling thread.cc
[646/1241] Compiling thread_none.cc
[647/1241] Compiling slhdsa.cc
[648/1241] Compiling siphash.cc
[649/1241] Compiling rsa_crypt.cc
[650/1241] Compiling rsa_print.cc
[651/1241] Compiling sha256.cc
[652/1241] Compiling sha512.cc
[653/1241] Compiling sha1.cc
[654/1241] Compiling spake2plus.cc
[655/1241] Compiling rsa_extra.cc
[656/1241] Compiling urandom.cc
[657/1241] Compiling rsa_asn1.cc
[658/1241] Compiling windows.cc
[659/1241] Compiling trusty.cc
[660/1241] Compiling refcount.cc
[661/1241] Compiling ios.cc
[662/1241] Compiling rc4.cc
[663/1241] Compiling passive.cc
[664/1241] Compiling poly1305_arm_asm.S
[665/1241] Compiling rand.cc
[666/1241] Compiling poly1305_vec.cc
[667/1241] Compiling getentropy.cc
[668/1241] Compiling forkunsafe.cc
[669/1241] Compiling deterministic.cc
[670/1241] Compiling fork_detect.cc
[671/1241] Compiling pool.cc
[672/1241] Compiling poly1305.cc
[673/1241] Compiling poly1305_arm.cc
[674/1241] Compiling pkcs8_x509.cc
[675/1241] Compiling pkcs8.cc
[676/1241] Compiling pkcs7.cc
[677/1241] Compiling p5_pbev2.cc
[678/1241] Compiling pkcs7_x509.cc
[679/1241] Compiling pem_xaux.cc
[680/1241] Compiling pem_x509.cc
[681/1241] Compiling pem_pkey.cc
[682/1241] Compiling pem_lib.cc
[683/1241] Compiling pem_pk8.cc
[684/1241] Compiling pem_all.cc
[685/1241] Compiling mlkem.cc
[686/1241] Compiling pem_oth.cc
[687/1241] Compiling obj_xref.cc
[688/1241] Compiling md5.cc
[689/1241] Compiling pem_info.cc
[690/1241] Compiling mldsa.cc
[691/1241] Compiling mem.cc
[692/1241] Compiling poly_rq_mul.S
[693/1241] Compiling fips_shared_support.cc
[694/1241] Compiling obj.cc
[695/1241] Compiling ex_data.cc
[696/1241] Compiling md4.cc
[697/1241] Compiling lhash.cc
[698/1241] Compiling sign.cc
[699/1241] Compiling scrypt.cc
[700/1241] Compiling kyber.cc
[701/1241] Compiling hpke.cc
[702/1241] Compiling print.cc
[703/1241] Compiling hrss.cc
[704/1241] Compiling p_x25519.cc
[705/1241] Compiling pbkdf.cc
[706/1241] Compiling p_x25519_asn1.cc
[707/1241] Compiling p_rsa_asn1.cc
[708/1241] Compiling p_rsa.cc
[709/1241] Compiling p_ec.cc
[710/1241] Compiling p_dsa_asn1.cc
[711/1241] Compiling p_ed25519.cc
[712/1241] Compiling p_hkdf.cc
[713/1241] Compiling p_ed25519_asn1.cc
[714/1241] Compiling p_ec_asn1.cc
[715/1241] Compiling p_dh.cc
[716/1241] Compiling evp_ctx.cc
[717/1241] Compiling p_dh_asn1.cc
[718/1241] Compiling evp.cc
[719/1241] Compiling ecdh.cc
[720/1241] Compiling engine.cc
[721/1241] Compiling evp_asn1.cc
[722/1241] Compiling ecdsa_asn1.cc
[723/1241] Compiling err.cc
[724/1241] Compiling hash_to_curve.cc
[725/1241] Compiling digest_extra.cc
[726/1241] Compiling ec_derive.cc
[727/1241] Compiling dsa.cc
[728/1241] Compiling dsa_asn1.cc
[729/1241] Compiling params.cc
[730/1241] Compiling x25519-asm-arm.S
[731/1241] Compiling ec_asn1.cc
[732/1241] Compiling dh_asn1.cc
[733/1241] Compiling des.cc
[734/1241] Compiling curve25519_64_adx.cc
[735/1241] Compiling bcm.cc
[736/1241] Compiling crypto.cc
[737/1241] Compiling spake25519.cc
[738/1241] Compiling cpu_intel.cc
[739/1241] Compiling cpu_arm_freebsd.cc
[740/1241] Compiling cpu_aarch64_openbsd.cc
[741/1241] Compiling cpu_aarch64_win.cc
[742/1241] Compiling cpu_arm_linux.cc
[743/1241] Compiling cpu_aarch64_fuchsia.cc
[744/1241] Compiling curve25519.cc
[745/1241] Compiling cpu_aarch64_sysreg.cc
[746/1241] Compiling tls_cbc.cc
[747/1241] Compiling e_rc4.cc
[748/1241] Compiling cpu_aarch64_apple.cc
[749/1241] Compiling cpu_aarch64_linux.cc
[750/1241] Compiling conf.cc
[751/1241] Compiling e_rc2.cc
[752/1241] Compiling get_cipher.cc
[753/1241] Compiling e_des.cc
[754/1241] Compiling e_tls.cc
[755/1241] Compiling e_aesctrhmac.cc
[756/1241] Compiling e_chacha20poly1305.cc
[757/1241] Compiling derive_key.cc
[758/1241] Compiling e_null.cc
[759/1241] Compiling e_aesgcmsiv.cc
[760/1241] Compiling unicode.cc
[761/1241] Compiling chacha.cc
[762/1241] Compiling cbs.cc
[763/1241] Compiling cbb.cc
[764/1241] Compiling buf.cc
[765/1241] Compiling asn1_compat.cc
[766/1241] Compiling ber.cc
[767/1241] Compiling pair.cc
[768/1241] Compiling printf.cc
[769/1241] Compiling socket_helper.cc
[770/1241] Compiling bn_asn1.cc
[771/1241] Compiling socket.cc
[772/1241] Compiling blake2.cc
[773/1241] Compiling convert.cc
[774/1241] Compiling hexdump.cc
[775/1241] Compiling fd.cc
[776/1241] Compiling file.cc
[777/1241] Compiling errno.cc
[778/1241] Compiling connect.cc
[779/1241] Compiling bio.cc
[780/1241] Compiling base64.cc
[781/1241] Compiling bio_mem.cc
[782/1241] Compiling tasn_typ.cc
[783/1241] Compiling f_string.cc
[784/1241] Compiling f_int.cc
[785/1241] Compiling tasn_new.cc
[786/1241] Compiling tasn_utl.cc
[787/1241] Compiling posix_time.cc
[788/1241] Compiling tasn_fre.cc
[789/1241] Compiling asn1_par.cc
[790/1241] Compiling tasn_enc.cc
[791/1241] Compiling a_type.cc
[792/1241] Compiling asn1_lib.cc
[793/1241] Compiling asn_pack.cc
[794/1241] Compiling tasn_dec.cc
[795/1241] Compiling a_utctm.cc
[796/1241] Compiling a_time.cc
[797/1241] Compiling a_octet.cc
[798/1241] Compiling a_i2d_fp.cc
[799/1241] Compiling a_strnid.cc
[800/1241] Compiling a_strex.cc
[801/1241] Compiling a_object.cc
[802/1241] Compiling a_int.cc
[803/1241] Compiling a_dup.cc
[804/1241] Compiling CGoogleGaxCRC32C CGoogleGaxCRC32C.c
[805/1241] Compiling a_mbstr.cc
[806/1241] Compiling fiat_p256_adx_sqr.S
[807/1241] Compiling fiat_p256_adx_mul.S
[808/1241] Compiling a_d2i_fp.cc
[809/1241] Compiling CCryptoBoringSSLShims shims.c
[810/1241] Compiling fiat_curve25519_adx_mul.S
[811/1241] Compiling md5-x86_64-linux.S
[812/1241] Compiling a_bitstr.cc
[813/1241] Compiling fiat_curve25519_adx_square.S
[814/1241] Compiling a_gentm.cc
[815/1241] Compiling md5-586-apple.S
[816/1241] Compiling md5-586-linux.S
[817/1241] Compiling a_bool.cc
[818/1241] Compiling md5-x86_64-apple.S
[819/1241] Compiling chacha20_poly1305_x86_64-linux.S
[820/1241] Compiling chacha20_poly1305_armv8-apple.S
[821/1241] Compiling chacha20_poly1305_x86_64-apple.S
[822/1241] Compiling chacha20_poly1305_armv8-win.S
[823/1241] Compiling chacha-x86_64-apple.S
[824/1241] Compiling chacha-x86_64-linux.S
[825/1241] Compiling chacha-armv8-win.S
[826/1241] Compiling chacha-x86-apple.S
[827/1241] Compiling chacha-x86-linux.S
[827/1241] Compiling chacha20_poly1305_armv8-linux.S
[829/1241] Compiling chacha-armv8-apple.S
[830/1241] Compiling chacha-armv4-linux.S
[831/1241] Compiling aes128gcmsiv-x86_64-apple.S
[832/1241] Compiling aes128gcmsiv-x86_64-linux.S
[833/1241] Compiling x86_64-mont5-apple.S
[834/1241] Compiling x86_64-mont5-linux.S
[835/1241] Compiling x86_64-mont-linux.S
[836/1241] Compiling x86_64-mont-apple.S
[837/1241] Compiling chacha-armv8-linux.S
[838/1241] Compiling x86-mont-linux.S
[839/1241] Compiling x86-mont-apple.S
[840/1241] Compiling vpaes-x86_64-apple.S
[841/1241] Compiling vpaes-x86_64-linux.S
[842/1241] Compiling vpaes-armv8-win.S
[843/1241] Compiling vpaes-x86-apple.S
[844/1241] Compiling vpaes-armv8-linux.S
[845/1241] Compiling vpaes-armv8-apple.S
[846/1241] Compiling vpaes-armv7-linux.S
[847/1241] Compiling vpaes-x86-linux.S
[848/1241] Compiling sha512-x86_64-apple.S
[849/1241] Compiling sha512-x86_64-linux.S
[850/1241] Compiling sha512-armv8-apple.S
[851/1241] Compiling sha512-armv8-win.S
[852/1241] Compiling sha512-armv4-linux.S
[853/1241] Compiling sha512-586-apple.S
[854/1241] Compiling sha512-armv8-linux.S
[855/1241] Compiling sha256-x86_64-apple.S
[856/1241] Compiling sha256-armv8-win.S
[857/1241] Compiling sha256-x86_64-linux.S
[858/1241] Compiling sha512-586-linux.S
[859/1241] Compiling sha256-armv8-apple.S
[860/1241] Compiling err_data.cc
[861/1241] Compiling sha256-armv8-linux.S
[862/1241] Compiling sha256-586-linux.S
[863/1241] Compiling sha256-armv4-linux.S
[864/1241] Compiling sha256-586-apple.S
[865/1241] Compiling sha1-armv8-win.S
[866/1241] Compiling sha1-x86_64-apple.S
[867/1241] Compiling sha1-x86_64-linux.S
[868/1241] Compiling sha1-armv4-large-linux.S
[869/1241] Compiling sha1-586-apple.S
[870/1241] Compiling sha1-armv8-apple.S
[871/1241] Compiling sha1-armv8-linux.S
[872/1241] Compiling sha1-586-linux.S
[873/1241] Compiling rsaz-avx2-apple.S
[874/1241] Compiling rsaz-avx2-linux.S
[875/1241] Compiling rdrand-x86_64-linux.S
[876/1241] Compiling rdrand-x86_64-apple.S
[877/1241] Compiling p256_beeu-x86_64-asm-linux.S
[878/1241] Compiling p256_beeu-armv8-asm-win.S
[879/1241] Compiling p256_beeu-armv8-asm-apple.S
[879/1241] Compiling p256_beeu-x86_64-asm-apple.S
[881/1241] Compiling p256-x86_64-asm-linux.S
[882/1241] Compiling p256-x86_64-asm-apple.S
[883/1241] Compiling p256_beeu-armv8-asm-linux.S
[884/1241] Compiling p256-armv8-asm-apple.S
[885/1241] Compiling p256-armv8-asm-win.S
[886/1241] Compiling ghashv8-armv8-apple.S
[887/1241] Compiling ghashv8-armv8-linux.S
[888/1241] Compiling ghashv8-armv8-win.S
[889/1241] Compiling p256-armv8-asm-linux.S
[890/1241] Compiling ghashv8-armv7-linux.S
[891/1241] Compiling ghash-x86_64-apple.S
[891/1241] Compiling ghash-x86-linux.S
[893/1241] Compiling ghash-x86_64-linux.S
[894/1241] Compiling ghash-ssse3-x86_64-linux.S
[895/1241] Compiling ghash-x86-apple.S
[896/1241] Compiling ghash-ssse3-x86_64-apple.S
[897/1241] Compiling ghash-armv4-linux.S
[898/1241] Compiling ghash-neon-armv8-win.S
[898/1241] Compiling ghash-ssse3-x86-linux.S
[900/1241] Compiling ghash-ssse3-x86-apple.S
[901/1241] Compiling ghash-neon-armv8-linux.S
[902/1241] Compiling ghash-neon-armv8-apple.S
[903/1241] Compiling co-586-apple.S
[904/1241] Compiling bn-armv8-win.S
[905/1241] Compiling co-586-linux.S
[906/1241] Compiling bn-586-linux.S
[907/1241] Compiling bn-armv8-linux.S
[908/1241] Compiling bn-586-apple.S
[909/1241] Compiling armv8-mont-linux.S
[910/1241] Compiling armv8-mont-win.S
[911/1241] Compiling bsaes-armv7-linux.S
[912/1241] Compiling bn-armv8-apple.S
[913/1241] Compiling armv4-mont-linux.S
[914/1241] Compiling armv8-mont-apple.S
[915/1241] Compiling aesv8-gcm-armv8-win.S
[916/1241] Compiling aesv8-gcm-armv8-linux.S
[917/1241] Compiling aesv8-gcm-armv8-apple.S
[918/1241] Compiling aesv8-armv8-linux.S
[919/1241] Compiling aesv8-armv7-linux.S
[920/1241] Compiling aesv8-armv8-win.S
[921/1241] Compiling aesni-x86_64-linux.S
[922/1241] Compiling aesni-x86-linux.S
[923/1241] Compiling aesni-gcm-x86_64-linux.S
[924/1241] Compiling aesv8-armv8-apple.S
[925/1241] Compiling aesni-gcm-x86_64-apple.S
[926/1241] Compiling aesni-x86-apple.S
[927/1241] Compiling aes-gcm-avx512-x86_64-apple.S
[928/1241] Compiling aes-gcm-avx2-x86_64-linux.S
[929/1241] Compiling aesni-x86_64-apple.S
[930/1241] Compiling aes-gcm-avx2-x86_64-apple.S
[931/1241] Compiling aes-gcm-avx512-x86_64-linux.S
[932/1241] Compiling x_sig.cc
[933/1241] Compiling x_pubkey.cc
[934/1241] Compiling x_spki.cc
[935/1241] Compiling xwing.cc
[936/1241] Compiling x_x509.cc
[937/1241] Compiling x_x509a.cc
[938/1241] Compiling x_name.cc
[939/1241] Compiling c-nioatomics.c
[940/1241] Compiling x_crl.cc
[941/1241] Compiling x_attrib.cc
[942/1241] Compiling x_algor.cc
[943/1241] Compiling x_all.cc
[944/1241] Compiling x_exten.cc
[945/1241] Compiling x509name.cc
[946/1241] Compiling c-atomics.c
[947/1241] Compiling x509spki.cc
[948/1248] Compiling x509_txt.cc
[949/1248] Compiling x509cset.cc
[950/1248] Compiling x509rset.cc
[952/1248] Compiling NIOConcurrencyHelpers NIOThreadPoolWorkAvailable.swift
[952/1248] Compiling x509_vfy.cc
[953/1248] Compiling x509_req.cc
[955/1248] Compiling NIOConcurrencyHelpers atomics.swift
[956/1248] Compiling NIOConcurrencyHelpers NIOLock.swift
[957/1248] Compiling NIOConcurrencyHelpers NIOLockedValueBox.swift
[958/1248] Compiling NIOConcurrencyHelpers lock.swift
[959/1248] Compiling NIOConcurrencyHelpers NIOAtomic.swift
[960/1248] Emitting module NIOConcurrencyHelpers
[961/1249] Compiling x509_vpm.cc
[962/1249] Compiling x509_trs.cc
[963/1249] Compiling x509_v3.cc
[964/1249] Wrapping AST for NIOConcurrencyHelpers for debugging
[965/1249] Compiling x509_ext.cc
[966/1249] Compiling x509_set.cc
[967/1249] Compiling x509_obj.cc
[968/1249] Compiling x509_d2.cc
[969/1249] Compiling x509_lu.cc
[970/1249] Compiling x509_att.cc
[971/1249] Compiling x509_def.cc
[972/1249] Compiling x509_cmp.cc
[973/1249] Compiling v3_purp.cc
[974/1249] Compiling v3_pcons.cc
[975/1249] Compiling v3_ocsp.cc
[976/1249] Compiling x509.cc
[977/1249] Compiling v3_skey.cc
[978/1249] Compiling v3_utl.cc
[979/1249] Compiling v3_prn.cc
[980/1249] Compiling v3_ncons.cc
[981/1249] Compiling v3_pmaps.cc
[982/1249] Compiling v3_int.cc
[983/1249] Compiling v3_genn.cc
[984/1249] Compiling v3_enum.cc
[985/1249] Compiling v3_lib.cc
[986/1249] Compiling v3_info.cc
[987/1249] Compiling v3_ia5.cc
[988/1249] Compiling v3_extku.cc
[989/1249] Compiling v3_cpols.cc
[990/1249] Compiling v3_crld.cc
[991/1249] Compiling v3_bcons.cc
[992/1249] Compiling v3_alt.cc
[993/1249] Compiling v3_conf.cc
[994/1249] Compiling v3_akeya.cc
[995/1249] Compiling t_x509.cc
[996/1249] Compiling v3_bitst.cc
[997/1249] Compiling v3_akey.cc
[998/1249] Compiling t_x509a.cc
[999/1249] Compiling t_crl.cc
[1000/1249] Compiling rsa_pss.cc
[1001/1249] Compiling t_req.cc
[1002/1249] Compiling i2d_pr.cc
[1003/1249] Compiling policy.cc
[1004/1249] Compiling name_print.cc
[1005/1249] Compiling algorithm.cc
[1006/1249] Compiling voprf.cc
[1007/1249] Compiling by_dir.cc
[1008/1249] Compiling by_file.cc
[1009/1249] Compiling pmbtoken.cc
[1010/1249] Compiling asn1_gen.cc
[1011/1249] Compiling thread_win.cc
[1012/1249] Compiling trust_token.cc
[1013/1249] Compiling thread_pthread.cc
[1014/1249] Compiling thread_none.cc
[1015/1249] Compiling a_sign.cc
[1016/1249] Compiling thread.cc
[1017/1249] Compiling a_digest.cc
[1018/1249] Compiling a_verify.cc
[1019/1249] Compiling stack.cc
[1020/1249] Compiling sha1.cc
[1021/1249] Compiling rsa_print.cc
[1022/1249] Compiling siphash.cc
[1023/1249] Compiling slhdsa.cc
[1024/1249] Compiling spake2plus.cc
[1025/1249] Compiling rsa_extra.cc
[1026/1249] Compiling sha512.cc
[1027/1249] Compiling sha256.cc
[1028/1249] Compiling rsa_crypt.cc
[1029/1249] Compiling windows.cc
[1030/1249] Compiling trusty.cc
[1031/1249] Compiling urandom.cc
[1032/1249] Compiling rc4.cc
[1033/1249] Compiling getentropy.cc
[1034/1249] Compiling rand.cc
[1035/1249] Compiling refcount.cc
[1036/1249] Compiling passive.cc
[1037/1249] Compiling poly1305_arm_asm.S
[1038/1249] Compiling ios.cc
[1039/1249] Compiling deterministic.cc
[1040/1249] Compiling rsa_asn1.cc
[1041/1249] Compiling fork_detect.cc
[1042/1249] Compiling forkunsafe.cc
[1043/1249] Compiling poly1305_vec.cc
[1044/1249] Compiling pkcs8_x509.cc
[1045/1249] Compiling poly1305.cc
[1046/1249] Compiling poly1305_arm.cc
[1047/1249] Compiling pool.cc
[1048/1249] Compiling pkcs7.cc
[1049/1249] Compiling pem_x509.cc
[1050/1249] Compiling pkcs8.cc
[1051/1249] Compiling pem_xaux.cc
[1052/1249] Compiling pkcs7_x509.cc
[1053/1249] Compiling p5_pbev2.cc
[1054/1249] Compiling obj_xref.cc
[1055/1249] Compiling pem_pkey.cc
[1056/1249] Compiling mlkem.cc
[1057/1249] Compiling pem_pk8.cc
[1058/1249] Compiling pem_all.cc
[1059/1249] Compiling obj.cc
[1060/1249] Compiling pem_oth.cc
[1061/1249] Compiling pem_lib.cc
[1062/1249] Compiling mldsa.cc
[1063/1249] Compiling mem.cc
[1064/1249] Compiling poly_rq_mul.S
[1065/1249] Compiling pem_info.cc
[1066/1249] Compiling fips_shared_support.cc
[1067/1249] Compiling lhash.cc
[1068/1249] Compiling kyber.cc
[1069/1249] Compiling md4.cc
[1070/1249] Compiling md5.cc
[1071/1249] Compiling fuzzer_mode.cc
[1072/1249] Compiling scrypt.cc
[1073/1249] Compiling ex_data.cc
[1074/1249] Compiling hrss.cc
[1075/1249] Compiling hpke.cc
[1076/1249] Compiling p_x25519_asn1.cc
[1077/1249] Compiling pbkdf.cc
[1078/1249] Compiling print.cc
[1079/1249] Compiling sign.cc
[1080/1249] Compiling p_x25519.cc
[1081/1249] Compiling p_rsa_asn1.cc
[1082/1249] Compiling p_ed25519.cc
[1083/1249] Compiling p_ec_asn1.cc
[1084/1249] Compiling p_hkdf.cc
[1085/1249] Compiling p_ed25519_asn1.cc
[1086/1249] Compiling p_rsa.cc
[1087/1249] Compiling p_ec.cc
[1088/1249] Compiling p_dh_asn1.cc
[1089/1249] Compiling err.cc
[1090/1249] Compiling p_dh.cc
[1091/1249] Compiling p_dsa_asn1.cc
[1092/1249] Compiling evp.cc
[1093/1249] Compiling engine.cc
[1094/1249] Compiling evp_ctx.cc
[1095/1249] Compiling ecdsa_p1363.cc
[1096/1249] Compiling evp_asn1.cc
[1097/1249] Compiling ecdh.cc
[1098/1249] Compiling ecdsa_asn1.cc
[1099/1249] Compiling ec_asn1.cc
[1100/1249] Compiling hash_to_curve.cc
[1101/1249] Compiling ec_derive.cc
[1102/1249] Compiling dsa.cc
[1103/1249] Compiling dh_asn1.cc
[1104/1249] Compiling dsa_asn1.cc
[1105/1249] Compiling params.cc
[1106/1249] Compiling digest_extra.cc
[1107/1249] Compiling x25519-asm-arm.S
[1108/1249] Compiling des.cc
[1109/1249] Compiling spake25519.cc
[1110/1249] Compiling cpu_arm_linux.cc
[1111/1249] Compiling curve25519_64_adx.cc
[1112/1249] Compiling cpu_arm_freebsd.cc
[1113/1249] Compiling cpu_intel.cc
[1114/1249] Compiling curve25519.cc
[1115/1249] Compiling crypto.cc
[1116/1249] Compiling cpu_aarch64_win.cc
[1117/1249] Compiling cpu_aarch64_fuchsia.cc
[1118/1249] Compiling cpu_aarch64_openbsd.cc
[1119/1249] Compiling cpu_aarch64_sysreg.cc
[1120/1249] Compiling tls_cbc.cc
[1121/1249] Compiling cpu_aarch64_linux.cc
[1122/1249] Compiling cpu_aarch64_apple.cc
[1123/1249] Compiling conf.cc
[1124/1249] Compiling get_cipher.cc
[1125/1249] Compiling e_rc4.cc
[1126/1249] Compiling e_tls.cc
[1127/1249] Compiling e_rc2.cc
[1128/1249] Compiling e_null.cc
[1129/1249] Compiling cms.cc
[1130/1249] Compiling chacha.cc
[1131/1249] Compiling e_des.cc
[1132/1249] Compiling e_aeseax.cc
[1133/1249] Compiling e_aesgcmsiv.cc
[1134/1249] Compiling e_chacha20poly1305.cc
[1135/1249] Compiling derive_key.cc
[1136/1249] Compiling e_aesctrhmac.cc
[1137/1249] Compiling unicode.cc
[1138/1249] Compiling ber.cc
[1139/1249] Compiling sqrt.cc
[1140/1249] Compiling buf.cc
[1141/1249] Compiling exponentiation.cc
[1142/1249] Compiling asn1_compat.cc
[1143/1249] Compiling convert.cc
[1144/1249] Compiling blake2.cc
[1145/1249] Compiling cbb.cc
[1146/1249] Compiling bn_asn1.cc
[1147/1249] Compiling cbs.cc
[1148/1249] Compiling printf.cc
[1149/1249] Compiling div.cc
[1150/1249] Compiling pair.cc
[1151/1249] Compiling hexdump.cc
[1152/1249] Compiling errno.cc
[1153/1249] Compiling bio_mem.cc
[1154/1249] Compiling bio.cc
[1155/1249] Compiling fd.cc
[1156/1249] Compiling file.cc
[1157/1249] Compiling tasn_new.cc
[1158/1249] Compiling base64.cc
[1159/1249] Compiling tasn_typ.cc
[1160/1249] Compiling tasn_fre.cc
[1161/1249] Compiling tasn_enc.cc
[1162/1249] Compiling tasn_utl.cc
[1163/1249] Compiling posix_time.cc
[1164/1249] Compiling bcm.cc
[1165/1249] Compiling asn_pack.cc
[1166/1249] Compiling a_object.cc
[1167/1249] Compiling asn1_par.cc
[1168/1249] Compiling f_string.cc
[1169/1249] Compiling f_int.cc
[1170/1249] Compiling a_mbstr.cc
[1171/1249] Compiling tasn_dec.cc
[1172/1249] Compiling a_int.cc
[1173/1249] Compiling CAsyncHTTPClient CAsyncHTTPClient.c
[1173/1249] Write sources
[1187/1267] Compiling a_utctm.cc
[1188/1267] Compiling asn1_lib.cc
[1189/1292] Compiling a_i2d_fp.cc
[1191/1292] Compiling Algorithms Joined.swift
[1192/1292] Compiling Algorithms Keyed.swift
[1193/1292] Compiling Algorithms Permutations.swift
[1194/1292] Compiling Algorithms Product.swift
[1195/1294] Compiling Algorithms Grouped.swift
[1196/1294] Compiling Algorithms Indexed.swift
[1196/1294] Compiling aes.cc
[1198/1294] Compiling Algorithms Intersperse.swift
[1199/1294] Compiling Algorithms Partition.swift
[1200/1294] Compiling Algorithms AdjacentPairs.swift
[1201/1294] Compiling Algorithms Chain.swift
[1202/1294] Compiling Algorithms Chunked.swift
[1202/1294] Compiling a_bitstr.cc
[1203/1294] Compiling a_dup.cc
[1205/1294] Compiling Atomics IntegerOperations.swift
[1206/1294] Compiling Atomics Unmanaged extensions.swift
[1207/1294] Emitting module Atomics
[1207/1294] Compiling a_gentm.cc
[1209/1294] Compiling Algorithms EitherSequence.swift
[1210/1294] Compiling Algorithms FirstNonNil.swift
[1211/1294] Compiling Algorithms FlattenCollection.swift
[1212/1302] Compiling Algorithms Combinations.swift
[1213/1302] Compiling Algorithms Compacted.swift
[1214/1302] Compiling Algorithms Cycle.swift
[1215/1303] Wrapping AST for Atomics for debugging
[1217/1367] Compiling NIOCore Channel.swift
[1218/1367] Compiling NIOCore ChannelHandler.swift
[1219/1367] Compiling NIOCore ChannelHandlers.swift
[1220/1367] Compiling NIOCore ByteBuffer-multi-int.swift
[1221/1367] Compiling NIOCore ByteBuffer-quicBinaryEncodingStrategy.swift
[1222/1367] Compiling NIOCore ByteBuffer-views.swift
[1223/1370] Compiling CryptoBoringWrapper RandomBytes.swift
[1224/1370] Compiling CryptoBoringWrapper FiniteFieldArithmeticContext.swift
[1225/1370] Emitting module CryptoBoringWrapper
[1226/1370] Compiling Algorithms Trim.swift
[1227/1370] Compiling Algorithms Unique.swift
[1228/1370] Compiling Algorithms Windows.swift
[1229/1370] Compiling CryptoBoringWrapper CryptoKitErrors_boring.swift
[1230/1370] Compiling NIOCore AsyncChannelHandler.swift
[1231/1370] Compiling NIOCore AsyncChannelInboundStream.swift
[1232/1370] Compiling NIOCore AsyncChannelOutboundWriter.swift
[1233/1370] Compiling NIOCore NIOAsyncSequenceProducer.swift
[1234/1370] Compiling NIOCore NIOAsyncSequenceProducerStrategies.swift
[1235/1370] Compiling NIOCore NIOAsyncWriter.swift
[1236/1370] Compiling NIOCore ByteBuffer-conversions.swift
[1237/1370] Compiling NIOCore ByteBuffer-core.swift
[1238/1370] Compiling NIOCore ByteBuffer-hex.swift
[1239/1370] Compiling NIOCore ByteBuffer-int.swift
[1240/1370] Compiling NIOCore ByteBuffer-lengthPrefix.swift
[1241/1370] Compiling NIOCore AddressedEnvelope.swift
[1242/1370] Compiling NIOCore AsyncAwaitSupport.swift
[1243/1370] Compiling NIOCore AsyncChannel.swift
[1244/1370] Compiling CryptoBoringWrapper EllipticCurvePoint.swift
[1245/1370] Compiling CryptoBoringWrapper EllipticCurve.swift
[1246/1370] Compiling CryptoBoringWrapper ArbitraryPrecisionInteger.swift
[1247/1370] Compiling CryptoBoringWrapper BoringSSLAEAD.swift
[1248/1393] Wrapping AST for CryptoBoringWrapper for debugging
[1250/1455] Compiling Crypto AES-GCM.swift
[1251/1455] Compiling Crypto AES-GCM_boring.swift
[1252/1455] Compiling Crypto ChaChaPoly_boring.swift
[1253/1455] Compiling Crypto ChaChaPoly.swift
[1254/1455] Compiling Crypto MLKEM.swift
[1255/1455] Compiling Crypto XWing.swift
[1256/1455] Compiling Crypto ECDH_boring.swift
[1257/1455] Compiling Crypto DH.swift
[1258/1455] Compiling Crypto ECDH.swift
[1259/1455] Compiling Crypto ANSIx963.swift
[1260/1455] Compiling Crypto MACFunctions.swift
[1261/1455] Compiling Crypto MessageAuthenticationCode.swift
[1262/1455] Compiling Crypto AES.swift
[1263/1463] Compiling Crypto X25519Keys.swift
[1264/1463] Compiling Crypto SymmetricKeys.swift
[1265/1463] Compiling Crypto HMAC.swift
[1266/1463] Compiling Crypto Insecure_HashFunctions.swift
[1267/1463] Compiling Crypto MLKEM_boring.swift
[1268/1463] Compiling Crypto MLKEM_wrapper.swift
[1269/1463] Compiling Crypto XWing_boring.swift
[1270/1463] Compiling Crypto KEM-Errors.swift
[1271/1463] Compiling Crypto KEM.swift
[1272/1463] Compiling Crypto HKDF.swift
[1273/1463] Compiling Crypto AESWrap.swift
[1274/1463] Compiling Crypto AESWrap_boring.swift
[1275/1463] Compiling Crypto Ed25519_boring.swift
[1276/1463] Compiling Crypto NISTCurvesKeys_boring.swift
[1277/1463] Compiling Crypto X25519Keys_boring.swift
[1278/1463] Compiling Crypto Curve25519.swift
[1279/1463] Compiling Crypto Ed25519Keys.swift
[1280/1463] Compiling Crypto NISTCurvesKeys.swift
[1281/1463] Emitting module Algorithms
[1282/1464] Wrapping AST for Algorithms for debugging
[1284/1464] Compiling Crypto CryptoKitErrors.swift
[1285/1464] Compiling Crypto Digest_boring.swift
[1286/1464] Compiling Crypto Digest.swift
[1287/1464] Compiling Crypto Digests.swift
[1288/1464] Compiling Crypto HashFunctions.swift
[1289/1464] Compiling Crypto HashFunctions_SHA2.swift
[1290/1464] Compiling Crypto HashFunctions_SHA3.swift
[1291/1464] Compiling Crypto Digest_xkcp.swift
[1292/1464] Compiling Crypto HPKE-AEAD.swift
[1293/1464] Compiling Crypto HPKE-Ciphersuite.swift
[1294/1464] Compiling Crypto HPKE-KDF.swift
[1295/1464] Compiling Crypto HPKE-KexKeyDerivation.swift
[1300/1475] Compiling Crypto Cipher.swift
[1301/1475] Compiling Crypto Nonces.swift
[1302/1475] Compiling Crypto ASN1.swift
[1303/1475] Compiling Crypto ASN1Any.swift
[1304/1475] Compiling Crypto ASN1BitString.swift
[1314/1475] Compiling Crypto ASN1Boolean.swift
[1315/1475] Compiling Crypto ASN1Identifier.swift
[1316/1475] Compiling Crypto ASN1Integer.swift
[1317/1475] Emitting module Crypto
[1318/1475] Compiling Crypto ASN1Null.swift
[1319/1475] Compiling Crypto ASN1OctetString.swift
[1320/1475] Compiling Crypto ASN1Strings.swift
[1321/1475] Compiling Crypto ArraySliceBigint.swift
[1322/1475] Compiling Crypto GeneralizedTime.swift
[1323/1475] Compiling Crypto ObjectIdentifier.swift
[1324/1475] Compiling Crypto ECDSASignature.swift
[1325/1475] Compiling Crypto PEMDocument.swift
[1326/1475] Compiling Crypto PKCS8PrivateKey.swift
[1327/1475] Compiling Crypto SEC1PrivateKey.swift
[1328/1475] Compiling Crypto SubjectPublicKeyInfo.swift
[1329/1475] Compiling Crypto CryptoError_boring.swift
[1339/1475] Compiling Crypto Signature.swift
[1340/1475] Compiling Crypto CryptoKitErrors_boring.swift
[1341/1475] Compiling Crypto Optional+withUnsafeBytes_boring.swift
[1342/1475] Compiling Crypto RNG_boring.swift
[1343/1475] Compiling Crypto SafeCompare_boring.swift
[1344/1475] Compiling Crypto Zeroization_boring.swift
[1345/1475] Compiling Crypto _CryptoModuleAnchor.swift
[1346/1475] Compiling Crypto PrettyBytes.swift
[1347/1475] Compiling Crypto SafeCompare.swift
[1348/1475] Compiling Crypto SecureBytes.swift
[1349/1475] Compiling Crypto Zeroization.swift
[1350/1475] Compiling NIOCore SingleStepByteToMessageDecoder.swift
[1351/1475] Compiling NIOCore SocketAddresses.swift
[1352/1475] Compiling NIOCore SocketOptionProvider.swift
[1353/1475] Compiling NIOCore SystemCallHelpers.swift
[1354/1475] Compiling NIOCore TimeAmount+Duration.swift
[1355/1475] Compiling NIOCore TypeAssistedChannelHandler.swift
[1356/1475] Compiling NIOCore UniversalBootstrapSupport.swift
[1357/1475] Compiling NIOCore Utilities.swift
[1393/1475] Compiling Crypto HPKE-LabeledExtract.swift
[1394/1475] Compiling Crypto HPKE-Utils.swift
[1395/1475] Compiling Crypto DHKEM.swift
[1396/1475] Compiling Crypto HPKE-KEM-Curve25519.swift
[1397/1475] Compiling Crypto HPKE-NIST-EC-KEMs.swift
[1398/1475] Compiling Crypto HPKE-KEM.swift
[1399/1475] Compiling Crypto HPKE-Errors.swift
[1400/1475] Compiling Crypto HPKE.swift
[1401/1475] Compiling Crypto HPKE-Context.swift
[1402/1475] Compiling Crypto HPKE-KeySchedule.swift
[1403/1475] Compiling Crypto HPKE-Modes.swift
[1404/1475] Compiling Crypto Insecure.swift
[1405/1483] Wrapping AST for Crypto for debugging
[1407/1538] Compiling CryptoExtras PKCS8DERRepresentation.swift
[1408/1538] Compiling CryptoExtras PKCS8PrivateKey.swift
[1409/1538] Compiling CryptoExtras RFC8410AlgorithmIdentifier.swift
[1410/1538] Compiling CryptoExtras ECToolbox_boring.swift
[1411/1538] Compiling CryptoExtras ECToolbox.swift
[1412/1538] Compiling CryptoExtras HashToField.swift
[1413/1538] Compiling CryptoExtras KDF.swift
[1414/1538] Compiling CryptoExtras PBKDF2_boring.swift
[1415/1538] Compiling CryptoExtras PBKDF2_commoncrypto.swift
[1416/1538] Compiling CryptoExtras ARCServer.swift
[1417/1538] Compiling CryptoExtras ChaCha20CTR_boring.swift
[1418/1538] Compiling CryptoExtras ChaCha20CTR.swift
[1419/1538] Compiling CryptoExtras BoringSSLSHA512256Context.swift
[1420/1538] Compiling CryptoExtras BoringSSLSHA512256HashFunction.swift
[1421/1538] Compiling CryptoExtras SHA512256.swift
[1422/1538] Compiling CryptoExtras SHA512256Digest.swift
[1423/1538] Compiling CryptoExtras Curve25519+PEM.swift
[1424/1538] Compiling CryptoExtras ObjectIdentifier.swift
[1425/1546] Compiling CryptoExtras Data+Extensions.swift
[1426/1546] Compiling CryptoExtras DigestType.swift
[1427/1546] Compiling CryptoExtras Error.swift
[1428/1546] Compiling CryptoExtras I2OSP.swift
[1429/1546] Compiling CryptoExtras IntegerEncoding.swift
[1430/1546] Compiling CryptoExtras PEMDocument.swift
[1431/1546] Compiling CryptoExtras PrettyBytes.swift
[1432/1546] Compiling CryptoExtras SubjectPublicKeyInfo.swift
[1433/1546] Compiling CryptoExtras AES_CBC.swift
[1434/1546] Compiling CryptoExtras AES_CFB.swift
[1435/1546] Compiling CryptoExtras AES_CTR.swift
[1436/1546] Compiling CryptoExtras AES_GCM_SIV.swift
[1437/1546] Compiling CryptoExtras Block Function.swift
[1438/1546] Compiling CryptoExtras AES_CBC_boring.swift
[1439/1546] Compiling CryptoExtras AES_CFB_boring.swift
[1440/1546] Compiling CryptoExtras AES_CTR_boring.swift
[1441/1546] Compiling CryptoExtras AES_GCM_SIV_boring.swift
[1442/1546] Compiling CryptoExtras ThreadOps.swift
[1443/1546] Compiling CryptoExtras ThreadPosix.swift
[1444/1546] Compiling CryptoExtras ThreadSpecific.swift
[1445/1546] Compiling CryptoExtras ThreadWindows.swift
[1446/1546] Compiling CryptoExtras DLEQ.swift
[1447/1546] Compiling CryptoExtras Prover.swift
[1448/1546] Compiling CryptoExtras Verifier.swift
[1449/1546] Compiling CryptoExtras ZKPToolbox.swift
[1450/1546] Compiling CryptoExtras BoringSSLPassphraseCallbackManager.swift
[1451/1546] Compiling CryptoExtras RSA+BlindSigning.swift
[1452/1546] Compiling CryptoExtras RSA.swift
[1453/1546] Compiling CryptoExtras RSA_boring.swift
[1454/1546] Compiling CryptoExtras Reexport.swift
[1455/1546] Compiling CryptoExtras Zeroization_boring.swift
[1456/1546] Compiling CryptoExtras BoringSSLHelpers.swift
[1457/1546] Compiling CryptoExtras CryptoKitErrors_boring.swift
[1458/1546] Compiling CryptoExtras PBKDF2.swift
[1459/1546] Compiling CryptoExtras Scrypt_boring.swift
[1460/1546] Compiling CryptoExtras Scrypt.swift
[1461/1546] Compiling CryptoExtras OPRF.swift
[1462/1546] Compiling CryptoExtras OPRFClient.swift
[1463/1546] Compiling CryptoExtras OPRFServer.swift
[1464/1546] Compiling CryptoExtras VOPRF+API.swift
[1465/1546] Compiling CryptoExtras VOPRFClient.swift
[1466/1546] Compiling CryptoExtras VOPRFServer.swift
[1467/1546] Emitting module CryptoExtras
[1468/1546] Compiling CryptoExtras CMAC.swift
[1469/1546] Compiling CryptoExtras ARC+API.swift
[1470/1546] Compiling CryptoExtras ARC.swift
[1471/1546] Compiling CryptoExtras ARCCredential.swift
[1472/1546] Compiling CryptoExtras ARCEncoding.swift
[1473/1546] Compiling CryptoExtras ARCPrecredential.swift
[1474/1546] Compiling CryptoExtras ARCPresentation.swift
[1475/1546] Compiling CryptoExtras ARCRequest.swift
[1476/1546] Compiling CryptoExtras ARCResponse.swift
[1495/1549] Wrapping AST for CryptoExtras for debugging
[1497/1549] Compiling _CryptoExtras Exports.swift
[1498/1549] Emitting module _CryptoExtras
[1499/1550] Wrapping AST for _CryptoExtras for debugging
[1501/1645] Emitting module NIOCore
[1502/1653] Wrapping AST for NIOCore for debugging
[1504/1703] Compiling NIOFoundationEssentialsCompat Codable+ByteBuffer.swift
[1505/1703] Emitting module NIOFoundationEssentialsCompat
[1506/1703] Emitting module NIOEmbedded
[1507/1703] Compiling X509 OneOfPolicies.swift
[1508/1703] Compiling X509 PolicyBuilder.swift
[1509/1703] Compiling X509 BasicConstraintsPolicy.swift
[1510/1703] Compiling X509 DNSNames.swift
[1511/1703] Compiling X509 ExpiryPolicy.swift
[1512/1703] Compiling X509 IPConstraints.swift
[1513/1703] Compiling X509 NameConstraintsPolicy.swift
[1514/1703] Compiling X509 RFC5280Policy.swift
[1515/1703] Compiling X509 URIConstraints.swift
[1516/1703] Compiling X509 VersionPolicy.swift
[1517/1703] Compiling X509 ServerIdentityPolicy.swift
[1518/1703] Compiling X509 TrustRootLoading.swift
[1519/1703] Compiling X509 UnverifiedChain.swift
[1520/1716] Compiling NIOPosix BSDSocketAPICommon.swift
[1521/1716] Compiling NIOPosix BSDSocketAPIPosix.swift
[1522/1716] Compiling NIOPosix BSDSocketAPIWindows.swift
[1523/1716] Compiling NIOPosix BaseSocket.swift
[1524/1716] Compiling NIOPosix BaseSocketChannel+AccessibleTransport.swift
[1525/1716] Compiling NIOPosix BaseSocketChannel+SocketOptionProvider.swift
[1526/1716] Compiling NIOPosix BaseSocketChannel.swift
[1527/1716] Compiling NIOPosix BaseStreamSocketChannel.swift
[1528/1716] Compiling NIOPosix Bootstrap.swift
[1529/1716] Compiling NIOPosix ControlMessage.swift
[1530/1716] Compiling NIOPosix DatagramVectorReadManager.swift
[1531/1716] Compiling NIOPosix Errors+Any.swift
[1532/1716] Compiling NIOPosix FileDescriptor.swift
[1533/1716] Compiling NIOPosix GetaddrinfoResolver.swift
[1534/1716] Compiling NIOPosix PipeChannel.swift
[1535/1716] Compiling NIOPosix PipePair.swift
[1536/1716] Compiling NIOPosix Pool.swift
[1537/1716] Compiling NIOPosix PosixSingletons+ConcurrencyTakeOver.swift
[1538/1716] Compiling NIOPosix PosixSingletons.swift
[1539/1716] Compiling NIOPosix RawSocketBootstrap.swift
[1540/1716] Compiling NIOPosix Resolver.swift
[1541/1716] Compiling NIOPosix Selectable.swift
[1542/1716] Compiling NIOPosix SelectableChannel.swift
[1543/1716] Compiling NIOPosix SelectableEventLoop.swift
[1544/1716] Compiling NIOPosix SelectorEpoll.swift
[1545/1716] Compiling NIOPosix SelectorGeneric.swift
[1546/1716] Compiling NIOPosix SelectorKqueue.swift
[1547/1716] Compiling NIOPosix SelectorUring.swift
[1548/1716] Compiling NIOPosix HappyEyeballs.swift
[1549/1716] Compiling NIOPosix IO.swift
[1550/1716] Compiling NIOPosix IntegerBitPacking.swift
[1551/1716] Compiling NIOPosix IntegerTypes.swift
[1552/1716] Compiling NIOPosix Linux.swift
[1553/1716] Compiling NIOPosix LinuxCPUSet.swift
[1554/1716] Compiling NIOPosix LinuxUring.swift
[1555/1716] Compiling NIOPosix MultiThreadedEventLoopGroup.swift
[1556/1716] Compiling NIOPosix NIOPosixSendableMetatype.swift
[1557/1716] Compiling NIOPosix NIORandomizedDNSResolver.swift
[1558/1716] Compiling NIOPosix NIOThreadPool.swift
[1559/1716] Compiling NIOPosix NonBlockingFileIO.swift
[1560/1716] Compiling NIOPosix PendingDatagramWritesManager.swift
[1561/1716] Compiling NIOPosix PendingWritesManager.swift
[1562/1716] Compiling NIOEmbedded AsyncTestingChannel.swift
[1563/1716] Compiling NIOEmbedded AsyncTestingEventLoop.swift
[1564/1716] Compiling NIOFoundationEssentialsCompat ByteBuffer-foundation.swift
[1565/1717] Wrapping AST for NIOFoundationEssentialsCompat for debugging
[1567/1717] Compiling X509 PKCS8PrivateKey.swift
[1568/1717] Compiling X509 PromiseAndFuture.swift
[1569/1717] Compiling X509 RDNAttribute.swift
[1570/1717] Compiling X509 RandomNumberGenerator+bytes.swift
[1571/1717] Compiling X509 RelativeDistinguishedName.swift
[1572/1717] Compiling X509 SEC1PrivateKey.swift
[1573/1717] Compiling X509 SecKeyWrapper.swift
[1574/1717] Compiling X509 Signature.swift
[1575/1717] Compiling X509 SignatureAlgorithm.swift
[1576/1717] Compiling X509 AllOfPolicies.swift
[1577/1717] Compiling X509 AnyPolicy.swift
[1578/1717] Compiling X509 CertificateStore.swift
[1579/1717] Compiling X509 CustomCertificateStore.swift
[1580/1717] Compiling X509 OCSPExtensionID.swift
[1581/1717] Compiling X509 OCSPNonce.swift
[1582/1717] Compiling X509 OCSPPolicy.swift
[1583/1717] Compiling X509 OCSPRequest.swift
[1584/1717] Compiling X509 OCSPResponse.swift
[1585/1717] Compiling X509 OCSPResponseBytes.swift
[1586/1717] Compiling X509 OCSPResponseData.swift
[1587/1717] Compiling X509 OCSPResponseStatus.swift
[1588/1717] Compiling X509 OCSPSignature.swift
[1589/1717] Compiling X509 OCSPSingleRequest.swift
[1590/1717] Compiling X509 OCSPSingleResponse.swift
[1591/1717] Compiling X509 OCSPTBSRequest.swift
[1592/1717] Compiling X509 OCSPVersion.swift
[1593/1717] Compiling NIOPosix SelectorWSAPoll.swift
[1594/1717] Compiling NIOPosix ServerSocket.swift
[1595/1717] Compiling NIOPosix Socket.swift
[1596/1717] Compiling NIOPosix SocketChannel.swift
[1597/1717] Compiling NIOPosix SocketProtocols.swift
[1598/1717] Compiling NIOPosix StructuredConcurrencyHelpers.swift
[1599/1717] Compiling NIOPosix System.swift
[1600/1717] Compiling X509 Lock.swift
[1601/1717] Compiling X509 LockedValueBox.swift
[1602/1717] Compiling X509 BasicOCSPResponse.swift
[1603/1717] Compiling X509 DirectoryString.swift
[1604/1717] Compiling X509 OCSPCertID.swift
[1605/1717] Compiling X509 OCSPCertStatus.swift
[1606/1717] Compiling NIOEmbedded Embedded.swift
[1607/1718] Wrapping AST for NIOEmbedded for debugging
[1609/1718] Emitting module X509
[1631/1725] Compiling NIOPosix Thread.swift
[1632/1725] Compiling NIOPosix ThreadPosix.swift
[1633/1725] Compiling NIOPosix ThreadWindows.swift
[1634/1725] Compiling NIOPosix Utilities.swift
[1635/1725] Compiling NIOPosix VsockAddress.swift
[1636/1725] Compiling NIOPosix VsockChannelEvents.swift
[1637/1725] Compiling NIOPosix Windows.swift
[1638/1725] Emitting module NIOPosix
[1668/1726] Compiling X509 ValidatedCertificateChain.swift
[1669/1726] Compiling X509 VerificationDiagnostic.swift
[1670/1726] Compiling X509 Verifier.swift
[1671/1726] Compiling X509 VerifierPolicy.swift
[1672/1726] Compiling X509 AlgorithmIdentifier.swift
[1673/1726] Compiling X509 ECDSASignature.swift
[1674/1726] Compiling X509 RSAPKCS1PublicKey.swift
[1675/1726] Compiling X509 SubjectPublicKeyInfo.swift
[1676/1726] Compiling X509 TBSCertificate.swift
[1677/1726] Compiling X509 Time.swift
[1678/1726] Compiling X509 TimeCalculations.swift
[1679/1726] Compiling X509 Validity.swift
[1680/1726] Compiling X509 X509SendableMetatype.swift
[1680/1727] Wrapping AST for NIOPosix for debugging
[1683/1729] Emitting module NIO
[1684/1729] Compiling NIO Exports.swift
[1684/1729] Wrapping AST for X509 for debugging
[1686/1801] Wrapping AST for NIO for debugging
[1688/1836] Compiling NIOFoundationCompat WaitSpinningRunLoop.swift
[1689/1836] Emitting module NIOTLS
[1690/1836] Compiling NIOFoundationCompat Exports.swift
[1691/1836] Compiling NIOFoundationCompat JSONSerialization+ByteBuffer.swift
[1692/1836] Compiling NIOTLS TLSEvents.swift
[1693/1836] Emitting module NIOFoundationCompat
[1694/1837] Compiling NIOSOCKS SOCKSResponse.swift
[1696/1838] Compiling NIOTLS ApplicationProtocolNegotiationHandler.swift
[1697/1838] Compiling NIOSOCKS SelectedAuthenticationMethod.swift
[1698/1838] Compiling NIOSOCKS ClientStateMachine.swift
[1699/1838] Emitting module NIOSOCKS
[1699/1838] Wrapping AST for NIOFoundationCompat for debugging
[1701/1838] Compiling NIOSOCKS ServerStateMachine.swift
[1702/1838] Compiling JWTKit LocaleClaim.swift
[1703/1838] Compiling JWTKit NotBeforeClaim.swift
[1704/1838] Compiling JWTKit SubjectClaim.swift
[1705/1838] Compiling JWTKit TenantIDClaim.swift
[1706/1838] Compiling JWTKit ECDSA.swift
[1707/1838] Compiling JWTKit ECDSACurve.swift
[1708/1838] Compiling JWTKit ECDSACurveType.swift
[1709/1838] Compiling JWTKit ECDSAError.swift
[1710/1838] Compiling JWTKit ECDSAKeyTypes.swift
[1711/1838] Compiling JWTKit ECDSASigner.swift
[1712/1846] Compiling NIOTLS ProtocolNegotiationHandlerStateMachine.swift
[1713/1846] Compiling NIOTLS SNIHandler.swift
[1714/1846] Compiling NIOTLS NIOTypedApplicationProtocolNegotiationHandler.swift
[1715/1848] Compiling NIOHTTP1 HTTPServerRequestMethodQueue.swift
[1716/1848] Compiling NIOHTTP1 HTTPServerUpgradeHandler.swift
[1718/1850] Compiling NIOSOCKS Errors.swift
[1719/1850] Compiling NIOSOCKS Helpers.swift
[1720/1850] Compiling NIOSOCKS AuthenticationMethod.swift
[1721/1850] Compiling NIOSOCKS ClientGreeting.swift
[1722/1850] Compiling NIOSOCKS Messages.swift
[1723/1850] Compiling NIOSOCKS SOCKSRequest.swift
[1724/1850] Compiling NIOSOCKS SOCKSClientHandler.swift
[1725/1850] Compiling NIOSOCKS SOCKSServerHandshakeHandler.swift
[1727/1881] Emitting module JWTKit
[1727/1881] Wrapping AST for NIOSOCKS for debugging
[1729/1881] Compiling NIOSSL SSLCallbacks.swift
[1730/1881] Compiling NIOSSL SSLCertificate.swift
[1730/1881] Wrapping AST for NIOTLS for debugging
[1732/1881] Compiling NIOSSL ObjectIdentifier.swift
[1733/1881] Compiling NIOSSL PosixPort.swift
[1734/1881] Compiling NIOSSL AndroidCABundle.swift
[1735/1881] Compiling NIOSSL ByteBufferBIO.swift
[1736/1881] Compiling NIOSSL CustomPrivateKey.swift
[1737/1881] Compiling NIOSSL FreeBSDCABundle.swift
[1738/1881] Compiling NIOSSL IdentityVerification.swift
[1739/1881] Compiling NIOSSL LinuxCABundle.swift
[1740/1881] Compiling NIOSSL NIOSSLClientHandler.swift
[1741/1881] Compiling NIOSSL NIOSSLHandler+Configuration.swift
[1742/1881] Compiling NIOSSL NIOSSLHandler.swift
[1743/1881] Compiling NIOSSL NIOSSLServerHandler.swift
[1749/1881] Compiling NIOSSL SSLInit.swift
[1750/1881] Compiling NIOSSL SSLPKCS12Bundle.swift
[1751/1881] Compiling NIOSSL SSLPrivateKey.swift
[1752/1881] Compiling NIOSSL SSLPublicKey.swift
[1753/1881] Compiling NIOSSL SecurityFrameworkCertificateVerification.swift
[1754/1881] Compiling NIOSSL String+unsafeUninitializedCapacity.swift
[1755/1881] Compiling NIOSSL SubjectAlternativeName.swift
[1756/1881] Compiling NIOSSL NIOSSLSecureBytes.swift
[1757/1881] Compiling NIOSSL RNG.swift
[1758/1881] Compiling NIOSSL SafeCompare.swift
[1759/1881] Compiling JWTKit JWTSerializer.swift
[1760/1881] Compiling JWTKit JWTSigner.swift
[1761/1881] Compiling JWTKit JWTKeyCollection+MLDSA.swift
[1762/1881] Compiling JWTKit MLDSA.swift
[1763/1881] Compiling JWTKit MLDSA65+MLDSAKey.swift
[1764/1881] Compiling JWTKit MLDSA87+MLDSAKey.swift
[1765/1881] Compiling JWTKit MLDSAError.swift
[1766/1881] Compiling JWTKit MLDSAKey.swift
[1767/1881] Compiling JWTKit MLDSASigner.swift
[1772/1881] Compiling NIOSSL SSLCertificateExtensions.swift
[1773/1881] Compiling NIOSSL SSLCertificateName.swift
[1774/1881] Compiling NIOSSL SSLConnection.swift
[1775/1881] Compiling NIOSSL SSLContext.swift
[1776/1881] Compiling NIOSSL SSLErrors.swift
[1777/1881] Compiling JWTKit JWTAlgorithm.swift
[1778/1881] Compiling JWTKit JWTError.swift
[1779/1881] Compiling JWTKit JWTHeader+CommonFields.swift
[1780/1881] Compiling JWTKit JWTHeader.swift
[1781/1881] Compiling JWTKit JWTHeaderField.swift
[1782/1881] Compiling JWTKit JWTKeyCollection.swift
[1783/1881] Compiling JWTKit JWTParser+MandatoryVerificationFields.swift
[1784/1881] Compiling JWTKit JWTParser.swift
[1785/1881] Compiling JWTKit JWTPayload.swift
[1786/1881] Compiling JWTKit MLDSAType.swift
[1787/1881] Compiling JWTKit JWTKeyCollection+UnsecuredNone.swift
[1788/1881] Compiling JWTKit UnsecuredNoneSigner.swift
[1789/1881] Compiling JWTKit JWTKeyCollection+RSA.swift
[1790/1881] Compiling JWTKit RSA.swift
[1791/1881] Compiling JWTKit RSAError.swift
[1792/1881] Compiling JWTKit RSASigner.swift
[1793/1881] Compiling JWTKit Base64URL.swift
[1794/1881] Compiling JWTKit CryptoSigner.swift
[1802/1881] Emitting module NIOHTTP1
[1803/1882] Wrapping AST for NIOHTTP1 for debugging
[1805/1899] Compiling JWTKit CustomizedJSONCoders.swift
[1806/1899] Compiling JWTKit Utilities.swift
[1807/1899] Compiling JWTKit AppleIdentityToken.swift
[1808/1899] Compiling JWTKit FirebaseAuthIdentityToken.swift
[1809/1899] Compiling JWTKit GoogleIdentityToken.swift
[1810/1899] Compiling JWTKit MicrosoftIdentityToken.swift
[1811/1899] Compiling JWTKit EmptyPolicy.swift
[1812/1899] Compiling JWTKit ValidationTimePayload.swift
[1813/1899] Compiling JWTKit X5CVerifier.swift
[1814/1900] Wrapping AST for JWTKit for debugging
[1816/1900] Compiling NIOHPACK IntegerCoding.swift
[1817/1900] Compiling NIOHPACK IndexedHeaderTable.swift
[1826/1905] Compiling NIOHPACK DynamicHeaderTable.swift
[1827/1905] Compiling NIOHPACK HPACKDecoder.swift
[1828/1905] Compiling NIOHPACK HeaderTables.swift
[1834/1905] Compiling NIOHPACK HPACKEncoder.swift
[1835/1905] Compiling NIOHPACK HPACKErrors.swift
[1836/1905] Compiling NIOHPACK HPACKHeader.swift
[1837/1905] Emitting module NIOSSL
[1842/1905] Compiling NIOHTTPCompression HTTPDecompressor.swift
[1843/1905] Compiling NIOHTTPCompression HTTPDecompression.swift
[1844/1905] Compiling NIOHPACK StaticHeaderTable.swift
[1845/1905] Emitting module NIOHTTPCompression
[1846/1905] Emitting module NIOHPACK
[1847/1905] Compiling NIOHPACK HuffmanTables.swift
[1848/1905] Compiling NIOHPACK HuffmanCoding.swift
[1849/1905] Compiling NIOHTTPCompression HTTPRequestCompressor.swift
[1850/1905] Compiling NIOHTTPCompression HTTPResponseCompressor.swift
[1851/1905] Compiling NIOHTTPCompression HTTPCompression.swift
[1852/1906] Wrapping AST for NIOHTTPCompression for debugging
[1866/1907] Wrapping AST for NIOHPACK for debugging
[1868/1970] Compiling NIOHTTP2 HTTP2Settings.swift
[1869/1970] Compiling NIOHTTP2 HTTP2Stream.swift
[1870/1970] Compiling NIOHTTP2 HTTP2StreamChannel+OutboundStreamMultiplexer.swift
[1871/1970] Compiling NIOHTTP2 HTTP2StreamChannel.swift
[1872/1971] Wrapping AST for NIOSSL for debugging
[1874/1971] Compiling NIOHTTP2 MaySendFrames.swift
[1875/1971] Compiling NIOHTTP2 SendingDataState.swift
[1876/1971] Compiling NIOHTTP2 SendingGoawayState.swift
[1877/1971] Compiling NIOHTTP2 SendingHeadersState.swift
[1878/1971] Compiling NIOHTTP2 SendingPushPromiseState.swift
[1879/1971] Compiling NIOHTTP2 SendingRstStreamState.swift
[1880/1971] Compiling NIOHTTP2 SendingWindowUpdateState.swift
[1881/1971] Compiling NIOHTTP2 HTTP2SettingsState.swift
[1882/1971] Compiling NIOHTTP2 HasExtendedConnectSettings.swift
[1883/1979] Emitting module NIOHTTP2
[1884/1979] Compiling NIOHTTP2 HTTP2StreamMultiplexer.swift
[1885/1979] Compiling NIOHTTP2 HTTP2ToHTTP1Codec.swift
[1886/1979] Compiling NIOHTTP2 HTTP2UserEvents.swift
[1887/1979] Compiling NIOHTTP2 InboundEventBuffer.swift
[1888/1979] Compiling NIOHTTP2 InboundWindowManager.swift
[1889/1979] Compiling NIOHTTP2 MultiplexerAbstractChannel.swift
[1890/1979] Compiling NIOHTTP2 NIOHTTP2FrameDelegate.swift
[1891/1979] Compiling NIOHTTP2 NIOHTTP2ServerConnectionManagementHandler+StateMachine.swift
[1892/1979] Compiling NIOHTTP2 NIOHTTP2ServerConnectionManagementHandler.swift
[1893/1979] Compiling NIOHTTP2 StreamChannelFlowController.swift
[1894/1979] Compiling NIOHTTP2 StreamChannelList.swift
[1895/1979] Compiling NIOHTTP2 StreamMap.swift
[1896/1979] Compiling NIOHTTP2 StreamStateMachine.swift
[1897/1979] Compiling NIOHTTP2 Timer.swift
[1898/1979] Compiling NIOHTTP2 UnsafeTransfer.swift
[1899/1979] Compiling NIOHTTP2 WatermarkedFlowController.swift
[1900/1979] Compiling NIOHTTP2 ConnectionStateMachine.swift
[1901/1979] Compiling NIOHTTP2 ConnectionStreamsState.swift
[1902/1979] Compiling NIOHTTP2 MayReceiveFrames.swift
[1903/1979] Compiling NIOHTTP2 ReceivingDataState.swift
[1904/1979] Compiling NIOHTTP2 ReceivingGoAwayState.swift
[1905/1979] Compiling NIOHTTP2 ReceivingHeadersState.swift
[1906/1979] Compiling NIOHTTP2 ReceivingPushPromiseState.swift
[1907/1979] Compiling NIOHTTP2 ReceivingRstStreamState.swift
[1908/1979] Compiling NIOHTTP2 ReceivingWindowUpdateState.swift
[1909/1979] Compiling NIOHTTP2 HTTP2FrameParser.swift
[1910/1979] Compiling NIOHTTP2 HTTP2PingData.swift
[1911/1979] Compiling NIOHTTP2 HTTP2PipelineHelpers.swift
[1916/1979] Compiling NIOHTTP2 HTTP2StreamDelegate.swift
[1917/1979] Compiling NIOHTTP2 HTTP2StreamID.swift
[1918/1979] Compiling NIOHTTP2 DOSHeuristics.swift
[1919/1979] Compiling NIOHTTP2 Error+Any.swift
[1920/1979] Compiling NIOHTTP2 ConcurrentStreamBuffer.swift
[1921/1979] Compiling NIOHTTP2 ControlFrameBuffer.swift
[1922/1979] Compiling NIOHTTP2 OutboundFlowControlBuffer.swift
[1923/1979] Compiling NIOHTTP2 OutboundFrameBuffer.swift
[1924/1979] Compiling NIOHTTP2 GlitchesMonitor.swift
[1925/1979] Compiling NIOHTTP2 HPACKHeaders+Validation.swift
[1926/1979] Compiling NIOHTTP2 HTTP2ChannelHandler+InboundStreamMultiplexer.swift
[1927/1979] Compiling NIOHTTP2 HasFlowControlWindows.swift
[1928/1979] Compiling NIOHTTP2 HasLocalSettings.swift
[1929/1979] Compiling NIOHTTP2 HasRemoteSettings.swift
[1930/1979] Compiling NIOHTTP2 LocallyQuiescingState.swift
[1931/1979] Compiling NIOHTTP2 QuiescingState.swift
[1932/1979] Compiling NIOHTTP2 RemotelyQuiescingState.swift
[1933/1979] Compiling NIOHTTP2 SendAndReceiveGoawayState.swift
[1934/1979] Compiling NIOHTTP2 StateMachineResult.swift
[1935/1979] Compiling NIOHTTP2 ContentLengthVerifier.swift
[1936/1979] Compiling NIOHTTP2 HTTP2ChannelHandler+InlineStreamMultiplexer.swift
[1937/1979] Compiling NIOHTTP2 HTTP2ChannelHandler.swift
[1938/1979] Compiling NIOHTTP2 HTTP2CommonInboundStreamMultiplexer.swift
[1939/1979] Compiling NIOHTTP2 HTTP2ConnectionStateChange.swift
[1940/1979] Compiling NIOHTTP2 HTTP2Error.swift
[1941/1979] Compiling NIOHTTP2 HTTP2ErrorCode.swift
[1942/1979] Compiling NIOHTTP2 HTTP2FlowControlWindow.swift
[1943/1979] Compiling NIOHTTP2 HTTP2Frame.swift
[1944/1979] Compiling NIOHTTP2 HTTP2FrameEncoder.swift
[1945/1980] Wrapping AST for NIOHTTP2 for debugging
[1947/2044] Emitting module AsyncHTTPClient
[1948/2052] Compiling AsyncHTTPClient AnyAsyncSequence.swift
[1949/2052] Compiling AsyncHTTPClient AnyAsyncSequenceProucerDelete.swift
[1950/2052] Compiling AsyncHTTPClient AsyncLazySequence.swift
[1951/2052] Compiling AsyncHTTPClient HTTPClient+execute.swift
[1952/2052] Compiling AsyncHTTPClient HTTPClient+shutdown.swift
[1953/2052] Compiling AsyncHTTPClient HTTPClient+tracing.swift
[1954/2052] Compiling AsyncHTTPClient HTTPClientRequest+Prepared.swift
[1955/2052] Compiling AsyncHTTPClient HTTPClientRequest+auth.swift
[1956/2052] Compiling AsyncHTTPClient HTTPClientRequest.swift
[1957/2052] Compiling AsyncHTTPClient LRUCache.swift
[1958/2052] Compiling AsyncHTTPClient NIOLoopBound+Execute.swift
[1959/2052] Compiling AsyncHTTPClient NWErrorHandler.swift
[1960/2052] Compiling AsyncHTTPClient NWWaitingHandler.swift
[1961/2052] Compiling AsyncHTTPClient TLSConfiguration.swift
[1962/2052] Compiling AsyncHTTPClient RedirectState.swift
[1963/2052] Compiling AsyncHTTPClient RequestBag+StateMachine.swift
[1964/2052] Compiling AsyncHTTPClient RequestBag+Tracing.swift
[1965/2052] Compiling AsyncHTTPClient RequestBag.swift
[1966/2052] Compiling AsyncHTTPClient RequestValidation.swift
[1967/2052] Compiling AsyncHTTPClient SSLContextCache.swift
[1968/2052] Compiling AsyncHTTPClient Scheme.swift
[1969/2052] Compiling AsyncHTTPClient Singleton.swift
[1970/2052] Compiling AsyncHTTPClient StringConvertibleInstances.swift
[1971/2052] Compiling AsyncHTTPClient StructuredConcurrencyHelpers.swift
[1972/2052] Compiling AsyncHTTPClient TracingSupport.swift
[1973/2052] Compiling AsyncHTTPClient Utils.swift
[1974/2052] Compiling AsyncHTTPClient HTTPConnectionEvent.swift
[1975/2052] Compiling AsyncHTTPClient HTTPConnectionPool+Factory.swift
[1976/2052] Compiling AsyncHTTPClient HTTPConnectionPool+Manager.swift
[1977/2052] Compiling AsyncHTTPClient HTTPConnectionPool.swift
[1978/2052] Compiling AsyncHTTPClient HTTPExecutableRequest.swift
[1979/2052] Compiling AsyncHTTPClient HTTPRequestStateMachine+Demand.swift
[1980/2052] Compiling AsyncHTTPClient HTTPRequestStateMachine.swift
[1981/2052] Compiling AsyncHTTPClient RequestBodyLength.swift
[1982/2052] Compiling AsyncHTTPClient RequestFramingMetadata.swift
[1983/2052] Compiling AsyncHTTPClient HTTPClientResponse.swift
[1984/2052] Compiling AsyncHTTPClient SingleIteratorPrecondition.swift
[1985/2052] Compiling AsyncHTTPClient Transaction+StateMachine.swift
[1986/2052] Compiling AsyncHTTPClient Transaction.swift
[1987/2052] Compiling AsyncHTTPClient Base64.swift
[1988/2052] Compiling AsyncHTTPClient BasicAuth.swift
[1989/2052] Compiling AsyncHTTPClient BestEffortHashableTLSConfiguration.swift
[1990/2052] Compiling AsyncHTTPClient Configuration+BrowserLike.swift
[1991/2052] Compiling AsyncHTTPClient ConnectionPool.swift
[1992/2052] Compiling AsyncHTTPClient DeconstructedURL.swift
[1993/2052] Compiling AsyncHTTPClient FileDownloadDelegate.swift
[1994/2052] Compiling AsyncHTTPClient FoundationExtensions.swift
[1995/2052] Compiling AsyncHTTPClient HTTPClient+HTTPCookie.swift
[1996/2052] Compiling AsyncHTTPClient HTTPClient+Proxy.swift
[1997/2052] Compiling AsyncHTTPClient HTTPClient+StructuredConcurrency.swift
[1998/2052] Compiling AsyncHTTPClient HTTPClient.swift
[1999/2052] Compiling AsyncHTTPClient HTTPClientConfiguration+SwiftConfiguration.swift
[2000/2052] Compiling AsyncHTTPClient HTTPHandler.swift
[2001/2052] Compiling AsyncHTTPClient HTTP1ProxyConnectHandler.swift
[2002/2052] Compiling AsyncHTTPClient SOCKSEventsHandler.swift
[2003/2052] Compiling AsyncHTTPClient TLSEventsHandler.swift
[2004/2052] Compiling AsyncHTTPClient HTTP1ClientChannelHandler.swift
[2005/2052] Compiling AsyncHTTPClient HTTP1Connection.swift
[2006/2052] Compiling AsyncHTTPClient HTTP1ConnectionStateMachine.swift
[2007/2052] Compiling AsyncHTTPClient HTTP2ClientRequestHandler.swift
[2008/2052] Compiling AsyncHTTPClient HTTP2Connection.swift
[2009/2052] Compiling AsyncHTTPClient HTTP2IdleHandler.swift
[2010/2052] Compiling AsyncHTTPClient RequestOptions.swift
[2011/2052] Compiling AsyncHTTPClient HTTPConnectionPool+Backoff.swift
[2012/2052] Compiling AsyncHTTPClient HTTPConnectionPool+HTTP1Connections.swift
[2013/2052] Compiling AsyncHTTPClient HTTPConnectionPool+HTTP1StateMachine.swift
[2014/2052] Compiling AsyncHTTPClient HTTPConnectionPool+HTTP2Connections.swift
[2015/2052] Compiling AsyncHTTPClient HTTPConnectionPool+HTTP2StateMachine.swift
[2016/2052] Compiling AsyncHTTPClient HTTPConnectionPool+RequestQueue.swift
[2017/2052] Compiling AsyncHTTPClient HTTPConnectionPool+StateMachine.swift
[2018/2052] Compiling AsyncHTTPClient ConnectionTarget.swift
[2019/2053] Wrapping AST for AsyncHTTPClient for debugging
[2021/2076] Compiling GoogleAuth SubjectTokenProvider.swift
[2022/2076] Compiling GoogleAuth MDSAccessTokenProvider.swift
[2023/2076] Compiling GoogleAuth MDSCredentials.swift
[2024/2079] Compiling GoogleAuth ADC.swift
[2025/2079] Compiling GoogleAuth ADCPath.swift
[2026/2079] Compiling GoogleAuth ADCResolver.swift
[2027/2079] Compiling GoogleAuth AuthHeaders.swift
[2028/2079] Emitting module GoogleAuth
[2029/2079] Compiling GoogleAuth UserAccountData.swift
[2030/2079] Compiling GoogleAuth UserAccountTokenProvider.swift
[2031/2079] Compiling GoogleAuth UserCredentials.swift
[2032/2079] Compiling GoogleAuth AnonymousCredentials.swift
[2033/2079] Compiling GoogleAuth ApiKeyCredentials.swift
[2034/2079] Compiling GoogleAuth ExternalAccountCredentials.swift
[2035/2079] Compiling GoogleAuth CredentialParserRegistry.swift
[2036/2079] Compiling GoogleAuth Credentials.swift
[2037/2079] Compiling GoogleAuth CredentialsError.swift
[2038/2079] Compiling GoogleAuth AuthHTTPClient.swift
[2039/2079] Compiling GoogleAuth AuthHTTPError.swift
[2040/2079] Compiling GoogleAuth RetryEngine.swift
[2041/2079] Compiling GoogleAuth ServiceAccountCredentials.swift
[2042/2079] Compiling GoogleAuth ServiceAccountData.swift
[2043/2079] Compiling GoogleAuth ServiceAccountTokenProvider.swift
[2044/2079] Compiling GoogleAuth STSHandler.swift
[2045/2079] Compiling GoogleAuth TokenCache.swift
[2046/2079] Compiling GoogleAuth PackageVersion.swift
[2047/2080] Wrapping AST for GoogleAuth for debugging
[2049/2138] Compiling GoogleGax AIP194+PollingErrorPolicy.swift
[2050/2138] Compiling GoogleGax AIP194+RetryPolicy.swift
[2051/2138] Compiling GoogleGax AIP194.swift
[2052/2138] Compiling GoogleGax AdaptiveThrottler.swift
[2053/2138] Compiling GoogleGax AlwaysPoll.swift
[2054/2138] Compiling GoogleGax AlwaysRetry.swift
[2055/2138] Compiling GoogleGax ApiClientHeader.swift
[2056/2138] Compiling GoogleGax BackoffPolicy.swift
[2057/2138] Compiling GoogleGax BasePollingErrorPolicy.swift
[2058/2146] Compiling GoogleGax ContinueOnIO.swift
[2059/2146] Compiling GoogleGax CredentialsProtocol.swift
[2060/2146] Compiling GoogleGax ErrorWrapper.swift
[2061/2146] Compiling GoogleGax ExponentialBackoff+BackoffPolicy.swift
[2062/2146] Compiling GoogleGax ExponentialBackoff+PollingBackoffPolicy.swift
[2063/2146] Compiling GoogleGax ExponentialBackoff.swift
[2064/2146] Compiling GoogleGax HTTPClient.swift
[2065/2146] Compiling GoogleGax HTTPClientHolder.swift
[2066/2146] Emitting module GoogleGax
[2067/2146] Compiling GoogleGax BaseRetryPolicy.swift
[2068/2146] Compiling GoogleGax BindingError.swift
[2069/2146] Compiling GoogleGax CRC32C.swift
[2070/2146] Compiling GoogleGax CircuitBreaker.swift
[2071/2146] Compiling GoogleGax ClientError.swift
[2072/2146] Compiling GoogleGax ClientOptions.swift
[2073/2146] Compiling GoogleGax ContinueOnIO+PollingErrorPolicy.swift
[2074/2146] Compiling GoogleGax ContinueOnIO+RetryPolicy.swift
[2075/2146] Compiling GoogleGax LimitedAttemptCount+PollingErrorPolicy.swift
[2076/2146] Compiling GoogleGax LimitedAttemptCount+RetryPolicy.swift
[2077/2146] Compiling GoogleGax LimitedAttemptCount.swift
[2078/2146] Compiling GoogleGax LimitedElapsedTime+PollingErrorPolicy.swift
[2079/2146] Compiling GoogleGax LimitedElapsedTime+RetryPolicy.swift
[2080/2146] Compiling GoogleGax LimitedElapsedTime.swift
[2081/2146] Compiling GoogleGax LongRunningOperations.swift
[2082/2146] Compiling GoogleGax NeverRetry.swift
[2083/2146] Compiling GoogleGax RequestOptions.swift
[2084/2146] Compiling GoogleGax RetryLoop.swift
[2085/2146] Compiling GoogleGax RetryPolicy.swift
[2086/2146] Compiling GoogleGax RetryResult.swift
[2087/2146] Compiling GoogleGax RetryState.swift
[2088/2146] Compiling GoogleGax RetryThrottler.swift
[2089/2146] Compiling GoogleGax RetryThrottlerError.swift
[2090/2146] Compiling GoogleGax RoutingMatcher.swift
[2091/2146] Compiling GoogleGax HTTPClientProtocol.swift
[2092/2146] Compiling GoogleGax HTTPClientRequest.swift
[2093/2146] Compiling GoogleGax HTTPClientResponse.swift
[2094/2146] Compiling GoogleGax HTTPHeaders.swift
[2095/2146] Compiling GoogleGax HTTPResponseBody.swift
[2096/2146] Compiling GoogleGax HeaderNames.swift
[2097/2146] Compiling GoogleGax Host.swift
[2098/2146] Compiling GoogleGax InProgressResult.swift
[2099/2146] Compiling GoogleGax Pagination.swift
/host/spi-builder-workspace/.build/checkouts/swift-google-gax/Sources/GoogleGax/Pagination.swift:44:22: error: cannot convert '@Sendable (String) async throws -> (response: ResponseType, items: [Item], nextToken: String)' to 'nonisolated(nonsending) @Sendable (String) async throws -> (response: ResponseType, items: [Item], nextToken: String)' because crossing of an isolation boundary requires parameter and result types to conform to 'Sendable' protocol
42 | ) where ResponseType: _PaginatedResponse<Item> {
43 | self.initialPageToken = initialPageToken ?? ""
44 | self.fetchPage = { token in
| |- error: cannot convert '@Sendable (String) async throws -> (response: ResponseType, items: [Item], nextToken: String)' to 'nonisolated(nonsending) @Sendable (String) async throws -> (response: ResponseType, items: [Item], nextToken: String)' because crossing of an isolation boundary requires parameter and result types to conform to 'Sendable' protocol
| `- note: type 'Item' does not conform to 'Sendable' protocol
45 | let response = try await listRpc(token)
46 | return (response, response._getPaginatedItems(), response._nextPageToken())
[2100/2146] Compiling GoogleGax PollingBackoffPolicy.swift
/host/spi-builder-workspace/.build/checkouts/swift-google-gax/Sources/GoogleGax/Pagination.swift:44:22: error: cannot convert '@Sendable (String) async throws -> (response: ResponseType, items: [Item], nextToken: String)' to 'nonisolated(nonsending) @Sendable (String) async throws -> (response: ResponseType, items: [Item], nextToken: String)' because crossing of an isolation boundary requires parameter and result types to conform to 'Sendable' protocol
42 | ) where ResponseType: _PaginatedResponse<Item> {
43 | self.initialPageToken = initialPageToken ?? ""
44 | self.fetchPage = { token in
| |- error: cannot convert '@Sendable (String) async throws -> (response: ResponseType, items: [Item], nextToken: String)' to 'nonisolated(nonsending) @Sendable (String) async throws -> (response: ResponseType, items: [Item], nextToken: String)' because crossing of an isolation boundary requires parameter and result types to conform to 'Sendable' protocol
| `- note: type 'Item' does not conform to 'Sendable' protocol
45 | let response = try await listRpc(token)
46 | return (response, response._getPaginatedItems(), response._nextPageToken())
[2101/2146] Compiling GoogleGax PollingErrorPolicy.swift
/host/spi-builder-workspace/.build/checkouts/swift-google-gax/Sources/GoogleGax/Pagination.swift:44:22: error: cannot convert '@Sendable (String) async throws -> (response: ResponseType, items: [Item], nextToken: String)' to 'nonisolated(nonsending) @Sendable (String) async throws -> (response: ResponseType, items: [Item], nextToken: String)' because crossing of an isolation boundary requires parameter and result types to conform to 'Sendable' protocol
42 | ) where ResponseType: _PaginatedResponse<Item> {
43 | self.initialPageToken = initialPageToken ?? ""
44 | self.fetchPage = { token in
| |- error: cannot convert '@Sendable (String) async throws -> (response: ResponseType, items: [Item], nextToken: String)' to 'nonisolated(nonsending) @Sendable (String) async throws -> (response: ResponseType, items: [Item], nextToken: String)' because crossing of an isolation boundary requires parameter and result types to conform to 'Sendable' protocol
| `- note: type 'Item' does not conform to 'Sendable' protocol
45 | let response = try await listRpc(token)
46 | return (response, response._getPaginatedItems(), response._nextPageToken())
[2102/2146] Compiling GoogleGax PollingResult.swift
/host/spi-builder-workspace/.build/checkouts/swift-google-gax/Sources/GoogleGax/Pagination.swift:44:22: error: cannot convert '@Sendable (String) async throws -> (response: ResponseType, items: [Item], nextToken: String)' to 'nonisolated(nonsending) @Sendable (String) async throws -> (response: ResponseType, items: [Item], nextToken: String)' because crossing of an isolation boundary requires parameter and result types to conform to 'Sendable' protocol
42 | ) where ResponseType: _PaginatedResponse<Item> {
43 | self.initialPageToken = initialPageToken ?? ""
44 | self.fetchPage = { token in
| |- error: cannot convert '@Sendable (String) async throws -> (response: ResponseType, items: [Item], nextToken: String)' to 'nonisolated(nonsending) @Sendable (String) async throws -> (response: ResponseType, items: [Item], nextToken: String)' because crossing of an isolation boundary requires parameter and result types to conform to 'Sendable' protocol
| `- note: type 'Item' does not conform to 'Sendable' protocol
45 | let response = try await listRpc(token)
46 | return (response, response._getPaginatedItems(), response._nextPageToken())
[2103/2146] Compiling GoogleGax PollingState.swift
/host/spi-builder-workspace/.build/checkouts/swift-google-gax/Sources/GoogleGax/Pagination.swift:44:22: error: cannot convert '@Sendable (String) async throws -> (response: ResponseType, items: [Item], nextToken: String)' to 'nonisolated(nonsending) @Sendable (String) async throws -> (response: ResponseType, items: [Item], nextToken: String)' because crossing of an isolation boundary requires parameter and result types to conform to 'Sendable' protocol
42 | ) where ResponseType: _PaginatedResponse<Item> {
43 | self.initialPageToken = initialPageToken ?? ""
44 | self.fetchPage = { token in
| |- error: cannot convert '@Sendable (String) async throws -> (response: ResponseType, items: [Item], nextToken: String)' to 'nonisolated(nonsending) @Sendable (String) async throws -> (response: ResponseType, items: [Item], nextToken: String)' because crossing of an isolation boundary requires parameter and result types to conform to 'Sendable' protocol
| `- note: type 'Item' does not conform to 'Sendable' protocol
45 | let response = try await listRpc(token)
46 | return (response, response._getPaginatedItems(), response._nextPageToken())
[2104/2146] Compiling GoogleGax ProtobufConversionError.swift
/host/spi-builder-workspace/.build/checkouts/swift-google-gax/Sources/GoogleGax/Pagination.swift:44:22: error: cannot convert '@Sendable (String) async throws -> (response: ResponseType, items: [Item], nextToken: String)' to 'nonisolated(nonsending) @Sendable (String) async throws -> (response: ResponseType, items: [Item], nextToken: String)' because crossing of an isolation boundary requires parameter and result types to conform to 'Sendable' protocol
42 | ) where ResponseType: _PaginatedResponse<Item> {
43 | self.initialPageToken = initialPageToken ?? ""
44 | self.fetchPage = { token in
| |- error: cannot convert '@Sendable (String) async throws -> (response: ResponseType, items: [Item], nextToken: String)' to 'nonisolated(nonsending) @Sendable (String) async throws -> (response: ResponseType, items: [Item], nextToken: String)' because crossing of an isolation boundary requires parameter and result types to conform to 'Sendable' protocol
| `- note: type 'Item' does not conform to 'Sendable' protocol
45 | let response = try await listRpc(token)
46 | return (response, response._getPaginatedItems(), response._nextPageToken())
[2105/2146] Compiling GoogleGax QueryParameter.swift
/host/spi-builder-workspace/.build/checkouts/swift-google-gax/Sources/GoogleGax/Pagination.swift:44:22: error: cannot convert '@Sendable (String) async throws -> (response: ResponseType, items: [Item], nextToken: String)' to 'nonisolated(nonsending) @Sendable (String) async throws -> (response: ResponseType, items: [Item], nextToken: String)' because crossing of an isolation boundary requires parameter and result types to conform to 'Sendable' protocol
42 | ) where ResponseType: _PaginatedResponse<Item> {
43 | self.initialPageToken = initialPageToken ?? ""
44 | self.fetchPage = { token in
| |- error: cannot convert '@Sendable (String) async throws -> (response: ResponseType, items: [Item], nextToken: String)' to 'nonisolated(nonsending) @Sendable (String) async throws -> (response: ResponseType, items: [Item], nextToken: String)' because crossing of an isolation boundary requires parameter and result types to conform to 'Sendable' protocol
| `- note: type 'Item' does not conform to 'Sendable' protocol
45 | let response = try await listRpc(token)
46 | return (response, response._getPaginatedItems(), response._nextPageToken())
[2106/2146] Compiling GoogleGax RequestError.swift
/host/spi-builder-workspace/.build/checkouts/swift-google-gax/Sources/GoogleGax/Pagination.swift:44:22: error: cannot convert '@Sendable (String) async throws -> (response: ResponseType, items: [Item], nextToken: String)' to 'nonisolated(nonsending) @Sendable (String) async throws -> (response: ResponseType, items: [Item], nextToken: String)' because crossing of an isolation boundary requires parameter and result types to conform to 'Sendable' protocol
42 | ) where ResponseType: _PaginatedResponse<Item> {
43 | self.initialPageToken = initialPageToken ?? ""
44 | self.fetchPage = { token in
| |- error: cannot convert '@Sendable (String) async throws -> (response: ResponseType, items: [Item], nextToken: String)' to 'nonisolated(nonsending) @Sendable (String) async throws -> (response: ResponseType, items: [Item], nextToken: String)' because crossing of an isolation boundary requires parameter and result types to conform to 'Sendable' protocol
| `- note: type 'Item' does not conform to 'Sendable' protocol
45 | let response = try await listRpc(token)
46 | return (response, response._getPaginatedItems(), response._nextPageToken())
[2107/2146] Compiling GoogleGax ServiceError.swift
[2108/2146] Compiling GoogleGax StatusDetail.swift
[2109/2146] Compiling GoogleGax StrictIdempotency.swift
[2110/2146] Compiling GoogleGax ThrottleResult.swift
[2111/2146] Compiling GoogleGax TooManyRequests+PollingErrorPolicy.swift
[2112/2146] Compiling GoogleGax TooManyRequests+RetryPolicy.swift
[2113/2146] Compiling GoogleGax TooManyRequests.swift
[2114/2146] Compiling GoogleGax PackageVersion.swift
BUILD FAILURE 6.2 android