The Swift Package Index logo.Swift Package Index

Build Information

Failed to build SJSAssetExportSession, reference main (12243a), with Swift 6.3 for watchOS using Xcode 26.4 on 10 Oct 2026 08:03:06 UTC.

Build Command

env DEVELOPER_DIR=/Applications/Xcode-26.5.0.app xcrun xcodebuild -IDEClonedSourcePackagesDirPathOverride=$PWD/.dependencies -skipMacroValidation -skipPackagePluginValidation -derivedDataPath $PWD/.derivedData build -scheme SJSAssetExportSession -destination generic/platform=watchOS

Build Log

========================================
RunAll
========================================
Builder version: 5.1.1
Interrupt handler set up.
========================================
Checkout
========================================
Clone URL: https://github.com/samsonjs/SJSAssetExportSession.git
Reference: main
Initialized empty Git repository in /Users/admin/builder/spi-builder-workspace/.git/
From https://github.com/samsonjs/SJSAssetExportSession
 * branch            main       -> FETCH_HEAD
 * [new branch]      main       -> origin/main
HEAD is now at 12243ab Bump version to 0.5.1
Cloned https://github.com/samsonjs/SJSAssetExportSession.git
Revision (git rev-parse @):
12243ab2e3e23465c457019de40d13faa5a88653
SUCCESS checkout https://github.com/samsonjs/SJSAssetExportSession.git at main
========================================
Build
========================================
Selected platform:         watchOS
Swift version:             6.3
Building package at path:  $PWD
https://github.com/samsonjs/SJSAssetExportSession.git
Command line invocation:
    /Applications/Xcode-26.5.0.app/Contents/Developer/usr/bin/xcodebuild -IDEClonedSourcePackagesDirPathOverride=/Users/admin/builder/spi-builder-workspace/.dependencies -resolvePackageDependencies
Resolve Package Graph
Resolve Package Graph
Resolved source packages:
  SJSAssetExportSession: /Users/admin/builder/spi-builder-workspace
resolved source packages: SJSAssetExportSession
2026-10-10 04:02:50.956 xcodebuild[537:3100] [MT] IDERunDestination: Supported platforms for the buildables in the current scheme is empty.
{
  "dependencies" : [
  ],
  "manifest_display_name" : "SJSAssetExportSession",
  "name" : "SJSAssetExportSession",
  "path" : "/Users/admin/builder/spi-builder-workspace",
  "platforms" : [
    {
      "name" : "macos",
      "version" : "14.0"
    },
    {
      "name" : "ios",
      "version" : "17.0"
    }
  ],
  "products" : [
    {
      "name" : "SJSAssetExportSession",
      "targets" : [
        "SJSAssetExportSession"
      ],
      "type" : {
        "library" : [
          "automatic"
        ]
      }
    }
  ],
  "targets" : [
    {
      "c99name" : "SJSAssetExportSessionTests",
      "module_type" : "SwiftTarget",
      "name" : "SJSAssetExportSessionTests",
      "path" : "Tests/SJSAssetExportSessionTests",
      "resources" : [
        {
          "path" : "/Users/admin/builder/spi-builder-workspace/Tests/SJSAssetExportSessionTests/Resources/test-4k-hdr-hevc-30fps.mov",
          "rule" : {
            "process" : {
            }
          }
        },
        {
          "path" : "/Users/admin/builder/spi-builder-workspace/Tests/SJSAssetExportSessionTests/Resources/test-5.1-audio.mp4",
          "rule" : {
            "process" : {
            }
          }
        },
        {
          "path" : "/Users/admin/builder/spi-builder-workspace/Tests/SJSAssetExportSessionTests/Resources/test-720p-h264-24fps.mov",
          "rule" : {
            "process" : {
            }
          }
        },
        {
          "path" : "/Users/admin/builder/spi-builder-workspace/Tests/SJSAssetExportSessionTests/Resources/test-no-audio.mp4",
          "rule" : {
            "process" : {
            }
          }
        },
        {
          "path" : "/Users/admin/builder/spi-builder-workspace/Tests/SJSAssetExportSessionTests/Resources/test-no-video.m4a",
          "rule" : {
            "process" : {
            }
          }
        },
        {
          "path" : "/Users/admin/builder/spi-builder-workspace/Tests/SJSAssetExportSessionTests/Resources/test-spatial-audio.mov",
          "rule" : {
            "process" : {
            }
          }
        },
        {
          "path" : "/Users/admin/builder/spi-builder-workspace/Tests/SJSAssetExportSessionTests/Resources/test-x264-1080p-h264-60fps.mp4",
          "rule" : {
            "process" : {
            }
          }
        }
      ],
      "sources" : [
        "AudioMixTests.swift",
        "AutoDestructingURL.swift",
        "BaseTests.swift",
        "DrawFrameTests.swift",
        "ExportFidelityTests.swift",
        "FrameRateTests.swift",
        "ReadmeExamples.swift",
        "SJSAssetExportSessionTests.swift",
        "SendableWrapper.swift",
        "TestVideo.swift"
      ],
      "target_dependencies" : [
        "SJSAssetExportSession"
      ],
      "type" : "test"
    },
    {
      "c99name" : "SJSAssetExportSession",
      "module_type" : "SwiftTarget",
      "name" : "SJSAssetExportSession",
      "path" : "Sources/SJSAssetExportSession",
      "product_memberships" : [
        "SJSAssetExportSession"
      ],
      "sources" : [
        "Array+Extensions.swift",
        "AudioOutputSettings.swift",
        "CMTime+seconds.swift",
        "ExportSession+Error.swift",
        "ExportSession.swift",
        "SampleWriter.swift",
        "VideoFrame.swift",
        "VideoFrameSource.swift",
        "VideoOutputSettings.swift"
      ],
      "type" : "library"
    }
  ],
  "tools_version" : "6.0"
}
{
  "workspace" : {
    "name" : "spi-builder-workspace",
    "schemes" : [
      "SJSAssetExportSession"
    ]
  }
}
2026-10-10 04:02:58.894 xcodebuild[654:3954] [MT] IDERunDestination: Supported platforms for the buildables in the current scheme is empty.
Running build ...
env DEVELOPER_DIR=/Applications/Xcode-26.5.0.app xcrun xcodebuild -IDEClonedSourcePackagesDirPathOverride=$PWD/.dependencies -skipMacroValidation -skipPackagePluginValidation -derivedDataPath $PWD/.derivedData build -scheme SJSAssetExportSession -destination generic/platform=watchOS
Command line invocation:
    /Applications/Xcode-26.5.0.app/Contents/Developer/usr/bin/xcodebuild -IDEClonedSourcePackagesDirPathOverride=/Users/admin/builder/spi-builder-workspace/.dependencies -skipMacroValidation -skipPackagePluginValidation -derivedDataPath /Users/admin/builder/spi-builder-workspace/.derivedData build -scheme SJSAssetExportSession -destination generic/platform=watchOS
Resolve Package Graph
Resolved source packages:
  SJSAssetExportSession: /Users/admin/builder/spi-builder-workspace
ComputePackagePrebuildTargetDependencyGraph
Prepare packages
CreateBuildRequest
SendProjectDescription
CreateBuildOperation
ComputeTargetDependencyGraph
note: Building targets in dependency order
note: Target dependency graph (2 targets)
    Target 'SJSAssetExportSession' in project 'SJSAssetExportSession'
        ➜ Explicit dependency on target 'SJSAssetExportSession' in project 'SJSAssetExportSession'
    Target 'SJSAssetExportSession' in project 'SJSAssetExportSession' (no dependencies)
GatherProvisioningInputs
CreateBuildDescription
ExecuteExternalTool /Applications/Xcode-26.5.0.app/Contents/Developer/Toolchains/XcodeDefault.xctoolchain/usr/bin/clang -v -E -dM -isysroot /Applications/Xcode-26.5.0.app/Contents/Developer/Platforms/WatchOS.platform/Developer/SDKs/WatchOS26.5.sdk -x c -c /dev/null
ExecuteExternalTool /Applications/Xcode-26.5.0.app/Contents/Developer/Toolchains/XcodeDefault.xctoolchain/usr/bin/swiftc --version
ExecuteExternalTool /Applications/Xcode-26.5.0.app/Contents/Developer/Toolchains/XcodeDefault.xctoolchain/usr/bin/ld -version_details
Build description signature: 35266ed0366914ecce49f1829d65d6cb
Build description path: /Users/admin/builder/spi-builder-workspace/.derivedData/Build/Intermediates.noindex/XCBuildData/35266ed0366914ecce49f1829d65d6cb.xcbuilddata
CreateBuildDirectory /Users/admin/builder/spi-builder-workspace/.derivedData/Build/Products
    cd /Users/admin/builder/spi-builder-workspace/.swiftpm/xcode
    builtin-create-build-directory /Users/admin/builder/spi-builder-workspace/.derivedData/Build/Products
CreateBuildDirectory /Users/admin/builder/spi-builder-workspace/.derivedData/Build/Intermediates.noindex
    cd /Users/admin/builder/spi-builder-workspace/.swiftpm/xcode
    builtin-create-build-directory /Users/admin/builder/spi-builder-workspace/.derivedData/Build/Intermediates.noindex
ClangStatCache /Applications/Xcode-26.5.0.app/Contents/Developer/Toolchains/XcodeDefault.xctoolchain/usr/bin/clang-stat-cache /Applications/Xcode-26.5.0.app/Contents/Developer/Platforms/WatchOS.platform/Developer/SDKs/WatchOS26.5.sdk /Users/admin/builder/spi-builder-workspace/.derivedData/SDKStatCaches.noindex/watchos26.5-23T570-688ef53f1462e2c8f657fdc38a81448f7931b973dfc65d9472806dbbc3af9379.sdkstatcache
    cd /Users/admin/builder/spi-builder-workspace/.swiftpm/xcode
    /Applications/Xcode-26.5.0.app/Contents/Developer/Toolchains/XcodeDefault.xctoolchain/usr/bin/clang-stat-cache /Applications/Xcode-26.5.0.app/Contents/Developer/Platforms/WatchOS.platform/Developer/SDKs/WatchOS26.5.sdk -o /Users/admin/builder/spi-builder-workspace/.derivedData/SDKStatCaches.noindex/watchos26.5-23T570-688ef53f1462e2c8f657fdc38a81448f7931b973dfc65d9472806dbbc3af9379.sdkstatcache
CreateBuildDirectory /Users/admin/builder/spi-builder-workspace/.derivedData/Build/Intermediates.noindex/SwiftExplicitPrecompiledModules
    cd /Users/admin/builder/spi-builder-workspace/.swiftpm/xcode
    builtin-create-build-directory /Users/admin/builder/spi-builder-workspace/.derivedData/Build/Intermediates.noindex/SwiftExplicitPrecompiledModules
CreateBuildDirectory /Users/admin/builder/spi-builder-workspace/.derivedData/Build/Intermediates.noindex/ExplicitPrecompiledModules
    cd /Users/admin/builder/spi-builder-workspace/.swiftpm/xcode
    builtin-create-build-directory /Users/admin/builder/spi-builder-workspace/.derivedData/Build/Intermediates.noindex/ExplicitPrecompiledModules
CreateBuildDirectory /Users/admin/builder/spi-builder-workspace/.derivedData/Build/Intermediates.noindex/EagerLinkingTBDs/Debug-watchos
    cd /Users/admin/builder/spi-builder-workspace/.swiftpm/xcode
    builtin-create-build-directory /Users/admin/builder/spi-builder-workspace/.derivedData/Build/Intermediates.noindex/EagerLinkingTBDs/Debug-watchos
CreateBuildDirectory /Users/admin/builder/spi-builder-workspace/.derivedData/Build/Products/Debug-watchos
    cd /Users/admin/builder/spi-builder-workspace/.swiftpm/xcode
    builtin-create-build-directory /Users/admin/builder/spi-builder-workspace/.derivedData/Build/Products/Debug-watchos
CreateBuildDirectory /Users/admin/builder/spi-builder-workspace/.derivedData/Build/Products/Debug-watchos/PackageFrameworks
    cd /Users/admin/builder/spi-builder-workspace/.swiftpm/xcode
    builtin-create-build-directory /Users/admin/builder/spi-builder-workspace/.derivedData/Build/Products/Debug-watchos/PackageFrameworks
WriteAuxiliaryFile /Users/admin/builder/spi-builder-workspace/.derivedData/Build/Intermediates.noindex/SJSAssetExportSession.build/Debug-watchos/SJSAssetExportSession.build/SJSAssetExportSession.DependencyStaticMetadataFileList (in target 'SJSAssetExportSession' from project 'SJSAssetExportSession')
    cd /Users/admin/builder/spi-builder-workspace
    write-file /Users/admin/builder/spi-builder-workspace/.derivedData/Build/Intermediates.noindex/SJSAssetExportSession.build/Debug-watchos/SJSAssetExportSession.build/SJSAssetExportSession.DependencyStaticMetadataFileList
WriteAuxiliaryFile /Users/admin/builder/spi-builder-workspace/.derivedData/Build/Intermediates.noindex/SJSAssetExportSession.build/Debug-watchos/SJSAssetExportSession.build/SJSAssetExportSession.DependencyMetadataFileList (in target 'SJSAssetExportSession' from project 'SJSAssetExportSession')
    cd /Users/admin/builder/spi-builder-workspace
    write-file /Users/admin/builder/spi-builder-workspace/.derivedData/Build/Intermediates.noindex/SJSAssetExportSession.build/Debug-watchos/SJSAssetExportSession.build/SJSAssetExportSession.DependencyMetadataFileList
WriteAuxiliaryFile /Users/admin/builder/spi-builder-workspace/.derivedData/Build/Intermediates.noindex/SJSAssetExportSession.build/Debug-watchos/SJSAssetExportSession.build/SJSAssetExportSession.modulemap (in target 'SJSAssetExportSession' from project 'SJSAssetExportSession')
    cd /Users/admin/builder/spi-builder-workspace
    write-file /Users/admin/builder/spi-builder-workspace/.derivedData/Build/Intermediates.noindex/SJSAssetExportSession.build/Debug-watchos/SJSAssetExportSession.build/SJSAssetExportSession.modulemap
WriteAuxiliaryFile /Users/admin/builder/spi-builder-workspace/.derivedData/Build/Intermediates.noindex/SJSAssetExportSession.build/Debug-watchos/SJSAssetExportSession.build/Objects-normal/arm64_32/SJSAssetExportSession_const_extract_protocols.json (in target 'SJSAssetExportSession' from project 'SJSAssetExportSession')
    cd /Users/admin/builder/spi-builder-workspace
    write-file /Users/admin/builder/spi-builder-workspace/.derivedData/Build/Intermediates.noindex/SJSAssetExportSession.build/Debug-watchos/SJSAssetExportSession.build/Objects-normal/arm64_32/SJSAssetExportSession_const_extract_protocols.json
WriteAuxiliaryFile /Users/admin/builder/spi-builder-workspace/.derivedData/Build/Intermediates.noindex/SJSAssetExportSession.build/Debug-watchos/SJSAssetExportSession.build/Objects-normal/arm64_32/SJSAssetExportSession.SwiftFileList (in target 'SJSAssetExportSession' from project 'SJSAssetExportSession')
    cd /Users/admin/builder/spi-builder-workspace
    write-file /Users/admin/builder/spi-builder-workspace/.derivedData/Build/Intermediates.noindex/SJSAssetExportSession.build/Debug-watchos/SJSAssetExportSession.build/Objects-normal/arm64_32/SJSAssetExportSession.SwiftFileList
WriteAuxiliaryFile /Users/admin/builder/spi-builder-workspace/.derivedData/Build/Intermediates.noindex/SJSAssetExportSession.build/Debug-watchos/SJSAssetExportSession.build/Objects-normal/arm64_32/SJSAssetExportSession.SwiftConstValuesFileList (in target 'SJSAssetExportSession' from project 'SJSAssetExportSession')
    cd /Users/admin/builder/spi-builder-workspace
    write-file /Users/admin/builder/spi-builder-workspace/.derivedData/Build/Intermediates.noindex/SJSAssetExportSession.build/Debug-watchos/SJSAssetExportSession.build/Objects-normal/arm64_32/SJSAssetExportSession.SwiftConstValuesFileList
WriteAuxiliaryFile /Users/admin/builder/spi-builder-workspace/.derivedData/Build/Intermediates.noindex/SJSAssetExportSession.build/Debug-watchos/SJSAssetExportSession.build/Objects-normal/arm64_32/SJSAssetExportSession-OutputFileMap.json (in target 'SJSAssetExportSession' from project 'SJSAssetExportSession')
    cd /Users/admin/builder/spi-builder-workspace
    write-file /Users/admin/builder/spi-builder-workspace/.derivedData/Build/Intermediates.noindex/SJSAssetExportSession.build/Debug-watchos/SJSAssetExportSession.build/Objects-normal/arm64_32/SJSAssetExportSession-OutputFileMap.json
WriteAuxiliaryFile /Users/admin/builder/spi-builder-workspace/.derivedData/Build/Intermediates.noindex/SJSAssetExportSession.build/Debug-watchos/SJSAssetExportSession.build/Objects-normal/arm64_32/SJSAssetExportSession.LinkFileList (in target 'SJSAssetExportSession' from project 'SJSAssetExportSession')
    cd /Users/admin/builder/spi-builder-workspace
    write-file /Users/admin/builder/spi-builder-workspace/.derivedData/Build/Intermediates.noindex/SJSAssetExportSession.build/Debug-watchos/SJSAssetExportSession.build/Objects-normal/arm64_32/SJSAssetExportSession.LinkFileList
WriteAuxiliaryFile /Users/admin/builder/spi-builder-workspace/.derivedData/Build/Intermediates.noindex/SJSAssetExportSession.build/Debug-watchos/SJSAssetExportSession.build/Objects-normal/arm64/SJSAssetExportSession_const_extract_protocols.json (in target 'SJSAssetExportSession' from project 'SJSAssetExportSession')
    cd /Users/admin/builder/spi-builder-workspace
    write-file /Users/admin/builder/spi-builder-workspace/.derivedData/Build/Intermediates.noindex/SJSAssetExportSession.build/Debug-watchos/SJSAssetExportSession.build/Objects-normal/arm64/SJSAssetExportSession_const_extract_protocols.json
WriteAuxiliaryFile /Users/admin/builder/spi-builder-workspace/.derivedData/Build/Intermediates.noindex/SJSAssetExportSession.build/Debug-watchos/SJSAssetExportSession.build/Objects-normal/arm64/SJSAssetExportSession.SwiftFileList (in target 'SJSAssetExportSession' from project 'SJSAssetExportSession')
    cd /Users/admin/builder/spi-builder-workspace
    write-file /Users/admin/builder/spi-builder-workspace/.derivedData/Build/Intermediates.noindex/SJSAssetExportSession.build/Debug-watchos/SJSAssetExportSession.build/Objects-normal/arm64/SJSAssetExportSession.SwiftFileList
WriteAuxiliaryFile /Users/admin/builder/spi-builder-workspace/.derivedData/Build/Intermediates.noindex/SJSAssetExportSession.build/Debug-watchos/SJSAssetExportSession.build/Objects-normal/arm64/SJSAssetExportSession.SwiftConstValuesFileList (in target 'SJSAssetExportSession' from project 'SJSAssetExportSession')
    cd /Users/admin/builder/spi-builder-workspace
    write-file /Users/admin/builder/spi-builder-workspace/.derivedData/Build/Intermediates.noindex/SJSAssetExportSession.build/Debug-watchos/SJSAssetExportSession.build/Objects-normal/arm64/SJSAssetExportSession.SwiftConstValuesFileList
WriteAuxiliaryFile /Users/admin/builder/spi-builder-workspace/.derivedData/Build/Intermediates.noindex/SJSAssetExportSession.build/Debug-watchos/SJSAssetExportSession.build/Objects-normal/arm64/SJSAssetExportSession.LinkFileList (in target 'SJSAssetExportSession' from project 'SJSAssetExportSession')
    cd /Users/admin/builder/spi-builder-workspace
    write-file /Users/admin/builder/spi-builder-workspace/.derivedData/Build/Intermediates.noindex/SJSAssetExportSession.build/Debug-watchos/SJSAssetExportSession.build/Objects-normal/arm64/SJSAssetExportSession.LinkFileList
WriteAuxiliaryFile /Users/admin/builder/spi-builder-workspace/.derivedData/Build/Intermediates.noindex/SJSAssetExportSession.build/Debug-watchos/SJSAssetExportSession.build/Objects-normal/arm64/SJSAssetExportSession-OutputFileMap.json (in target 'SJSAssetExportSession' from project 'SJSAssetExportSession')
    cd /Users/admin/builder/spi-builder-workspace
    write-file /Users/admin/builder/spi-builder-workspace/.derivedData/Build/Intermediates.noindex/SJSAssetExportSession.build/Debug-watchos/SJSAssetExportSession.build/Objects-normal/arm64/SJSAssetExportSession-OutputFileMap.json
Copy /Users/admin/builder/spi-builder-workspace/.derivedData/Build/Intermediates.noindex/GeneratedModuleMaps-watchos/SJSAssetExportSession.modulemap /Users/admin/builder/spi-builder-workspace/.derivedData/Build/Intermediates.noindex/SJSAssetExportSession.build/Debug-watchos/SJSAssetExportSession.build/SJSAssetExportSession.modulemap (in target 'SJSAssetExportSession' from project 'SJSAssetExportSession')
    cd /Users/admin/builder/spi-builder-workspace
    builtin-copy -exclude .DS_Store -exclude CVS -exclude .svn -exclude .git -exclude .hg -resolve-src-symlinks /Users/admin/builder/spi-builder-workspace/.derivedData/Build/Intermediates.noindex/SJSAssetExportSession.build/Debug-watchos/SJSAssetExportSession.build/SJSAssetExportSession.modulemap /Users/admin/builder/spi-builder-workspace/.derivedData/Build/Intermediates.noindex/GeneratedModuleMaps-watchos
SwiftDriver SJSAssetExportSession normal arm64 com.apple.xcode.tools.swift.compiler (in target 'SJSAssetExportSession' from project 'SJSAssetExportSession')
    cd /Users/admin/builder/spi-builder-workspace/.swiftpm/xcode
    builtin-SwiftDriver -- /Applications/Xcode-26.5.0.app/Contents/Developer/Toolchains/XcodeDefault.xctoolchain/usr/bin/swiftc -module-name SJSAssetExportSession -Onone @/Users/admin/builder/spi-builder-workspace/.derivedData/Build/Intermediates.noindex/SJSAssetExportSession.build/Debug-watchos/SJSAssetExportSession.build/Objects-normal/arm64/SJSAssetExportSession.SwiftFileList -DSWIFT_PACKAGE -DDEBUG -DSWIFT_MODULE_RESOURCE_BUNDLE_UNAVAILABLE -DXcode -plugin-path /Applications/Xcode-26.5.0.app/Contents/Developer/Toolchains/XcodeDefault.xctoolchain/usr/lib/swift/host/plugins/testing -enable-experimental-feature DebugDescriptionMacro -sdk /Applications/Xcode-26.5.0.app/Contents/Developer/Platforms/WatchOS.platform/Developer/SDKs/WatchOS26.5.sdk -target arm64-apple-watchos10.0 -g -module-cache-path /Users/admin/builder/spi-builder-workspace/.derivedData/ModuleCache.noindex -Xfrontend -serialize-debugging-options -profile-coverage-mapping -profile-generate -enable-testing -index-store-path /Users/admin/builder/spi-builder-workspace/.derivedData/Index.noindex/DataStore -Xcc -D_LIBCPP_HARDENING_MODE\=_LIBCPP_HARDENING_MODE_DEBUG -swift-version 6 -I /Users/admin/builder/spi-builder-workspace/.derivedData/Build/Products/Debug-watchos -Isystem /Applications/Xcode-26.5.0.app/Contents/Developer/Platforms/WatchOS.platform/Developer/usr/lib -F /Users/admin/builder/spi-builder-workspace/.derivedData/Build/Products/Debug-watchos -F /Applications/Xcode-26.5.0.app/Contents/Developer/Platforms/WatchOS.platform/Developer/Library/Frameworks -F /Applications/Xcode-26.5.0.app/Contents/Developer/Platforms/WatchOS.platform/Developer/SDKs/WatchOS26.5.sdk/Developer/Library/Frameworks -c -j10 -enable-batch-mode -incremental -Xcc -ivfsstatcache -Xcc /Users/admin/builder/spi-builder-workspace/.derivedData/SDKStatCaches.noindex/watchos26.5-23T570-688ef53f1462e2c8f657fdc38a81448f7931b973dfc65d9472806dbbc3af9379.sdkstatcache -output-file-map /Users/admin/builder/spi-builder-workspace/.derivedData/Build/Intermediates.noindex/SJSAssetExportSession.build/Debug-watchos/SJSAssetExportSession.build/Objects-normal/arm64/SJSAssetExportSession-OutputFileMap.json -use-frontend-parseable-output -save-temps -no-color-diagnostics -explicit-module-build -module-cache-path /Users/admin/builder/spi-builder-workspace/.derivedData/Build/Intermediates.noindex/SwiftExplicitPrecompiledModules -clang-scanner-module-cache-path /Users/admin/builder/spi-builder-workspace/.derivedData/ModuleCache.noindex -sdk-module-cache-path /Users/admin/builder/spi-builder-workspace/.derivedData/ModuleCache.noindex -serialize-diagnostics -emit-dependencies -emit-module -emit-module-path /Users/admin/builder/spi-builder-workspace/.derivedData/Build/Intermediates.noindex/SJSAssetExportSession.build/Debug-watchos/SJSAssetExportSession.build/Objects-normal/arm64/SJSAssetExportSession.swiftmodule -validate-clang-modules-once -clang-build-session-file /Users/admin/builder/spi-builder-workspace/.derivedData/ModuleCache.noindex/Session.modulevalidation -package-name spi_builder_workspace -Xcc -I/Users/admin/builder/spi-builder-workspace/.derivedData/Build/Intermediates.noindex/SJSAssetExportSession.build/Debug-watchos/SJSAssetExportSession.build/swift-overrides.hmap -emit-const-values -Xfrontend -const-gather-protocols-file -Xfrontend /Users/admin/builder/spi-builder-workspace/.derivedData/Build/Intermediates.noindex/SJSAssetExportSession.build/Debug-watchos/SJSAssetExportSession.build/Objects-normal/arm64/SJSAssetExportSession_const_extract_protocols.json -Xcc -I/Users/admin/builder/spi-builder-workspace/.derivedData/Build/Products/Debug-watchos/include -Xcc -I/Users/admin/builder/spi-builder-workspace/.derivedData/Build/Intermediates.noindex/SJSAssetExportSession.build/Debug-watchos/SJSAssetExportSession.build/DerivedSources-normal/arm64 -Xcc -I/Users/admin/builder/spi-builder-workspace/.derivedData/Build/Intermediates.noindex/SJSAssetExportSession.build/Debug-watchos/SJSAssetExportSession.build/DerivedSources/arm64 -Xcc -I/Users/admin/builder/spi-builder-workspace/.derivedData/Build/Intermediates.noindex/SJSAssetExportSession.build/Debug-watchos/SJSAssetExportSession.build/DerivedSources -Xcc -DSWIFT_PACKAGE -Xcc -DDEBUG\=1 -emit-objc-header -emit-objc-header-path /Users/admin/builder/spi-builder-workspace/.derivedData/Build/Intermediates.noindex/SJSAssetExportSession.build/Debug-watchos/SJSAssetExportSession.build/Objects-normal/arm64/SJSAssetExportSession-Swift.h -working-directory /Users/admin/builder/spi-builder-workspace/.swiftpm/xcode -experimental-emit-module-separately -disable-cmo
/Users/admin/builder/spi-builder-workspace/Sources/SJSAssetExportSession/VideoFrameSource.swift:9:8: error: Unable to resolve module dependency: 'VideoToolbox'
import VideoToolbox
       ^ (in target 'SJSAssetExportSession' from project 'SJSAssetExportSession')
/Users/admin/builder/spi-builder-workspace/Sources/SJSAssetExportSession/VideoFrameSource.swift:9:8: note: A dependency of main module 'SJSAssetExportSession'
import VideoToolbox
       ^ (in target 'SJSAssetExportSession' from project 'SJSAssetExportSession')
/Users/admin/builder/spi-builder-workspace/Sources/SJSAssetExportSession/VideoOutputSettings.swift:9:8: note: Also imported here
import VideoToolbox
       ^ (in target 'SJSAssetExportSession' from project 'SJSAssetExportSession')
SwiftDriver SJSAssetExportSession normal arm64_32 com.apple.xcode.tools.swift.compiler (in target 'SJSAssetExportSession' from project 'SJSAssetExportSession')
    cd /Users/admin/builder/spi-builder-workspace/.swiftpm/xcode
    builtin-SwiftDriver -- /Applications/Xcode-26.5.0.app/Contents/Developer/Toolchains/XcodeDefault.xctoolchain/usr/bin/swiftc -module-name SJSAssetExportSession -Onone @/Users/admin/builder/spi-builder-workspace/.derivedData/Build/Intermediates.noindex/SJSAssetExportSession.build/Debug-watchos/SJSAssetExportSession.build/Objects-normal/arm64_32/SJSAssetExportSession.SwiftFileList -DSWIFT_PACKAGE -DDEBUG -DSWIFT_MODULE_RESOURCE_BUNDLE_UNAVAILABLE -DXcode -plugin-path /Applications/Xcode-26.5.0.app/Contents/Developer/Toolchains/XcodeDefault.xctoolchain/usr/lib/swift/host/plugins/testing -enable-experimental-feature DebugDescriptionMacro -sdk /Applications/Xcode-26.5.0.app/Contents/Developer/Platforms/WatchOS.platform/Developer/SDKs/WatchOS26.5.sdk -target arm64_32-apple-watchos10.0 -g -module-cache-path /Users/admin/builder/spi-builder-workspace/.derivedData/ModuleCache.noindex -Xfrontend -serialize-debugging-options -profile-coverage-mapping -profile-generate -enable-testing -index-store-path /Users/admin/builder/spi-builder-workspace/.derivedData/Index.noindex/DataStore -Xcc -D_LIBCPP_HARDENING_MODE\=_LIBCPP_HARDENING_MODE_DEBUG -swift-version 6 -I /Users/admin/builder/spi-builder-workspace/.derivedData/Build/Products/Debug-watchos -Isystem /Applications/Xcode-26.5.0.app/Contents/Developer/Platforms/WatchOS.platform/Developer/usr/lib -F /Users/admin/builder/spi-builder-workspace/.derivedData/Build/Products/Debug-watchos -F /Applications/Xcode-26.5.0.app/Contents/Developer/Platforms/WatchOS.platform/Developer/Library/Frameworks -F /Applications/Xcode-26.5.0.app/Contents/Developer/Platforms/WatchOS.platform/Developer/SDKs/WatchOS26.5.sdk/Developer/Library/Frameworks -c -j10 -enable-batch-mode -incremental -Xcc -ivfsstatcache -Xcc /Users/admin/builder/spi-builder-workspace/.derivedData/SDKStatCaches.noindex/watchos26.5-23T570-688ef53f1462e2c8f657fdc38a81448f7931b973dfc65d9472806dbbc3af9379.sdkstatcache -output-file-map /Users/admin/builder/spi-builder-workspace/.derivedData/Build/Intermediates.noindex/SJSAssetExportSession.build/Debug-watchos/SJSAssetExportSession.build/Objects-normal/arm64_32/SJSAssetExportSession-OutputFileMap.json -use-frontend-parseable-output -save-temps -no-color-diagnostics -explicit-module-build -module-cache-path /Users/admin/builder/spi-builder-workspace/.derivedData/Build/Intermediates.noindex/SwiftExplicitPrecompiledModules -clang-scanner-module-cache-path /Users/admin/builder/spi-builder-workspace/.derivedData/ModuleCache.noindex -sdk-module-cache-path /Users/admin/builder/spi-builder-workspace/.derivedData/ModuleCache.noindex -serialize-diagnostics -emit-dependencies -emit-module -emit-module-path /Users/admin/builder/spi-builder-workspace/.derivedData/Build/Intermediates.noindex/SJSAssetExportSession.build/Debug-watchos/SJSAssetExportSession.build/Objects-normal/arm64_32/SJSAssetExportSession.swiftmodule -validate-clang-modules-once -clang-build-session-file /Users/admin/builder/spi-builder-workspace/.derivedData/ModuleCache.noindex/Session.modulevalidation -package-name spi_builder_workspace -Xcc -I/Users/admin/builder/spi-builder-workspace/.derivedData/Build/Intermediates.noindex/SJSAssetExportSession.build/Debug-watchos/SJSAssetExportSession.build/swift-overrides.hmap -emit-const-values -Xfrontend -const-gather-protocols-file -Xfrontend /Users/admin/builder/spi-builder-workspace/.derivedData/Build/Intermediates.noindex/SJSAssetExportSession.build/Debug-watchos/SJSAssetExportSession.build/Objects-normal/arm64_32/SJSAssetExportSession_const_extract_protocols.json -Xcc -I/Users/admin/builder/spi-builder-workspace/.derivedData/Build/Products/Debug-watchos/include -Xcc -I/Users/admin/builder/spi-builder-workspace/.derivedData/Build/Intermediates.noindex/SJSAssetExportSession.build/Debug-watchos/SJSAssetExportSession.build/DerivedSources-normal/arm64_32 -Xcc -I/Users/admin/builder/spi-builder-workspace/.derivedData/Build/Intermediates.noindex/SJSAssetExportSession.build/Debug-watchos/SJSAssetExportSession.build/DerivedSources/arm64_32 -Xcc -I/Users/admin/builder/spi-builder-workspace/.derivedData/Build/Intermediates.noindex/SJSAssetExportSession.build/Debug-watchos/SJSAssetExportSession.build/DerivedSources -Xcc -DSWIFT_PACKAGE -Xcc -DDEBUG\=1 -emit-objc-header -emit-objc-header-path /Users/admin/builder/spi-builder-workspace/.derivedData/Build/Intermediates.noindex/SJSAssetExportSession.build/Debug-watchos/SJSAssetExportSession.build/Objects-normal/arm64_32/SJSAssetExportSession-Swift.h -working-directory /Users/admin/builder/spi-builder-workspace/.swiftpm/xcode -experimental-emit-module-separately -disable-cmo
/Users/admin/builder/spi-builder-workspace/Sources/SJSAssetExportSession/VideoFrameSource.swift:9:8: error: Unable to resolve module dependency: 'VideoToolbox'
import VideoToolbox
       ^ (in target 'SJSAssetExportSession' from project 'SJSAssetExportSession')
/Users/admin/builder/spi-builder-workspace/Sources/SJSAssetExportSession/VideoFrameSource.swift:9:8: note: A dependency of main module 'SJSAssetExportSession'
import VideoToolbox
       ^ (in target 'SJSAssetExportSession' from project 'SJSAssetExportSession')
/Users/admin/builder/spi-builder-workspace/Sources/SJSAssetExportSession/VideoOutputSettings.swift:9:8: note: Also imported here
import VideoToolbox
       ^ (in target 'SJSAssetExportSession' from project 'SJSAssetExportSession')
2026-10-10 04:03:00.312 xcodebuild[661:4018] [MT] IDERunDestination: Supported platforms for the buildables in the current scheme is empty.
/Users/admin/builder/spi-builder-workspace/Sources/SJSAssetExportSession/VideoFrameSource.swift:9:8: error: unable to resolve module dependency: 'VideoToolbox'
import VideoToolbox
       ^
/Users/admin/builder/spi-builder-workspace/Sources/SJSAssetExportSession/VideoFrameSource.swift:9:8: error: unable to resolve module dependency: 'VideoToolbox'
import VideoToolbox
       ^
/Users/admin/builder/spi-builder-workspace/Sources/SJSAssetExportSession/VideoFrameSource.swift:9:8: note: a dependency of main module 'SJSAssetExportSession'
import VideoToolbox
       ^
/Users/admin/builder/spi-builder-workspace/Sources/SJSAssetExportSession/VideoFrameSource.swift:9:8: note: a dependency of main module 'SJSAssetExportSession'
import VideoToolbox
       ^
/Users/admin/builder/spi-builder-workspace/Sources/SJSAssetExportSession/VideoOutputSettings.swift:9:8: note: also imported here
import VideoToolbox
       ^
/Users/admin/builder/spi-builder-workspace/Sources/SJSAssetExportSession/VideoOutputSettings.swift:9:8: note: also imported here
import VideoToolbox
       ^
** BUILD FAILED **
The following build commands failed:
	SwiftDriver SJSAssetExportSession normal arm64 com.apple.xcode.tools.swift.compiler (in target 'SJSAssetExportSession' from project 'SJSAssetExportSession')
	SwiftDriver SJSAssetExportSession normal arm64_32 com.apple.xcode.tools.swift.compiler (in target 'SJSAssetExportSession' from project 'SJSAssetExportSession')
	Building workspace spi-builder-workspace with scheme SJSAssetExportSession
(3 failures)
Command line invocation:
    /Applications/Xcode-26.5.0.app/Contents/Developer/usr/bin/xcodebuild -IDEClonedSourcePackagesDirPathOverride=/Users/admin/builder/spi-builder-workspace/.dependencies -resolvePackageDependencies
Resolve Package Graph
Resolved source packages:
  SJSAssetExportSession: /Users/admin/builder/spi-builder-workspace
resolved source packages: SJSAssetExportSession
2026-10-10 04:03:04.110 xcodebuild[678:4247] [MT] IDERunDestination: Supported platforms for the buildables in the current scheme is empty.
{
  "dependencies" : [
  ],
  "manifest_display_name" : "SJSAssetExportSession",
  "name" : "SJSAssetExportSession",
  "path" : "/Users/admin/builder/spi-builder-workspace",
  "platforms" : [
    {
      "name" : "macos",
      "version" : "14.0"
    },
    {
      "name" : "ios",
      "version" : "17.0"
    }
  ],
  "products" : [
    {
      "name" : "SJSAssetExportSession",
      "targets" : [
        "SJSAssetExportSession"
      ],
      "type" : {
        "library" : [
          "automatic"
        ]
      }
    }
  ],
  "targets" : [
    {
      "c99name" : "SJSAssetExportSessionTests",
      "module_type" : "SwiftTarget",
      "name" : "SJSAssetExportSessionTests",
      "path" : "Tests/SJSAssetExportSessionTests",
      "resources" : [
        {
          "path" : "/Users/admin/builder/spi-builder-workspace/Tests/SJSAssetExportSessionTests/Resources/test-4k-hdr-hevc-30fps.mov",
          "rule" : {
            "process" : {
            }
          }
        },
        {
          "path" : "/Users/admin/builder/spi-builder-workspace/Tests/SJSAssetExportSessionTests/Resources/test-5.1-audio.mp4",
          "rule" : {
            "process" : {
            }
          }
        },
        {
          "path" : "/Users/admin/builder/spi-builder-workspace/Tests/SJSAssetExportSessionTests/Resources/test-720p-h264-24fps.mov",
          "rule" : {
            "process" : {
            }
          }
        },
        {
          "path" : "/Users/admin/builder/spi-builder-workspace/Tests/SJSAssetExportSessionTests/Resources/test-no-audio.mp4",
          "rule" : {
            "process" : {
            }
          }
        },
        {
          "path" : "/Users/admin/builder/spi-builder-workspace/Tests/SJSAssetExportSessionTests/Resources/test-no-video.m4a",
          "rule" : {
            "process" : {
            }
          }
        },
        {
          "path" : "/Users/admin/builder/spi-builder-workspace/Tests/SJSAssetExportSessionTests/Resources/test-spatial-audio.mov",
          "rule" : {
            "process" : {
            }
          }
        },
        {
          "path" : "/Users/admin/builder/spi-builder-workspace/Tests/SJSAssetExportSessionTests/Resources/test-x264-1080p-h264-60fps.mp4",
          "rule" : {
            "process" : {
            }
          }
        }
      ],
      "sources" : [
        "AudioMixTests.swift",
        "AutoDestructingURL.swift",
        "BaseTests.swift",
        "DrawFrameTests.swift",
        "ExportFidelityTests.swift",
        "FrameRateTests.swift",
        "ReadmeExamples.swift",
        "SJSAssetExportSessionTests.swift",
        "SendableWrapper.swift",
        "TestVideo.swift"
      ],
      "target_dependencies" : [
        "SJSAssetExportSession"
      ],
      "type" : "test"
    },
    {
      "c99name" : "SJSAssetExportSession",
      "module_type" : "SwiftTarget",
      "name" : "SJSAssetExportSession",
      "path" : "Sources/SJSAssetExportSession",
      "product_memberships" : [
        "SJSAssetExportSession"
      ],
      "sources" : [
        "Array+Extensions.swift",
        "AudioOutputSettings.swift",
        "CMTime+seconds.swift",
        "ExportSession+Error.swift",
        "ExportSession.swift",
        "SampleWriter.swift",
        "VideoFrame.swift",
        "VideoFrameSource.swift",
        "VideoOutputSettings.swift"
      ],
      "type" : "library"
    }
  ],
  "tools_version" : "6.0"
}
{
  "workspace" : {
    "name" : "spi-builder-workspace",
    "schemes" : [
      "SJSAssetExportSession"
    ]
  }
}
2026-10-10 04:03:05.191 xcodebuild[688:4310] [MT] IDERunDestination: Supported platforms for the buildables in the current scheme is empty.
Running build ...
env DEVELOPER_DIR=/Applications/Xcode-26.5.0.app xcrun xcodebuild -IDEClonedSourcePackagesDirPathOverride=$PWD/.dependencies -skipMacroValidation -skipPackagePluginValidation -derivedDataPath $PWD/.derivedData build -scheme SJSAssetExportSession -destination generic/platform=watchOS
Command line invocation:
    /Applications/Xcode-26.5.0.app/Contents/Developer/usr/bin/xcodebuild -IDEClonedSourcePackagesDirPathOverride=/Users/admin/builder/spi-builder-workspace/.dependencies -skipMacroValidation -skipPackagePluginValidation -derivedDataPath /Users/admin/builder/spi-builder-workspace/.derivedData build -scheme SJSAssetExportSession -destination generic/platform=watchOS
Resolve Package Graph
Resolved source packages:
  SJSAssetExportSession: /Users/admin/builder/spi-builder-workspace
ComputePackagePrebuildTargetDependencyGraph
Prepare packages
CreateBuildRequest
SendProjectDescription
CreateBuildOperation
ComputeTargetDependencyGraph
note: Building targets in dependency order
note: Target dependency graph (2 targets)
    Target 'SJSAssetExportSession' in project 'SJSAssetExportSession'
        ➜ Explicit dependency on target 'SJSAssetExportSession' in project 'SJSAssetExportSession'
    Target 'SJSAssetExportSession' in project 'SJSAssetExportSession' (no dependencies)
GatherProvisioningInputs
CreateBuildDescription
ClangStatCache /Applications/Xcode-26.5.0.app/Contents/Developer/Toolchains/XcodeDefault.xctoolchain/usr/bin/clang-stat-cache /Applications/Xcode-26.5.0.app/Contents/Developer/Platforms/WatchOS.platform/Developer/SDKs/WatchOS26.5.sdk /Users/admin/builder/spi-builder-workspace/.derivedData/SDKStatCaches.noindex/watchos26.5-23T570-688ef53f1462e2c8f657fdc38a81448f7931b973dfc65d9472806dbbc3af9379.sdkstatcache
    cd /Users/admin/builder/spi-builder-workspace/.swiftpm/xcode
    /Applications/Xcode-26.5.0.app/Contents/Developer/Toolchains/XcodeDefault.xctoolchain/usr/bin/clang-stat-cache /Applications/Xcode-26.5.0.app/Contents/Developer/Platforms/WatchOS.platform/Developer/SDKs/WatchOS26.5.sdk -o /Users/admin/builder/spi-builder-workspace/.derivedData/SDKStatCaches.noindex/watchos26.5-23T570-688ef53f1462e2c8f657fdc38a81448f7931b973dfc65d9472806dbbc3af9379.sdkstatcache
SwiftDriver SJSAssetExportSession normal arm64 com.apple.xcode.tools.swift.compiler (in target 'SJSAssetExportSession' from project 'SJSAssetExportSession')
    cd /Users/admin/builder/spi-builder-workspace/.swiftpm/xcode
    builtin-SwiftDriver -- /Applications/Xcode-26.5.0.app/Contents/Developer/Toolchains/XcodeDefault.xctoolchain/usr/bin/swiftc -module-name SJSAssetExportSession -Onone @/Users/admin/builder/spi-builder-workspace/.derivedData/Build/Intermediates.noindex/SJSAssetExportSession.build/Debug-watchos/SJSAssetExportSession.build/Objects-normal/arm64/SJSAssetExportSession.SwiftFileList -DSWIFT_PACKAGE -DDEBUG -DSWIFT_MODULE_RESOURCE_BUNDLE_UNAVAILABLE -DXcode -plugin-path /Applications/Xcode-26.5.0.app/Contents/Developer/Toolchains/XcodeDefault.xctoolchain/usr/lib/swift/host/plugins/testing -enable-experimental-feature DebugDescriptionMacro -sdk /Applications/Xcode-26.5.0.app/Contents/Developer/Platforms/WatchOS.platform/Developer/SDKs/WatchOS26.5.sdk -target arm64-apple-watchos10.0 -g -module-cache-path /Users/admin/builder/spi-builder-workspace/.derivedData/ModuleCache.noindex -Xfrontend -serialize-debugging-options -profile-coverage-mapping -profile-generate -enable-testing -index-store-path /Users/admin/builder/spi-builder-workspace/.derivedData/Index.noindex/DataStore -Xcc -D_LIBCPP_HARDENING_MODE\=_LIBCPP_HARDENING_MODE_DEBUG -swift-version 6 -I /Users/admin/builder/spi-builder-workspace/.derivedData/Build/Products/Debug-watchos -Isystem /Applications/Xcode-26.5.0.app/Contents/Developer/Platforms/WatchOS.platform/Developer/usr/lib -F /Users/admin/builder/spi-builder-workspace/.derivedData/Build/Products/Debug-watchos -F /Applications/Xcode-26.5.0.app/Contents/Developer/Platforms/WatchOS.platform/Developer/Library/Frameworks -F /Applications/Xcode-26.5.0.app/Contents/Developer/Platforms/WatchOS.platform/Developer/SDKs/WatchOS26.5.sdk/Developer/Library/Frameworks -c -j10 -enable-batch-mode -incremental -Xcc -ivfsstatcache -Xcc /Users/admin/builder/spi-builder-workspace/.derivedData/SDKStatCaches.noindex/watchos26.5-23T570-688ef53f1462e2c8f657fdc38a81448f7931b973dfc65d9472806dbbc3af9379.sdkstatcache -output-file-map /Users/admin/builder/spi-builder-workspace/.derivedData/Build/Intermediates.noindex/SJSAssetExportSession.build/Debug-watchos/SJSAssetExportSession.build/Objects-normal/arm64/SJSAssetExportSession-OutputFileMap.json -use-frontend-parseable-output -save-temps -no-color-diagnostics -explicit-module-build -module-cache-path /Users/admin/builder/spi-builder-workspace/.derivedData/Build/Intermediates.noindex/SwiftExplicitPrecompiledModules -clang-scanner-module-cache-path /Users/admin/builder/spi-builder-workspace/.derivedData/ModuleCache.noindex -sdk-module-cache-path /Users/admin/builder/spi-builder-workspace/.derivedData/ModuleCache.noindex -serialize-diagnostics -emit-dependencies -emit-module -emit-module-path /Users/admin/builder/spi-builder-workspace/.derivedData/Build/Intermediates.noindex/SJSAssetExportSession.build/Debug-watchos/SJSAssetExportSession.build/Objects-normal/arm64/SJSAssetExportSession.swiftmodule -validate-clang-modules-once -clang-build-session-file /Users/admin/builder/spi-builder-workspace/.derivedData/ModuleCache.noindex/Session.modulevalidation -package-name spi_builder_workspace -Xcc -I/Users/admin/builder/spi-builder-workspace/.derivedData/Build/Intermediates.noindex/SJSAssetExportSession.build/Debug-watchos/SJSAssetExportSession.build/swift-overrides.hmap -emit-const-values -Xfrontend -const-gather-protocols-file -Xfrontend /Users/admin/builder/spi-builder-workspace/.derivedData/Build/Intermediates.noindex/SJSAssetExportSession.build/Debug-watchos/SJSAssetExportSession.build/Objects-normal/arm64/SJSAssetExportSession_const_extract_protocols.json -Xcc -I/Users/admin/builder/spi-builder-workspace/.derivedData/Build/Products/Debug-watchos/include -Xcc -I/Users/admin/builder/spi-builder-workspace/.derivedData/Build/Intermediates.noindex/SJSAssetExportSession.build/Debug-watchos/SJSAssetExportSession.build/DerivedSources-normal/arm64 -Xcc -I/Users/admin/builder/spi-builder-workspace/.derivedData/Build/Intermediates.noindex/SJSAssetExportSession.build/Debug-watchos/SJSAssetExportSession.build/DerivedSources/arm64 -Xcc -I/Users/admin/builder/spi-builder-workspace/.derivedData/Build/Intermediates.noindex/SJSAssetExportSession.build/Debug-watchos/SJSAssetExportSession.build/DerivedSources -Xcc -DSWIFT_PACKAGE -Xcc -DDEBUG\=1 -emit-objc-header -emit-objc-header-path /Users/admin/builder/spi-builder-workspace/.derivedData/Build/Intermediates.noindex/SJSAssetExportSession.build/Debug-watchos/SJSAssetExportSession.build/Objects-normal/arm64/SJSAssetExportSession-Swift.h -working-directory /Users/admin/builder/spi-builder-workspace/.swiftpm/xcode -experimental-emit-module-separately -disable-cmo
/Users/admin/builder/spi-builder-workspace/Sources/SJSAssetExportSession/VideoFrameSource.swift:9:8: error: Unable to resolve module dependency: 'VideoToolbox'
import VideoToolbox
       ^ (in target 'SJSAssetExportSession' from project 'SJSAssetExportSession')
/Users/admin/builder/spi-builder-workspace/Sources/SJSAssetExportSession/VideoFrameSource.swift:9:8: note: A dependency of main module 'SJSAssetExportSession'
import VideoToolbox
       ^ (in target 'SJSAssetExportSession' from project 'SJSAssetExportSession')
/Users/admin/builder/spi-builder-workspace/Sources/SJSAssetExportSession/VideoOutputSettings.swift:9:8: note: Also imported here
import VideoToolbox
       ^ (in target 'SJSAssetExportSession' from project 'SJSAssetExportSession')
SwiftDriver SJSAssetExportSession normal arm64_32 com.apple.xcode.tools.swift.compiler (in target 'SJSAssetExportSession' from project 'SJSAssetExportSession')
    cd /Users/admin/builder/spi-builder-workspace/.swiftpm/xcode
    builtin-SwiftDriver -- /Applications/Xcode-26.5.0.app/Contents/Developer/Toolchains/XcodeDefault.xctoolchain/usr/bin/swiftc -module-name SJSAssetExportSession -Onone @/Users/admin/builder/spi-builder-workspace/.derivedData/Build/Intermediates.noindex/SJSAssetExportSession.build/Debug-watchos/SJSAssetExportSession.build/Objects-normal/arm64_32/SJSAssetExportSession.SwiftFileList -DSWIFT_PACKAGE -DDEBUG -DSWIFT_MODULE_RESOURCE_BUNDLE_UNAVAILABLE -DXcode -plugin-path /Applications/Xcode-26.5.0.app/Contents/Developer/Toolchains/XcodeDefault.xctoolchain/usr/lib/swift/host/plugins/testing -enable-experimental-feature DebugDescriptionMacro -sdk /Applications/Xcode-26.5.0.app/Contents/Developer/Platforms/WatchOS.platform/Developer/SDKs/WatchOS26.5.sdk -target arm64_32-apple-watchos10.0 -g -module-cache-path /Users/admin/builder/spi-builder-workspace/.derivedData/ModuleCache.noindex -Xfrontend -serialize-debugging-options -profile-coverage-mapping -profile-generate -enable-testing -index-store-path /Users/admin/builder/spi-builder-workspace/.derivedData/Index.noindex/DataStore -Xcc -D_LIBCPP_HARDENING_MODE\=_LIBCPP_HARDENING_MODE_DEBUG -swift-version 6 -I /Users/admin/builder/spi-builder-workspace/.derivedData/Build/Products/Debug-watchos -Isystem /Applications/Xcode-26.5.0.app/Contents/Developer/Platforms/WatchOS.platform/Developer/usr/lib -F /Users/admin/builder/spi-builder-workspace/.derivedData/Build/Products/Debug-watchos -F /Applications/Xcode-26.5.0.app/Contents/Developer/Platforms/WatchOS.platform/Developer/Library/Frameworks -F /Applications/Xcode-26.5.0.app/Contents/Developer/Platforms/WatchOS.platform/Developer/SDKs/WatchOS26.5.sdk/Developer/Library/Frameworks -c -j10 -enable-batch-mode -incremental -Xcc -ivfsstatcache -Xcc /Users/admin/builder/spi-builder-workspace/.derivedData/SDKStatCaches.noindex/watchos26.5-23T570-688ef53f1462e2c8f657fdc38a81448f7931b973dfc65d9472806dbbc3af9379.sdkstatcache -output-file-map /Users/admin/builder/spi-builder-workspace/.derivedData/Build/Intermediates.noindex/SJSAssetExportSession.build/Debug-watchos/SJSAssetExportSession.build/Objects-normal/arm64_32/SJSAssetExportSession-OutputFileMap.json -use-frontend-parseable-output -save-temps -no-color-diagnostics -explicit-module-build -module-cache-path /Users/admin/builder/spi-builder-workspace/.derivedData/Build/Intermediates.noindex/SwiftExplicitPrecompiledModules -clang-scanner-module-cache-path /Users/admin/builder/spi-builder-workspace/.derivedData/ModuleCache.noindex -sdk-module-cache-path /Users/admin/builder/spi-builder-workspace/.derivedData/ModuleCache.noindex -serialize-diagnostics -emit-dependencies -emit-module -emit-module-path /Users/admin/builder/spi-builder-workspace/.derivedData/Build/Intermediates.noindex/SJSAssetExportSession.build/Debug-watchos/SJSAssetExportSession.build/Objects-normal/arm64_32/SJSAssetExportSession.swiftmodule -validate-clang-modules-once -clang-build-session-file /Users/admin/builder/spi-builder-workspace/.derivedData/ModuleCache.noindex/Session.modulevalidation -package-name spi_builder_workspace -Xcc -I/Users/admin/builder/spi-builder-workspace/.derivedData/Build/Intermediates.noindex/SJSAssetExportSession.build/Debug-watchos/SJSAssetExportSession.build/swift-overrides.hmap -emit-const-values -Xfrontend -const-gather-protocols-file -Xfrontend /Users/admin/builder/spi-builder-workspace/.derivedData/Build/Intermediates.noindex/SJSAssetExportSession.build/Debug-watchos/SJSAssetExportSession.build/Objects-normal/arm64_32/SJSAssetExportSession_const_extract_protocols.json -Xcc -I/Users/admin/builder/spi-builder-workspace/.derivedData/Build/Products/Debug-watchos/include -Xcc -I/Users/admin/builder/spi-builder-workspace/.derivedData/Build/Intermediates.noindex/SJSAssetExportSession.build/Debug-watchos/SJSAssetExportSession.build/DerivedSources-normal/arm64_32 -Xcc -I/Users/admin/builder/spi-builder-workspace/.derivedData/Build/Intermediates.noindex/SJSAssetExportSession.build/Debug-watchos/SJSAssetExportSession.build/DerivedSources/arm64_32 -Xcc -I/Users/admin/builder/spi-builder-workspace/.derivedData/Build/Intermediates.noindex/SJSAssetExportSession.build/Debug-watchos/SJSAssetExportSession.build/DerivedSources -Xcc -DSWIFT_PACKAGE -Xcc -DDEBUG\=1 -emit-objc-header -emit-objc-header-path /Users/admin/builder/spi-builder-workspace/.derivedData/Build/Intermediates.noindex/SJSAssetExportSession.build/Debug-watchos/SJSAssetExportSession.build/Objects-normal/arm64_32/SJSAssetExportSession-Swift.h -working-directory /Users/admin/builder/spi-builder-workspace/.swiftpm/xcode -experimental-emit-module-separately -disable-cmo
/Users/admin/builder/spi-builder-workspace/Sources/SJSAssetExportSession/VideoFrameSource.swift:9:8: error: Unable to resolve module dependency: 'VideoToolbox'
import VideoToolbox
       ^ (in target 'SJSAssetExportSession' from project 'SJSAssetExportSession')
/Users/admin/builder/spi-builder-workspace/Sources/SJSAssetExportSession/VideoFrameSource.swift:9:8: note: A dependency of main module 'SJSAssetExportSession'
import VideoToolbox
       ^ (in target 'SJSAssetExportSession' from project 'SJSAssetExportSession')
/Users/admin/builder/spi-builder-workspace/Sources/SJSAssetExportSession/VideoOutputSettings.swift:9:8: note: Also imported here
import VideoToolbox
       ^ (in target 'SJSAssetExportSession' from project 'SJSAssetExportSession')
2026-10-10 04:03:06.007 xcodebuild[691:4343] [MT] IDERunDestination: Supported platforms for the buildables in the current scheme is empty.
/Users/admin/builder/spi-builder-workspace/Sources/SJSAssetExportSession/VideoFrameSource.swift:9:8: error: unable to resolve module dependency: 'VideoToolbox'
import VideoToolbox
       ^
/Users/admin/builder/spi-builder-workspace/Sources/SJSAssetExportSession/VideoFrameSource.swift:9:8: note: a dependency of main module 'SJSAssetExportSession'
import VideoToolbox
       ^
/Users/admin/builder/spi-builder-workspace/Sources/SJSAssetExportSession/VideoOutputSettings.swift:9:8: note: also imported here
import VideoToolbox
       ^
/Users/admin/builder/spi-builder-workspace/Sources/SJSAssetExportSession/VideoFrameSource.swift:9:8: error: unable to resolve module dependency: 'VideoToolbox'
import VideoToolbox
       ^
/Users/admin/builder/spi-builder-workspace/Sources/SJSAssetExportSession/VideoFrameSource.swift:9:8: note: a dependency of main module 'SJSAssetExportSession'
import VideoToolbox
       ^
/Users/admin/builder/spi-builder-workspace/Sources/SJSAssetExportSession/VideoOutputSettings.swift:9:8: note: also imported here
import VideoToolbox
       ^
** BUILD FAILED **
The following build commands failed:
	SwiftDriver SJSAssetExportSession normal arm64 com.apple.xcode.tools.swift.compiler (in target 'SJSAssetExportSession' from project 'SJSAssetExportSession')
	SwiftDriver SJSAssetExportSession normal arm64_32 com.apple.xcode.tools.swift.compiler (in target 'SJSAssetExportSession' from project 'SJSAssetExportSession')
	Building workspace spi-builder-workspace with scheme SJSAssetExportSession
(3 failures)
BUILD FAILURE 6.3 watchOS