The Swift Package Index logo.Swift Package Index

Build Information

Failed to build Billboard, reference 1.0.2 (c6c74e), with Swift 6.4 for macOS (SPM) on 19 Sep 2026 19:36:06 UTC.

Build Command

env DEVELOPER_DIR=/Applications/Xcode-27.0.0-Release.Candidate.app xcrun swift build --arch arm64

Build Log

========================================
RunAll
========================================
Builder version: 5.1.0
Interrupt handler set up.
========================================
Checkout
========================================
Clone URL: https://github.com/hiddevdploeg/Billboard.git
Reference: 1.0.2
Initialized empty Git repository in /Users/admin/builder/spi-builder-workspace/.git/
From https://github.com/hiddevdploeg/Billboard
 * tag               1.0.2      -> FETCH_HEAD
HEAD is now at c6c74e4 Merge pull request #29 from hiddevdploeg/update-design-and-example
Cloned https://github.com/hiddevdploeg/Billboard.git
Revision (git rev-parse @):
c6c74e4a351a78f014420d75698cb7a3eeb27ccf
SUCCESS checkout https://github.com/hiddevdploeg/Billboard.git at 1.0.2
========================================
Build
========================================
Selected platform:         macosSpm
Swift version:             6.4
Building package at path:  $PWD
https://github.com/hiddevdploeg/Billboard.git
Running build ...
env DEVELOPER_DIR=/Applications/Xcode-27.0.0-Release.Candidate.app xcrun swift build --arch arm64
Building for debugging...
[Planning deferred tasks]
[19 / 28]
[20 / 29] Billboard
[31 / 113]
[35 / 113]
[43 / 113]
[45 / 113]
[46 / 113]
[51 / 113]
[54 / 113]
[58 / 113]
[64 / 113]
[67 / 113]
[69 / 113]
[70 / 113]
[82 / 113]
[85 / 113]
[86 / 113]
[89 / 113]
[91 / 113]
[104 / 113] Billboard
error: SwiftCompile normal arm64 failed with a nonzero exit code. Command line:     cd /Users/admin/builder

/Users/admin/builder/spi-builder-workspace/Sources/Billboard/Views/BillboardBannerView.swift:19:34: error: cannot find type 'UIImage' in scope
 17 |
 18 |     @State private var canDismiss = false
 19 |     @State private var appIcon : UIImage? = nil
    |                                  `- error: cannot find type 'UIImage' in scope
 20 |     @State private var showAdvertisement = true
 21 |
macro expansion @State:2:24: error: cannot find type 'UIImage' in scope
`- /Users/admin/builder/spi-builder-workspace/Sources/Billboard/Views/BillboardBannerView.swift:19:48: note: expanded code originates here
 17 |
 18 |     @State private var canDismiss = false
 19 |     @State private var appIcon : UIImage? = nil
    |     `- note: in expansion of macro 'State' on property 'appIcon' here
    +--- macro expansion @State ----------------------------------------
    | 1 | private var __appIcon = SwiftUICore.State._makeStorage(({
    | 2 |             let value: UIImage? = nil
    |   |                        `- error: cannot find type 'UIImage' in scope
    | 3 |             return value
    | 4 |         }))
    +-------------------------------------------------------------------
 20 |     @State private var showAdvertisement = true
 21 |
macro expansion @State:8:27: error: cannot find type 'UIImage' in scope
`- /Users/admin/builder/spi-builder-workspace/Sources/Billboard/Views/BillboardBannerView.swift:19:48: note: expanded code originates here
 17 |
 18 |     @State private var canDismiss = false
 19 |     @State private var appIcon : UIImage? = nil
    |     `- note: in expansion of macro 'State' on property 'appIcon' here
    +--- macro expansion @State ----------------------------------------
    | 6 | @SwiftUICore._StatePropertyWrapperStorage(initialValue: "JHM5QmlsbGJvYXJkMEExMEJhbm5lclZpZXdWN2FwcEljb24zM19DMjc4OENDODNCREZDODYwQ0Y5NUIwNEQ4OTVDNkYxMkxMNVN0YXRlZk1wXzIwX2luaXRpYWxTdG9yZWRWYWx1ZV9mTXVf")
    | 7 | private var _appIcon: SwiftUICore.State<_>! = SwiftUICore._stateNil(of: {
    | 8 |         SwiftUICore.State<UIImage?>(initialValue: nil)
    |   |                           `- error: cannot find type 'UIImage' in scope
    | 9 |     })
    |10 |
    +-------------------------------------------------------------------
 20 |     @State private var showAdvertisement = true
 21 |
macro expansion @State:7:41: error: could not infer type for placeholder
`- /Users/admin/builder/spi-builder-workspace/Sources/Billboard/Views/BillboardBannerView.swift:19:48: note: expanded code originates here
 17 |
 18 |     @State private var canDismiss = false
 19 |     @State private var appIcon : UIImage? = nil
    |     `- note: in expansion of macro 'State' on property 'appIcon' here
    +--- macro expansion @State ----------------------------------------
    | 5 |
    | 6 | @SwiftUICore._StatePropertyWrapperStorage(initialValue: "JHM5QmlsbGJvYXJkMEExMEJhbm5lclZpZXdWN2FwcEljb24zM19DMjc4OENDODNCREZDODYwQ0Y5NUIwNEQ4OTVDNkYxMkxMNVN0YXRlZk1wXzIwX2luaXRpYWxTdG9yZWRWYWx1ZV9mTXVf")
    | 7 | private var _appIcon: SwiftUICore.State<_>! = SwiftUICore._stateNil(of: {
    |   |                                         `- error: could not infer type for placeholder
    | 8 |         SwiftUICore.State<UIImage?>(initialValue: nil)
    | 9 |     })
    +-------------------------------------------------------------------
 20 |     @State private var showAdvertisement = true
 21 |
macro expansion @State:12:42: error: cannot find type 'UIImage' in scope
`- /Users/admin/builder/spi-builder-workspace/Sources/Billboard/Views/BillboardBannerView.swift:19:48: note: expanded code originates here
 17 |
 18 |     @State private var canDismiss = false
 19 |     @State private var appIcon : UIImage? = nil
    |     `- note: in expansion of macro 'State' on property 'appIcon' here
    +--- macro expansion @State ----------------------------------------
    |10 |
    |11 | @SwiftUICore._StateProjectedValue
    |12 | private var $appIcon = SwiftUICore.State<UIImage?>(initialValue: nil).projectedValue
    |   |                                          `- error: cannot find type 'UIImage' in scope
    |13 |
    |14 | @SwiftUICore._StateInitialStoredValue("U3dpZnRVSUNvcmUuU3RhdGUuX21ha2VTdG9yYWdlKCh7IGxldCB2YWx1ZTogVUlJbWFnZT8gPSBuaWwKcmV0dXJuIHZhbHVlIH0pKQ==")
    +-------------------------------------------------------------------
 20 |     @State private var showAdvertisement = true
 21 |
macro expansion @State:16:20: error: cannot find type 'UIImage' in scope
`- /Users/admin/builder/spi-builder-workspace/Sources/Billboard/Views/BillboardBannerView.swift:19:48: note: expanded code originates here
 17 |
 18 |     @State private var canDismiss = false
 19 |     @State private var appIcon : UIImage? = nil
    |     `- note: in expansion of macro 'State' on property 'appIcon' here
    +--- macro expansion @State ----------------------------------------
    |14 | @SwiftUICore._StateInitialStoredValue("U3dpZnRVSUNvcmUuU3RhdGUuX21ha2VTdG9yYWdlKCh7IGxldCB2YWx1ZTogVUlJbWFnZT8gPSBuaWwKcmV0dXJuIHZhbHVlIH0pKQ==")
    |15 | private static var $s9Billboard0A10BannerViewV7appIcon33_C2788CC83BDFC860CF95B04D895C6F12LL5StatefMp_20_initialStoredValue_fMu_ = (SwiftUICore.State._makeStorage(initialValue: {
    |16 |             let x: UIImage? = nil
    |   |                    `- error: cannot find type 'UIImage' in scope
    |17 |             return x
    |18 |         }()))
    +-------------------------------------------------------------------
 20 |     @State private var showAdvertisement = true
 21 |
/Users/admin/builder/spi-builder-workspace/Sources/Billboard/Views/BillboardCountdownView.swift:20:17: warning: cannot use generic class 'Autoconnect' in a property declaration member of a type not marked '@_implementationOnly'; 'Combine' was not imported by this file
18 |     @State private var timerProgress : CGFloat = 0.0
19 |
20 |     private let timer = Timer.publish(every: 1, on: .main, in: .common).autoconnect()
   |                 `- warning: cannot use generic class 'Autoconnect' in a property declaration member of a type not marked '@_implementationOnly'; 'Combine' was not imported by this file
21 |
22 |     var body: some View {
Combine.Publishers.Autoconnect:2:14: note: generic class declared here
 1 | enum Publishers {
 2 | public class Autoconnect<Upstream> : Publisher where Upstream : ConnectablePublisher {
   |              `- note: generic class declared here
 3 |     public typealias Output = Upstream.Output
 4 |     public typealias Failure = Upstream.Failure
/Users/admin/builder/spi-builder-workspace/Sources/Billboard/Views/BillboardCountdownView.swift:20:17: warning: cannot use enum 'Publishers' in a property declaration member of a type not marked '@_implementationOnly'; 'Combine' was not imported by this file
18 |     @State private var timerProgress : CGFloat = 0.0
19 |
20 |     private let timer = Timer.publish(every: 1, on: .main, in: .common).autoconnect()
   |                 `- warning: cannot use enum 'Publishers' in a property declaration member of a type not marked '@_implementationOnly'; 'Combine' was not imported by this file
21 |
22 |     var body: some View {
Combine.Publishers:2:13: note: enum declared here
1 | @available(macOS 10.15, iOS 13.0, tvOS 13.0, watchOS 6.0, *)
2 | public enum Publishers {
  |             `- note: enum declared here
3 | }
/Users/admin/builder/spi-builder-workspace/Sources/Billboard/Views/BillboardView.swift:83:32: error: 'SKOverlay' is unavailable in macOS
 81 |     //MARK: - App Store Overlay
 82 |
 83 |     private var storeOverlay : SKOverlay {
    |                                `- error: 'SKOverlay' is unavailable in macOS
 84 |         let config = SKOverlay.AppConfiguration(appIdentifier: advert.appStoreID, position: .bottom)
 85 |         let overlay = SKOverlay(configuration: config)
/Applications/Xcode-27.0.0-Release.Candidate.app/Contents/Developer/Platforms/MacOSX.platform/Developer/SDKs/MacOSX27.0.sdk/System/Library/Frameworks/StoreKit.framework/Headers/SKOverlay.h:36:12: note: 'SKOverlay' has been explicitly marked unavailable here
34 | SK_CLASS_FINAL
35 | API_AVAILABLE(ios(14.0), visionos(1.0)) API_UNAVAILABLE(macos, watchos) __TVOS_PROHIBITED NS_SWIFT_NONSENDABLE
36 | @interface SKOverlay : NSObject
   |            `- note: 'SKOverlay' has been explicitly marked unavailable here
37 |
38 | - (instancetype)init NS_UNAVAILABLE;
/Users/admin/builder/spi-builder-workspace/Sources/Billboard/Views/BillboardView.swift:89:25: error: cannot find 'UIApplication' in scope
 87 |     }
 88 |
 89 |     private let scene = UIApplication.shared.connectedScenes
    |                         `- error: cannot find 'UIApplication' in scope
 90 |         .compactMap({ scene -> UIWindow? in
 91 |             (scene as? UIWindowScene)?.keyWindow
/Users/admin/builder/spi-builder-workspace/Sources/Billboard/Views/BillboardView.swift:90:32: error: cannot find type 'UIWindow' in scope
 88 |
 89 |     private let scene = UIApplication.shared.connectedScenes
 90 |         .compactMap({ scene -> UIWindow? in
    |                                `- error: cannot find type 'UIWindow' in scope
 91 |             (scene as? UIWindowScene)?.keyWindow
 92 |         })
/Users/admin/builder/spi-builder-workspace/Sources/Billboard/Views/BillboardView.swift:91:24: error: cannot find type 'UIWindowScene' in scope
 89 |     private let scene = UIApplication.shared.connectedScenes
 90 |         .compactMap({ scene -> UIWindow? in
 91 |             (scene as? UIWindowScene)?.keyWindow
    |                        `- error: cannot find type 'UIWindowScene' in scope
 92 |         })
 93 |         .first?
/Users/admin/builder/spi-builder-workspace/Sources/Billboard/Views/BillboardView.swift:94:10: error: failed to produce diagnostic for expression; please submit a bug report (https://swift.org/contributing/#reporting-bugs)
 92 |         })
 93 |         .first?
 94 |         .windowScene
    |          `- error: failed to produce diagnostic for expression; please submit a bug report (https://swift.org/contributing/#reporting-bugs)
 95 |
 96 |     private func dismissOverlay() {
Failed frontend command:
/Applications/Xcode-27.0.0-Release.Candidate.app/Contents/Developer/Toolchains/XcodeDefault.xctoolchain/usr/bin/swift-frontend -frontend -emit-module -experimental-skip-non-inlinable-function-bodies-without-types /Users/admin/builder/spi-builder-workspace/Sources/Billboard/BillboardConfiguration.swift /Users/admin/builder/spi-builder-workspace/Sources/Billboard/BillboardViewModel.swift /Users/admin/builder/spi-builder-workspace/Sources/Billboard/CachedImage/CachedImage.swift /Users/admin/builder/spi-builder-workspace/Sources/Billboard/CachedImage/CachedImageManager.swift /Users/admin/builder/spi-builder-workspace/Sources/Billboard/CachedImage/ImageCache.swift /Users/admin/builder/spi-builder-workspace/Sources/Billboard/CachedImage/ImageRetriever.swift /Users/admin/builder/spi-builder-workspace/Sources/Billboard/Models/BillboardAd.swift /Users/admin/builder/spi-builder-workspace/Sources/Billboard/Models/BillboardAdResponse.swift /Users/admin/builder/spi-builder-workspace/Sources/Billboard/Utilities/AdvertisementViewModifier.swift /Users/admin/builder/spi-builder-workspace/Sources/Billboard/Utilities/BillboardSamples.swift /Users/admin/builder/spi-builder-workspace/Sources/Billboard/Utilities/Color+Hex.swift /Users/admin/builder/spi-builder-workspace/Sources/Billboard/Utilities/Font+iOS15.swift /Users/admin/builder/spi-builder-workspace/Sources/Billboard/Utilities/Haptics.swift /Users/admin/builder/spi-builder-workspace/Sources/Billboard/Utilities/Logger+Ext.swift /Users/admin/builder/spi-builder-workspace/Sources/Billboard/Views/BillboardAdInfoLabel.swift /Users/admin/builder/spi-builder-workspace/Sources/Billboard/Views/BillboardBannerView.swift /Users/admin/builder/spi-builder-workspace/Sources/Billboard/Views/BillboardCountdownView.swift /Users/admin/builder/spi-builder-workspace/Sources/Billboard/Views/BillboardDismissButton.swift /Users/admin/builder/spi-builder-workspace/Sources/Billboard/Views/BillboardImageView.swift /Users/admin/builder/spi-builder-workspace/Sources/Billboard/Views/BillboardTextView.swift /Users/admin/builder/spi-builder-workspace/Sources/Billboard/Views/BillboardView.swift /Users/admin/builder/spi-builder-workspace/Sources/Billboard/Views/DefaultAdView.swift /Users/admin/builder/spi-builder-workspace/Sources/Billboard/Views/FullScreenAdView.swift -target arm64-apple-macos12.0 -disable-cross-import-overlay-search -swift-module-cross-import StoreKit /Applications/Xcode-27.0.0-Release.Candidate.app/Contents/Developer/Platforms/MacOSX.platform/Developer/SDKs/MacOSX.sdk/System/Library/Frameworks/StoreKit.framework/Modules/StoreKit.swiftcrossimport/SwiftUI.swiftoverlay -swift-module-cross-import StoreKit /Applications/Xcode-27.0.0-Release.Candidate.app/Contents/Developer/Platforms/MacOSX.platform/Developer/SDKs/MacOSX27.0.sdk/System/Library/Frameworks/StoreKit.framework/Modules/StoreKit.swiftcrossimport/SwiftUI.swiftoverlay -load-resolved-plugin /Applications/Xcode-27.0.0-Release.Candidate.app/Contents/Developer/Platforms/MacOSX.platform/Developer/usr/lib/swift/host/plugins/libFoundationMacros.dylib\#/Applications/Xcode-27.0.0-Release.Candidate.app/Contents/Developer/Platforms/MacOSX.platform/Developer/usr/bin/swift-plugin-server\#FoundationMacros -load-resolved-plugin /Applications/Xcode-27.0.0-Release.Candidate.app/Contents/Developer/Platforms/MacOSX.platform/Developer/usr/lib/swift/host/plugins/libObservationMacros.dylib\#/Applications/Xcode-27.0.0-Release.Candidate.app/Contents/Developer/Platforms/MacOSX.platform/Developer/usr/bin/swift-plugin-server\#ObservationMacros -load-resolved-plugin /Applications/Xcode-27.0.0-Release.Candidate.app/Contents/Developer/Platforms/MacOSX.platform/Developer/usr/lib/swift/host/plugins/libPreviewsMacros.dylib\#/Applications/Xcode-27.0.0-Release.Candidate.app/Contents/Developer/Platforms/MacOSX.platform/Developer/usr/bin/swift-plugin-server\#PreviewsMacros -load-resolved-plugin /Applications/Xcode-27.0.0-Release.Candidate.app/Contents/Developer/Platforms/MacOSX.platform/Developer/usr/lib/swift/host/plugins/libSwiftMacros.dylib\#/Applications/Xcode-27.0.0-Release.Candidate.app/Contents/Developer/Platforms/MacOSX.platform/Developer/usr/bin/swift-plugin-server\#SwiftMacros -load-resolved-plugin /Applications/Xcode-27.0.0-Release.Candidate.app/Contents/Developer/Platforms/MacOSX.platform/Developer/usr/lib/swift/host/plugins/libSwiftUIMacros.dylib\#/Applications/Xcode-27.0.0-Release.Candidate.app/Contents/Developer/Platforms/MacOSX.platform/Developer/usr/bin/swift-plugin-server\#SwiftUIMacros -disable-implicit-swift-modules -Xcc -fno-implicit-modules -Xcc -fno-implicit-module-maps -explicit-swift-module-map-file /Users/admin/builder/spi-builder-workspace/.build/out/Intermediates.noindex/Billboard.build/Debug/Billboard-t.build/Objects-normal/arm64/Billboard-dependencies-1.json -Xllvm -aarch64-use-tbi -enable-objc-interop -stack-check -sdk /Applications/Xcode-27.0.0-Release.Candidate.app/Contents/Developer/Platforms/MacOSX.platform/Developer/SDKs/MacOSX27.0.sdk -I /Users/admin/builder/spi-builder-workspace/.build/out/Products/Debug -Isystem /Applications/Xcode-27.0.0-Release.Candidate.app/Contents/Developer/Platforms/MacOSX.platform/Developer/usr/lib -F /Users/admin/builder/spi-builder-workspace/.build/out/Products/Debug -F /Applications/Xcode-27.0.0-Release.Candidate.app/Contents/Developer/Platforms/MacOSX.platform/Developer/Library/Frameworks -module-cache-path /Users/admin/builder/spi-builder-workspace/.build/out/Intermediates.noindex/SwiftExplicitPrecompiledModules -color-diagnostics -Xcc -fcolor-diagnostics -enable-testing -g -debug-info-format\=dwarf -dwarf-version\=4 -swift-version 5 -Onone -D SWIFT_PACKAGE -D DEBUG -D SWIFT_MODULE_RESOURCE_BUNDLE_UNAVAILABLE -D Xcode -serialize-debugging-options -enable-experimental-feature DebugDescriptionMacro -empty-abi-descriptor -validate-clang-modules-once -clang-build-session-file /Users/admin/builder/spi-builder-workspace/.build/out/ModuleCache.noindex/Session.modulevalidation -Xcc -working-directory -Xcc /Users/admin/builder -enable-anonymous-context-mangled-names -file-compilation-dir /Users/admin/builder -Xcc -D_LIBCPP_HARDENING_MODE\=_LIBCPP_HARDENING_MODE_DEBUG -Xcc -ivfsstatcache -Xcc /Users/admin/builder/spi-builder-workspace/.build/out/SDKStatCaches.noindex/macosx27.0-26A425-80c5bbf1d171475443272936d42f90a36a22442a12e9d48fe1a705f55a1adfc4.sdkstatcache -Xcc -fmodules-prune-interval\=86400 -Xcc -fmodules-prune-after\=345600 -Xcc -I/Users/admin/builder/spi-builder-workspace/.build/out/Products/Debug/include -Xcc -I/Users/admin/builder/spi-builder-workspace/.build/out/Intermediates.noindex/Billboard.build/Debug/Billboard-t.build/DerivedSources-normal/arm64 -Xcc -I/Users/admin/builder/spi-builder-workspace/.build/out/Intermediates.noindex/Billboard.build/Debug/Billboard-t.build/DerivedSources/arm64 -Xcc -I/Users/admin/builder/spi-builder-workspace/.build/out/Intermediates.noindex/Billboard.build/Debug/Billboard-t.build/DerivedSources -Xcc -DSWIFT_PACKAGE -Xcc -DDEBUG\=1 -no-auto-bridging-header-chaining -module-name Billboard -const-gather-protocols-file /Users/admin/builder/spi-builder-workspace/.build/out/Intermediates.noindex/Billboard.build/Debug/Billboard-t.build/Objects-normal/arm64/Billboard_const_extract_protocols.json -disable-clang-spi -clang-target arm64-apple-macos27.0 -target-sdk-version 27.0 -target-sdk-name macosx27.0 -in-process-plugin-server-path /Applications/Xcode-27.0.0-Release.Candidate.app/Contents/Developer/Toolchains/XcodeDefault.xctoolchain/usr/lib/swift/host/libSwiftInProcPluginServer.dylib -emit-module-doc-path /Users/admin/builder/spi-builder-workspace/.build/out/Intermediates.noindex/Billboard.build/Debug/Billboard-t.build/Objects-normal/arm64/Billboard.swiftdoc -emit-module-source-info-path /Users/admin/builder/spi-builder-workspace/.build/out/Intermediates.noindex/Billboard.build/Debug/Billboard-t.build/Objects-normal/arm64/Billboard.swiftsourceinfo -emit-objc-header-path /Users/admin/builder/spi-builder-workspace/.build/out/Intermediates.noindex/Billboard.build/Debug/Billboard-t.build/Objects-normal/arm64/Billboard-Swift.h -serialize-diagnostics-path /Users/admin/builder/spi-builder-workspace/.build/out/Intermediates.noindex/Billboard.build/Debug/Billboard-t.build/Objects-normal/arm64/Billboard-primary-emit-module.dia -emit-dependencies-path /Users/admin/builder/spi-builder-workspace/.build/out/Intermediates.noindex/Billboard.build/Debug/Billboard-t.build/Objects-normal/arm64/Billboard-primary-emit-module.d -parse-as-library -o /Users/admin/builder/spi-builder-workspace/.build/out/Intermediates.noindex/Billboard.build/Debug/Billboard-t.build/Objects-normal/arm64/Billboard.swiftmodule -emit-abi-descriptor-path /Users/admin/builder/spi-builder-workspace/.build/out/Intermediates.noindex/Billboard.build/Debug/Billboard-t.build/Objects-normal/arm64/Billboard.abi.json
error: Build failed
BUILD FAILURE 6.4 macosSpm