The Swift Package Index logo.Swift Package Index

Build Information

Failed to build Membrane, reference 0.1.4 (11bef8), with Swift 6.2 for Wasm on 27 Jun 2026 09:58:30 UTC.

Build Command

bash -c docker run --pull=always --rm -v "checkouts-53886768-0":/host -w "$PWD" -e JAVA_HOME="/root/.sdkman/candidates/java/current" -e SPI_BUILD="1" -e SPI_PROCESSING="1" registry.gitlab.com/saguaro1/spi-images:wasm-6.2-latest swift build --swift-sdk swift-6.2-RELEASE_wasm 2>&1

Build Log

========================================
RunAll
========================================
Builder version: 0e64495ecc1688c3b3e031a5ef1348b5c05091ae
Interrupt handler set up.
========================================
Checkout
========================================
Clone URL: https://github.com/christopherkarani/Membrane.git
Reference: 0.1.4
Initialized empty Git repository in /host/spi-builder-workspace/.git/
hint: Using 'master' as the name for the initial branch. This default branch name
hint: is subject to change. To configure the initial branch name to use in all
hint: of your new repositories, which will suppress this warning, call:
hint:
hint: 	git config --global init.defaultBranch <name>
hint:
hint: Names commonly chosen instead of 'master' are 'main', 'trunk' and
hint: 'development'. The just-created branch can be renamed via this command:
hint:
hint: 	git branch -m <name>
From https://github.com/christopherkarani/Membrane
 * tag               0.1.4      -> FETCH_HEAD
HEAD is now at 11bef81 chore: remove MembraneWax and MembraneConduit modules
Cloned https://github.com/christopherkarani/Membrane.git
Revision (git rev-parse @):
11bef8184d8c7254c5e3d87dd2117e2932642d73
SUCCESS checkout https://github.com/christopherkarani/Membrane.git at 0.1.4
========================================
Build
========================================
Selected platform:         wasm
Swift version:             6.2
Building package at path:  $PWD
https://github.com/christopherkarani/Membrane.git
Running build ...
bash -c docker run --pull=always --rm -v "checkouts-53886768-0":/host -w "$PWD" -e JAVA_HOME="/root/.sdkman/candidates/java/current" -e SPI_BUILD="1" -e SPI_PROCESSING="1" registry.gitlab.com/saguaro1/spi-images:wasm-6.2-latest swift build --swift-sdk swift-6.2-RELEASE_wasm 2>&1
wasm-6.2-latest: Pulling from saguaro1/spi-images
Digest: sha256:dc8dffc38f1d92eca7ee5312617822470123661393ed20672e77964f9dcaaffb
Status: Image is up to date for registry.gitlab.com/saguaro1/spi-images:wasm-6.2-latest
Fetching https://github.com/apple/swift-collections.git
Fetching https://github.com/christopherkarani/ContextCore.git
[1/755] Fetching contextcore
Fetched https://github.com/christopherkarani/ContextCore.git from cache (0.45s)
[1/25239] Fetching swift-collections
Fetched https://github.com/apple/swift-collections.git from cache (1.14s)
Computing version for https://github.com/christopherkarani/ContextCore.git
Computed https://github.com/christopherkarani/ContextCore.git at 1.0.0 (1.29s)
Fetching https://github.com/christopherkarani/MetalANNS.git
[1/1815] Fetching metalanns
Fetched https://github.com/christopherkarani/MetalANNS.git from cache (0.45s)
Computing version for https://github.com/christopherkarani/MetalANNS.git
Computed https://github.com/christopherkarani/MetalANNS.git at 0.1.3 (0.59s)
Fetching https://github.com/groue/GRDB.swift.git
[1/113776] Fetching grdb.swift
Fetched https://github.com/groue/GRDB.swift.git from cache (8.33s)
Computing version for https://github.com/apple/swift-collections.git
Computed https://github.com/apple/swift-collections.git at 1.6.0 (8.56s)
Computing version for https://github.com/groue/GRDB.swift.git
Computed https://github.com/groue/GRDB.swift.git at 7.11.1 (0.22s)
Creating working copy for https://github.com/groue/GRDB.swift.git
Working copy of https://github.com/groue/GRDB.swift.git resolved at 7.11.1
Creating working copy for https://github.com/christopherkarani/MetalANNS.git
Working copy of https://github.com/christopherkarani/MetalANNS.git resolved at 0.1.3
Creating working copy for https://github.com/apple/swift-collections.git
Working copy of https://github.com/apple/swift-collections.git resolved at 1.6.0
Creating working copy for https://github.com/christopherkarani/ContextCore.git
Working copy of https://github.com/christopherkarani/ContextCore.git resolved at 1.0.0
Building for debugging...
[0/31] Write sources
[5/31] Copying README.md
[6/31] Copying Sort.metal
[6/31] Copying SearchFloat16.metal
[6/31] Copying Search.metal
[7/31] Copying PQDistance.metal
[8/31] Copying NNDescentFloat16.metal
[11/31] Copying NNDescent.metal
[12/31] Copying DistanceFloat16.metal
[12/31] Copying HammingDistance.metal
[13/31] Copying Distance.metal
[15/31] Write sources
[16/31] Copying PrivacyInfo.xcprivacy
[16/31] Copying Info.plist
[18/31] Copying placeholder.txt
[18/31] Copying Relevance.metal
[19/31] Copying Recency.metal
[19/31] Copying Consolidation.metal
[20/31] Copying Compression.metal
[21/31] Write sources
[25/31] Copying Attention.metal
[26/31] Write sources
[30/31] Write swift-version-24593BA9C3E375BF.txt
[32/250] Emitting module InternalCollectionsUtilities
error: emit-module command failed with exit code 1 (use -v to see invocation)
[33/252] Emitting module MetalANNSCore
/host/spi-builder-workspace/.build/checkouts/MetalANNS/Sources/MetalANNSCore/AccelerateBackend.swift:1:8: error: no such module 'Accelerate'
  1 | import Accelerate
    |        `- error: no such module 'Accelerate'
  2 | import Foundation
  3 |
error: emit-module command failed with exit code 1 (use -v to see invocation)
[34/257] Emitting module GRDB
<module-includes>:1:10: note: in file included from <module-includes>:1:
1 | #include "shim.h"
  |          `- note: in file included from <module-includes>:1:
2 |
/host/spi-builder-workspace/.build/checkouts/GRDB.swift/Sources/GRDBSQLite/shim.h:1:10: error: 'sqlite3.h' file not found
 1 | #include <sqlite3.h>
   |          `- error: 'sqlite3.h' file not found
 2 |
 3 | typedef void(*_errorLogCallback)(void *pArg, int iErrCode, const char *zMsg);
/host/spi-builder-workspace/.build/checkouts/GRDB.swift/GRDB/Core/Configuration.swift:10:8: error: could not build C module 'GRDBSQLite'
  8 | import SQLCipher
  9 | #else // Default SPM trait must be the default. It impossible to detect from Xcode.
 10 | import GRDBSQLite
    |        `- error: could not build C module 'GRDBSQLite'
 11 | #endif
 12 |
[35/278] Compiling GRDB WALSnapshot.swift
[36/278] Compiling GRDB WALSnapshotTransaction.swift
[37/278] Compiling GRDB TransactionClock.swift
[38/278] Compiling GRDB TransactionObserver.swift
[39/278] Compiling GRDB NSString.swift
[40/278] Compiling GRDB SQLiteDateParser.swift
[41/278] Compiling GRDB Optional.swift
[42/278] Compiling GRDB StandardLibrary.swift
[43/278] Compiling GRDB URL.swift
[44/278] Compiling GRDB UUID.swift
[45/278] Compiling GRDB DatabaseValueConvertible+Decodable.swift
[46/278] Compiling InternalCollectionsUtilities _SortedCollection.swift
[47/278] Compiling InternalCollectionsUtilities _UniqueCollection.swift
[48/278] Compiling ContextCoreTypes CompressionDelegate.swift
[49/279] Compiling GRDB DatabaseValueConvertible+Encodable.swift
[50/279] Compiling GRDB DatabaseValueConvertible+RawRepresentable.swift
[51/279] Compiling GRDB JSONRequiredEncoder.swift
[52/279] Compiling GRDB NSData.swift
[53/279] Compiling GRDB NSNull.swift
[54/279] Compiling GRDB NSNumber.swift
[55/280] Compiling ContextCoreTypes ContextCoreTypes.swift
[57/337] Compiling OrderedCollections OrderedSet+Partial SetAlgebra isSuperset.swift
[58/337] Compiling OrderedCollections OrderedSet+Partial SetAlgebra subtract.swift
[59/337] Compiling OrderedCollections OrderedSet+Partial SetAlgebra subtracting.swift
[60/337] Compiling OrderedCollections OrderedSet+Partial SetAlgebra symmetricDifference.swift
[61/337] Compiling OrderedCollections OrderedSet+Partial SetAlgebra union.swift
[62/337] Compiling OrderedCollections OrderedSet+Partial SetAlgebra+Basics.swift
[63/337] Compiling OrderedCollections OrderedSet+RandomAccessCollection.swift
[64/337] Compiling OrderedCollections OrderedSet+ReserveCapacity.swift
[65/344] Compiling OrderedCollections OrderedSet+Partial SetAlgebra formSymmetricDifference.swift
[66/344] Compiling OrderedCollections OrderedSet+Partial SetAlgebra formUnion.swift
[67/344] Compiling OrderedCollections OrderedSet+Partial SetAlgebra intersection.swift
[68/344] Compiling OrderedCollections OrderedSet+Partial SetAlgebra isDisjoint.swift
[69/344] Compiling OrderedCollections OrderedSet+Partial SetAlgebra isEqualSet.swift
[70/344] Compiling OrderedCollections OrderedSet+Partial SetAlgebra isStrictSubset.swift
[71/344] Compiling OrderedCollections OrderedSet+Partial SetAlgebra isStrictSuperset.swift
[72/344] Compiling OrderedCollections OrderedSet+Partial SetAlgebra isSubset.swift
/host/spi-builder-workspace/.build/checkouts/MetalANNS/Sources/MetalANNSCore/AccelerateBackend.swift:1:8: error: no such module 'Accelerate'
  1 | import Accelerate
    |        `- error: no such module 'Accelerate'
  2 | import Foundation
  3 |
/host/spi-builder-workspace/.build/checkouts/MetalANNS/Sources/MetalANNSCore/AccelerateBackend.swift:1:8: error: no such module 'Accelerate'
  1 | import Accelerate
    |        `- error: no such module 'Accelerate'
  2 | import Foundation
  3 |
/host/spi-builder-workspace/.build/checkouts/MetalANNS/Sources/MetalANNSCore/AccelerateBackend.swift:1:8: error: no such module 'Accelerate'
  1 | import Accelerate
    |        `- error: no such module 'Accelerate'
  2 | import Foundation
  3 |
/host/spi-builder-workspace/.build/checkouts/MetalANNS/Sources/MetalANNSCore/AccelerateBackend.swift:1:8: error: no such module 'Accelerate'
  1 | import Accelerate
    |        `- error: no such module 'Accelerate'
  2 | import Foundation
  3 |
/host/spi-builder-workspace/.build/checkouts/MetalANNS/Sources/MetalANNSCore/AccelerateBackend.swift:1:8: error: no such module 'Accelerate'
  1 | import Accelerate
    |        `- error: no such module 'Accelerate'
  2 | import Foundation
  3 |
[78/344] Compiling OrderedCollections OrderedSet+Move.swift
/host/spi-builder-workspace/.build/checkouts/MetalANNS/Sources/MetalANNSCore/AccelerateBackend.swift:1:8: error: no such module 'Accelerate'
  1 | import Accelerate
    |        `- error: no such module 'Accelerate'
  2 | import Foundation
  3 |
[79/344] Compiling OrderedCollections OrderedSet+Partial MutableCollection.swift
/host/spi-builder-workspace/.build/checkouts/MetalANNS/Sources/MetalANNSCore/AccelerateBackend.swift:1:8: error: no such module 'Accelerate'
  1 | import Accelerate
    |        `- error: no such module 'Accelerate'
  2 | import Foundation
  3 |
[80/344] Compiling OrderedCollections OrderedSet+Partial RangeReplaceableCollection.swift
/host/spi-builder-workspace/.build/checkouts/MetalANNS/Sources/MetalANNSCore/AccelerateBackend.swift:1:8: error: no such module 'Accelerate'
  1 | import Accelerate
    |        `- error: no such module 'Accelerate'
  2 | import Foundation
  3 |
[81/344] Compiling OrderedCollections OrderedSet+Partial SetAlgebra formIntersection.swift
/host/spi-builder-workspace/.build/checkouts/MetalANNS/Sources/MetalANNSCore/AccelerateBackend.swift:1:8: error: no such module 'Accelerate'
  1 | import Accelerate
    |        `- error: no such module 'Accelerate'
  2 | import Foundation
  3 |
/host/spi-builder-workspace/.build/checkouts/MetalANNS/Sources/MetalANNSCore/AccelerateBackend.swift:1:8: error: no such module 'Accelerate'
  1 | import Accelerate
    |        `- error: no such module 'Accelerate'
  2 | import Foundation
  3 |
[83/344] Compiling ContextCoreTypes Turn.swift
[84/344] Compiling OrderedCollections OrderedSet+Equatable.swift
/host/spi-builder-workspace/.build/checkouts/MetalANNS/Sources/MetalANNSCore/AccelerateBackend.swift:1:8: error: no such module 'Accelerate'
  1 | import Accelerate
    |        `- error: no such module 'Accelerate'
  2 | import Foundation
  3 |
[85/344] Compiling OrderedCollections OrderedSet+ExpressibleByArrayLiteral.swift
/host/spi-builder-workspace/.build/checkouts/MetalANNS/Sources/MetalANNSCore/AccelerateBackend.swift:1:8: error: no such module 'Accelerate'
  1 | import Accelerate
    |        `- error: no such module 'Accelerate'
  2 | import Foundation
  3 |
[86/344] Compiling OrderedCollections OrderedSet+Hashable.swift
/host/spi-builder-workspace/.build/checkouts/MetalANNS/Sources/MetalANNSCore/AccelerateBackend.swift:1:8: error: no such module 'Accelerate'
  1 | import Accelerate
    |        `- error: no such module 'Accelerate'
  2 | import Foundation
  3 |
[87/344] Compiling OrderedCollections OrderedSet+Initializers.swift
/host/spi-builder-workspace/.build/checkouts/MetalANNS/Sources/MetalANNSCore/AccelerateBackend.swift:1:8: error: no such module 'Accelerate'
  1 | import Accelerate
    |        `- error: no such module 'Accelerate'
  2 | import Foundation
  3 |
[88/344] Compiling OrderedCollections OrderedSet+Insertions.swift
/host/spi-builder-workspace/.build/checkouts/MetalANNS/Sources/MetalANNSCore/AccelerateBackend.swift:1:8: error: no such module 'Accelerate'
  1 | import Accelerate
    |        `- error: no such module 'Accelerate'
  2 | import Foundation
  3 |
[89/344] Compiling OrderedCollections OrderedSet+Invariants.swift
/host/spi-builder-workspace/.build/checkouts/MetalANNS/Sources/MetalANNSCore/AccelerateBackend.swift:1:8: error: no such module 'Accelerate'
  1 | import Accelerate
    |        `- error: no such module 'Accelerate'
  2 | import Foundation
  3 |
[90/344] Emitting module ContextCoreShaders
[91/344] Compiling ContextCoreShaders ContextCoreShaders.swift
[92/344] Compiling OrderedCollections _HashTable.swift
/host/spi-builder-workspace/.build/checkouts/MetalANNS/Sources/MetalANNSCore/AccelerateBackend.swift:1:8: error: no such module 'Accelerate'
  1 | import Accelerate
    |        `- error: no such module 'Accelerate'
  2 | import Foundation
  3 |
[93/344] Compiling OrderedCollections _Hashtable+Header.swift
/host/spi-builder-workspace/.build/checkouts/MetalANNS/Sources/MetalANNSCore/AccelerateBackend.swift:1:8: error: no such module 'Accelerate'
  1 | import Accelerate
    |        `- error: no such module 'Accelerate'
  2 | import Foundation
  3 |
[94/344] Compiling OrderedCollections OrderedDictionary+Codable.swift
/host/spi-builder-workspace/.build/checkouts/MetalANNS/Sources/MetalANNSCore/AccelerateBackend.swift:1:8: error: no such module 'Accelerate'
  1 | import Accelerate
    |        `- error: no such module 'Accelerate'
  2 | import Foundation
  3 |
[95/344] Compiling OrderedCollections OrderedDictionary+CustomReflectable.swift
/host/spi-builder-workspace/.build/checkouts/MetalANNS/Sources/MetalANNSCore/AccelerateBackend.swift:1:8: error: no such module 'Accelerate'
  1 | import Accelerate
    |        `- error: no such module 'Accelerate'
  2 | import Foundation
  3 |
[96/344] Compiling OrderedCollections OrderedDictionary+Deprecations.swift
/host/spi-builder-workspace/.build/checkouts/MetalANNS/Sources/MetalANNSCore/AccelerateBackend.swift:1:8: error: no such module 'Accelerate'
  1 | import Accelerate
    |        `- error: no such module 'Accelerate'
  2 | import Foundation
  3 |
[97/344] Compiling OrderedCollections OrderedDictionary+Descriptions.swift
/host/spi-builder-workspace/.build/checkouts/MetalANNS/Sources/MetalANNSCore/AccelerateBackend.swift:1:8: error: no such module 'Accelerate'
  1 | import Accelerate
    |        `- error: no such module 'Accelerate'
  2 | import Foundation
  3 |
[98/344] Compiling OrderedCollections _HashTable+Bucket.swift
/host/spi-builder-workspace/.build/checkouts/MetalANNS/Sources/MetalANNSCore/AccelerateBackend.swift:1:8: error: no such module 'Accelerate'
  1 | import Accelerate
    |        `- error: no such module 'Accelerate'
  2 | import Foundation
  3 |
[99/344] Compiling OrderedCollections _HashTable+BucketIterator.swift
/host/spi-builder-workspace/.build/checkouts/MetalANNS/Sources/MetalANNSCore/AccelerateBackend.swift:1:8: error: no such module 'Accelerate'
  1 | import Accelerate
    |        `- error: no such module 'Accelerate'
  2 | import Foundation
  3 |
[100/344] Compiling OrderedCollections _HashTable+Constants.swift
/host/spi-builder-workspace/.build/checkouts/MetalANNS/Sources/MetalANNSCore/AccelerateBackend.swift:1:8: error: no such module 'Accelerate'
  1 | import Accelerate
    |        `- error: no such module 'Accelerate'
  2 | import Foundation
  3 |
[101/344] Compiling OrderedCollections _HashTable+CustomStringConvertible.swift
/host/spi-builder-workspace/.build/checkouts/MetalANNS/Sources/MetalANNSCore/AccelerateBackend.swift:1:8: error: no such module 'Accelerate'
  1 | import Accelerate
    |        `- error: no such module 'Accelerate'
  2 | import Foundation
  3 |
[102/344] Compiling OrderedCollections _HashTable+Testing.swift
/host/spi-builder-workspace/.build/checkouts/MetalANNS/Sources/MetalANNSCore/AccelerateBackend.swift:1:8: error: no such module 'Accelerate'
  1 | import Accelerate
    |        `- error: no such module 'Accelerate'
  2 | import Foundation
  3 |
[103/344] Compiling OrderedCollections _HashTable+UnsafeHandle.swift
/host/spi-builder-workspace/.build/checkouts/MetalANNS/Sources/MetalANNSCore/AccelerateBackend.swift:1:8: error: no such module 'Accelerate'
  1 | import Accelerate
    |        `- error: no such module 'Accelerate'
  2 | import Foundation
  3 |
[104/344] Compiling OrderedCollections OrderedDictionary+Values.swift
/host/spi-builder-workspace/.build/checkouts/MetalANNS/Sources/MetalANNSCore/AccelerateBackend.swift:1:8: error: no such module 'Accelerate'
  1 | import Accelerate
    |        `- error: no such module 'Accelerate'
  2 | import Foundation
  3 |
[105/344] Compiling OrderedCollections OrderedDictionary.swift
/host/spi-builder-workspace/.build/checkouts/MetalANNS/Sources/MetalANNSCore/AccelerateBackend.swift:1:8: error: no such module 'Accelerate'
  1 | import Accelerate
    |        `- error: no such module 'Accelerate'
  2 | import Foundation
  3 |
[106/344] Compiling OrderedCollections OrderedSet+Codable.swift
/host/spi-builder-workspace/.build/checkouts/MetalANNS/Sources/MetalANNSCore/AccelerateBackend.swift:1:8: error: no such module 'Accelerate'
  1 | import Accelerate
    |        `- error: no such module 'Accelerate'
  2 | import Foundation
  3 |
[107/344] Compiling OrderedCollections OrderedSet+CustomReflectable.swift
/host/spi-builder-workspace/.build/checkouts/MetalANNS/Sources/MetalANNSCore/AccelerateBackend.swift:1:8: error: no such module 'Accelerate'
  1 | import Accelerate
    |        `- error: no such module 'Accelerate'
  2 | import Foundation
  3 |
[108/344] Compiling OrderedCollections OrderedSet+Descriptions.swift
/host/spi-builder-workspace/.build/checkouts/MetalANNS/Sources/MetalANNSCore/AccelerateBackend.swift:1:8: error: no such module 'Accelerate'
  1 | import Accelerate
    |        `- error: no such module 'Accelerate'
  2 | import Foundation
  3 |
[109/344] Compiling OrderedCollections OrderedSet+Diffing.swift
/host/spi-builder-workspace/.build/checkouts/MetalANNS/Sources/MetalANNSCore/AccelerateBackend.swift:1:8: error: no such module 'Accelerate'
  1 | import Accelerate
    |        `- error: no such module 'Accelerate'
  2 | import Foundation
  3 |
[110/344] Compiling ContextCoreShaders resource_bundle_accessor.swift
[111/345] Compiling ContextCoreTypes ConsolidationStores.swift
[112/345] Compiling ContextCoreTypes EmbeddingProvider.swift
[113/345] Compiling ContextCoreTypes TokenCounter.swift
[115/345] Compiling GRDB FTS5+QueryInterface.swift
<module-includes>:1:10: note: in file included from <module-includes>:1:
1 | #include "shim.h"
  |          `- note: in file included from <module-includes>:1:
2 |
/host/spi-builder-workspace/.build/checkouts/GRDB.swift/Sources/GRDBSQLite/shim.h:1:10: error: 'sqlite3.h' file not found
 1 | #include <sqlite3.h>
   |          `- error: 'sqlite3.h' file not found
 2 |
 3 | typedef void(*_errorLogCallback)(void *pArg, int iErrCode, const char *zMsg);
/host/spi-builder-workspace/.build/checkouts/GRDB.swift/GRDB/Core/Configuration.swift:10:8: error: could not build C module 'GRDBSQLite'
  8 | import SQLCipher
  9 | #else // Default SPM trait must be the default. It impossible to detect from Xcode.
 10 | import GRDBSQLite
    |        `- error: could not build C module 'GRDBSQLite'
 11 | #endif
 12 |
[116/345] Compiling GRDB ForeignKey.swift
<module-includes>:1:10: note: in file included from <module-includes>:1:
1 | #include "shim.h"
  |          `- note: in file included from <module-includes>:1:
2 |
/host/spi-builder-workspace/.build/checkouts/GRDB.swift/Sources/GRDBSQLite/shim.h:1:10: error: 'sqlite3.h' file not found
 1 | #include <sqlite3.h>
   |          `- error: 'sqlite3.h' file not found
 2 |
 3 | typedef void(*_errorLogCallback)(void *pArg, int iErrCode, const char *zMsg);
/host/spi-builder-workspace/.build/checkouts/GRDB.swift/GRDB/Core/Configuration.swift:10:8: error: could not build C module 'GRDBSQLite'
  8 | import SQLCipher
  9 | #else // Default SPM trait must be the default. It impossible to detect from Xcode.
 10 | import GRDBSQLite
    |        `- error: could not build C module 'GRDBSQLite'
 11 | #endif
 12 |
[117/345] Compiling OrderedCollections OrderedDictionary+Elements.SubSequence.swift
/host/spi-builder-workspace/.build/checkouts/MetalANNS/Sources/MetalANNSCore/AccelerateBackend.swift:1:8: error: no such module 'Accelerate'
  1 | import Accelerate
    |        `- error: no such module 'Accelerate'
  2 | import Foundation
  3 |
[118/345] Compiling GRDB Association.swift
<module-includes>:1:10: note: in file included from <module-includes>:1:
1 | #include "shim.h"
  |          `- note: in file included from <module-includes>:1:
2 |
/host/spi-builder-workspace/.build/checkouts/GRDB.swift/Sources/GRDBSQLite/shim.h:1:10: error: 'sqlite3.h' file not found
 1 | #include <sqlite3.h>
   |          `- error: 'sqlite3.h' file not found
 2 |
 3 | typedef void(*_errorLogCallback)(void *pArg, int iErrCode, const char *zMsg);
/host/spi-builder-workspace/.build/checkouts/GRDB.swift/GRDB/Core/Configuration.swift:10:8: error: could not build C module 'GRDBSQLite'
  8 | import SQLCipher
  9 | #else // Default SPM trait must be the default. It impossible to detect from Xcode.
 10 | import GRDBSQLite
    |        `- error: could not build C module 'GRDBSQLite'
 11 | #endif
 12 |
[119/345] Compiling OrderedCollections OrderedDictionary+Elements.swift
/host/spi-builder-workspace/.build/checkouts/MetalANNS/Sources/MetalANNSCore/AccelerateBackend.swift:1:8: error: no such module 'Accelerate'
  1 | import Accelerate
    |        `- error: no such module 'Accelerate'
  2 | import Foundation
  3 |
[120/345] Compiling GRDB AssociationAggregate.swift
<module-includes>:1:10: note: in file included from <module-includes>:1:
1 | #include "shim.h"
  |          `- note: in file included from <module-includes>:1:
2 |
/host/spi-builder-workspace/.build/checkouts/GRDB.swift/Sources/GRDBSQLite/shim.h:1:10: error: 'sqlite3.h' file not found
 1 | #include <sqlite3.h>
   |          `- error: 'sqlite3.h' file not found
 2 |
 3 | typedef void(*_errorLogCallback)(void *pArg, int iErrCode, const char *zMsg);
/host/spi-builder-workspace/.build/checkouts/GRDB.swift/GRDB/Core/Configuration.swift:10:8: error: could not build C module 'GRDBSQLite'
  8 | import SQLCipher
  9 | #else // Default SPM trait must be the default. It impossible to detect from Xcode.
 10 | import GRDBSQLite
    |        `- error: could not build C module 'GRDBSQLite'
 11 | #endif
 12 |
[121/345] Compiling GRDB BelongsToAssociation.swift
<module-includes>:1:10: note: in file included from <module-includes>:1:
1 | #include "shim.h"
  |          `- note: in file included from <module-includes>:1:
2 |
/host/spi-builder-workspace/.build/checkouts/GRDB.swift/Sources/GRDBSQLite/shim.h:1:10: error: 'sqlite3.h' file not found
 1 | #include <sqlite3.h>
   |          `- error: 'sqlite3.h' file not found
 2 |
 3 | typedef void(*_errorLogCallback)(void *pArg, int iErrCode, const char *zMsg);
/host/spi-builder-workspace/.build/checkouts/GRDB.swift/GRDB/Core/Configuration.swift:10:8: error: could not build C module 'GRDBSQLite'
  8 | import SQLCipher
  9 | #else // Default SPM trait must be the default. It impossible to detect from Xcode.
 10 | import GRDBSQLite
    |        `- error: could not build C module 'GRDBSQLite'
 11 | #endif
 12 |
[122/345] Compiling GRDB HasManyAssociation.swift
<module-includes>:1:10: note: in file included from <module-includes>:1:
1 | #include "shim.h"
  |          `- note: in file included from <module-includes>:1:
2 |
/host/spi-builder-workspace/.build/checkouts/GRDB.swift/Sources/GRDBSQLite/shim.h:1:10: error: 'sqlite3.h' file not found
 1 | #include <sqlite3.h>
   |          `- error: 'sqlite3.h' file not found
 2 |
 3 | typedef void(*_errorLogCallback)(void *pArg, int iErrCode, const char *zMsg);
/host/spi-builder-workspace/.build/checkouts/GRDB.swift/GRDB/Core/Configuration.swift:10:8: error: could not build C module 'GRDBSQLite'
  8 | import SQLCipher
  9 | #else // Default SPM trait must be the default. It impossible to detect from Xcode.
 10 | import GRDBSQLite
    |        `- error: could not build C module 'GRDBSQLite'
 11 | #endif
 12 |
[123/345] Compiling GRDB HasManyThroughAssociation.swift
<module-includes>:1:10: note: in file included from <module-includes>:1:
1 | #include "shim.h"
  |          `- note: in file included from <module-includes>:1:
2 |
/host/spi-builder-workspace/.build/checkouts/GRDB.swift/Sources/GRDBSQLite/shim.h:1:10: error: 'sqlite3.h' file not found
 1 | #include <sqlite3.h>
   |          `- error: 'sqlite3.h' file not found
 2 |
 3 | typedef void(*_errorLogCallback)(void *pArg, int iErrCode, const char *zMsg);
/host/spi-builder-workspace/.build/checkouts/GRDB.swift/GRDB/Core/Configuration.swift:10:8: error: could not build C module 'GRDBSQLite'
  8 | import SQLCipher
  9 | #else // Default SPM trait must be the default. It impossible to detect from Xcode.
 10 | import GRDBSQLite
    |        `- error: could not build C module 'GRDBSQLite'
 11 | #endif
 12 |
[124/345] Compiling GRDB HasOneAssociation.swift
<module-includes>:1:10: note: in file included from <module-includes>:1:
1 | #include "shim.h"
  |          `- note: in file included from <module-includes>:1:
2 |
/host/spi-builder-workspace/.build/checkouts/GRDB.swift/Sources/GRDBSQLite/shim.h:1:10: error: 'sqlite3.h' file not found
 1 | #include <sqlite3.h>
   |          `- error: 'sqlite3.h' file not found
 2 |
 3 | typedef void(*_errorLogCallback)(void *pArg, int iErrCode, const char *zMsg);
/host/spi-builder-workspace/.build/checkouts/GRDB.swift/GRDB/Core/Configuration.swift:10:8: error: could not build C module 'GRDBSQLite'
  8 | import SQLCipher
  9 | #else // Default SPM trait must be the default. It impossible to detect from Xcode.
 10 | import GRDBSQLite
    |        `- error: could not build C module 'GRDBSQLite'
 11 | #endif
 12 |
[125/345] Compiling GRDB HasOneThroughAssociation.swift
<module-includes>:1:10: note: in file included from <module-includes>:1:
1 | #include "shim.h"
  |          `- note: in file included from <module-includes>:1:
2 |
/host/spi-builder-workspace/.build/checkouts/GRDB.swift/Sources/GRDBSQLite/shim.h:1:10: error: 'sqlite3.h' file not found
 1 | #include <sqlite3.h>
   |          `- error: 'sqlite3.h' file not found
 2 |
 3 | typedef void(*_errorLogCallback)(void *pArg, int iErrCode, const char *zMsg);
/host/spi-builder-workspace/.build/checkouts/GRDB.swift/GRDB/Core/Configuration.swift:10:8: error: could not build C module 'GRDBSQLite'
  8 | import SQLCipher
  9 | #else // Default SPM trait must be the default. It impossible to detect from Xcode.
 10 | import GRDBSQLite
    |        `- error: could not build C module 'GRDBSQLite'
 11 | #endif
 12 |
[126/345] Compiling GRDB JoinAssociation.swift
<module-includes>:1:10: note: in file included from <module-includes>:1:
1 | #include "shim.h"
  |          `- note: in file included from <module-includes>:1:
2 |
/host/spi-builder-workspace/.build/checkouts/GRDB.swift/Sources/GRDBSQLite/shim.h:1:10: error: 'sqlite3.h' file not found
 1 | #include <sqlite3.h>
   |          `- error: 'sqlite3.h' file not found
 2 |
 3 | typedef void(*_errorLogCallback)(void *pArg, int iErrCode, const char *zMsg);
/host/spi-builder-workspace/.build/checkouts/GRDB.swift/GRDB/Core/Configuration.swift:10:8: error: could not build C module 'GRDBSQLite'
  8 | import SQLCipher
  9 | #else // Default SPM trait must be the default. It impossible to detect from Xcode.
 10 | import GRDBSQLite
    |        `- error: could not build C module 'GRDBSQLite'
 11 | #endif
 12 |
[127/345] Compiling GRDB CommonTableExpression.swift
<module-includes>:1:10: note: in file included from <module-includes>:1:
1 | #include "shim.h"
  |          `- note: in file included from <module-includes>:1:
2 |
/host/spi-builder-workspace/.build/checkouts/GRDB.swift/Sources/GRDBSQLite/shim.h:1:10: error: 'sqlite3.h' file not found
 1 | #include <sqlite3.h>
   |          `- error: 'sqlite3.h' file not found
 2 |
 3 | typedef void(*_errorLogCallback)(void *pArg, int iErrCode, const char *zMsg);
/host/spi-builder-workspace/.build/checkouts/GRDB.swift/GRDB/Core/Configuration.swift:10:8: error: could not build C module 'GRDBSQLite'
  8 | import SQLCipher
  9 | #else // Default SPM trait must be the default. It impossible to detect from Xcode.
 10 | import GRDBSQLite
    |        `- error: could not build C module 'GRDBSQLite'
 11 | #endif
 12 |
[128/345] Compiling GRDB QueryInterfaceRequest.swift
<module-includes>:1:10: note: in file included from <module-includes>:1:
1 | #include "shim.h"
  |          `- note: in file included from <module-includes>:1:
2 |
/host/spi-builder-workspace/.build/checkouts/GRDB.swift/Sources/GRDBSQLite/shim.h:1:10: error: 'sqlite3.h' file not found
 1 | #include <sqlite3.h>
   |          `- error: 'sqlite3.h' file not found
 2 |
 3 | typedef void(*_errorLogCallback)(void *pArg, int iErrCode, const char *zMsg);
/host/spi-builder-workspace/.build/checkouts/GRDB.swift/GRDB/Core/Configuration.swift:10:8: error: could not build C module 'GRDBSQLite'
  8 | import SQLCipher
  9 | #else // Default SPM trait must be the default. It impossible to detect from Xcode.
 10 | import GRDBSQLite
    |        `- error: could not build C module 'GRDBSQLite'
 11 | #endif
 12 |
[129/345] Compiling GRDB RequestProtocols.swift
<module-includes>:1:10: note: in file included from <module-includes>:1:
1 | #include "shim.h"
  |          `- note: in file included from <module-includes>:1:
2 |
/host/spi-builder-workspace/.build/checkouts/GRDB.swift/Sources/GRDBSQLite/shim.h:1:10: error: 'sqlite3.h' file not found
 1 | #include <sqlite3.h>
   |          `- error: 'sqlite3.h' file not found
 2 |
 3 | typedef void(*_errorLogCallback)(void *pArg, int iErrCode, const char *zMsg);
/host/spi-builder-workspace/.build/checkouts/GRDB.swift/GRDB/Core/Configuration.swift:10:8: error: could not build C module 'GRDBSQLite'
  8 | import SQLCipher
  9 | #else // Default SPM trait must be the default. It impossible to detect from Xcode.
 10 | import GRDBSQLite
    |        `- error: could not build C module 'GRDBSQLite'
 11 | #endif
 12 |
[130/345] Compiling GRDB Column.swift
<module-includes>:1:10: note: in file included from <module-includes>:1:
1 | #include "shim.h"
  |          `- note: in file included from <module-includes>:1:
2 |
/host/spi-builder-workspace/.build/checkouts/GRDB.swift/Sources/GRDBSQLite/shim.h:1:10: error: 'sqlite3.h' file not found
 1 | #include <sqlite3.h>
   |          `- error: 'sqlite3.h' file not found
 2 |
 3 | typedef void(*_errorLogCallback)(void *pArg, int iErrCode, const char *zMsg);
/host/spi-builder-workspace/.build/checkouts/GRDB.swift/GRDB/Core/Configuration.swift:10:8: error: could not build C module 'GRDBSQLite'
  8 | import SQLCipher
  9 | #else // Default SPM trait must be the default. It impossible to detect from Xcode.
 10 | import GRDBSQLite
    |        `- error: could not build C module 'GRDBSQLite'
 11 | #endif
 12 |
[131/345] Compiling GRDB DatabasePromise.swift
<module-includes>:1:10: note: in file included from <module-includes>:1:
1 | #include "shim.h"
  |          `- note: in file included from <module-includes>:1:
2 |
/host/spi-builder-workspace/.build/checkouts/GRDB.swift/Sources/GRDBSQLite/shim.h:1:10: error: 'sqlite3.h' file not found
 1 | #include <sqlite3.h>
   |          `- error: 'sqlite3.h' file not found
 2 |
 3 | typedef void(*_errorLogCallback)(void *pArg, int iErrCode, const char *zMsg);
/host/spi-builder-workspace/.build/checkouts/GRDB.swift/GRDB/Core/Configuration.swift:10:8: error: could not build C module 'GRDBSQLite'
  8 | import SQLCipher
  9 | #else // Default SPM trait must be the default. It impossible to detect from Xcode.
 10 | import GRDBSQLite
    |        `- error: could not build C module 'GRDBSQLite'
 11 | #endif
 12 |
[132/345] Compiling GRDB SQLAssociation.swift
<module-includes>:1:10: note: in file included from <module-includes>:1:
1 | #include "shim.h"
  |          `- note: in file included from <module-includes>:1:
2 |
/host/spi-builder-workspace/.build/checkouts/GRDB.swift/Sources/GRDBSQLite/shim.h:1:10: error: 'sqlite3.h' file not found
 1 | #include <sqlite3.h>
   |          `- error: 'sqlite3.h' file not found
 2 |
 3 | typedef void(*_errorLogCallback)(void *pArg, int iErrCode, const char *zMsg);
/host/spi-builder-workspace/.build/checkouts/GRDB.swift/GRDB/Core/Configuration.swift:10:8: error: could not build C module 'GRDBSQLite'
  8 | import SQLCipher
  9 | #else // Default SPM trait must be the default. It impossible to detect from Xcode.
 10 | import GRDBSQLite
    |        `- error: could not build C module 'GRDBSQLite'
 11 | #endif
 12 |
[133/345] Compiling GRDB SQLCollection.swift
<module-includes>:1:10: note: in file included from <module-includes>:1:
1 | #include "shim.h"
  |          `- note: in file included from <module-includes>:1:
2 |
/host/spi-builder-workspace/.build/checkouts/GRDB.swift/Sources/GRDBSQLite/shim.h:1:10: error: 'sqlite3.h' file not found
 1 | #include <sqlite3.h>
   |          `- error: 'sqlite3.h' file not found
 2 |
 3 | typedef void(*_errorLogCallback)(void *pArg, int iErrCode, const char *zMsg);
/host/spi-builder-workspace/.build/checkouts/GRDB.swift/GRDB/Core/Configuration.swift:10:8: error: could not build C module 'GRDBSQLite'
  8 | import SQLCipher
  9 | #else // Default SPM trait must be the default. It impossible to detect from Xcode.
 10 | import GRDBSQLite
    |        `- error: could not build C module 'GRDBSQLite'
 11 | #endif
 12 |
[134/345] Compiling GRDB SQLExpression.swift
<module-includes>:1:10: note: in file included from <module-includes>:1:
1 | #include "shim.h"
  |          `- note: in file included from <module-includes>:1:
2 |
/host/spi-builder-workspace/.build/checkouts/GRDB.swift/Sources/GRDBSQLite/shim.h:1:10: error: 'sqlite3.h' file not found
 1 | #include <sqlite3.h>
   |          `- error: 'sqlite3.h' file not found
 2 |
 3 | typedef void(*_errorLogCallback)(void *pArg, int iErrCode, const char *zMsg);
/host/spi-builder-workspace/.build/checkouts/GRDB.swift/GRDB/Core/Configuration.swift:10:8: error: could not build C module 'GRDBSQLite'
  8 | import SQLCipher
  9 | #else // Default SPM trait must be the default. It impossible to detect from Xcode.
 10 | import GRDBSQLite
    |        `- error: could not build C module 'GRDBSQLite'
 11 | #endif
 12 |
[135/345] Compiling GRDB SQLForeignKeyRequest.swift
<module-includes>:1:10: note: in file included from <module-includes>:1:
1 | #include "shim.h"
  |          `- note: in file included from <module-includes>:1:
2 |
/host/spi-builder-workspace/.build/checkouts/GRDB.swift/Sources/GRDBSQLite/shim.h:1:10: error: 'sqlite3.h' file not found
 1 | #include <sqlite3.h>
   |          `- error: 'sqlite3.h' file not found
 2 |
 3 | typedef void(*_errorLogCallback)(void *pArg, int iErrCode, const char *zMsg);
/host/spi-builder-workspace/.build/checkouts/GRDB.swift/GRDB/Core/Configuration.swift:10:8: error: could not build C module 'GRDBSQLite'
  8 | import SQLCipher
  9 | #else // Default SPM trait must be the default. It impossible to detect from Xcode.
 10 | import GRDBSQLite
    |        `- error: could not build C module 'GRDBSQLite'
 11 | #endif
 12 |
[136/345] Compiling GRDB SQLFunctions.swift
<module-includes>:1:10: note: in file included from <module-includes>:1:
1 | #include "shim.h"
  |          `- note: in file included from <module-includes>:1:
2 |
/host/spi-builder-workspace/.build/checkouts/GRDB.swift/Sources/GRDBSQLite/shim.h:1:10: error: 'sqlite3.h' file not found
 1 | #include <sqlite3.h>
   |          `- error: 'sqlite3.h' file not found
 2 |
 3 | typedef void(*_errorLogCallback)(void *pArg, int iErrCode, const char *zMsg);
/host/spi-builder-workspace/.build/checkouts/GRDB.swift/GRDB/Core/Configuration.swift:10:8: error: could not build C module 'GRDBSQLite'
  8 | import SQLCipher
  9 | #else // Default SPM trait must be the default. It impossible to detect from Xcode.
 10 | import GRDBSQLite
    |        `- error: could not build C module 'GRDBSQLite'
 11 | #endif
 12 |
[137/345] Compiling GRDB SQLOperators.swift
<module-includes>:1:10: note: in file included from <module-includes>:1:
1 | #include "shim.h"
  |          `- note: in file included from <module-includes>:1:
2 |
/host/spi-builder-workspace/.build/checkouts/GRDB.swift/Sources/GRDBSQLite/shim.h:1:10: error: 'sqlite3.h' file not found
 1 | #include <sqlite3.h>
   |          `- error: 'sqlite3.h' file not found
 2 |
 3 | typedef void(*_errorLogCallback)(void *pArg, int iErrCode, const char *zMsg);
/host/spi-builder-workspace/.build/checkouts/GRDB.swift/GRDB/Core/Configuration.swift:10:8: error: could not build C module 'GRDBSQLite'
  8 | import SQLCipher
  9 | #else // Default SPM trait must be the default. It impossible to detect from Xcode.
 10 | import GRDBSQLite
    |        `- error: could not build C module 'GRDBSQLite'
 11 | #endif
 12 |
[138/345] Compiling OrderedCollections OrderedDictionary+Equatable.swift
/host/spi-builder-workspace/.build/checkouts/MetalANNS/Sources/MetalANNSCore/AccelerateBackend.swift:1:8: error: no such module 'Accelerate'
  1 | import Accelerate
    |        `- error: no such module 'Accelerate'
  2 | import Foundation
  3 |
[139/345] Compiling OrderedCollections OrderedDictionary+ExpressibleByDictionaryLiteral.swift
/host/spi-builder-workspace/.build/checkouts/MetalANNS/Sources/MetalANNSCore/AccelerateBackend.swift:1:8: error: no such module 'Accelerate'
  1 | import Accelerate
    |        `- error: no such module 'Accelerate'
  2 | import Foundation
  3 |
[140/345] Compiling OrderedCollections OrderedDictionary+Hashable.swift
/host/spi-builder-workspace/.build/checkouts/MetalANNS/Sources/MetalANNSCore/AccelerateBackend.swift:1:8: error: no such module 'Accelerate'
  1 | import Accelerate
    |        `- error: no such module 'Accelerate'
  2 | import Foundation
  3 |
[141/345] Compiling OrderedCollections OrderedDictionary+Initializers.swift
/host/spi-builder-workspace/.build/checkouts/MetalANNS/Sources/MetalANNSCore/AccelerateBackend.swift:1:8: error: no such module 'Accelerate'
  1 | import Accelerate
    |        `- error: no such module 'Accelerate'
  2 | import Foundation
  3 |
[142/345] Compiling OrderedCollections OrderedDictionary+Invariants.swift
/host/spi-builder-workspace/.build/checkouts/MetalANNS/Sources/MetalANNSCore/AccelerateBackend.swift:1:8: error: no such module 'Accelerate'
  1 | import Accelerate
    |        `- error: no such module 'Accelerate'
  2 | import Foundation
  3 |
[143/345] Compiling OrderedCollections OrderedDictionary+Move.swift
/host/spi-builder-workspace/.build/checkouts/MetalANNS/Sources/MetalANNSCore/AccelerateBackend.swift:1:8: error: no such module 'Accelerate'
  1 | import Accelerate
    |        `- error: no such module 'Accelerate'
  2 | import Foundation
  3 |
[144/345] Compiling OrderedCollections OrderedDictionary+Partial MutableCollection.swift
/host/spi-builder-workspace/.build/checkouts/MetalANNS/Sources/MetalANNSCore/AccelerateBackend.swift:1:8: error: no such module 'Accelerate'
  1 | import Accelerate
    |        `- error: no such module 'Accelerate'
  2 | import Foundation
  3 |
[145/345] Compiling OrderedCollections OrderedDictionary+Partial RangeReplaceableCollection.swift
/host/spi-builder-workspace/.build/checkouts/MetalANNS/Sources/MetalANNSCore/AccelerateBackend.swift:1:8: error: no such module 'Accelerate'
  1 | import Accelerate
    |        `- error: no such module 'Accelerate'
  2 | import Foundation
  3 |
[146/345] Compiling OrderedCollections OrderedDictionary+Sendable.swift
/host/spi-builder-workspace/.build/checkouts/MetalANNS/Sources/MetalANNSCore/AccelerateBackend.swift:1:8: error: no such module 'Accelerate'
  1 | import Accelerate
    |        `- error: no such module 'Accelerate'
  2 | import Foundation
  3 |
[147/345] Compiling OrderedCollections OrderedDictionary+Sequence.swift
/host/spi-builder-workspace/.build/checkouts/MetalANNS/Sources/MetalANNSCore/AccelerateBackend.swift:1:8: error: no such module 'Accelerate'
  1 | import Accelerate
    |        `- error: no such module 'Accelerate'
  2 | import Foundation
  3 |
[148/345] Compiling ContextCoreTypes Errors.swift
[149/345] Emitting module ContextCoreTypes
<module-includes>:1:10: note: in file included from <module-includes>:1:
1 | #include "shim.h"
  |          `- note: in file included from <module-includes>:1:
2 |
/host/spi-builder-workspace/.build/checkouts/GRDB.swift/Sources/GRDBSQLite/shim.h:1:10: error: 'sqlite3.h' file not found
 1 | #include <sqlite3.h>
   |          `- error: 'sqlite3.h' file not found
 2 |
 3 | typedef void(*_errorLogCallback)(void *pArg, int iErrCode, const char *zMsg);
/host/spi-builder-workspace/.build/checkouts/GRDB.swift/GRDB/Core/Configuration.swift:10:8: error: could not build C module 'GRDBSQLite'
  8 | import SQLCipher
  9 | #else // Default SPM trait must be the default. It impossible to detect from Xcode.
 10 | import GRDBSQLite
    |        `- error: could not build C module 'GRDBSQLite'
 11 | #endif
 12 |
BUILD FAILURE 6.2 wasm