Build Information
Failed to build request-dl, reference main (6d8526), with Swift 6.2 for Android on 25 Oct 2026 02:32:54 UTC.
Build Command
bash -c docker run --pull=always --rm -v "checkouts-54344843-0":/host -w "$PWD" -e JAVA_HOME="/root/.sdkman/candidates/java/current" -e SPI_BUILD="1" -e SPI_PROCESSING="1" registry.gitlab.com/saguaro1/spi-images:android-6.2-latest swift build --swift-sdk aarch64-unknown-linux-android28 2>&1Build Log
[903/1379] Compiling p_rsa_asn1.cc
[904/1379] Compiling p_x25519_asn1.cc
[905/1379] Compiling p_ed25519.cc
[906/1379] Compiling p_ec_asn1.cc
[907/1379] Compiling p_hkdf.cc
[908/1379] Compiling p_rsa.cc
[909/1379] Compiling p_ec.cc
[910/1379] Compiling p_ed25519_asn1.cc
[911/1379] Compiling p_dsa_asn1.cc
[912/1379] Compiling p_dh.cc
[913/1379] Compiling p_dh_asn1.cc
[914/1379] Compiling evp_ctx.cc
[915/1379] Compiling err.cc
[916/1379] Compiling evp.cc
[917/1379] Compiling evp_asn1.cc
[918/1379] Compiling engine.cc
[919/1379] Compiling ecdh.cc
[920/1379] Compiling hash_to_curve.cc
[921/1379] Compiling ecdsa_asn1.cc
[922/1379] Compiling ec_derive.cc
[923/1379] Compiling dsa_asn1.cc
[924/1379] Compiling params.cc
[925/1379] Compiling digest_extra.cc
[926/1379] Compiling ec_asn1.cc
[927/1379] Compiling dsa.cc
[928/1379] Compiling x25519-asm-arm.S
[929/1379] Compiling dh_asn1.cc
[930/1379] Compiling bcm.cc
[931/1379] Compiling des.cc
[932/1379] Compiling cpu_intel.cc
[933/1379] Compiling curve25519_64_adx.cc
[934/1379] Compiling spake25519.cc
[935/1379] Compiling curve25519.cc
[936/1379] Compiling cpu_arm_freebsd.cc
[937/1379] Compiling cpu_arm_linux.cc
[938/1379] Compiling crypto.cc
[939/1379] Compiling cpu_aarch64_win.cc
[940/1379] Compiling cpu_aarch64_openbsd.cc
[941/1379] Compiling cpu_aarch64_linux.cc
[942/1379] Compiling cpu_aarch64_fuchsia.cc
[943/1379] Compiling cpu_aarch64_sysreg.cc
[944/1379] Compiling get_cipher.cc
[945/1379] Compiling cpu_aarch64_apple.cc
[946/1379] Compiling tls_cbc.cc
[947/1379] Compiling e_rc4.cc
[948/1379] Compiling conf.cc
[949/1379] Compiling e_rc2.cc
[950/1379] Compiling e_null.cc
[951/1379] Compiling e_tls.cc
[952/1379] Compiling e_des.cc
[953/1379] Compiling e_aesctrhmac.cc
[954/1379] Compiling e_chacha20poly1305.cc
[955/1379] Compiling e_aesgcmsiv.cc
[956/1379] Compiling derive_key.cc
[957/1379] Compiling chacha.cc
[958/1379] Compiling unicode.cc
[959/1379] Compiling ber.cc
[960/1379] Compiling convert.cc
[961/1379] Compiling cbb.cc
[962/1379] Compiling asn1_compat.cc
[963/1379] Compiling buf.cc
[964/1379] Compiling bn_asn1.cc
[965/1379] Compiling cbs.cc
[966/1379] Compiling blake2.cc
[967/1379] Compiling socket.cc
[968/1379] Compiling printf.cc
[969/1379] Compiling socket_helper.cc
[970/1379] Compiling hexdump.cc
[971/1379] Compiling pair.cc
[972/1379] Compiling file.cc
[973/1379] Compiling connect.cc
[974/1379] Compiling errno.cc
[975/1379] Compiling fd.cc
[976/1379] Compiling bio.cc
[977/1379] Compiling tasn_typ.cc
[978/1379] Compiling bio_mem.cc
[979/1379] Compiling base64.cc
[980/1379] Compiling tasn_enc.cc
[981/1379] Compiling tasn_fre.cc
[982/1379] Compiling tasn_utl.cc
[983/1379] Compiling tasn_dec.cc
[984/1379] Compiling posix_time.cc
[985/1379] Compiling tasn_new.cc
[986/1379] Compiling f_string.cc
[987/1379] Compiling asn_pack.cc
[988/1379] Compiling asn1_par.cc
[989/1379] Compiling a_utctm.cc
[990/1379] Compiling asn1_lib.cc
[991/1379] Compiling f_int.cc
[992/1379] Compiling a_octet.cc
[993/1379] Compiling a_type.cc
[994/1379] Compiling a_time.cc
[995/1379] Compiling a_strex.cc
[996/1379] Compiling a_mbstr.cc
[997/1379] Compiling a_object.cc
[998/1379] Compiling a_strnid.cc
[999/1379] Compiling a_bitstr.cc
[1000/1379] Compiling a_i2d_fp.cc
[1001/1379] Compiling a_int.cc
[1002/1379] Compiling a_bool.cc
[1003/1379] Compiling fiat_p256_adx_mul.S
[1004/1379] Compiling fiat_curve25519_adx_square.S
[1005/1379] Compiling fiat_p256_adx_sqr.S
[1006/1379] Compiling a_d2i_fp.cc
[1007/1379] Compiling fiat_curve25519_adx_mul.S
[1008/1379] Compiling md5-x86_64-linux.S
[1009/1379] Compiling a_gentm.cc
[1010/1379] Compiling md5-x86_64-apple.S
[1011/1379] Compiling md5-586-linux.S
[1012/1379] Compiling chacha20_poly1305_x86_64-apple.S
[1013/1379] Compiling md5-586-apple.S
[1014/1379] Compiling a_dup.cc
[1015/1379] Compiling chacha20_poly1305_x86_64-linux.S
[1016/1379] Compiling chacha20_poly1305_armv8-win.S
[1017/1379] Compiling chacha-x86_64-apple.S
[1018/1379] Compiling chacha20_poly1305_armv8-apple.S
[1019/1379] Compiling chacha-x86-linux.S
[1020/1379] Compiling chacha-x86_64-linux.S
[1021/1379] Compiling chacha20_poly1305_armv8-linux.S
[1022/1379] Compiling chacha-armv8-win.S
[1023/1379] Compiling chacha-x86-apple.S
[1024/1379] Compiling chacha-armv8-linux.S
[1024/1379] Compiling chacha-armv8-apple.S
[1026/1379] Compiling aes128gcmsiv-x86_64-linux.S
[1027/1379] Compiling aes128gcmsiv-x86_64-apple.S
[1028/1379] Compiling x86_64-mont5-apple.S
[1029/1379] Compiling x86_64-mont5-linux.S
[1030/1379] Compiling x86_64-mont-linux.S
[1031/1379] Compiling chacha-armv4-linux.S
[1032/1379] Compiling x86_64-mont-apple.S
[1033/1379] Compiling x86-mont-linux.S
[1034/1379] Compiling x86-mont-apple.S
[1035/1379] Compiling vpaes-x86_64-linux.S
[1036/1379] Compiling vpaes-x86_64-apple.S
[1037/1379] Compiling vpaes-x86-linux.S
[1038/1379] Compiling vpaes-x86-apple.S
[1039/1379] Compiling vpaes-armv8-win.S
[1040/1379] Compiling vpaes-armv8-linux.S
[1041/1379] Compiling vpaes-armv7-linux.S
[1042/1379] Compiling sha512-x86_64-linux.S
[1043/1379] Compiling vpaes-armv8-apple.S
[1044/1379] Compiling sha512-x86_64-apple.S
[1045/1379] Compiling sha512-armv8-win.S
[1046/1379] Compiling err_data.cc
[1047/1379] Compiling sha512-armv8-apple.S
[1048/1379] Compiling sha512-armv4-linux.S
[1049/1379] Compiling sha256-x86_64-linux.S
[1050/1379] Compiling sha512-armv8-linux.S
[1051/1379] Compiling sha512-586-linux.S
[1052/1379] Compiling sha512-586-apple.S
[1053/1379] Compiling sha256-x86_64-apple.S
[1054/1379] Compiling sha256-armv8-win.S
[1055/1379] Compiling sha256-armv8-apple.S
[1056/1379] Compiling sha256-586-linux.S
[1057/1379] Compiling sha256-armv8-linux.S
[1058/1379] Compiling sha256-586-apple.S
[1059/1379] Compiling sha1-x86_64-linux.S
[1059/1379] Compiling sha1-armv8-win.S
[1061/1379] Compiling sha256-armv4-linux.S
[1062/1379] Compiling sha1-x86_64-apple.S
[1063/1379] Compiling sha1-armv4-large-linux.S
[1064/1379] Compiling sha1-armv8-apple.S
[1065/1379] Compiling sha1-586-linux.S
[1065/1379] Compiling sha1-586-apple.S
[1067/1379] Compiling rsaz-avx2-linux.S
[1068/1379] Compiling sha1-armv8-linux.S
[1068/1379] Compiling rsaz-avx2-apple.S
[1070/1379] Compiling rdrand-x86_64-apple.S
[1071/1379] Compiling p256_beeu-x86_64-asm-apple.S
[1072/1379] Compiling rdrand-x86_64-linux.S
[1073/1379] Compiling p256_beeu-armv8-asm-win.S
[1074/1379] Compiling p256_beeu-x86_64-asm-linux.S
[1075/1379] Compiling p256_beeu-armv8-asm-linux.S
[1076/1379] Compiling p256_beeu-armv8-asm-apple.S
[1077/1379] Compiling p256-x86_64-asm-apple.S
[1078/1379] Compiling p256-x86_64-asm-linux.S
[1079/1379] Compiling p256-armv8-asm-apple.S
[1080/1379] Compiling p256-armv8-asm-linux.S
[1081/1379] Compiling p256-armv8-asm-win.S
[1082/1379] Compiling ghashv8-armv8-linux.S
[1083/1379] Compiling ghashv8-armv8-apple.S
[1084/1379] Compiling ghashv8-armv7-linux.S
[1085/1379] Compiling ghash-x86_64-apple.S
[1086/1379] Compiling ghash-x86_64-linux.S
[1086/1379] Compiling ghash-x86-linux.S
[1088/1379] Compiling ghash-ssse3-x86_64-linux.S
[1088/1379] Compiling ghash-x86-apple.S
[1090/1379] Compiling ghashv8-armv8-win.S
[1091/1379] Compiling ghash-ssse3-x86-apple.S
[1091/1379] Compiling ghash-ssse3-x86_64-apple.S
[1093/1379] Compiling ghash-neon-armv8-linux.S
[1094/1379] Compiling ghash-ssse3-x86-linux.S
[1095/1379] Compiling ghash-neon-armv8-win.S
[1096/1379] Compiling ghash-neon-armv8-apple.S
[1097/1379] Compiling ghash-armv4-linux.S
[1098/1379] Compiling co-586-linux.S
[1099/1379] Compiling co-586-apple.S
[1100/1379] Compiling bn-armv8-win.S
[1101/1379] Compiling bsaes-armv7-linux.S
[1102/1379] Compiling bn-armv8-linux.S
[1103/1379] Compiling bn-armv8-apple.S
[1104/1379] Compiling bn-586-apple.S
[1105/1379] Compiling bn-586-linux.S
[1106/1379] Compiling armv8-mont-win.S
[1107/1379] Compiling armv8-mont-linux.S
[1108/1379] Compiling aesv8-gcm-armv8-win.S
[1109/1379] Compiling armv4-mont-linux.S
[1110/1379] Compiling armv8-mont-apple.S
[1111/1379] Compiling aesv8-gcm-armv8-linux.S
[1111/1379] Compiling aesv8-armv8-win.S
[1113/1379] Compiling aesv8-armv8-linux.S
[1114/1379] Compiling aesv8-armv7-linux.S
[1115/1379] Compiling aesv8-gcm-armv8-apple.S
[1116/1379] Compiling aesv8-armv8-apple.S
[1117/1379] Compiling aesni-x86-apple.S
[1118/1379] Compiling aesni-x86_64-linux.S
[1119/1379] Compiling aesni-gcm-x86_64-linux.S
[1120/1379] Compiling aesni-x86_64-apple.S
[1121/1379] Compiling aesni-x86-linux.S
[1122/1379] Compiling aesni-gcm-x86_64-apple.S
[1123/1379] Compiling aes-gcm-avx2-x86_64-linux.S
[1124/1379] Compiling aes-gcm-avx512-x86_64-apple.S
[1125/1379] Compiling aes-gcm-avx512-x86_64-linux.S
[1126/1379] Compiling aes-gcm-avx2-x86_64-apple.S
[1127/1379] Compiling xwing.cc
[1128/1379] Compiling x_sig.cc
[1129/1379] Compiling x_x509.cc
[1130/1379] Compiling c-nioatomics.c
[1131/1379] Compiling x_pubkey.cc
[1132/1379] Compiling x_spki.cc
[1133/1379] Compiling c-atomics.c
[1134/1379] Compiling x_req.cc
[1135/1379] Compiling x_x509a.cc
[1137/1386] Compiling NIOConcurrencyHelpers NIOThreadPoolWorkAvailable.swift
[1138/1386] Compiling NIOConcurrencyHelpers NIOLockedValueBox.swift
[1138/1386] Compiling x_all.cc
[1140/1386] Compiling NIOConcurrencyHelpers NIOLock.swift
[1141/1386] Compiling NIOConcurrencyHelpers NIOAtomic.swift
[1141/1386] Compiling x_exten.cc
[1143/1386] Compiling NIOConcurrencyHelpers lock.swift
[1143/1386] Compiling x_name.cc
[1145/1386] Emitting module NIOConcurrencyHelpers
[1146/1386] Compiling NIOConcurrencyHelpers atomics.swift
[1146/1387] Compiling x_attrib.cc
[1147/1387] Compiling x_crl.cc
[1149/1387] Compiling x_algor.cc
[1150/1387] Compiling x509rset.cc
[1151/1387] Compiling x509spki.cc
[1152/1387] Compiling x509name.cc
[1153/1387] Compiling x509cset.cc
[1154/1387] Compiling x509_vpm.cc
[1155/1387] Compiling x509_req.cc
[1156/1387] Compiling x509_vfy.cc
[1157/1387] Compiling x509_v3.cc
[1158/1387] Compiling x509_trs.cc
[1159/1387] Compiling x509_obj.cc
[1160/1387] Compiling x509_txt.cc
[1161/1387] Compiling x509_set.cc
[1162/1387] Compiling x509_ext.cc
[1163/1387] Compiling x509_att.cc
[1164/1387] Compiling x509_lu.cc
[1165/1387] Compiling x509_def.cc
[1166/1387] Compiling x509_cmp.cc
[1167/1387] Compiling x509_d2.cc
[1168/1387] Compiling x509.cc
[1169/1387] Compiling v3_purp.cc
[1170/1387] Compiling v3_pmaps.cc
[1171/1387] Compiling v3_utl.cc
[1172/1387] Compiling v3_prn.cc
[1173/1387] Compiling v3_skey.cc
[1174/1387] Compiling v3_pcons.cc
[1175/1387] Compiling v3_lib.cc
[1176/1387] Compiling v3_int.cc
[1177/1387] Compiling v3_ncons.cc
[1178/1387] Compiling v3_ocsp.cc
[1179/1387] Compiling v3_info.cc
[1180/1387] Compiling v3_genn.cc
[1181/1387] Compiling v3_crld.cc
[1182/1387] Compiling v3_ia5.cc
[1183/1387] Compiling v3_enum.cc
[1184/1387] Compiling v3_extku.cc
[1185/1387] Compiling v3_cpols.cc
[1186/1387] Compiling v3_bcons.cc
[1187/1387] Compiling v3_alt.cc
[1188/1387] Compiling v3_conf.cc
[1189/1387] Compiling v3_bitst.cc
[1190/1387] Compiling t_crl.cc
[1191/1387] Compiling t_req.cc
[1192/1387] Compiling v3_akeya.cc
[1193/1387] Compiling t_x509a.cc
[1194/1387] Compiling t_x509.cc
[1195/1387] Compiling v3_akey.cc
[1196/1387] Compiling i2d_pr.cc
[1197/1387] Compiling rsa_pss.cc
[1198/1387] Compiling name_print.cc
[1199/1387] Compiling policy.cc
[1200/1387] Compiling a_verify.cc
[1201/1387] Compiling a_digest.cc
[1202/1387] Compiling by_file.cc
[1203/1387] Compiling by_dir.cc
[1204/1387] Compiling asn1_gen.cc
[1205/1387] Compiling algorithm.cc
[1206/1387] Compiling a_sign.cc
[1207/1387] Compiling trust_token.cc
[1208/1387] Compiling voprf.cc
[1209/1387] Compiling pmbtoken.cc
[1210/1387] Compiling thread_win.cc
[1211/1387] Compiling thread_pthread.cc
[1212/1387] Compiling stack.cc
[1213/1387] Compiling thread.cc
[1214/1387] Compiling thread_none.cc
[1215/1387] Compiling siphash.cc
[1216/1387] Compiling sha1.cc
[1217/1387] Compiling slhdsa.cc
[1218/1387] Compiling sha512.cc
[1219/1387] Compiling sha256.cc
[1220/1387] Compiling rsa_crypt.cc
[1221/1387] Compiling rsa_extra.cc
[1222/1387] Compiling spake2plus.cc
[1223/1387] Compiling rsa_print.cc
[1224/1387] Compiling urandom.cc
[1225/1387] Compiling refcount.cc
[1226/1387] Compiling rsa_asn1.cc
[1227/1387] Compiling windows.cc
[1228/1387] Compiling trusty.cc
[1229/1387] Compiling rc4.cc
[1230/1387] Compiling ios.cc
[1231/1387] Compiling rand.cc
[1232/1387] Compiling passive.cc
[1233/1387] Compiling poly1305_arm_asm.S
[1234/1387] Compiling forkunsafe.cc
[1235/1387] Compiling getentropy.cc
[1236/1387] Compiling fork_detect.cc
[1237/1387] Compiling poly1305_arm.cc
[1238/1387] Compiling deterministic.cc
[1239/1387] Compiling poly1305.cc
[1240/1387] Compiling poly1305_vec.cc
[1241/1387] Compiling pkcs8_x509.cc
[1242/1387] Compiling pool.cc
[1243/1387] Compiling pkcs7_x509.cc
[1244/1387] Compiling pkcs8.cc
[1245/1387] Compiling p5_pbev2.cc
[1246/1387] Compiling pkcs7.cc
[1247/1387] Compiling pem_pkey.cc
[1248/1387] Compiling pem_oth.cc
[1249/1387] Compiling pem_xaux.cc
[1250/1387] Compiling pem_x509.cc
[1251/1387] Compiling obj_xref.cc
[1252/1387] Compiling pem_lib.cc
[1253/1387] Compiling mldsa.cc
[1254/1387] Compiling pem_pk8.cc
[1255/1387] Compiling obj.cc
[1256/1387] Compiling mlkem.cc
[1257/1387] Compiling pem_info.cc
[1258/1387] Compiling pem_all.cc
[1259/1387] Compiling poly_rq_mul.S
[1260/1387] Compiling mem.cc
[1261/1387] Compiling fips_shared_support.cc
[1262/1387] Compiling lhash.cc
[1263/1387] Compiling kyber.cc
[1264/1387] Compiling md4.cc
[1265/1387] Compiling md5.cc
[1266/1387] Compiling ex_data.cc
[1267/1387] Compiling hrss.cc
[1268/1387] Compiling fuzzer_mode.cc
[1269/1387] Compiling sign.cc
[1270/1387] Compiling scrypt.cc
[1271/1387] Compiling hpke.cc
[1272/1387] Compiling print.cc
[1273/1387] Compiling p_rsa_asn1.cc
[1274/1387] Compiling pbkdf.cc
[1275/1387] Compiling p_x25519.cc
[1276/1387] Compiling p_hkdf.cc
[1277/1387] Compiling p_x25519_asn1.cc
[1278/1387] Compiling p_ed25519.cc
[1279/1387] Compiling p_rsa.cc
[1280/1387] Compiling p_ed25519_asn1.cc
[1281/1387] Compiling p_ec_asn1.cc
[1282/1387] Compiling p_dh.cc
[1283/1387] Compiling p_ec.cc
[1284/1387] Compiling p_dsa_asn1.cc
[1285/1387] Compiling err.cc
[1286/1387] Compiling p_dh_asn1.cc
[1287/1387] Compiling evp_ctx.cc
[1288/1387] Compiling ecdsa_p1363.cc
[1289/1387] Compiling evp.cc
[1290/1387] Compiling engine.cc
[1291/1387] Compiling evp_asn1.cc
[1292/1387] Compiling ecdsa_asn1.cc
[1293/1387] Compiling ecdh.cc
[1294/1387] Compiling ec_derive.cc
[1295/1387] Compiling hash_to_curve.cc
[1296/1387] Compiling dsa.cc
[1297/1387] Compiling params.cc
[1298/1387] Compiling digest_extra.cc
[1299/1387] Compiling ec_asn1.cc
[1300/1387] Compiling dsa_asn1.cc
[1301/1387] Compiling x25519-asm-arm.S
[1302/1387] Compiling curve25519_64_adx.cc
[1303/1387] Compiling des.cc
[1304/1387] Compiling dh_asn1.cc
[1305/1387] Compiling spake25519.cc
[1306/1387] Compiling cpu_arm_linux.cc
[1307/1387] Compiling cpu_intel.cc
[1308/1387] Compiling cpu_aarch64_openbsd.cc
[1309/1387] Compiling cpu_arm_freebsd.cc
[1310/1387] Compiling crypto.cc
[1311/1387] Compiling curve25519.cc
[1312/1387] Compiling cpu_aarch64_win.cc
[1313/1387] Compiling cpu_aarch64_linux.cc
[1314/1387] Compiling cpu_aarch64_sysreg.cc
[1315/1387] Compiling cpu_aarch64_fuchsia.cc
[1316/1387] Compiling cpu_aarch64_apple.cc
[1317/1387] Compiling conf.cc
[1318/1387] Compiling e_rc4.cc
[1319/1387] Compiling tls_cbc.cc
[1320/1387] Compiling e_tls.cc
[1321/1387] Compiling get_cipher.cc
[1322/1387] Compiling e_rc2.cc
[1323/1387] Compiling e_des.cc
[1324/1387] Compiling cms.cc
[1325/1387] Compiling e_chacha20poly1305.cc
[1326/1387] Compiling derive_key.cc
[1327/1387] Compiling e_null.cc
[1328/1387] Compiling e_aeseax.cc
[1329/1387] Compiling e_aesgcmsiv.cc
[1330/1387] Compiling chacha.cc
[1331/1387] Compiling e_aesctrhmac.cc
[1332/1387] Compiling bcm.cc
[1333/1387] Compiling cbs.cc
[1334/1387] Compiling exponentiation.cc
[1335/1387] Compiling ber.cc
[1336/1387] Compiling unicode.cc
[1337/1387] Compiling buf.cc
[1338/1387] Compiling div.cc
[1339/1387] Compiling cbb.cc
[1340/1387] Compiling sqrt.cc
[1341/1387] Compiling asn1_compat.cc
[1342/1387] Compiling pair.cc
[1343/1387] Compiling file.cc
[1344/1387] Compiling convert.cc
[1345/1387] Compiling fd.cc
[1346/1387] Compiling blake2.cc
[1347/1387] Compiling printf.cc
[1348/1387] Compiling errno.cc
[1349/1387] Compiling hexdump.cc
[1350/1387] Compiling bn_asn1.cc
[1351/1387] Compiling bio.cc
[1352/1387] Compiling base64.cc
[1353/1387] Compiling bio_mem.cc
[1354/1387] Compiling tasn_new.cc
[1355/1387] Compiling tasn_fre.cc
[1356/1387] Compiling tasn_typ.cc
[1357/1387] Compiling tasn_utl.cc
[1358/1387] Compiling tasn_dec.cc
[1359/1387] Compiling tasn_enc.cc
[1360/1387] Compiling posix_time.cc
[1361/1387] Compiling asn_pack.cc
[1362/1387] Compiling f_int.cc
[1363/1387] Compiling f_string.cc
[1364/1387] Compiling asn1_par.cc
[1365/1387] Compiling a_utctm.cc
[1366/1387] Compiling asn1_lib.cc
[1367/1387] Compiling a_time.cc
[1368/1387] Compiling a_octet.cc
[1369/1387] Compiling a_mbstr.cc
[1370/1387] Compiling a_type.cc
[1371/1387] Compiling a_int.cc
[1372/1387] Compiling a_strex.cc
[1373/1387] Compiling a_strnid.cc
[1374/1387] Compiling a_dup.cc
[1375/1387] Compiling CAsyncHTTPClient CAsyncHTTPClient.c
[1376/1387] Write sources
[1377/1441] Compiling a_object.cc
[1377/1441] Write sources
[1381/1441] Compiling a_i2d_fp.cc
[1382/1441] Compiling a_d2i_fp.cc
[1383/1484] Compiling a_bool.cc
[1384/1484] Compiling aes.cc
[1385/1484] Compiling a_gentm.cc
[1387/1484] Compiling Algorithms FlattenCollection.swift
[1388/1484] Compiling Algorithms Grouped.swift
[1389/1484] Compiling Algorithms Indexed.swift
[1390/1484] Compiling Algorithms Intersperse.swift
[1391/1484] Compiling Algorithms Joined.swift
[1392/1484] Compiling Algorithms Keyed.swift
[1393/1484] Compiling Algorithms MinMax.swift
[1394/1491] Compiling BitCollections BitSet+Codable.swift
[1395/1491] Compiling BitCollections BitSet+CustomDebugStringConvertible.swift
[1396/1491] Compiling BitCollections BitSet+CustomReflectable.swift
[1397/1491] Compiling BitCollections BitSet+CustomStringConvertible.swift
[1398/1491] Compiling BitCollections BitSet+Equatable.swift
[1399/1491] Compiling BitCollections BitSet+ExpressibleByArrayLiteral.swift
[1400/1491] Compiling BitCollections BitSet+Extras.swift
[1401/1491] Compiling BitCollections BitSet+Hashable.swift
[1402/1491] Compiling Algorithms Partition.swift
[1403/1491] Compiling Algorithms Permutations.swift
[1410/1493] Compiling BitCollections BitSet+SetAlgebra formUnion.swift
[1411/1493] Compiling BitCollections BitSet+SetAlgebra intersection.swift
[1412/1493] Compiling BitCollections BitSet+SetAlgebra isDisjoint.swift
[1413/1493] Compiling BitCollections BitSet+SetAlgebra isEqualSet.swift
[1414/1493] Compiling BitCollections BitSet+SetAlgebra isStrictSubset.swift
[1415/1493] Compiling BitCollections BitSet+SetAlgebra isStrictSuperset.swift
[1416/1493] Compiling BitCollections BitSet+SetAlgebra isSubset.swift
[1417/1493] Compiling BitCollections BitSet+SetAlgebra isSuperset.swift
[1418/1493] Compiling BitCollections BitSet+SetAlgebra subtract.swift
[1419/1493] Compiling BitCollections BitSet+SetAlgebra subtracting.swift
[1420/1493] Compiling BitCollections BitSet+SetAlgebra symmetricDifference.swift
[1421/1493] Compiling BitCollections BitSet+SetAlgebra union.swift
[1422/1493] Compiling BitCollections BitSet+Sorted Collection APIs.swift
[1423/1493] Compiling BitCollections BitSet.Counted.swift
[1423/1493] Compiling a_bitstr.cc
[1425/1501] Compiling Atomics IntegerOperations.swift
[1426/1501] Compiling Atomics Unmanaged extensions.swift
[1427/1501] Emitting module BitCollections
[1428/1501] Compiling Algorithms EitherSequence.swift
[1429/1501] Compiling Algorithms FirstNonNil.swift
[1431/1501] Compiling BitCollections BitSet.Index.swift
[1432/1501] Compiling BitCollections BitSet._UnsafeHandle.swift
[1433/1501] Compiling BitCollections BitSet.swift
[1434/1501] Compiling BitCollections Range+Utilities.swift
[1435/1501] Compiling BitCollections Slice+Utilities.swift
[1436/1501] Compiling BitCollections UInt+Tricks.swift
[1437/1501] Compiling BitCollections _Word.swift
[1438/1501] Compiling Algorithms AdjacentPairs.swift
[1439/1501] Compiling Algorithms Chain.swift
[1440/1501] Compiling Algorithms Chunked.swift
[1441/1501] Compiling Algorithms Combinations.swift
[1442/1501] Compiling Algorithms Compacted.swift
[1443/1501] Compiling Algorithms Cycle.swift
[1446/1501] Compiling Algorithms Suffix.swift
[1447/1501] Compiling BitCollections BitArray+BitwiseOperations.swift
[1448/1501] Compiling BitCollections BitArray+ChunkedBitsIterators.swift
[1449/1501] Compiling BitCollections BitArray+Codable.swift
[1450/1501] Compiling BitCollections BitArray+Collection.swift
[1451/1501] Compiling BitCollections BitArray+Copy.swift
[1452/1501] Compiling BitCollections BitArray+CustomReflectable.swift
[1453/1501] Compiling BitCollections BitArray+Descriptions.swift
[1458/1501] Compiling Algorithms Reductions.swift
[1459/1501] Compiling Algorithms Rotate.swift
[1460/1501] Compiling Algorithms Split.swift
[1461/1501] Compiling Algorithms Stride.swift
[1474/1507] Compiling Collections Collections.swift
[1475/1507] Emitting module Collections
[1486/1508] Compiling Algorithms Trim.swift
[1487/1508] Compiling Algorithms Unique.swift
[1488/1508] Compiling Algorithms Windows.swift
[1489/1508] Emitting module CryptoBoringWrapper
[1490/1509] Compiling CryptoBoringWrapper CryptoKitErrors_boring.swift
[1491/1509] Compiling CryptoBoringWrapper Data+Span.swift
[1492/1509] Compiling CryptoBoringWrapper FiniteFieldArithmeticContext.swift
[1493/1509] Compiling CryptoBoringWrapper BoringSSLAEAD.swift
[1494/1509] Compiling CryptoBoringWrapper EllipticCurve.swift
[1495/1509] Compiling CryptoBoringWrapper RandomBytes.swift
[1496/1509] Compiling CryptoBoringWrapper EllipticCurvePoint.swift
[1497/1509] Compiling CryptoBoringWrapper ArbitraryPrecisionInteger.swift
[1499/1510] Emitting module Atomics
[1507/1626] Compiling NIOCore AddressedEnvelope.swift
[1508/1626] Compiling NIOCore AsyncAwaitSupport.swift
[1509/1626] Compiling NIOCore AsyncChannel.swift
[1510/1626] Compiling NIOCore AsyncChannelHandler.swift
[1511/1661] Compiling NIOCore ChannelOption.swift
/host/spi-builder-workspace/.build/checkouts/swift-crypto/Sources/Crypto/KEM/KEM-Errors.swift:27:6: error: unknown attribute 'nonexhaustive'
25 | extension KEM {
26 | /// Errors that CryptoKit throws when it encounters problems in key encapsulation mechanism (KEM) operations.
27 | @nonexhaustive
| `- error: unknown attribute 'nonexhaustive'
28 | public enum Errors: Error {
29 | /// The public key CryptoKit receives when it initializes a key encapsulation operation doesn't match the expected value.
/host/spi-builder-workspace/.build/checkouts/swift-crypto/Sources/Crypto/KEM/KEM.swift:28:2: error: unknown attribute 'nonexhaustive'
26 | ///
27 | /// Use a key encapsulation mechanism (KEM) to protect a symmetric cryptographic key that you share with another party.
28 | @nonexhaustive
| `- error: unknown attribute 'nonexhaustive'
29 | public enum KEM: Sendable {
30 | /// The result of a key encapsulation operation.
/host/spi-builder-workspace/.build/checkouts/swift-crypto/Sources/Crypto/KEM/MLKEM.swift:30:2: error: unknown attribute 'nonexhaustive'
28 |
29 | /// The Module-Lattice key encapsulation mechanism (KEM).
30 | @nonexhaustive
| `- error: unknown attribute 'nonexhaustive'
31 | public enum MLKEM768: Sendable {}
32 |
/host/spi-builder-workspace/.build/checkouts/swift-crypto/Sources/Crypto/KEM/MLKEM.swift:201:2: error: unknown attribute 'nonexhaustive'
199 |
200 | /// The Module-Lattice key encapsulation mechanism (KEM).
201 | @nonexhaustive
| `- error: unknown attribute 'nonexhaustive'
202 | public enum MLKEM1024: Sendable {}
203 |
/host/spi-builder-workspace/.build/checkouts/swift-crypto/Sources/Crypto/KEM/XWing.swift:34:2: error: unknown attribute 'nonexhaustive'
32 | /// The X-Wing (ML-KEM768 with X25519) Key Encapsulation Mechanism, defined in
33 | /// https://datatracker.ietf.org/doc/html/draft-connolly-cfrg-xwing-kem-06
34 | @nonexhaustive
| `- error: unknown attribute 'nonexhaustive'
35 | public enum XWingMLKEM768X25519: Sendable {}
36 |
/host/spi-builder-workspace/.build/checkouts/swift-crypto/Sources/Crypto/Key Agreement/ECDH.swift:36:6: error: unknown attribute 'nonexhaustive'
34 | /// A mechanism used to create or verify a cryptographic signature using
35 | /// the NIST P-256 elliptic curve digital signature algorithm (ECDSA).
36 | @nonexhaustive
| `- error: unknown attribute 'nonexhaustive'
37 | public enum Signing: Sendable {
38 |
/host/spi-builder-workspace/.build/checkouts/swift-crypto/Sources/Crypto/Key Agreement/ECDH.swift:260:6: error: unknown attribute 'nonexhaustive'
258 | /// performing NIST P-256 elliptic curve Diffie Hellman (ECDH) key
259 | /// exchange.
260 | @nonexhaustive
| `- error: unknown attribute 'nonexhaustive'
261 | public enum KeyAgreement: Sendable {
262 |
/host/spi-builder-workspace/.build/checkouts/swift-crypto/Sources/Crypto/Key Agreement/ECDH.swift:483:6: error: unknown attribute 'nonexhaustive'
481 | /// A mechanism used to create or verify a cryptographic signature using
482 | /// the NIST P-384 elliptic curve digital signature algorithm (ECDSA).
483 | @nonexhaustive
| `- error: unknown attribute 'nonexhaustive'
484 | public enum Signing: Sendable {
485 |
/host/spi-builder-workspace/.build/checkouts/swift-crypto/Sources/Crypto/Key Agreement/ECDH.swift:707:6: error: unknown attribute 'nonexhaustive'
705 | /// performing NIST P-384 elliptic curve Diffie Hellman (ECDH) key
706 | /// exchange.
707 | @nonexhaustive
| `- error: unknown attribute 'nonexhaustive'
708 | public enum KeyAgreement: Sendable {
709 |
/host/spi-builder-workspace/.build/checkouts/swift-crypto/Sources/Crypto/Key Agreement/ECDH.swift:930:6: error: unknown attribute 'nonexhaustive'
928 | /// A mechanism used to create or verify a cryptographic signature using
929 | /// the NIST P-521 elliptic curve digital signature algorithm (ECDSA).
930 | @nonexhaustive
| `- error: unknown attribute 'nonexhaustive'
931 | public enum Signing: Sendable {
932 |
/host/spi-builder-workspace/.build/checkouts/swift-crypto/Sources/Crypto/Key Agreement/ECDH.swift:1154:6: error: unknown attribute 'nonexhaustive'
1152 | /// performing NIST P-521 elliptic curve Diffie Hellman (ECDH) key
1153 | /// exchange.
1154 | @nonexhaustive
| `- error: unknown attribute 'nonexhaustive'
1155 | public enum KeyAgreement: Sendable {
1156 |
[1512/1661] Compiling NIOCore ChannelPipeline.swift
/host/spi-builder-workspace/.build/checkouts/swift-crypto/Sources/Crypto/KEM/KEM-Errors.swift:27:6: error: unknown attribute 'nonexhaustive'
25 | extension KEM {
26 | /// Errors that CryptoKit throws when it encounters problems in key encapsulation mechanism (KEM) operations.
27 | @nonexhaustive
| `- error: unknown attribute 'nonexhaustive'
28 | public enum Errors: Error {
29 | /// The public key CryptoKit receives when it initializes a key encapsulation operation doesn't match the expected value.
/host/spi-builder-workspace/.build/checkouts/swift-crypto/Sources/Crypto/KEM/KEM.swift:28:2: error: unknown attribute 'nonexhaustive'
26 | ///
27 | /// Use a key encapsulation mechanism (KEM) to protect a symmetric cryptographic key that you share with another party.
28 | @nonexhaustive
| `- error: unknown attribute 'nonexhaustive'
29 | public enum KEM: Sendable {
30 | /// The result of a key encapsulation operation.
/host/spi-builder-workspace/.build/checkouts/swift-crypto/Sources/Crypto/KEM/MLKEM.swift:30:2: error: unknown attribute 'nonexhaustive'
28 |
29 | /// The Module-Lattice key encapsulation mechanism (KEM).
30 | @nonexhaustive
| `- error: unknown attribute 'nonexhaustive'
31 | public enum MLKEM768: Sendable {}
32 |
/host/spi-builder-workspace/.build/checkouts/swift-crypto/Sources/Crypto/KEM/MLKEM.swift:201:2: error: unknown attribute 'nonexhaustive'
199 |
200 | /// The Module-Lattice key encapsulation mechanism (KEM).
201 | @nonexhaustive
| `- error: unknown attribute 'nonexhaustive'
202 | public enum MLKEM1024: Sendable {}
203 |
/host/spi-builder-workspace/.build/checkouts/swift-crypto/Sources/Crypto/KEM/XWing.swift:34:2: error: unknown attribute 'nonexhaustive'
32 | /// The X-Wing (ML-KEM768 with X25519) Key Encapsulation Mechanism, defined in
33 | /// https://datatracker.ietf.org/doc/html/draft-connolly-cfrg-xwing-kem-06
34 | @nonexhaustive
| `- error: unknown attribute 'nonexhaustive'
35 | public enum XWingMLKEM768X25519: Sendable {}
36 |
/host/spi-builder-workspace/.build/checkouts/swift-crypto/Sources/Crypto/Key Agreement/ECDH.swift:36:6: error: unknown attribute 'nonexhaustive'
34 | /// A mechanism used to create or verify a cryptographic signature using
35 | /// the NIST P-256 elliptic curve digital signature algorithm (ECDSA).
36 | @nonexhaustive
| `- error: unknown attribute 'nonexhaustive'
37 | public enum Signing: Sendable {
38 |
/host/spi-builder-workspace/.build/checkouts/swift-crypto/Sources/Crypto/Key Agreement/ECDH.swift:260:6: error: unknown attribute 'nonexhaustive'
258 | /// performing NIST P-256 elliptic curve Diffie Hellman (ECDH) key
259 | /// exchange.
260 | @nonexhaustive
| `- error: unknown attribute 'nonexhaustive'
261 | public enum KeyAgreement: Sendable {
262 |
/host/spi-builder-workspace/.build/checkouts/swift-crypto/Sources/Crypto/Key Agreement/ECDH.swift:483:6: error: unknown attribute 'nonexhaustive'
481 | /// A mechanism used to create or verify a cryptographic signature using
482 | /// the NIST P-384 elliptic curve digital signature algorithm (ECDSA).
483 | @nonexhaustive
| `- error: unknown attribute 'nonexhaustive'
484 | public enum Signing: Sendable {
485 |
/host/spi-builder-workspace/.build/checkouts/swift-crypto/Sources/Crypto/Key Agreement/ECDH.swift:707:6: error: unknown attribute 'nonexhaustive'
705 | /// performing NIST P-384 elliptic curve Diffie Hellman (ECDH) key
706 | /// exchange.
707 | @nonexhaustive
| `- error: unknown attribute 'nonexhaustive'
708 | public enum KeyAgreement: Sendable {
709 |
/host/spi-builder-workspace/.build/checkouts/swift-crypto/Sources/Crypto/Key Agreement/ECDH.swift:930:6: error: unknown attribute 'nonexhaustive'
928 | /// A mechanism used to create or verify a cryptographic signature using
929 | /// the NIST P-521 elliptic curve digital signature algorithm (ECDSA).
930 | @nonexhaustive
| `- error: unknown attribute 'nonexhaustive'
931 | public enum Signing: Sendable {
932 |
/host/spi-builder-workspace/.build/checkouts/swift-crypto/Sources/Crypto/Key Agreement/ECDH.swift:1154:6: error: unknown attribute 'nonexhaustive'
1152 | /// performing NIST P-521 elliptic curve Diffie Hellman (ECDH) key
1153 | /// exchange.
1154 | @nonexhaustive
| `- error: unknown attribute 'nonexhaustive'
1155 | public enum KeyAgreement: Sendable {
1156 |
[1513/1661] Compiling NIOCore CircularBuffer.swift
/host/spi-builder-workspace/.build/checkouts/swift-crypto/Sources/Crypto/KEM/KEM-Errors.swift:27:6: error: unknown attribute 'nonexhaustive'
25 | extension KEM {
26 | /// Errors that CryptoKit throws when it encounters problems in key encapsulation mechanism (KEM) operations.
27 | @nonexhaustive
| `- error: unknown attribute 'nonexhaustive'
28 | public enum Errors: Error {
29 | /// The public key CryptoKit receives when it initializes a key encapsulation operation doesn't match the expected value.
/host/spi-builder-workspace/.build/checkouts/swift-crypto/Sources/Crypto/KEM/KEM.swift:28:2: error: unknown attribute 'nonexhaustive'
26 | ///
27 | /// Use a key encapsulation mechanism (KEM) to protect a symmetric cryptographic key that you share with another party.
28 | @nonexhaustive
| `- error: unknown attribute 'nonexhaustive'
29 | public enum KEM: Sendable {
30 | /// The result of a key encapsulation operation.
/host/spi-builder-workspace/.build/checkouts/swift-crypto/Sources/Crypto/KEM/MLKEM.swift:30:2: error: unknown attribute 'nonexhaustive'
28 |
29 | /// The Module-Lattice key encapsulation mechanism (KEM).
30 | @nonexhaustive
| `- error: unknown attribute 'nonexhaustive'
31 | public enum MLKEM768: Sendable {}
32 |
/host/spi-builder-workspace/.build/checkouts/swift-crypto/Sources/Crypto/KEM/MLKEM.swift:201:2: error: unknown attribute 'nonexhaustive'
199 |
200 | /// The Module-Lattice key encapsulation mechanism (KEM).
201 | @nonexhaustive
| `- error: unknown attribute 'nonexhaustive'
202 | public enum MLKEM1024: Sendable {}
203 |
/host/spi-builder-workspace/.build/checkouts/swift-crypto/Sources/Crypto/KEM/XWing.swift:34:2: error: unknown attribute 'nonexhaustive'
32 | /// The X-Wing (ML-KEM768 with X25519) Key Encapsulation Mechanism, defined in
33 | /// https://datatracker.ietf.org/doc/html/draft-connolly-cfrg-xwing-kem-06
34 | @nonexhaustive
| `- error: unknown attribute 'nonexhaustive'
35 | public enum XWingMLKEM768X25519: Sendable {}
36 |
/host/spi-builder-workspace/.build/checkouts/swift-crypto/Sources/Crypto/Key Agreement/ECDH.swift:36:6: error: unknown attribute 'nonexhaustive'
34 | /// A mechanism used to create or verify a cryptographic signature using
35 | /// the NIST P-256 elliptic curve digital signature algorithm (ECDSA).
36 | @nonexhaustive
| `- error: unknown attribute 'nonexhaustive'
37 | public enum Signing: Sendable {
38 |
/host/spi-builder-workspace/.build/checkouts/swift-crypto/Sources/Crypto/Key Agreement/ECDH.swift:260:6: error: unknown attribute 'nonexhaustive'
258 | /// performing NIST P-256 elliptic curve Diffie Hellman (ECDH) key
259 | /// exchange.
260 | @nonexhaustive
| `- error: unknown attribute 'nonexhaustive'
261 | public enum KeyAgreement: Sendable {
262 |
/host/spi-builder-workspace/.build/checkouts/swift-crypto/Sources/Crypto/Key Agreement/ECDH.swift:483:6: error: unknown attribute 'nonexhaustive'
481 | /// A mechanism used to create or verify a cryptographic signature using
482 | /// the NIST P-384 elliptic curve digital signature algorithm (ECDSA).
483 | @nonexhaustive
| `- error: unknown attribute 'nonexhaustive'
484 | public enum Signing: Sendable {
485 |
/host/spi-builder-workspace/.build/checkouts/swift-crypto/Sources/Crypto/Key Agreement/ECDH.swift:707:6: error: unknown attribute 'nonexhaustive'
705 | /// performing NIST P-384 elliptic curve Diffie Hellman (ECDH) key
706 | /// exchange.
707 | @nonexhaustive
| `- error: unknown attribute 'nonexhaustive'
708 | public enum KeyAgreement: Sendable {
709 |
/host/spi-builder-workspace/.build/checkouts/swift-crypto/Sources/Crypto/Key Agreement/ECDH.swift:930:6: error: unknown attribute 'nonexhaustive'
928 | /// A mechanism used to create or verify a cryptographic signature using
929 | /// the NIST P-521 elliptic curve digital signature algorithm (ECDSA).
930 | @nonexhaustive
| `- error: unknown attribute 'nonexhaustive'
931 | public enum Signing: Sendable {
932 |
/host/spi-builder-workspace/.build/checkouts/swift-crypto/Sources/Crypto/Key Agreement/ECDH.swift:1154:6: error: unknown attribute 'nonexhaustive'
1152 | /// performing NIST P-521 elliptic curve Diffie Hellman (ECDH) key
1153 | /// exchange.
1154 | @nonexhaustive
| `- error: unknown attribute 'nonexhaustive'
1155 | public enum KeyAgreement: Sendable {
1156 |
[1514/1661] Compiling NIOCore Codec.swift
/host/spi-builder-workspace/.build/checkouts/swift-crypto/Sources/Crypto/KEM/KEM-Errors.swift:27:6: error: unknown attribute 'nonexhaustive'
25 | extension KEM {
26 | /// Errors that CryptoKit throws when it encounters problems in key encapsulation mechanism (KEM) operations.
27 | @nonexhaustive
| `- error: unknown attribute 'nonexhaustive'
28 | public enum Errors: Error {
29 | /// The public key CryptoKit receives when it initializes a key encapsulation operation doesn't match the expected value.
/host/spi-builder-workspace/.build/checkouts/swift-crypto/Sources/Crypto/KEM/KEM.swift:28:2: error: unknown attribute 'nonexhaustive'
26 | ///
27 | /// Use a key encapsulation mechanism (KEM) to protect a symmetric cryptographic key that you share with another party.
28 | @nonexhaustive
| `- error: unknown attribute 'nonexhaustive'
29 | public enum KEM: Sendable {
30 | /// The result of a key encapsulation operation.
/host/spi-builder-workspace/.build/checkouts/swift-crypto/Sources/Crypto/KEM/MLKEM.swift:30:2: error: unknown attribute 'nonexhaustive'
28 |
29 | /// The Module-Lattice key encapsulation mechanism (KEM).
30 | @nonexhaustive
| `- error: unknown attribute 'nonexhaustive'
31 | public enum MLKEM768: Sendable {}
32 |
/host/spi-builder-workspace/.build/checkouts/swift-crypto/Sources/Crypto/KEM/MLKEM.swift:201:2: error: unknown attribute 'nonexhaustive'
199 |
200 | /// The Module-Lattice key encapsulation mechanism (KEM).
201 | @nonexhaustive
| `- error: unknown attribute 'nonexhaustive'
202 | public enum MLKEM1024: Sendable {}
203 |
/host/spi-builder-workspace/.build/checkouts/swift-crypto/Sources/Crypto/KEM/XWing.swift:34:2: error: unknown attribute 'nonexhaustive'
32 | /// The X-Wing (ML-KEM768 with X25519) Key Encapsulation Mechanism, defined in
33 | /// https://datatracker.ietf.org/doc/html/draft-connolly-cfrg-xwing-kem-06
34 | @nonexhaustive
| `- error: unknown attribute 'nonexhaustive'
35 | public enum XWingMLKEM768X25519: Sendable {}
36 |
/host/spi-builder-workspace/.build/checkouts/swift-crypto/Sources/Crypto/Key Agreement/ECDH.swift:36:6: error: unknown attribute 'nonexhaustive'
34 | /// A mechanism used to create or verify a cryptographic signature using
35 | /// the NIST P-256 elliptic curve digital signature algorithm (ECDSA).
36 | @nonexhaustive
| `- error: unknown attribute 'nonexhaustive'
37 | public enum Signing: Sendable {
38 |
/host/spi-builder-workspace/.build/checkouts/swift-crypto/Sources/Crypto/Key Agreement/ECDH.swift:260:6: error: unknown attribute 'nonexhaustive'
258 | /// performing NIST P-256 elliptic curve Diffie Hellman (ECDH) key
259 | /// exchange.
260 | @nonexhaustive
| `- error: unknown attribute 'nonexhaustive'
261 | public enum KeyAgreement: Sendable {
262 |
/host/spi-builder-workspace/.build/checkouts/swift-crypto/Sources/Crypto/Key Agreement/ECDH.swift:483:6: error: unknown attribute 'nonexhaustive'
481 | /// A mechanism used to create or verify a cryptographic signature using
482 | /// the NIST P-384 elliptic curve digital signature algorithm (ECDSA).
483 | @nonexhaustive
| `- error: unknown attribute 'nonexhaustive'
484 | public enum Signing: Sendable {
485 |
/host/spi-builder-workspace/.build/checkouts/swift-crypto/Sources/Crypto/Key Agreement/ECDH.swift:707:6: error: unknown attribute 'nonexhaustive'
705 | /// performing NIST P-384 elliptic curve Diffie Hellman (ECDH) key
706 | /// exchange.
707 | @nonexhaustive
| `- error: unknown attribute 'nonexhaustive'
708 | public enum KeyAgreement: Sendable {
709 |
/host/spi-builder-workspace/.build/checkouts/swift-crypto/Sources/Crypto/Key Agreement/ECDH.swift:930:6: error: unknown attribute 'nonexhaustive'
928 | /// A mechanism used to create or verify a cryptographic signature using
929 | /// the NIST P-521 elliptic curve digital signature algorithm (ECDSA).
930 | @nonexhaustive
| `- error: unknown attribute 'nonexhaustive'
931 | public enum Signing: Sendable {
932 |
/host/spi-builder-workspace/.build/checkouts/swift-crypto/Sources/Crypto/Key Agreement/ECDH.swift:1154:6: error: unknown attribute 'nonexhaustive'
1152 | /// performing NIST P-521 elliptic curve Diffie Hellman (ECDH) key
1153 | /// exchange.
1154 | @nonexhaustive
| `- error: unknown attribute 'nonexhaustive'
1155 | public enum KeyAgreement: Sendable {
1156 |
[1515/1661] Compiling NIOCore ConvenienceOptionSupport.swift
/host/spi-builder-workspace/.build/checkouts/swift-crypto/Sources/Crypto/KEM/KEM-Errors.swift:27:6: error: unknown attribute 'nonexhaustive'
25 | extension KEM {
26 | /// Errors that CryptoKit throws when it encounters problems in key encapsulation mechanism (KEM) operations.
27 | @nonexhaustive
| `- error: unknown attribute 'nonexhaustive'
28 | public enum Errors: Error {
29 | /// The public key CryptoKit receives when it initializes a key encapsulation operation doesn't match the expected value.
/host/spi-builder-workspace/.build/checkouts/swift-crypto/Sources/Crypto/KEM/KEM.swift:28:2: error: unknown attribute 'nonexhaustive'
26 | ///
27 | /// Use a key encapsulation mechanism (KEM) to protect a symmetric cryptographic key that you share with another party.
28 | @nonexhaustive
| `- error: unknown attribute 'nonexhaustive'
29 | public enum KEM: Sendable {
30 | /// The result of a key encapsulation operation.
/host/spi-builder-workspace/.build/checkouts/swift-crypto/Sources/Crypto/KEM/MLKEM.swift:30:2: error: unknown attribute 'nonexhaustive'
28 |
29 | /// The Module-Lattice key encapsulation mechanism (KEM).
30 | @nonexhaustive
| `- error: unknown attribute 'nonexhaustive'
31 | public enum MLKEM768: Sendable {}
32 |
/host/spi-builder-workspace/.build/checkouts/swift-crypto/Sources/Crypto/KEM/MLKEM.swift:201:2: error: unknown attribute 'nonexhaustive'
199 |
200 | /// The Module-Lattice key encapsulation mechanism (KEM).
201 | @nonexhaustive
| `- error: unknown attribute 'nonexhaustive'
202 | public enum MLKEM1024: Sendable {}
203 |
/host/spi-builder-workspace/.build/checkouts/swift-crypto/Sources/Crypto/KEM/XWing.swift:34:2: error: unknown attribute 'nonexhaustive'
32 | /// The X-Wing (ML-KEM768 with X25519) Key Encapsulation Mechanism, defined in
33 | /// https://datatracker.ietf.org/doc/html/draft-connolly-cfrg-xwing-kem-06
34 | @nonexhaustive
| `- error: unknown attribute 'nonexhaustive'
35 | public enum XWingMLKEM768X25519: Sendable {}
36 |
/host/spi-builder-workspace/.build/checkouts/swift-crypto/Sources/Crypto/Key Agreement/ECDH.swift:36:6: error: unknown attribute 'nonexhaustive'
34 | /// A mechanism used to create or verify a cryptographic signature using
35 | /// the NIST P-256 elliptic curve digital signature algorithm (ECDSA).
36 | @nonexhaustive
| `- error: unknown attribute 'nonexhaustive'
37 | public enum Signing: Sendable {
38 |
/host/spi-builder-workspace/.build/checkouts/swift-crypto/Sources/Crypto/Key Agreement/ECDH.swift:260:6: error: unknown attribute 'nonexhaustive'
258 | /// performing NIST P-256 elliptic curve Diffie Hellman (ECDH) key
259 | /// exchange.
260 | @nonexhaustive
| `- error: unknown attribute 'nonexhaustive'
261 | public enum KeyAgreement: Sendable {
262 |
/host/spi-builder-workspace/.build/checkouts/swift-crypto/Sources/Crypto/Key Agreement/ECDH.swift:483:6: error: unknown attribute 'nonexhaustive'
481 | /// A mechanism used to create or verify a cryptographic signature using
482 | /// the NIST P-384 elliptic curve digital signature algorithm (ECDSA).
483 | @nonexhaustive
| `- error: unknown attribute 'nonexhaustive'
484 | public enum Signing: Sendable {
485 |
/host/spi-builder-workspace/.build/checkouts/swift-crypto/Sources/Crypto/Key Agreement/ECDH.swift:707:6: error: unknown attribute 'nonexhaustive'
705 | /// performing NIST P-384 elliptic curve Diffie Hellman (ECDH) key
706 | /// exchange.
707 | @nonexhaustive
| `- error: unknown attribute 'nonexhaustive'
708 | public enum KeyAgreement: Sendable {
709 |
/host/spi-builder-workspace/.build/checkouts/swift-crypto/Sources/Crypto/Key Agreement/ECDH.swift:930:6: error: unknown attribute 'nonexhaustive'
928 | /// A mechanism used to create or verify a cryptographic signature using
929 | /// the NIST P-521 elliptic curve digital signature algorithm (ECDSA).
930 | @nonexhaustive
| `- error: unknown attribute 'nonexhaustive'
931 | public enum Signing: Sendable {
932 |
/host/spi-builder-workspace/.build/checkouts/swift-crypto/Sources/Crypto/Key Agreement/ECDH.swift:1154:6: error: unknown attribute 'nonexhaustive'
1152 | /// performing NIST P-521 elliptic curve Diffie Hellman (ECDH) key
1153 | /// exchange.
1154 | @nonexhaustive
| `- error: unknown attribute 'nonexhaustive'
1155 | public enum KeyAgreement: Sendable {
1156 |
[1516/1661] Compiling NIOCore DeadChannel.swift
/host/spi-builder-workspace/.build/checkouts/swift-crypto/Sources/Crypto/KEM/KEM-Errors.swift:27:6: error: unknown attribute 'nonexhaustive'
25 | extension KEM {
26 | /// Errors that CryptoKit throws when it encounters problems in key encapsulation mechanism (KEM) operations.
27 | @nonexhaustive
| `- error: unknown attribute 'nonexhaustive'
28 | public enum Errors: Error {
29 | /// The public key CryptoKit receives when it initializes a key encapsulation operation doesn't match the expected value.
/host/spi-builder-workspace/.build/checkouts/swift-crypto/Sources/Crypto/KEM/KEM.swift:28:2: error: unknown attribute 'nonexhaustive'
26 | ///
27 | /// Use a key encapsulation mechanism (KEM) to protect a symmetric cryptographic key that you share with another party.
28 | @nonexhaustive
| `- error: unknown attribute 'nonexhaustive'
29 | public enum KEM: Sendable {
30 | /// The result of a key encapsulation operation.
/host/spi-builder-workspace/.build/checkouts/swift-crypto/Sources/Crypto/KEM/MLKEM.swift:30:2: error: unknown attribute 'nonexhaustive'
28 |
29 | /// The Module-Lattice key encapsulation mechanism (KEM).
30 | @nonexhaustive
| `- error: unknown attribute 'nonexhaustive'
31 | public enum MLKEM768: Sendable {}
32 |
/host/spi-builder-workspace/.build/checkouts/swift-crypto/Sources/Crypto/KEM/MLKEM.swift:201:2: error: unknown attribute 'nonexhaustive'
199 |
200 | /// The Module-Lattice key encapsulation mechanism (KEM).
201 | @nonexhaustive
| `- error: unknown attribute 'nonexhaustive'
202 | public enum MLKEM1024: Sendable {}
203 |
/host/spi-builder-workspace/.build/checkouts/swift-crypto/Sources/Crypto/KEM/XWing.swift:34:2: error: unknown attribute 'nonexhaustive'
32 | /// The X-Wing (ML-KEM768 with X25519) Key Encapsulation Mechanism, defined in
33 | /// https://datatracker.ietf.org/doc/html/draft-connolly-cfrg-xwing-kem-06
34 | @nonexhaustive
| `- error: unknown attribute 'nonexhaustive'
35 | public enum XWingMLKEM768X25519: Sendable {}
36 |
/host/spi-builder-workspace/.build/checkouts/swift-crypto/Sources/Crypto/Key Agreement/ECDH.swift:36:6: error: unknown attribute 'nonexhaustive'
34 | /// A mechanism used to create or verify a cryptographic signature using
35 | /// the NIST P-256 elliptic curve digital signature algorithm (ECDSA).
36 | @nonexhaustive
| `- error: unknown attribute 'nonexhaustive'
37 | public enum Signing: Sendable {
38 |
/host/spi-builder-workspace/.build/checkouts/swift-crypto/Sources/Crypto/Key Agreement/ECDH.swift:260:6: error: unknown attribute 'nonexhaustive'
258 | /// performing NIST P-256 elliptic curve Diffie Hellman (ECDH) key
259 | /// exchange.
260 | @nonexhaustive
| `- error: unknown attribute 'nonexhaustive'
261 | public enum KeyAgreement: Sendable {
262 |
/host/spi-builder-workspace/.build/checkouts/swift-crypto/Sources/Crypto/Key Agreement/ECDH.swift:483:6: error: unknown attribute 'nonexhaustive'
481 | /// A mechanism used to create or verify a cryptographic signature using
482 | /// the NIST P-384 elliptic curve digital signature algorithm (ECDSA).
483 | @nonexhaustive
| `- error: unknown attribute 'nonexhaustive'
484 | public enum Signing: Sendable {
485 |
/host/spi-builder-workspace/.build/checkouts/swift-crypto/Sources/Crypto/Key Agreement/ECDH.swift:707:6: error: unknown attribute 'nonexhaustive'
705 | /// performing NIST P-384 elliptic curve Diffie Hellman (ECDH) key
706 | /// exchange.
707 | @nonexhaustive
| `- error: unknown attribute 'nonexhaustive'
708 | public enum KeyAgreement: Sendable {
709 |
/host/spi-builder-workspace/.build/checkouts/swift-crypto/Sources/Crypto/Key Agreement/ECDH.swift:930:6: error: unknown attribute 'nonexhaustive'
928 | /// A mechanism used to create or verify a cryptographic signature using
929 | /// the NIST P-521 elliptic curve digital signature algorithm (ECDSA).
930 | @nonexhaustive
| `- error: unknown attribute 'nonexhaustive'
931 | public enum Signing: Sendable {
932 |
/host/spi-builder-workspace/.build/checkouts/swift-crypto/Sources/Crypto/Key Agreement/ECDH.swift:1154:6: error: unknown attribute 'nonexhaustive'
1152 | /// performing NIST P-521 elliptic curve Diffie Hellman (ECDH) key
1153 | /// exchange.
1154 | @nonexhaustive
| `- error: unknown attribute 'nonexhaustive'
1155 | public enum KeyAgreement: Sendable {
1156 |
[1517/1661] Compiling NIOCore DispatchQueue+WithFuture.swift
/host/spi-builder-workspace/.build/checkouts/swift-crypto/Sources/Crypto/KEM/KEM-Errors.swift:27:6: error: unknown attribute 'nonexhaustive'
25 | extension KEM {
26 | /// Errors that CryptoKit throws when it encounters problems in key encapsulation mechanism (KEM) operations.
27 | @nonexhaustive
| `- error: unknown attribute 'nonexhaustive'
28 | public enum Errors: Error {
29 | /// The public key CryptoKit receives when it initializes a key encapsulation operation doesn't match the expected value.
/host/spi-builder-workspace/.build/checkouts/swift-crypto/Sources/Crypto/KEM/KEM.swift:28:2: error: unknown attribute 'nonexhaustive'
26 | ///
27 | /// Use a key encapsulation mechanism (KEM) to protect a symmetric cryptographic key that you share with another party.
28 | @nonexhaustive
| `- error: unknown attribute 'nonexhaustive'
29 | public enum KEM: Sendable {
30 | /// The result of a key encapsulation operation.
/host/spi-builder-workspace/.build/checkouts/swift-crypto/Sources/Crypto/KEM/MLKEM.swift:30:2: error: unknown attribute 'nonexhaustive'
28 |
29 | /// The Module-Lattice key encapsulation mechanism (KEM).
30 | @nonexhaustive
| `- error: unknown attribute 'nonexhaustive'
31 | public enum MLKEM768: Sendable {}
32 |
/host/spi-builder-workspace/.build/checkouts/swift-crypto/Sources/Crypto/KEM/MLKEM.swift:201:2: error: unknown attribute 'nonexhaustive'
199 |
200 | /// The Module-Lattice key encapsulation mechanism (KEM).
201 | @nonexhaustive
| `- error: unknown attribute 'nonexhaustive'
202 | public enum MLKEM1024: Sendable {}
203 |
/host/spi-builder-workspace/.build/checkouts/swift-crypto/Sources/Crypto/KEM/XWing.swift:34:2: error: unknown attribute 'nonexhaustive'
32 | /// The X-Wing (ML-KEM768 with X25519) Key Encapsulation Mechanism, defined in
33 | /// https://datatracker.ietf.org/doc/html/draft-connolly-cfrg-xwing-kem-06
34 | @nonexhaustive
| `- error: unknown attribute 'nonexhaustive'
35 | public enum XWingMLKEM768X25519: Sendable {}
36 |
/host/spi-builder-workspace/.build/checkouts/swift-crypto/Sources/Crypto/Key Agreement/ECDH.swift:36:6: error: unknown attribute 'nonexhaustive'
34 | /// A mechanism used to create or verify a cryptographic signature using
35 | /// the NIST P-256 elliptic curve digital signature algorithm (ECDSA).
36 | @nonexhaustive
| `- error: unknown attribute 'nonexhaustive'
37 | public enum Signing: Sendable {
38 |
/host/spi-builder-workspace/.build/checkouts/swift-crypto/Sources/Crypto/Key Agreement/ECDH.swift:260:6: error: unknown attribute 'nonexhaustive'
258 | /// performing NIST P-256 elliptic curve Diffie Hellman (ECDH) key
259 | /// exchange.
260 | @nonexhaustive
| `- error: unknown attribute 'nonexhaustive'
261 | public enum KeyAgreement: Sendable {
262 |
/host/spi-builder-workspace/.build/checkouts/swift-crypto/Sources/Crypto/Key Agreement/ECDH.swift:483:6: error: unknown attribute 'nonexhaustive'
481 | /// A mechanism used to create or verify a cryptographic signature using
482 | /// the NIST P-384 elliptic curve digital signature algorithm (ECDSA).
483 | @nonexhaustive
| `- error: unknown attribute 'nonexhaustive'
484 | public enum Signing: Sendable {
485 |
/host/spi-builder-workspace/.build/checkouts/swift-crypto/Sources/Crypto/Key Agreement/ECDH.swift:707:6: error: unknown attribute 'nonexhaustive'
705 | /// performing NIST P-384 elliptic curve Diffie Hellman (ECDH) key
706 | /// exchange.
707 | @nonexhaustive
| `- error: unknown attribute 'nonexhaustive'
708 | public enum KeyAgreement: Sendable {
709 |
/host/spi-builder-workspace/.build/checkouts/swift-crypto/Sources/Crypto/Key Agreement/ECDH.swift:930:6: error: unknown attribute 'nonexhaustive'
928 | /// A mechanism used to create or verify a cryptographic signature using
929 | /// the NIST P-521 elliptic curve digital signature algorithm (ECDSA).
930 | @nonexhaustive
| `- error: unknown attribute 'nonexhaustive'
931 | public enum Signing: Sendable {
932 |
/host/spi-builder-workspace/.build/checkouts/swift-crypto/Sources/Crypto/Key Agreement/ECDH.swift:1154:6: error: unknown attribute 'nonexhaustive'
1152 | /// performing NIST P-521 elliptic curve Diffie Hellman (ECDH) key
1153 | /// exchange.
1154 | @nonexhaustive
| `- error: unknown attribute 'nonexhaustive'
1155 | public enum KeyAgreement: Sendable {
1156 |
[1518/1661] Compiling NIOCore EventLoop+Deprecated.swift
/host/spi-builder-workspace/.build/checkouts/swift-crypto/Sources/Crypto/KEM/KEM-Errors.swift:27:6: error: unknown attribute 'nonexhaustive'
25 | extension KEM {
26 | /// Errors that CryptoKit throws when it encounters problems in key encapsulation mechanism (KEM) operations.
27 | @nonexhaustive
| `- error: unknown attribute 'nonexhaustive'
28 | public enum Errors: Error {
29 | /// The public key CryptoKit receives when it initializes a key encapsulation operation doesn't match the expected value.
/host/spi-builder-workspace/.build/checkouts/swift-crypto/Sources/Crypto/KEM/KEM.swift:28:2: error: unknown attribute 'nonexhaustive'
26 | ///
27 | /// Use a key encapsulation mechanism (KEM) to protect a symmetric cryptographic key that you share with another party.
28 | @nonexhaustive
| `- error: unknown attribute 'nonexhaustive'
29 | public enum KEM: Sendable {
30 | /// The result of a key encapsulation operation.
/host/spi-builder-workspace/.build/checkouts/swift-crypto/Sources/Crypto/KEM/MLKEM.swift:30:2: error: unknown attribute 'nonexhaustive'
28 |
29 | /// The Module-Lattice key encapsulation mechanism (KEM).
30 | @nonexhaustive
| `- error: unknown attribute 'nonexhaustive'
31 | public enum MLKEM768: Sendable {}
32 |
/host/spi-builder-workspace/.build/checkouts/swift-crypto/Sources/Crypto/KEM/MLKEM.swift:201:2: error: unknown attribute 'nonexhaustive'
199 |
200 | /// The Module-Lattice key encapsulation mechanism (KEM).
201 | @nonexhaustive
| `- error: unknown attribute 'nonexhaustive'
202 | public enum MLKEM1024: Sendable {}
203 |
/host/spi-builder-workspace/.build/checkouts/swift-crypto/Sources/Crypto/KEM/XWing.swift:34:2: error: unknown attribute 'nonexhaustive'
32 | /// The X-Wing (ML-KEM768 with X25519) Key Encapsulation Mechanism, defined in
33 | /// https://datatracker.ietf.org/doc/html/draft-connolly-cfrg-xwing-kem-06
34 | @nonexhaustive
| `- error: unknown attribute 'nonexhaustive'
35 | public enum XWingMLKEM768X25519: Sendable {}
36 |
/host/spi-builder-workspace/.build/checkouts/swift-crypto/Sources/Crypto/Key Agreement/ECDH.swift:36:6: error: unknown attribute 'nonexhaustive'
34 | /// A mechanism used to create or verify a cryptographic signature using
35 | /// the NIST P-256 elliptic curve digital signature algorithm (ECDSA).
36 | @nonexhaustive
| `- error: unknown attribute 'nonexhaustive'
37 | public enum Signing: Sendable {
38 |
/host/spi-builder-workspace/.build/checkouts/swift-crypto/Sources/Crypto/Key Agreement/ECDH.swift:260:6: error: unknown attribute 'nonexhaustive'
258 | /// performing NIST P-256 elliptic curve Diffie Hellman (ECDH) key
259 | /// exchange.
260 | @nonexhaustive
| `- error: unknown attribute 'nonexhaustive'
261 | public enum KeyAgreement: Sendable {
262 |
/host/spi-builder-workspace/.build/checkouts/swift-crypto/Sources/Crypto/Key Agreement/ECDH.swift:483:6: error: unknown attribute 'nonexhaustive'
481 | /// A mechanism used to create or verify a cryptographic signature using
482 | /// the NIST P-384 elliptic curve digital signature algorithm (ECDSA).
483 | @nonexhaustive
| `- error: unknown attribute 'nonexhaustive'
484 | public enum Signing: Sendable {
485 |
/host/spi-builder-workspace/.build/checkouts/swift-crypto/Sources/Crypto/Key Agreement/ECDH.swift:707:6: error: unknown attribute 'nonexhaustive'
705 | /// performing NIST P-384 elliptic curve Diffie Hellman (ECDH) key
706 | /// exchange.
707 | @nonexhaustive
| `- error: unknown attribute 'nonexhaustive'
708 | public enum KeyAgreement: Sendable {
709 |
/host/spi-builder-workspace/.build/checkouts/swift-crypto/Sources/Crypto/Key Agreement/ECDH.swift:930:6: error: unknown attribute 'nonexhaustive'
928 | /// A mechanism used to create or verify a cryptographic signature using
929 | /// the NIST P-521 elliptic curve digital signature algorithm (ECDSA).
930 | @nonexhaustive
| `- error: unknown attribute 'nonexhaustive'
931 | public enum Signing: Sendable {
932 |
/host/spi-builder-workspace/.build/checkouts/swift-crypto/Sources/Crypto/Key Agreement/ECDH.swift:1154:6: error: unknown attribute 'nonexhaustive'
1152 | /// performing NIST P-521 elliptic curve Diffie Hellman (ECDH) key
1153 | /// exchange.
1154 | @nonexhaustive
| `- error: unknown attribute 'nonexhaustive'
1155 | public enum KeyAgreement: Sendable {
1156 |
[1519/1661] Compiling NIOCore EventLoop+SerialExecutor.swift
/host/spi-builder-workspace/.build/checkouts/swift-crypto/Sources/Crypto/KEM/KEM-Errors.swift:27:6: error: unknown attribute 'nonexhaustive'
25 | extension KEM {
26 | /// Errors that CryptoKit throws when it encounters problems in key encapsulation mechanism (KEM) operations.
27 | @nonexhaustive
| `- error: unknown attribute 'nonexhaustive'
28 | public enum Errors: Error {
29 | /// The public key CryptoKit receives when it initializes a key encapsulation operation doesn't match the expected value.
/host/spi-builder-workspace/.build/checkouts/swift-crypto/Sources/Crypto/KEM/KEM.swift:28:2: error: unknown attribute 'nonexhaustive'
26 | ///
27 | /// Use a key encapsulation mechanism (KEM) to protect a symmetric cryptographic key that you share with another party.
28 | @nonexhaustive
| `- error: unknown attribute 'nonexhaustive'
29 | public enum KEM: Sendable {
30 | /// The result of a key encapsulation operation.
/host/spi-builder-workspace/.build/checkouts/swift-crypto/Sources/Crypto/KEM/MLKEM.swift:30:2: error: unknown attribute 'nonexhaustive'
28 |
29 | /// The Module-Lattice key encapsulation mechanism (KEM).
30 | @nonexhaustive
| `- error: unknown attribute 'nonexhaustive'
31 | public enum MLKEM768: Sendable {}
32 |
/host/spi-builder-workspace/.build/checkouts/swift-crypto/Sources/Crypto/KEM/MLKEM.swift:201:2: error: unknown attribute 'nonexhaustive'
199 |
200 | /// The Module-Lattice key encapsulation mechanism (KEM).
201 | @nonexhaustive
| `- error: unknown attribute 'nonexhaustive'
202 | public enum MLKEM1024: Sendable {}
203 |
/host/spi-builder-workspace/.build/checkouts/swift-crypto/Sources/Crypto/KEM/XWing.swift:34:2: error: unknown attribute 'nonexhaustive'
32 | /// The X-Wing (ML-KEM768 with X25519) Key Encapsulation Mechanism, defined in
33 | /// https://datatracker.ietf.org/doc/html/draft-connolly-cfrg-xwing-kem-06
34 | @nonexhaustive
| `- error: unknown attribute 'nonexhaustive'
35 | public enum XWingMLKEM768X25519: Sendable {}
36 |
/host/spi-builder-workspace/.build/checkouts/swift-crypto/Sources/Crypto/Key Agreement/ECDH.swift:36:6: error: unknown attribute 'nonexhaustive'
34 | /// A mechanism used to create or verify a cryptographic signature using
35 | /// the NIST P-256 elliptic curve digital signature algorithm (ECDSA).
36 | @nonexhaustive
| `- error: unknown attribute 'nonexhaustive'
37 | public enum Signing: Sendable {
38 |
/host/spi-builder-workspace/.build/checkouts/swift-crypto/Sources/Crypto/Key Agreement/ECDH.swift:260:6: error: unknown attribute 'nonexhaustive'
258 | /// performing NIST P-256 elliptic curve Diffie Hellman (ECDH) key
259 | /// exchange.
260 | @nonexhaustive
| `- error: unknown attribute 'nonexhaustive'
261 | public enum KeyAgreement: Sendable {
262 |
/host/spi-builder-workspace/.build/checkouts/swift-crypto/Sources/Crypto/Key Agreement/ECDH.swift:483:6: error: unknown attribute 'nonexhaustive'
481 | /// A mechanism used to create or verify a cryptographic signature using
482 | /// the NIST P-384 elliptic curve digital signature algorithm (ECDSA).
483 | @nonexhaustive
| `- error: unknown attribute 'nonexhaustive'
484 | public enum Signing: Sendable {
485 |
/host/spi-builder-workspace/.build/checkouts/swift-crypto/Sources/Crypto/Key Agreement/ECDH.swift:707:6: error: unknown attribute 'nonexhaustive'
705 | /// performing NIST P-384 elliptic curve Diffie Hellman (ECDH) key
706 | /// exchange.
707 | @nonexhaustive
| `- error: unknown attribute 'nonexhaustive'
708 | public enum KeyAgreement: Sendable {
709 |
/host/spi-builder-workspace/.build/checkouts/swift-crypto/Sources/Crypto/Key Agreement/ECDH.swift:930:6: error: unknown attribute 'nonexhaustive'
928 | /// A mechanism used to create or verify a cryptographic signature using
929 | /// the NIST P-521 elliptic curve digital signature algorithm (ECDSA).
930 | @nonexhaustive
| `- error: unknown attribute 'nonexhaustive'
931 | public enum Signing: Sendable {
932 |
/host/spi-builder-workspace/.build/checkouts/swift-crypto/Sources/Crypto/Key Agreement/ECDH.swift:1154:6: error: unknown attribute 'nonexhaustive'
1152 | /// performing NIST P-521 elliptic curve Diffie Hellman (ECDH) key
1153 | /// exchange.
1154 | @nonexhaustive
| `- error: unknown attribute 'nonexhaustive'
1155 | public enum KeyAgreement: Sendable {
1156 |
[1520/1661] Compiling NIOCore EventLoop.swift
/host/spi-builder-workspace/.build/checkouts/swift-crypto/Sources/Crypto/KEM/KEM-Errors.swift:27:6: error: unknown attribute 'nonexhaustive'
25 | extension KEM {
26 | /// Errors that CryptoKit throws when it encounters problems in key encapsulation mechanism (KEM) operations.
27 | @nonexhaustive
| `- error: unknown attribute 'nonexhaustive'
28 | public enum Errors: Error {
29 | /// The public key CryptoKit receives when it initializes a key encapsulation operation doesn't match the expected value.
/host/spi-builder-workspace/.build/checkouts/swift-crypto/Sources/Crypto/KEM/KEM.swift:28:2: error: unknown attribute 'nonexhaustive'
26 | ///
27 | /// Use a key encapsulation mechanism (KEM) to protect a symmetric cryptographic key that you share with another party.
28 | @nonexhaustive
| `- error: unknown attribute 'nonexhaustive'
29 | public enum KEM: Sendable {
30 | /// The result of a key encapsulation operation.
/host/spi-builder-workspace/.build/checkouts/swift-crypto/Sources/Crypto/KEM/MLKEM.swift:30:2: error: unknown attribute 'nonexhaustive'
28 |
29 | /// The Module-Lattice key encapsulation mechanism (KEM).
30 | @nonexhaustive
| `- error: unknown attribute 'nonexhaustive'
31 | public enum MLKEM768: Sendable {}
32 |
/host/spi-builder-workspace/.build/checkouts/swift-crypto/Sources/Crypto/KEM/MLKEM.swift:201:2: error: unknown attribute 'nonexhaustive'
199 |
200 | /// The Module-Lattice key encapsulation mechanism (KEM).
201 | @nonexhaustive
| `- error: unknown attribute 'nonexhaustive'
202 | public enum MLKEM1024: Sendable {}
203 |
/host/spi-builder-workspace/.build/checkouts/swift-crypto/Sources/Crypto/KEM/XWing.swift:34:2: error: unknown attribute 'nonexhaustive'
32 | /// The X-Wing (ML-KEM768 with X25519) Key Encapsulation Mechanism, defined in
33 | /// https://datatracker.ietf.org/doc/html/draft-connolly-cfrg-xwing-kem-06
34 | @nonexhaustive
| `- error: unknown attribute 'nonexhaustive'
35 | public enum XWingMLKEM768X25519: Sendable {}
36 |
/host/spi-builder-workspace/.build/checkouts/swift-crypto/Sources/Crypto/Key Agreement/ECDH.swift:36:6: error: unknown attribute 'nonexhaustive'
34 | /// A mechanism used to create or verify a cryptographic signature using
35 | /// the NIST P-256 elliptic curve digital signature algorithm (ECDSA).
36 | @nonexhaustive
| `- error: unknown attribute 'nonexhaustive'
37 | public enum Signing: Sendable {
38 |
/host/spi-builder-workspace/.build/checkouts/swift-crypto/Sources/Crypto/Key Agreement/ECDH.swift:260:6: error: unknown attribute 'nonexhaustive'
258 | /// performing NIST P-256 elliptic curve Diffie Hellman (ECDH) key
259 | /// exchange.
260 | @nonexhaustive
| `- error: unknown attribute 'nonexhaustive'
261 | public enum KeyAgreement: Sendable {
262 |
/host/spi-builder-workspace/.build/checkouts/swift-crypto/Sources/Crypto/Key Agreement/ECDH.swift:483:6: error: unknown attribute 'nonexhaustive'
481 | /// A mechanism used to create or verify a cryptographic signature using
482 | /// the NIST P-384 elliptic curve digital signature algorithm (ECDSA).
483 | @nonexhaustive
| `- error: unknown attribute 'nonexhaustive'
484 | public enum Signing: Sendable {
485 |
/host/spi-builder-workspace/.build/checkouts/swift-crypto/Sources/Crypto/Key Agreement/ECDH.swift:707:6: error: unknown attribute 'nonexhaustive'
705 | /// performing NIST P-384 elliptic curve Diffie Hellman (ECDH) key
706 | /// exchange.
707 | @nonexhaustive
| `- error: unknown attribute 'nonexhaustive'
708 | public enum KeyAgreement: Sendable {
709 |
/host/spi-builder-workspace/.build/checkouts/swift-crypto/Sources/Crypto/Key Agreement/ECDH.swift:930:6: error: unknown attribute 'nonexhaustive'
928 | /// A mechanism used to create or verify a cryptographic signature using
929 | /// the NIST P-521 elliptic curve digital signature algorithm (ECDSA).
930 | @nonexhaustive
| `- error: unknown attribute 'nonexhaustive'
931 | public enum Signing: Sendable {
932 |
/host/spi-builder-workspace/.build/checkouts/swift-crypto/Sources/Crypto/Key Agreement/ECDH.swift:1154:6: error: unknown attribute 'nonexhaustive'
1152 | /// performing NIST P-521 elliptic curve Diffie Hellman (ECDH) key
1153 | /// exchange.
1154 | @nonexhaustive
| `- error: unknown attribute 'nonexhaustive'
1155 | public enum KeyAgreement: Sendable {
1156 |
[1521/1661] Compiling NIOCore EventLoopFuture+AssumeIsolated.swift
/host/spi-builder-workspace/.build/checkouts/swift-crypto/Sources/Crypto/KEM/KEM-Errors.swift:27:6: error: unknown attribute 'nonexhaustive'
25 | extension KEM {
26 | /// Errors that CryptoKit throws when it encounters problems in key encapsulation mechanism (KEM) operations.
27 | @nonexhaustive
| `- error: unknown attribute 'nonexhaustive'
28 | public enum Errors: Error {
29 | /// The public key CryptoKit receives when it initializes a key encapsulation operation doesn't match the expected value.
/host/spi-builder-workspace/.build/checkouts/swift-crypto/Sources/Crypto/KEM/KEM.swift:28:2: error: unknown attribute 'nonexhaustive'
26 | ///
27 | /// Use a key encapsulation mechanism (KEM) to protect a symmetric cryptographic key that you share with another party.
28 | @nonexhaustive
| `- error: unknown attribute 'nonexhaustive'
29 | public enum KEM: Sendable {
30 | /// The result of a key encapsulation operation.
/host/spi-builder-workspace/.build/checkouts/swift-crypto/Sources/Crypto/KEM/MLKEM.swift:30:2: error: unknown attribute 'nonexhaustive'
28 |
29 | /// The Module-Lattice key encapsulation mechanism (KEM).
30 | @nonexhaustive
| `- error: unknown attribute 'nonexhaustive'
31 | public enum MLKEM768: Sendable {}
32 |
/host/spi-builder-workspace/.build/checkouts/swift-crypto/Sources/Crypto/KEM/MLKEM.swift:201:2: error: unknown attribute 'nonexhaustive'
199 |
200 | /// The Module-Lattice key encapsulation mechanism (KEM).
201 | @nonexhaustive
| `- error: unknown attribute 'nonexhaustive'
202 | public enum MLKEM1024: Sendable {}
203 |
/host/spi-builder-workspace/.build/checkouts/swift-crypto/Sources/Crypto/KEM/XWing.swift:34:2: error: unknown attribute 'nonexhaustive'
32 | /// The X-Wing (ML-KEM768 with X25519) Key Encapsulation Mechanism, defined in
33 | /// https://datatracker.ietf.org/doc/html/draft-connolly-cfrg-xwing-kem-06
34 | @nonexhaustive
| `- error: unknown attribute 'nonexhaustive'
35 | public enum XWingMLKEM768X25519: Sendable {}
36 |
/host/spi-builder-workspace/.build/checkouts/swift-crypto/Sources/Crypto/Key Agreement/ECDH.swift:36:6: error: unknown attribute 'nonexhaustive'
34 | /// A mechanism used to create or verify a cryptographic signature using
35 | /// the NIST P-256 elliptic curve digital signature algorithm (ECDSA).
36 | @nonexhaustive
| `- error: unknown attribute 'nonexhaustive'
37 | public enum Signing: Sendable {
38 |
/host/spi-builder-workspace/.build/checkouts/swift-crypto/Sources/Crypto/Key Agreement/ECDH.swift:260:6: error: unknown attribute 'nonexhaustive'
258 | /// performing NIST P-256 elliptic curve Diffie Hellman (ECDH) key
259 | /// exchange.
260 | @nonexhaustive
| `- error: unknown attribute 'nonexhaustive'
261 | public enum KeyAgreement: Sendable {
262 |
/host/spi-builder-workspace/.build/checkouts/swift-crypto/Sources/Crypto/Key Agreement/ECDH.swift:483:6: error: unknown attribute 'nonexhaustive'
481 | /// A mechanism used to create or verify a cryptographic signature using
482 | /// the NIST P-384 elliptic curve digital signature algorithm (ECDSA).
483 | @nonexhaustive
| `- error: unknown attribute 'nonexhaustive'
484 | public enum Signing: Sendable {
485 |
/host/spi-builder-workspace/.build/checkouts/swift-crypto/Sources/Crypto/Key Agreement/ECDH.swift:707:6: error: unknown attribute 'nonexhaustive'
705 | /// performing NIST P-384 elliptic curve Diffie Hellman (ECDH) key
706 | /// exchange.
707 | @nonexhaustive
| `- error: unknown attribute 'nonexhaustive'
708 | public enum KeyAgreement: Sendable {
709 |
/host/spi-builder-workspace/.build/checkouts/swift-crypto/Sources/Crypto/Key Agreement/ECDH.swift:930:6: error: unknown attribute 'nonexhaustive'
928 | /// A mechanism used to create or verify a cryptographic signature using
929 | /// the NIST P-521 elliptic curve digital signature algorithm (ECDSA).
930 | @nonexhaustive
| `- error: unknown attribute 'nonexhaustive'
931 | public enum Signing: Sendable {
932 |
/host/spi-builder-workspace/.build/checkouts/swift-crypto/Sources/Crypto/Key Agreement/ECDH.swift:1154:6: error: unknown attribute 'nonexhaustive'
1152 | /// performing NIST P-521 elliptic curve Diffie Hellman (ECDH) key
1153 | /// exchange.
1154 | @nonexhaustive
| `- error: unknown attribute 'nonexhaustive'
1155 | public enum KeyAgreement: Sendable {
1156 |
[1522/1661] Compiling NIOCore IPProtocol.swift
/host/spi-builder-workspace/.build/checkouts/swift-crypto/Sources/Crypto/KEM/KEM-Errors.swift:27:6: error: unknown attribute 'nonexhaustive'
25 | extension KEM {
26 | /// Errors that CryptoKit throws when it encounters problems in key encapsulation mechanism (KEM) operations.
27 | @nonexhaustive
| `- error: unknown attribute 'nonexhaustive'
28 | public enum Errors: Error {
29 | /// The public key CryptoKit receives when it initializes a key encapsulation operation doesn't match the expected value.
/host/spi-builder-workspace/.build/checkouts/swift-crypto/Sources/Crypto/KEM/KEM.swift:28:2: error: unknown attribute 'nonexhaustive'
26 | ///
27 | /// Use a key encapsulation mechanism (KEM) to protect a symmetric cryptographic key that you share with another party.
28 | @nonexhaustive
| `- error: unknown attribute 'nonexhaustive'
29 | public enum KEM: Sendable {
30 | /// The result of a key encapsulation operation.
/host/spi-builder-workspace/.build/checkouts/swift-crypto/Sources/Crypto/KEM/MLKEM.swift:30:2: error: unknown attribute 'nonexhaustive'
28 |
29 | /// The Module-Lattice key encapsulation mechanism (KEM).
30 | @nonexhaustive
| `- error: unknown attribute 'nonexhaustive'
31 | public enum MLKEM768: Sendable {}
32 |
/host/spi-builder-workspace/.build/checkouts/swift-crypto/Sources/Crypto/KEM/MLKEM.swift:201:2: error: unknown attribute 'nonexhaustive'
199 |
200 | /// The Module-Lattice key encapsulation mechanism (KEM).
201 | @nonexhaustive
| `- error: unknown attribute 'nonexhaustive'
202 | public enum MLKEM1024: Sendable {}
203 |
/host/spi-builder-workspace/.build/checkouts/swift-crypto/Sources/Crypto/KEM/XWing.swift:34:2: error: unknown attribute 'nonexhaustive'
32 | /// The X-Wing (ML-KEM768 with X25519) Key Encapsulation Mechanism, defined in
33 | /// https://datatracker.ietf.org/doc/html/draft-connolly-cfrg-xwing-kem-06
34 | @nonexhaustive
| `- error: unknown attribute 'nonexhaustive'
35 | public enum XWingMLKEM768X25519: Sendable {}
36 |
/host/spi-builder-workspace/.build/checkouts/swift-crypto/Sources/Crypto/Key Agreement/ECDH.swift:36:6: error: unknown attribute 'nonexhaustive'
34 | /// A mechanism used to create or verify a cryptographic signature using
35 | /// the NIST P-256 elliptic curve digital signature algorithm (ECDSA).
36 | @nonexhaustive
| `- error: unknown attribute 'nonexhaustive'
37 | public enum Signing: Sendable {
38 |
/host/spi-builder-workspace/.build/checkouts/swift-crypto/Sources/Crypto/Key Agreement/ECDH.swift:260:6: error: unknown attribute 'nonexhaustive'
258 | /// performing NIST P-256 elliptic curve Diffie Hellman (ECDH) key
259 | /// exchange.
260 | @nonexhaustive
| `- error: unknown attribute 'nonexhaustive'
261 | public enum KeyAgreement: Sendable {
262 |
/host/spi-builder-workspace/.build/checkouts/swift-crypto/Sources/Crypto/Key Agreement/ECDH.swift:483:6: error: unknown attribute 'nonexhaustive'
481 | /// A mechanism used to create or verify a cryptographic signature using
482 | /// the NIST P-384 elliptic curve digital signature algorithm (ECDSA).
483 | @nonexhaustive
| `- error: unknown attribute 'nonexhaustive'
484 | public enum Signing: Sendable {
485 |
/host/spi-builder-workspace/.build/checkouts/swift-crypto/Sources/Crypto/Key Agreement/ECDH.swift:707:6: error: unknown attribute 'nonexhaustive'
705 | /// performing NIST P-384 elliptic curve Diffie Hellman (ECDH) key
706 | /// exchange.
707 | @nonexhaustive
| `- error: unknown attribute 'nonexhaustive'
708 | public enum KeyAgreement: Sendable {
709 |
/host/spi-builder-workspace/.build/checkouts/swift-crypto/Sources/Crypto/Key Agreement/ECDH.swift:930:6: error: unknown attribute 'nonexhaustive'
928 | /// A mechanism used to create or verify a cryptographic signature using
929 | /// the NIST P-521 elliptic curve digital signature algorithm (ECDSA).
930 | @nonexhaustive
| `- error: unknown attribute 'nonexhaustive'
931 | public enum Signing: Sendable {
932 |
/host/spi-builder-workspace/.build/checkouts/swift-crypto/Sources/Crypto/Key Agreement/ECDH.swift:1154:6: error: unknown attribute 'nonexhaustive'
1152 | /// performing NIST P-521 elliptic curve Diffie Hellman (ECDH) key
1153 | /// exchange.
1154 | @nonexhaustive
| `- error: unknown attribute 'nonexhaustive'
1155 | public enum KeyAgreement: Sendable {
1156 |
/host/spi-builder-workspace/.build/checkouts/swift-crypto/Sources/Crypto/HPKE/Ciphersuite/KEM/Conformances/DHKEM.swift:81:6: error: unknown attribute 'nonexhaustive'
79 | extension HPKE {
80 | /// A container for Diffie-Hellman key encapsulation mechanisms (KEMs).
81 | @nonexhaustive
| `- error: unknown attribute 'nonexhaustive'
82 | public enum DHKEM: Sendable {
83 | struct PublicKey<DHPK: HPKEDiffieHellmanPublicKey>: KEMPublicKey where DHPK == DHPK.EphemeralPrivateKey.PublicKey {
/host/spi-builder-workspace/.build/checkouts/swift-crypto/Sources/Crypto/HPKE/Ciphersuite/KEM/HPKE-KEM.swift:29:6: error: unknown attribute 'nonexhaustive'
27 | /// The module-lattice key encapsulation mechanism (ML-KEM) is designed to offer increased security in situations
28 | /// where an adversary uses a quantum computer.
29 | @nonexhaustive
| `- error: unknown attribute 'nonexhaustive'
30 | public enum KEM: CaseIterable, Hashable, Sendable {
31 | public static var allCases: [HPKE.KEM] {
/host/spi-builder-workspace/.build/checkouts/swift-crypto/Sources/Crypto/HPKE/HPKE-Errors.swift:27:6: error: unknown attribute 'nonexhaustive'
25 | extension HPKE {
26 | /// Hybrid public key encryption (HPKE) errors that CryptoKit uses.
27 | @nonexhaustive
| `- error: unknown attribute 'nonexhaustive'
28 | public enum Errors: Error {
29 | /// The parameters for initializing an HPKE sender or receiver are inconsistent.
/host/spi-builder-workspace/.build/checkouts/swift-crypto/Sources/Crypto/HPKE/HPKE.swift:53:2: error: unknown attribute 'nonexhaustive'
51 | /// ### Handling errors
52 | /// - ``Errors``
53 | @nonexhaustive
| `- error: unknown attribute 'nonexhaustive'
54 | public enum HPKE: Sendable {}
55 |
/host/spi-builder-workspace/.build/checkouts/swift-crypto/Sources/Crypto/Insecure/Insecure.swift:23:2: error: unknown attribute 'nonexhaustive'
21 | /// but the framework provides them for backward compatibility with older
22 | /// services that require them. For new services, avoid these algorithms.
23 | @nonexhaustive
| `- error: unknown attribute 'nonexhaustive'
24 | public enum Insecure: Sendable {}
25 | #endif // canImport(CryptoKit)
/host/spi-builder-workspace/.build/checkouts/swift-crypto/Sources/Crypto/HPKE/Ciphersuite/KEM/Conformances/DHKEM.swift:81:6: error: unknown attribute 'nonexhaustive'
79 | extension HPKE {
80 | /// A container for Diffie-Hellman key encapsulation mechanisms (KEMs).
81 | @nonexhaustive
| `- error: unknown attribute 'nonexhaustive'
82 | public enum DHKEM: Sendable {
83 | struct PublicKey<DHPK: HPKEDiffieHellmanPublicKey>: KEMPublicKey where DHPK == DHPK.EphemeralPrivateKey.PublicKey {
/host/spi-builder-workspace/.build/checkouts/swift-crypto/Sources/Crypto/HPKE/Ciphersuite/KEM/HPKE-KEM.swift:29:6: error: unknown attribute 'nonexhaustive'
27 | /// The module-lattice key encapsulation mechanism (ML-KEM) is designed to offer increased security in situations
28 | /// where an adversary uses a quantum computer.
29 | @nonexhaustive
| `- error: unknown attribute 'nonexhaustive'
30 | public enum KEM: CaseIterable, Hashable, Sendable {
31 | public static var allCases: [HPKE.KEM] {
/host/spi-builder-workspace/.build/checkouts/swift-crypto/Sources/Crypto/HPKE/HPKE-Errors.swift:27:6: error: unknown attribute 'nonexhaustive'
25 | extension HPKE {
26 | /// Hybrid public key encryption (HPKE) errors that CryptoKit uses.
27 | @nonexhaustive
| `- error: unknown attribute 'nonexhaustive'
28 | public enum Errors: Error {
29 | /// The parameters for initializing an HPKE sender or receiver are inconsistent.
/host/spi-builder-workspace/.build/checkouts/swift-crypto/Sources/Crypto/HPKE/HPKE.swift:53:2: error: unknown attribute 'nonexhaustive'
51 | /// ### Handling errors
52 | /// - ``Errors``
53 | @nonexhaustive
| `- error: unknown attribute 'nonexhaustive'
54 | public enum HPKE: Sendable {}
55 |
/host/spi-builder-workspace/.build/checkouts/swift-crypto/Sources/Crypto/Insecure/Insecure.swift:23:2: error: unknown attribute 'nonexhaustive'
21 | /// but the framework provides them for backward compatibility with older
22 | /// services that require them. For new services, avoid these algorithms.
23 | @nonexhaustive
| `- error: unknown attribute 'nonexhaustive'
24 | public enum Insecure: Sendable {}
25 | #endif // canImport(CryptoKit)
/host/spi-builder-workspace/.build/checkouts/swift-crypto/Sources/Crypto/HPKE/Ciphersuite/KEM/Conformances/DHKEM.swift:81:6: error: unknown attribute 'nonexhaustive'
79 | extension HPKE {
80 | /// A container for Diffie-Hellman key encapsulation mechanisms (KEMs).
81 | @nonexhaustive
| `- error: unknown attribute 'nonexhaustive'
82 | public enum DHKEM: Sendable {
83 | struct PublicKey<DHPK: HPKEDiffieHellmanPublicKey>: KEMPublicKey where DHPK == DHPK.EphemeralPrivateKey.PublicKey {
/host/spi-builder-workspace/.build/checkouts/swift-crypto/Sources/Crypto/HPKE/Ciphersuite/KEM/HPKE-KEM.swift:29:6: error: unknown attribute 'nonexhaustive'
27 | /// The module-lattice key encapsulation mechanism (ML-KEM) is designed to offer increased security in situations
28 | /// where an adversary uses a quantum computer.
29 | @nonexhaustive
| `- error: unknown attribute 'nonexhaustive'
30 | public enum KEM: CaseIterable, Hashable, Sendable {
31 | public static var allCases: [HPKE.KEM] {
/host/spi-builder-workspace/.build/checkouts/swift-crypto/Sources/Crypto/HPKE/HPKE-Errors.swift:27:6: error: unknown attribute 'nonexhaustive'
25 | extension HPKE {
26 | /// Hybrid public key encryption (HPKE) errors that CryptoKit uses.
27 | @nonexhaustive
| `- error: unknown attribute 'nonexhaustive'
28 | public enum Errors: Error {
29 | /// The parameters for initializing an HPKE sender or receiver are inconsistent.
/host/spi-builder-workspace/.build/checkouts/swift-crypto/Sources/Crypto/HPKE/HPKE.swift:53:2: error: unknown attribute 'nonexhaustive'
51 | /// ### Handling errors
52 | /// - ``Errors``
53 | @nonexhaustive
| `- error: unknown attribute 'nonexhaustive'
54 | public enum HPKE: Sendable {}
55 |
/host/spi-builder-workspace/.build/checkouts/swift-crypto/Sources/Crypto/Insecure/Insecure.swift:23:2: error: unknown attribute 'nonexhaustive'
21 | /// but the framework provides them for backward compatibility with older
22 | /// services that require them. For new services, avoid these algorithms.
23 | @nonexhaustive
| `- error: unknown attribute 'nonexhaustive'
24 | public enum Insecure: Sendable {}
25 | #endif // canImport(CryptoKit)
/host/spi-builder-workspace/.build/checkouts/swift-crypto/Sources/Crypto/HPKE/Ciphersuite/KEM/Conformances/DHKEM.swift:81:6: error: unknown attribute 'nonexhaustive'
79 | extension HPKE {
80 | /// A container for Diffie-Hellman key encapsulation mechanisms (KEMs).
81 | @nonexhaustive
| `- error: unknown attribute 'nonexhaustive'
82 | public enum DHKEM: Sendable {
83 | struct PublicKey<DHPK: HPKEDiffieHellmanPublicKey>: KEMPublicKey where DHPK == DHPK.EphemeralPrivateKey.PublicKey {
/host/spi-builder-workspace/.build/checkouts/swift-crypto/Sources/Crypto/HPKE/Ciphersuite/KEM/HPKE-KEM.swift:29:6: error: unknown attribute 'nonexhaustive'
27 | /// The module-lattice key encapsulation mechanism (ML-KEM) is designed to offer increased security in situations
28 | /// where an adversary uses a quantum computer.
29 | @nonexhaustive
| `- error: unknown attribute 'nonexhaustive'
30 | public enum KEM: CaseIterable, Hashable, Sendable {
31 | public static var allCases: [HPKE.KEM] {
/host/spi-builder-workspace/.build/checkouts/swift-crypto/Sources/Crypto/HPKE/HPKE-Errors.swift:27:6: error: unknown attribute 'nonexhaustive'
25 | extension HPKE {
26 | /// Hybrid public key encryption (HPKE) errors that CryptoKit uses.
27 | @nonexhaustive
| `- error: unknown attribute 'nonexhaustive'
28 | public enum Errors: Error {
29 | /// The parameters for initializing an HPKE sender or receiver are inconsistent.
/host/spi-builder-workspace/.build/checkouts/swift-crypto/Sources/Crypto/HPKE/HPKE.swift:53:2: error: unknown attribute 'nonexhaustive'
51 | /// ### Handling errors
52 | /// - ``Errors``
53 | @nonexhaustive
| `- error: unknown attribute 'nonexhaustive'
54 | public enum HPKE: Sendable {}
55 |
/host/spi-builder-workspace/.build/checkouts/swift-crypto/Sources/Crypto/Insecure/Insecure.swift:23:2: error: unknown attribute 'nonexhaustive'
21 | /// but the framework provides them for backward compatibility with older
22 | /// services that require them. For new services, avoid these algorithms.
23 | @nonexhaustive
| `- error: unknown attribute 'nonexhaustive'
24 | public enum Insecure: Sendable {}
25 | #endif // canImport(CryptoKit)
[1527/1673] Compiling NIOCore AsyncChannelInboundStream.swift
/host/spi-builder-workspace/.build/checkouts/swift-crypto/Sources/Crypto/HPKE/Ciphersuite/KEM/Conformances/DHKEM.swift:81:6: error: unknown attribute 'nonexhaustive'
79 | extension HPKE {
80 | /// A container for Diffie-Hellman key encapsulation mechanisms (KEMs).
81 | @nonexhaustive
| `- error: unknown attribute 'nonexhaustive'
82 | public enum DHKEM: Sendable {
83 | struct PublicKey<DHPK: HPKEDiffieHellmanPublicKey>: KEMPublicKey where DHPK == DHPK.EphemeralPrivateKey.PublicKey {
/host/spi-builder-workspace/.build/checkouts/swift-crypto/Sources/Crypto/HPKE/Ciphersuite/KEM/HPKE-KEM.swift:29:6: error: unknown attribute 'nonexhaustive'
27 | /// The module-lattice key encapsulation mechanism (ML-KEM) is designed to offer increased security in situations
28 | /// where an adversary uses a quantum computer.
29 | @nonexhaustive
| `- error: unknown attribute 'nonexhaustive'
30 | public enum KEM: CaseIterable, Hashable, Sendable {
31 | public static var allCases: [HPKE.KEM] {
/host/spi-builder-workspace/.build/checkouts/swift-crypto/Sources/Crypto/HPKE/HPKE-Errors.swift:27:6: error: unknown attribute 'nonexhaustive'
25 | extension HPKE {
26 | /// Hybrid public key encryption (HPKE) errors that CryptoKit uses.
27 | @nonexhaustive
| `- error: unknown attribute 'nonexhaustive'
28 | public enum Errors: Error {
29 | /// The parameters for initializing an HPKE sender or receiver are inconsistent.
/host/spi-builder-workspace/.build/checkouts/swift-crypto/Sources/Crypto/HPKE/HPKE.swift:53:2: error: unknown attribute 'nonexhaustive'
51 | /// ### Handling errors
52 | /// - ``Errors``
53 | @nonexhaustive
| `- error: unknown attribute 'nonexhaustive'
54 | public enum HPKE: Sendable {}
55 |
/host/spi-builder-workspace/.build/checkouts/swift-crypto/Sources/Crypto/Insecure/Insecure.swift:23:2: error: unknown attribute 'nonexhaustive'
21 | /// but the framework provides them for backward compatibility with older
22 | /// services that require them. For new services, avoid these algorithms.
23 | @nonexhaustive
| `- error: unknown attribute 'nonexhaustive'
24 | public enum Insecure: Sendable {}
25 | #endif // canImport(CryptoKit)
[1528/1673] Compiling NIOCore AsyncChannelOutboundWriter.swift
/host/spi-builder-workspace/.build/checkouts/swift-crypto/Sources/Crypto/HPKE/Ciphersuite/KEM/Conformances/DHKEM.swift:81:6: error: unknown attribute 'nonexhaustive'
79 | extension HPKE {
80 | /// A container for Diffie-Hellman key encapsulation mechanisms (KEMs).
81 | @nonexhaustive
| `- error: unknown attribute 'nonexhaustive'
82 | public enum DHKEM: Sendable {
83 | struct PublicKey<DHPK: HPKEDiffieHellmanPublicKey>: KEMPublicKey where DHPK == DHPK.EphemeralPrivateKey.PublicKey {
/host/spi-builder-workspace/.build/checkouts/swift-crypto/Sources/Crypto/HPKE/Ciphersuite/KEM/HPKE-KEM.swift:29:6: error: unknown attribute 'nonexhaustive'
27 | /// The module-lattice key encapsulation mechanism (ML-KEM) is designed to offer increased security in situations
28 | /// where an adversary uses a quantum computer.
29 | @nonexhaustive
| `- error: unknown attribute 'nonexhaustive'
30 | public enum KEM: CaseIterable, Hashable, Sendable {
31 | public static var allCases: [HPKE.KEM] {
/host/spi-builder-workspace/.build/checkouts/swift-crypto/Sources/Crypto/HPKE/HPKE-Errors.swift:27:6: error: unknown attribute 'nonexhaustive'
25 | extension HPKE {
26 | /// Hybrid public key encryption (HPKE) errors that CryptoKit uses.
27 | @nonexhaustive
| `- error: unknown attribute 'nonexhaustive'
28 | public enum Errors: Error {
29 | /// The parameters for initializing an HPKE sender or receiver are inconsistent.
/host/spi-builder-workspace/.build/checkouts/swift-crypto/Sources/Crypto/HPKE/HPKE.swift:53:2: error: unknown attribute 'nonexhaustive'
51 | /// ### Handling errors
52 | /// - ``Errors``
53 | @nonexhaustive
| `- error: unknown attribute 'nonexhaustive'
54 | public enum HPKE: Sendable {}
55 |
/host/spi-builder-workspace/.build/checkouts/swift-crypto/Sources/Crypto/Insecure/Insecure.swift:23:2: error: unknown attribute 'nonexhaustive'
21 | /// but the framework provides them for backward compatibility with older
22 | /// services that require them. For new services, avoid these algorithms.
23 | @nonexhaustive
| `- error: unknown attribute 'nonexhaustive'
24 | public enum Insecure: Sendable {}
25 | #endif // canImport(CryptoKit)
[1529/1673] Compiling NIOCore NIOAsyncSequenceProducer.swift
/host/spi-builder-workspace/.build/checkouts/swift-crypto/Sources/Crypto/HPKE/Ciphersuite/KEM/Conformances/DHKEM.swift:81:6: error: unknown attribute 'nonexhaustive'
79 | extension HPKE {
80 | /// A container for Diffie-Hellman key encapsulation mechanisms (KEMs).
81 | @nonexhaustive
| `- error: unknown attribute 'nonexhaustive'
82 | public enum DHKEM: Sendable {
83 | struct PublicKey<DHPK: HPKEDiffieHellmanPublicKey>: KEMPublicKey where DHPK == DHPK.EphemeralPrivateKey.PublicKey {
/host/spi-builder-workspace/.build/checkouts/swift-crypto/Sources/Crypto/HPKE/Ciphersuite/KEM/HPKE-KEM.swift:29:6: error: unknown attribute 'nonexhaustive'
27 | /// The module-lattice key encapsulation mechanism (ML-KEM) is designed to offer increased security in situations
28 | /// where an adversary uses a quantum computer.
29 | @nonexhaustive
| `- error: unknown attribute 'nonexhaustive'
30 | public enum KEM: CaseIterable, Hashable, Sendable {
31 | public static var allCases: [HPKE.KEM] {
/host/spi-builder-workspace/.build/checkouts/swift-crypto/Sources/Crypto/HPKE/HPKE-Errors.swift:27:6: error: unknown attribute 'nonexhaustive'
25 | extension HPKE {
26 | /// Hybrid public key encryption (HPKE) errors that CryptoKit uses.
27 | @nonexhaustive
| `- error: unknown attribute 'nonexhaustive'
28 | public enum Errors: Error {
29 | /// The parameters for initializing an HPKE sender or receiver are inconsistent.
/host/spi-builder-workspace/.build/checkouts/swift-crypto/Sources/Crypto/HPKE/HPKE.swift:53:2: error: unknown attribute 'nonexhaustive'
51 | /// ### Handling errors
52 | /// - ``Errors``
53 | @nonexhaustive
| `- error: unknown attribute 'nonexhaustive'
54 | public enum HPKE: Sendable {}
55 |
/host/spi-builder-workspace/.build/checkouts/swift-crypto/Sources/Crypto/Insecure/Insecure.swift:23:2: error: unknown attribute 'nonexhaustive'
21 | /// but the framework provides them for backward compatibility with older
22 | /// services that require them. For new services, avoid these algorithms.
23 | @nonexhaustive
| `- error: unknown attribute 'nonexhaustive'
24 | public enum Insecure: Sendable {}
25 | #endif // canImport(CryptoKit)
[1530/1673] Compiling NIOCore NIOAsyncSequenceProducerStrategies.swift
/host/spi-builder-workspace/.build/checkouts/swift-crypto/Sources/Crypto/HPKE/Ciphersuite/KEM/Conformances/DHKEM.swift:81:6: error: unknown attribute 'nonexhaustive'
79 | extension HPKE {
80 | /// A container for Diffie-Hellman key encapsulation mechanisms (KEMs).
81 | @nonexhaustive
| `- error: unknown attribute 'nonexhaustive'
82 | public enum DHKEM: Sendable {
83 | struct PublicKey<DHPK: HPKEDiffieHellmanPublicKey>: KEMPublicKey where DHPK == DHPK.EphemeralPrivateKey.PublicKey {
/host/spi-builder-workspace/.build/checkouts/swift-crypto/Sources/Crypto/HPKE/Ciphersuite/KEM/HPKE-KEM.swift:29:6: error: unknown attribute 'nonexhaustive'
27 | /// The module-lattice key encapsulation mechanism (ML-KEM) is designed to offer increased security in situations
28 | /// where an adversary uses a quantum computer.
29 | @nonexhaustive
| `- error: unknown attribute 'nonexhaustive'
30 | public enum KEM: CaseIterable, Hashable, Sendable {
31 | public static var allCases: [HPKE.KEM] {
/host/spi-builder-workspace/.build/checkouts/swift-crypto/Sources/Crypto/HPKE/HPKE-Errors.swift:27:6: error: unknown attribute 'nonexhaustive'
25 | extension HPKE {
26 | /// Hybrid public key encryption (HPKE) errors that CryptoKit uses.
27 | @nonexhaustive
| `- error: unknown attribute 'nonexhaustive'
28 | public enum Errors: Error {
29 | /// The parameters for initializing an HPKE sender or receiver are inconsistent.
/host/spi-builder-workspace/.build/checkouts/swift-crypto/Sources/Crypto/HPKE/HPKE.swift:53:2: error: unknown attribute 'nonexhaustive'
51 | /// ### Handling errors
52 | /// - ``Errors``
53 | @nonexhaustive
| `- error: unknown attribute 'nonexhaustive'
54 | public enum HPKE: Sendable {}
55 |
/host/spi-builder-workspace/.build/checkouts/swift-crypto/Sources/Crypto/Insecure/Insecure.swift:23:2: error: unknown attribute 'nonexhaustive'
21 | /// but the framework provides them for backward compatibility with older
22 | /// services that require them. For new services, avoid these algorithms.
23 | @nonexhaustive
| `- error: unknown attribute 'nonexhaustive'
24 | public enum Insecure: Sendable {}
25 | #endif // canImport(CryptoKit)
[1531/1673] Compiling NIOCore NIOAsyncWriter.swift
/host/spi-builder-workspace/.build/checkouts/swift-crypto/Sources/Crypto/HPKE/Ciphersuite/KEM/Conformances/DHKEM.swift:81:6: error: unknown attribute 'nonexhaustive'
79 | extension HPKE {
80 | /// A container for Diffie-Hellman key encapsulation mechanisms (KEMs).
81 | @nonexhaustive
| `- error: unknown attribute 'nonexhaustive'
82 | public enum DHKEM: Sendable {
83 | struct PublicKey<DHPK: HPKEDiffieHellmanPublicKey>: KEMPublicKey where DHPK == DHPK.EphemeralPrivateKey.PublicKey {
/host/spi-builder-workspace/.build/checkouts/swift-crypto/Sources/Crypto/HPKE/Ciphersuite/KEM/HPKE-KEM.swift:29:6: error: unknown attribute 'nonexhaustive'
27 | /// The module-lattice key encapsulation mechanism (ML-KEM) is designed to offer increased security in situations
28 | /// where an adversary uses a quantum computer.
29 | @nonexhaustive
| `- error: unknown attribute 'nonexhaustive'
30 | public enum KEM: CaseIterable, Hashable, Sendable {
31 | public static var allCases: [HPKE.KEM] {
/host/spi-builder-workspace/.build/checkouts/swift-crypto/Sources/Crypto/HPKE/HPKE-Errors.swift:27:6: error: unknown attribute 'nonexhaustive'
25 | extension HPKE {
26 | /// Hybrid public key encryption (HPKE) errors that CryptoKit uses.
27 | @nonexhaustive
| `- error: unknown attribute 'nonexhaustive'
28 | public enum Errors: Error {
29 | /// The parameters for initializing an HPKE sender or receiver are inconsistent.
/host/spi-builder-workspace/.build/checkouts/swift-crypto/Sources/Crypto/HPKE/HPKE.swift:53:2: error: unknown attribute 'nonexhaustive'
51 | /// ### Handling errors
52 | /// - ``Errors``
53 | @nonexhaustive
| `- error: unknown attribute 'nonexhaustive'
54 | public enum HPKE: Sendable {}
55 |
/host/spi-builder-workspace/.build/checkouts/swift-crypto/Sources/Crypto/Insecure/Insecure.swift:23:2: error: unknown attribute 'nonexhaustive'
21 | /// but the framework provides them for backward compatibility with older
22 | /// services that require them. For new services, avoid these algorithms.
23 | @nonexhaustive
| `- error: unknown attribute 'nonexhaustive'
24 | public enum Insecure: Sendable {}
25 | #endif // canImport(CryptoKit)
[1532/1673] Compiling NIOCore NIOThrowingAsyncSequenceProducer.swift
/host/spi-builder-workspace/.build/checkouts/swift-crypto/Sources/Crypto/HPKE/Ciphersuite/KEM/Conformances/DHKEM.swift:81:6: error: unknown attribute 'nonexhaustive'
79 | extension HPKE {
80 | /// A container for Diffie-Hellman key encapsulation mechanisms (KEMs).
81 | @nonexhaustive
| `- error: unknown attribute 'nonexhaustive'
82 | public enum DHKEM: Sendable {
83 | struct PublicKey<DHPK: HPKEDiffieHellmanPublicKey>: KEMPublicKey where DHPK == DHPK.EphemeralPrivateKey.PublicKey {
/host/spi-builder-workspace/.build/checkouts/swift-crypto/Sources/Crypto/HPKE/Ciphersuite/KEM/HPKE-KEM.swift:29:6: error: unknown attribute 'nonexhaustive'
27 | /// The module-lattice key encapsulation mechanism (ML-KEM) is designed to offer increased security in situations
28 | /// where an adversary uses a quantum computer.
29 | @nonexhaustive
| `- error: unknown attribute 'nonexhaustive'
30 | public enum KEM: CaseIterable, Hashable, Sendable {
31 | public static var allCases: [HPKE.KEM] {
/host/spi-builder-workspace/.build/checkouts/swift-crypto/Sources/Crypto/HPKE/HPKE-Errors.swift:27:6: error: unknown attribute 'nonexhaustive'
25 | extension HPKE {
26 | /// Hybrid public key encryption (HPKE) errors that CryptoKit uses.
27 | @nonexhaustive
| `- error: unknown attribute 'nonexhaustive'
28 | public enum Errors: Error {
29 | /// The parameters for initializing an HPKE sender or receiver are inconsistent.
/host/spi-builder-workspace/.build/checkouts/swift-crypto/Sources/Crypto/HPKE/HPKE.swift:53:2: error: unknown attribute 'nonexhaustive'
51 | /// ### Handling errors
52 | /// - ``Errors``
53 | @nonexhaustive
| `- error: unknown attribute 'nonexhaustive'
54 | public enum HPKE: Sendable {}
55 |
/host/spi-builder-workspace/.build/checkouts/swift-crypto/Sources/Crypto/Insecure/Insecure.swift:23:2: error: unknown attribute 'nonexhaustive'
21 | /// but the framework provides them for backward compatibility with older
22 | /// services that require them. For new services, avoid these algorithms.
23 | @nonexhaustive
| `- error: unknown attribute 'nonexhaustive'
24 | public enum Insecure: Sendable {}
25 | #endif // canImport(CryptoKit)
[1533/1673] Compiling NIOCore BSDSocketAPI.swift
/host/spi-builder-workspace/.build/checkouts/swift-crypto/Sources/Crypto/HPKE/Ciphersuite/KEM/Conformances/DHKEM.swift:81:6: error: unknown attribute 'nonexhaustive'
79 | extension HPKE {
80 | /// A container for Diffie-Hellman key encapsulation mechanisms (KEMs).
81 | @nonexhaustive
| `- error: unknown attribute 'nonexhaustive'
82 | public enum DHKEM: Sendable {
83 | struct PublicKey<DHPK: HPKEDiffieHellmanPublicKey>: KEMPublicKey where DHPK == DHPK.EphemeralPrivateKey.PublicKey {
/host/spi-builder-workspace/.build/checkouts/swift-crypto/Sources/Crypto/HPKE/Ciphersuite/KEM/HPKE-KEM.swift:29:6: error: unknown attribute 'nonexhaustive'
27 | /// The module-lattice key encapsulation mechanism (ML-KEM) is designed to offer increased security in situations
28 | /// where an adversary uses a quantum computer.
29 | @nonexhaustive
| `- error: unknown attribute 'nonexhaustive'
30 | public enum KEM: CaseIterable, Hashable, Sendable {
31 | public static var allCases: [HPKE.KEM] {
/host/spi-builder-workspace/.build/checkouts/swift-crypto/Sources/Crypto/HPKE/HPKE-Errors.swift:27:6: error: unknown attribute 'nonexhaustive'
25 | extension HPKE {
26 | /// Hybrid public key encryption (HPKE) errors that CryptoKit uses.
27 | @nonexhaustive
| `- error: unknown attribute 'nonexhaustive'
28 | public enum Errors: Error {
29 | /// The parameters for initializing an HPKE sender or receiver are inconsistent.
/host/spi-builder-workspace/.build/checkouts/swift-crypto/Sources/Crypto/HPKE/HPKE.swift:53:2: error: unknown attribute 'nonexhaustive'
51 | /// ### Handling errors
52 | /// - ``Errors``
53 | @nonexhaustive
| `- error: unknown attribute 'nonexhaustive'
54 | public enum HPKE: Sendable {}
55 |
/host/spi-builder-workspace/.build/checkouts/swift-crypto/Sources/Crypto/Insecure/Insecure.swift:23:2: error: unknown attribute 'nonexhaustive'
21 | /// but the framework provides them for backward compatibility with older
22 | /// services that require them. For new services, avoid these algorithms.
23 | @nonexhaustive
| `- error: unknown attribute 'nonexhaustive'
24 | public enum Insecure: Sendable {}
25 | #endif // canImport(CryptoKit)
[1534/1673] Compiling NIOCore ByteBuffer-aux.swift
/host/spi-builder-workspace/.build/checkouts/swift-crypto/Sources/Crypto/HPKE/Ciphersuite/KEM/Conformances/DHKEM.swift:81:6: error: unknown attribute 'nonexhaustive'
79 | extension HPKE {
80 | /// A container for Diffie-Hellman key encapsulation mechanisms (KEMs).
81 | @nonexhaustive
| `- error: unknown attribute 'nonexhaustive'
82 | public enum DHKEM: Sendable {
83 | struct PublicKey<DHPK: HPKEDiffieHellmanPublicKey>: KEMPublicKey where DHPK == DHPK.EphemeralPrivateKey.PublicKey {
/host/spi-builder-workspace/.build/checkouts/swift-crypto/Sources/Crypto/HPKE/Ciphersuite/KEM/HPKE-KEM.swift:29:6: error: unknown attribute 'nonexhaustive'
27 | /// The module-lattice key encapsulation mechanism (ML-KEM) is designed to offer increased security in situations
28 | /// where an adversary uses a quantum computer.
29 | @nonexhaustive
| `- error: unknown attribute 'nonexhaustive'
30 | public enum KEM: CaseIterable, Hashable, Sendable {
31 | public static var allCases: [HPKE.KEM] {
/host/spi-builder-workspace/.build/checkouts/swift-crypto/Sources/Crypto/HPKE/HPKE-Errors.swift:27:6: error: unknown attribute 'nonexhaustive'
25 | extension HPKE {
26 | /// Hybrid public key encryption (HPKE) errors that CryptoKit uses.
27 | @nonexhaustive
| `- error: unknown attribute 'nonexhaustive'
28 | public enum Errors: Error {
29 | /// The parameters for initializing an HPKE sender or receiver are inconsistent.
/host/spi-builder-workspace/.build/checkouts/swift-crypto/Sources/Crypto/HPKE/HPKE.swift:53:2: error: unknown attribute 'nonexhaustive'
51 | /// ### Handling errors
52 | /// - ``Errors``
53 | @nonexhaustive
| `- error: unknown attribute 'nonexhaustive'
54 | public enum HPKE: Sendable {}
55 |
/host/spi-builder-workspace/.build/checkouts/swift-crypto/Sources/Crypto/Insecure/Insecure.swift:23:2: error: unknown attribute 'nonexhaustive'
21 | /// but the framework provides them for backward compatibility with older
22 | /// services that require them. For new services, avoid these algorithms.
23 | @nonexhaustive
| `- error: unknown attribute 'nonexhaustive'
24 | public enum Insecure: Sendable {}
25 | #endif // canImport(CryptoKit)
[1535/1673] Compiling NIOCore FileHandle.swift
/host/spi-builder-workspace/.build/checkouts/swift-crypto/Sources/Crypto/Key Wrapping/AESWrap.swift:30:6: error: unknown attribute 'nonexhaustive'
28 | /// An implementation of AES Key Wrapping in accordance with the IETF RFC
29 | /// 3394 specification.
30 | @nonexhaustive
| `- error: unknown attribute 'nonexhaustive'
31 | public enum KeyWrap: Sendable {
32 | /// Wraps a key using the AES wrap algorithm.
/host/spi-builder-workspace/.build/checkouts/swift-crypto/Sources/Crypto/Keys/EC/Curve25519.swift:19:2: error: unknown attribute 'nonexhaustive'
17 | #else
18 | /// An elliptic curve that enables X25519 key agreement and Ed25519 signatures.
19 | @nonexhaustive
| `- error: unknown attribute 'nonexhaustive'
20 | public enum Curve25519: Sendable {}
21 | #endif // canImport(CryptoKit)
/host/spi-builder-workspace/.build/checkouts/swift-crypto/Sources/Crypto/Keys/EC/Ed25519Keys.swift:33:6: error: unknown attribute 'nonexhaustive'
31 | /// A mechanism used to create or verify a cryptographic signature using
32 | /// Ed25519.
33 | @nonexhaustive
| `- error: unknown attribute 'nonexhaustive'
34 | public enum Signing: Sendable {
35 | typealias Curve25519PrivateKeyImpl = Curve25519.Signing.OpenSSLCurve25519PrivateKeyImpl
/host/spi-builder-workspace/.build/checkouts/swift-crypto/Sources/Crypto/Keys/EC/NISTCurvesKeys.swift:51:2: error: unknown attribute 'nonexhaustive'
49 |
50 | /// An elliptic curve that enables NIST P-256 signatures and key agreement.
51 | @nonexhaustive
| `- error: unknown attribute 'nonexhaustive'
52 | public enum P256: Sendable { }
53 |
/host/spi-builder-workspace/.build/checkouts/swift-crypto/Sources/Crypto/Keys/EC/NISTCurvesKeys.swift:55:2: error: unknown attribute 'nonexhaustive'
53 |
54 | /// An elliptic curve that enables NIST P-384 signatures and key agreement.
55 | @nonexhaustive
| `- error: unknown attribute 'nonexhaustive'
56 | public enum P384: Sendable { }
57 |
/host/spi-builder-workspace/.build/checkouts/swift-crypto/Sources/Crypto/Keys/EC/NISTCurvesKeys.swift:59:2: error: unknown attribute 'nonexhaustive'
57 |
58 | /// An elliptic curve that enables NIST P-521 signatures and key agreement.
59 | @nonexhaustive
| `- error: unknown attribute 'nonexhaustive'
60 | public enum P521: Sendable { }
61 | #endif // canImport(CryptoKit)
/host/spi-builder-workspace/.build/checkouts/swift-crypto/Sources/Crypto/Keys/EC/X25519Keys.swift:33:6: error: unknown attribute 'nonexhaustive'
31 | /// A mechanism used to create a shared secret between two users by
32 | /// performing X25519 key agreement.
33 | @nonexhaustive
| `- error: unknown attribute 'nonexhaustive'
34 | public enum KeyAgreement: Sendable {
35 | typealias Curve25519PrivateKeyImpl = Curve25519.KeyAgreement.OpenSSLCurve25519PrivateKeyImpl
[1536/1673] Compiling NIOCore FileRegion.swift
/host/spi-builder-workspace/.build/checkouts/swift-crypto/Sources/Crypto/Key Wrapping/AESWrap.swift:30:6: error: unknown attribute 'nonexhaustive'
28 | /// An implementation of AES Key Wrapping in accordance with the IETF RFC
29 | /// 3394 specification.
30 | @nonexhaustive
| `- error: unknown attribute 'nonexhaustive'
31 | public enum KeyWrap: Sendable {
32 | /// Wraps a key using the AES wrap algorithm.
/host/spi-builder-workspace/.build/checkouts/swift-crypto/Sources/Crypto/Keys/EC/Curve25519.swift:19:2: error: unknown attribute 'nonexhaustive'
17 | #else
18 | /// An elliptic curve that enables X25519 key agreement and Ed25519 signatures.
19 | @nonexhaustive
| `- error: unknown attribute 'nonexhaustive'
20 | public enum Curve25519: Sendable {}
21 | #endif // canImport(CryptoKit)
/host/spi-builder-workspace/.build/checkouts/swift-crypto/Sources/Crypto/Keys/EC/Ed25519Keys.swift:33:6: error: unknown attribute 'nonexhaustive'
31 | /// A mechanism used to create or verify a cryptographic signature using
32 | /// Ed25519.
33 | @nonexhaustive
| `- error: unknown attribute 'nonexhaustive'
34 | public enum Signing: Sendable {
35 | typealias Curve25519PrivateKeyImpl = Curve25519.Signing.OpenSSLCurve25519PrivateKeyImpl
/host/spi-builder-workspace/.build/checkouts/swift-crypto/Sources/Crypto/Keys/EC/NISTCurvesKeys.swift:51:2: error: unknown attribute 'nonexhaustive'
49 |
50 | /// An elliptic curve that enables NIST P-256 signatures and key agreement.
51 | @nonexhaustive
| `- error: unknown attribute 'nonexhaustive'
52 | public enum P256: Sendable { }
53 |
/host/spi-builder-workspace/.build/checkouts/swift-crypto/Sources/Crypto/Keys/EC/NISTCurvesKeys.swift:55:2: error: unknown attribute 'nonexhaustive'
53 |
54 | /// An elliptic curve that enables NIST P-384 signatures and key agreement.
55 | @nonexhaustive
| `- error: unknown attribute 'nonexhaustive'
56 | public enum P384: Sendable { }
57 |
/host/spi-builder-workspace/.build/checkouts/swift-crypto/Sources/Crypto/Keys/EC/NISTCurvesKeys.swift:59:2: error: unknown attribute 'nonexhaustive'
57 |
58 | /// An elliptic curve that enables NIST P-521 signatures and key agreement.
59 | @nonexhaustive
| `- error: unknown attribute 'nonexhaustive'
60 | public enum P521: Sendable { }
61 | #endif // canImport(CryptoKit)
/host/spi-builder-workspace/.build/checkouts/swift-crypto/Sources/Crypto/Keys/EC/X25519Keys.swift:33:6: error: unknown attribute 'nonexhaustive'
31 | /// A mechanism used to create a shared secret between two users by
32 | /// performing X25519 key agreement.
33 | @nonexhaustive
| `- error: unknown attribute 'nonexhaustive'
34 | public enum KeyAgreement: Sendable {
35 | typealias Curve25519PrivateKeyImpl = Curve25519.KeyAgreement.OpenSSLCurve25519PrivateKeyImpl
[1537/1673] Compiling NIOCore GlobalSingletons.swift
/host/spi-builder-workspace/.build/checkouts/swift-crypto/Sources/Crypto/Key Wrapping/AESWrap.swift:30:6: error: unknown attribute 'nonexhaustive'
28 | /// An implementation of AES Key Wrapping in accordance with the IETF RFC
29 | /// 3394 specification.
30 | @nonexhaustive
| `- error: unknown attribute 'nonexhaustive'
31 | public enum KeyWrap: Sendable {
32 | /// Wraps a key using the AES wrap algorithm.
/host/spi-builder-workspace/.build/checkouts/swift-crypto/Sources/Crypto/Keys/EC/Curve25519.swift:19:2: error: unknown attribute 'nonexhaustive'
17 | #else
18 | /// An elliptic curve that enables X25519 key agreement and Ed25519 signatures.
19 | @nonexhaustive
| `- error: unknown attribute 'nonexhaustive'
20 | public enum Curve25519: Sendable {}
21 | #endif // canImport(CryptoKit)
/host/spi-builder-workspace/.build/checkouts/swift-crypto/Sources/Crypto/Keys/EC/Ed25519Keys.swift:33:6: error: unknown attribute 'nonexhaustive'
31 | /// A mechanism used to create or verify a cryptographic signature using
32 | /// Ed25519.
33 | @nonexhaustive
| `- error: unknown attribute 'nonexhaustive'
34 | public enum Signing: Sendable {
35 | typealias Curve25519PrivateKeyImpl = Curve25519.Signing.OpenSSLCurve25519PrivateKeyImpl
/host/spi-builder-workspace/.build/checkouts/swift-crypto/Sources/Crypto/Keys/EC/NISTCurvesKeys.swift:51:2: error: unknown attribute 'nonexhaustive'
49 |
50 | /// An elliptic curve that enables NIST P-256 signatures and key agreement.
51 | @nonexhaustive
| `- error: unknown attribute 'nonexhaustive'
52 | public enum P256: Sendable { }
53 |
/host/spi-builder-workspace/.build/checkouts/swift-crypto/Sources/Crypto/Keys/EC/NISTCurvesKeys.swift:55:2: error: unknown attribute 'nonexhaustive'
53 |
54 | /// An elliptic curve that enables NIST P-384 signatures and key agreement.
55 | @nonexhaustive
| `- error: unknown attribute 'nonexhaustive'
56 | public enum P384: Sendable { }
57 |
/host/spi-builder-workspace/.build/checkouts/swift-crypto/Sources/Crypto/Keys/EC/NISTCurvesKeys.swift:59:2: error: unknown attribute 'nonexhaustive'
57 |
58 | /// An elliptic curve that enables NIST P-521 signatures and key agreement.
59 | @nonexhaustive
| `- error: unknown attribute 'nonexhaustive'
60 | public enum P521: Sendable { }
61 | #endif // canImport(CryptoKit)
/host/spi-builder-workspace/.build/checkouts/swift-crypto/Sources/Crypto/Keys/EC/X25519Keys.swift:33:6: error: unknown attribute 'nonexhaustive'
31 | /// A mechanism used to create a shared secret between two users by
32 | /// performing X25519 key agreement.
33 | @nonexhaustive
| `- error: unknown attribute 'nonexhaustive'
34 | public enum KeyAgreement: Sendable {
35 | typealias Curve25519PrivateKeyImpl = Curve25519.KeyAgreement.OpenSSLCurve25519PrivateKeyImpl
[1538/1673] Compiling NIOCore IO.swift
/host/spi-builder-workspace/.build/checkouts/swift-crypto/Sources/Crypto/Key Wrapping/AESWrap.swift:30:6: error: unknown attribute 'nonexhaustive'
28 | /// An implementation of AES Key Wrapping in accordance with the IETF RFC
29 | /// 3394 specification.
30 | @nonexhaustive
| `- error: unknown attribute 'nonexhaustive'
31 | public enum KeyWrap: Sendable {
32 | /// Wraps a key using the AES wrap algorithm.
/host/spi-builder-workspace/.build/checkouts/swift-crypto/Sources/Crypto/Keys/EC/Curve25519.swift:19:2: error: unknown attribute 'nonexhaustive'
17 | #else
18 | /// An elliptic curve that enables X25519 key agreement and Ed25519 signatures.
19 | @nonexhaustive
| `- error: unknown attribute 'nonexhaustive'
20 | public enum Curve25519: Sendable {}
21 | #endif // canImport(CryptoKit)
/host/spi-builder-workspace/.build/checkouts/swift-crypto/Sources/Crypto/Keys/EC/Ed25519Keys.swift:33:6: error: unknown attribute 'nonexhaustive'
31 | /// A mechanism used to create or verify a cryptographic signature using
32 | /// Ed25519.
33 | @nonexhaustive
| `- error: unknown attribute 'nonexhaustive'
34 | public enum Signing: Sendable {
35 | typealias Curve25519PrivateKeyImpl = Curve25519.Signing.OpenSSLCurve25519PrivateKeyImpl
/host/spi-builder-workspace/.build/checkouts/swift-crypto/Sources/Crypto/Keys/EC/NISTCurvesKeys.swift:51:2: error: unknown attribute 'nonexhaustive'
49 |
50 | /// An elliptic curve that enables NIST P-256 signatures and key agreement.
51 | @nonexhaustive
| `- error: unknown attribute 'nonexhaustive'
52 | public enum P256: Sendable { }
53 |
/host/spi-builder-workspace/.build/checkouts/swift-crypto/Sources/Crypto/Keys/EC/NISTCurvesKeys.swift:55:2: error: unknown attribute 'nonexhaustive'
53 |
54 | /// An elliptic curve that enables NIST P-384 signatures and key agreement.
55 | @nonexhaustive
| `- error: unknown attribute 'nonexhaustive'
56 | public enum P384: Sendable { }
57 |
/host/spi-builder-workspace/.build/checkouts/swift-crypto/Sources/Crypto/Keys/EC/NISTCurvesKeys.swift:59:2: error: unknown attribute 'nonexhaustive'
57 |
58 | /// An elliptic curve that enables NIST P-521 signatures and key agreement.
59 | @nonexhaustive
| `- error: unknown attribute 'nonexhaustive'
60 | public enum P521: Sendable { }
61 | #endif // canImport(CryptoKit)
/host/spi-builder-workspace/.build/checkouts/swift-crypto/Sources/Crypto/Keys/EC/X25519Keys.swift:33:6: error: unknown attribute 'nonexhaustive'
31 | /// A mechanism used to create a shared secret between two users by
32 | /// performing X25519 key agreement.
33 | @nonexhaustive
| `- error: unknown attribute 'nonexhaustive'
34 | public enum KeyAgreement: Sendable {
35 | typealias Curve25519PrivateKeyImpl = Curve25519.KeyAgreement.OpenSSLCurve25519PrivateKeyImpl
[1539/1673] Compiling NIOCore IOData.swift
/host/spi-builder-workspace/.build/checkouts/swift-crypto/Sources/Crypto/Key Wrapping/AESWrap.swift:30:6: error: unknown attribute 'nonexhaustive'
28 | /// An implementation of AES Key Wrapping in accordance with the IETF RFC
29 | /// 3394 specification.
30 | @nonexhaustive
| `- error: unknown attribute 'nonexhaustive'
31 | public enum KeyWrap: Sendable {
32 | /// Wraps a key using the AES wrap algorithm.
/host/spi-builder-workspace/.build/checkouts/swift-crypto/Sources/Crypto/Keys/EC/Curve25519.swift:19:2: error: unknown attribute 'nonexhaustive'
17 | #else
18 | /// An elliptic curve that enables X25519 key agreement and Ed25519 signatures.
19 | @nonexhaustive
| `- error: unknown attribute 'nonexhaustive'
20 | public enum Curve25519: Sendable {}
21 | #endif // canImport(CryptoKit)
/host/spi-builder-workspace/.build/checkouts/swift-crypto/Sources/Crypto/Keys/EC/Ed25519Keys.swift:33:6: error: unknown attribute 'nonexhaustive'
31 | /// A mechanism used to create or verify a cryptographic signature using
32 | /// Ed25519.
33 | @nonexhaustive
| `- error: unknown attribute 'nonexhaustive'
34 | public enum Signing: Sendable {
35 | typealias Curve25519PrivateKeyImpl = Curve25519.Signing.OpenSSLCurve25519PrivateKeyImpl
/host/spi-builder-workspace/.build/checkouts/swift-crypto/Sources/Crypto/Keys/EC/NISTCurvesKeys.swift:51:2: error: unknown attribute 'nonexhaustive'
49 |
50 | /// An elliptic curve that enables NIST P-256 signatures and key agreement.
51 | @nonexhaustive
| `- error: unknown attribute 'nonexhaustive'
52 | public enum P256: Sendable { }
53 |
/host/spi-builder-workspace/.build/checkouts/swift-crypto/Sources/Crypto/Keys/EC/NISTCurvesKeys.swift:55:2: error: unknown attribute 'nonexhaustive'
53 |
54 | /// An elliptic curve that enables NIST P-384 signatures and key agreement.
55 | @nonexhaustive
| `- error: unknown attribute 'nonexhaustive'
56 | public enum P384: Sendable { }
57 |
/host/spi-builder-workspace/.build/checkouts/swift-crypto/Sources/Crypto/Keys/EC/NISTCurvesKeys.swift:59:2: error: unknown attribute 'nonexhaustive'
57 |
58 | /// An elliptic curve that enables NIST P-521 signatures and key agreement.
59 | @nonexhaustive
| `- error: unknown attribute 'nonexhaustive'
60 | public enum P521: Sendable { }
61 | #endif // canImport(CryptoKit)
/host/spi-builder-workspace/.build/checkouts/swift-crypto/Sources/Crypto/Keys/EC/X25519Keys.swift:33:6: error: unknown attribute 'nonexhaustive'
31 | /// A mechanism used to create a shared secret between two users by
32 | /// performing X25519 key agreement.
33 | @nonexhaustive
| `- error: unknown attribute 'nonexhaustive'
34 | public enum KeyAgreement: Sendable {
35 | typealias Curve25519PrivateKeyImpl = Curve25519.KeyAgreement.OpenSSLCurve25519PrivateKeyImpl
[1540/1673] Compiling NIOCore NIOCoreSendableMetatype.swift
/host/spi-builder-workspace/.build/checkouts/swift-crypto/Sources/Crypto/Key Wrapping/AESWrap.swift:30:6: error: unknown attribute 'nonexhaustive'
28 | /// An implementation of AES Key Wrapping in accordance with the IETF RFC
29 | /// 3394 specification.
30 | @nonexhaustive
| `- error: unknown attribute 'nonexhaustive'
31 | public enum KeyWrap: Sendable {
32 | /// Wraps a key using the AES wrap algorithm.
/host/spi-builder-workspace/.build/checkouts/swift-crypto/Sources/Crypto/Keys/EC/Curve25519.swift:19:2: error: unknown attribute 'nonexhaustive'
17 | #else
18 | /// An elliptic curve that enables X25519 key agreement and Ed25519 signatures.
19 | @nonexhaustive
| `- error: unknown attribute 'nonexhaustive'
20 | public enum Curve25519: Sendable {}
21 | #endif // canImport(CryptoKit)
/host/spi-builder-workspace/.build/checkouts/swift-crypto/Sources/Crypto/Keys/EC/Ed25519Keys.swift:33:6: error: unknown attribute 'nonexhaustive'
31 | /// A mechanism used to create or verify a cryptographic signature using
32 | /// Ed25519.
33 | @nonexhaustive
| `- error: unknown attribute 'nonexhaustive'
34 | public enum Signing: Sendable {
35 | typealias Curve25519PrivateKeyImpl = Curve25519.Signing.OpenSSLCurve25519PrivateKeyImpl
/host/spi-builder-workspace/.build/checkouts/swift-crypto/Sources/Crypto/Keys/EC/NISTCurvesKeys.swift:51:2: error: unknown attribute 'nonexhaustive'
49 |
50 | /// An elliptic curve that enables NIST P-256 signatures and key agreement.
51 | @nonexhaustive
| `- error: unknown attribute 'nonexhaustive'
52 | public enum P256: Sendable { }
53 |
/host/spi-builder-workspace/.build/checkouts/swift-crypto/Sources/Crypto/Keys/EC/NISTCurvesKeys.swift:55:2: error: unknown attribute 'nonexhaustive'
53 |
54 | /// An elliptic curve that enables NIST P-384 signatures and key agreement.
55 | @nonexhaustive
| `- error: unknown attribute 'nonexhaustive'
56 | public enum P384: Sendable { }
57 |
/host/spi-builder-workspace/.build/checkouts/swift-crypto/Sources/Crypto/Keys/EC/NISTCurvesKeys.swift:59:2: error: unknown attribute 'nonexhaustive'
57 |
58 | /// An elliptic curve that enables NIST P-521 signatures and key agreement.
59 | @nonexhaustive
| `- error: unknown attribute 'nonexhaustive'
60 | public enum P521: Sendable { }
61 | #endif // canImport(CryptoKit)
/host/spi-builder-workspace/.build/checkouts/swift-crypto/Sources/Crypto/Keys/EC/X25519Keys.swift:33:6: error: unknown attribute 'nonexhaustive'
31 | /// A mechanism used to create a shared secret between two users by
32 | /// performing X25519 key agreement.
33 | @nonexhaustive
| `- error: unknown attribute 'nonexhaustive'
34 | public enum KeyAgreement: Sendable {
35 | typealias Curve25519PrivateKeyImpl = Curve25519.KeyAgreement.OpenSSLCurve25519PrivateKeyImpl
[1541/1673] Compiling NIOCore NIODecodedAsyncSequence.swift
/host/spi-builder-workspace/.build/checkouts/swift-crypto/Sources/Crypto/Key Wrapping/AESWrap.swift:30:6: error: unknown attribute 'nonexhaustive'
28 | /// An implementation of AES Key Wrapping in accordance with the IETF RFC
29 | /// 3394 specification.
30 | @nonexhaustive
| `- error: unknown attribute 'nonexhaustive'
31 | public enum KeyWrap: Sendable {
32 | /// Wraps a key using the AES wrap algorithm.
/host/spi-builder-workspace/.build/checkouts/swift-crypto/Sources/Crypto/Keys/EC/Curve25519.swift:19:2: error: unknown attribute 'nonexhaustive'
17 | #else
18 | /// An elliptic curve that enables X25519 key agreement and Ed25519 signatures.
19 | @nonexhaustive
| `- error: unknown attribute 'nonexhaustive'
20 | public enum Curve25519: Sendable {}
21 | #endif // canImport(CryptoKit)
/host/spi-builder-workspace/.build/checkouts/swift-crypto/Sources/Crypto/Keys/EC/Ed25519Keys.swift:33:6: error: unknown attribute 'nonexhaustive'
31 | /// A mechanism used to create or verify a cryptographic signature using
32 | /// Ed25519.
33 | @nonexhaustive
| `- error: unknown attribute 'nonexhaustive'
34 | public enum Signing: Sendable {
35 | typealias Curve25519PrivateKeyImpl = Curve25519.Signing.OpenSSLCurve25519PrivateKeyImpl
/host/spi-builder-workspace/.build/checkouts/swift-crypto/Sources/Crypto/Keys/EC/NISTCurvesKeys.swift:51:2: error: unknown attribute 'nonexhaustive'
49 |
50 | /// An elliptic curve that enables NIST P-256 signatures and key agreement.
51 | @nonexhaustive
| `- error: unknown attribute 'nonexhaustive'
52 | public enum P256: Sendable { }
53 |
/host/spi-builder-workspace/.build/checkouts/swift-crypto/Sources/Crypto/Keys/EC/NISTCurvesKeys.swift:55:2: error: unknown attribute 'nonexhaustive'
53 |
54 | /// An elliptic curve that enables NIST P-384 signatures and key agreement.
55 | @nonexhaustive
| `- error: unknown attribute 'nonexhaustive'
56 | public enum P384: Sendable { }
57 |
/host/spi-builder-workspace/.build/checkouts/swift-crypto/Sources/Crypto/Keys/EC/NISTCurvesKeys.swift:59:2: error: unknown attribute 'nonexhaustive'
57 |
58 | /// An elliptic curve that enables NIST P-521 signatures and key agreement.
59 | @nonexhaustive
| `- error: unknown attribute 'nonexhaustive'
60 | public enum P521: Sendable { }
61 | #endif // canImport(CryptoKit)
/host/spi-builder-workspace/.build/checkouts/swift-crypto/Sources/Crypto/Keys/EC/X25519Keys.swift:33:6: error: unknown attribute 'nonexhaustive'
31 | /// A mechanism used to create a shared secret between two users by
32 | /// performing X25519 key agreement.
33 | @nonexhaustive
| `- error: unknown attribute 'nonexhaustive'
34 | public enum KeyAgreement: Sendable {
35 | typealias Curve25519PrivateKeyImpl = Curve25519.KeyAgreement.OpenSSLCurve25519PrivateKeyImpl
[1542/1673] Compiling NIOCore NIOLoopBound.swift
/host/spi-builder-workspace/.build/checkouts/swift-crypto/Sources/Crypto/Key Wrapping/AESWrap.swift:30:6: error: unknown attribute 'nonexhaustive'
28 | /// An implementation of AES Key Wrapping in accordance with the IETF RFC
29 | /// 3394 specification.
30 | @nonexhaustive
| `- error: unknown attribute 'nonexhaustive'
31 | public enum KeyWrap: Sendable {
32 | /// Wraps a key using the AES wrap algorithm.
/host/spi-builder-workspace/.build/checkouts/swift-crypto/Sources/Crypto/Keys/EC/Curve25519.swift:19:2: error: unknown attribute 'nonexhaustive'
17 | #else
18 | /// An elliptic curve that enables X25519 key agreement and Ed25519 signatures.
19 | @nonexhaustive
| `- error: unknown attribute 'nonexhaustive'
20 | public enum Curve25519: Sendable {}
21 | #endif // canImport(CryptoKit)
/host/spi-builder-workspace/.build/checkouts/swift-crypto/Sources/Crypto/Keys/EC/Ed25519Keys.swift:33:6: error: unknown attribute 'nonexhaustive'
31 | /// A mechanism used to create or verify a cryptographic signature using
32 | /// Ed25519.
33 | @nonexhaustive
| `- error: unknown attribute 'nonexhaustive'
34 | public enum Signing: Sendable {
35 | typealias Curve25519PrivateKeyImpl = Curve25519.Signing.OpenSSLCurve25519PrivateKeyImpl
/host/spi-builder-workspace/.build/checkouts/swift-crypto/Sources/Crypto/Keys/EC/NISTCurvesKeys.swift:51:2: error: unknown attribute 'nonexhaustive'
49 |
50 | /// An elliptic curve that enables NIST P-256 signatures and key agreement.
51 | @nonexhaustive
| `- error: unknown attribute 'nonexhaustive'
52 | public enum P256: Sendable { }
53 |
/host/spi-builder-workspace/.build/checkouts/swift-crypto/Sources/Crypto/Keys/EC/NISTCurvesKeys.swift:55:2: error: unknown attribute 'nonexhaustive'
53 |
54 | /// An elliptic curve that enables NIST P-384 signatures and key agreement.
55 | @nonexhaustive
| `- error: unknown attribute 'nonexhaustive'
56 | public enum P384: Sendable { }
57 |
/host/spi-builder-workspace/.build/checkouts/swift-crypto/Sources/Crypto/Keys/EC/NISTCurvesKeys.swift:59:2: error: unknown attribute 'nonexhaustive'
57 |
58 | /// An elliptic curve that enables NIST P-521 signatures and key agreement.
59 | @nonexhaustive
| `- error: unknown attribute 'nonexhaustive'
60 | public enum P521: Sendable { }
61 | #endif // canImport(CryptoKit)
/host/spi-builder-workspace/.build/checkouts/swift-crypto/Sources/Crypto/Keys/EC/X25519Keys.swift:33:6: error: unknown attribute 'nonexhaustive'
31 | /// A mechanism used to create a shared secret between two users by
32 | /// performing X25519 key agreement.
33 | @nonexhaustive
| `- error: unknown attribute 'nonexhaustive'
34 | public enum KeyAgreement: Sendable {
35 | typealias Curve25519PrivateKeyImpl = Curve25519.KeyAgreement.OpenSSLCurve25519PrivateKeyImpl
[1543/1673] Compiling NIOCore NIOPooledRecvBufferAllocator.swift
/host/spi-builder-workspace/.build/checkouts/swift-crypto/Sources/Crypto/Key Wrapping/AESWrap.swift:30:6: error: unknown attribute 'nonexhaustive'
28 | /// An implementation of AES Key Wrapping in accordance with the IETF RFC
29 | /// 3394 specification.
30 | @nonexhaustive
| `- error: unknown attribute 'nonexhaustive'
31 | public enum KeyWrap: Sendable {
32 | /// Wraps a key using the AES wrap algorithm.
/host/spi-builder-workspace/.build/checkouts/swift-crypto/Sources/Crypto/Keys/EC/Curve25519.swift:19:2: error: unknown attribute 'nonexhaustive'
17 | #else
18 | /// An elliptic curve that enables X25519 key agreement and Ed25519 signatures.
19 | @nonexhaustive
| `- error: unknown attribute 'nonexhaustive'
20 | public enum Curve25519: Sendable {}
21 | #endif // canImport(CryptoKit)
/host/spi-builder-workspace/.build/checkouts/swift-crypto/Sources/Crypto/Keys/EC/Ed25519Keys.swift:33:6: error: unknown attribute 'nonexhaustive'
31 | /// A mechanism used to create or verify a cryptographic signature using
32 | /// Ed25519.
33 | @nonexhaustive
| `- error: unknown attribute 'nonexhaustive'
34 | public enum Signing: Sendable {
35 | typealias Curve25519PrivateKeyImpl = Curve25519.Signing.OpenSSLCurve25519PrivateKeyImpl
/host/spi-builder-workspace/.build/checkouts/swift-crypto/Sources/Crypto/Keys/EC/NISTCurvesKeys.swift:51:2: error: unknown attribute 'nonexhaustive'
49 |
50 | /// An elliptic curve that enables NIST P-256 signatures and key agreement.
51 | @nonexhaustive
| `- error: unknown attribute 'nonexhaustive'
52 | public enum P256: Sendable { }
53 |
/host/spi-builder-workspace/.build/checkouts/swift-crypto/Sources/Crypto/Keys/EC/NISTCurvesKeys.swift:55:2: error: unknown attribute 'nonexhaustive'
53 |
54 | /// An elliptic curve that enables NIST P-384 signatures and key agreement.
55 | @nonexhaustive
| `- error: unknown attribute 'nonexhaustive'
56 | public enum P384: Sendable { }
57 |
/host/spi-builder-workspace/.build/checkouts/swift-crypto/Sources/Crypto/Keys/EC/NISTCurvesKeys.swift:59:2: error: unknown attribute 'nonexhaustive'
57 |
58 | /// An elliptic curve that enables NIST P-521 signatures and key agreement.
59 | @nonexhaustive
| `- error: unknown attribute 'nonexhaustive'
60 | public enum P521: Sendable { }
61 | #endif // canImport(CryptoKit)
/host/spi-builder-workspace/.build/checkouts/swift-crypto/Sources/Crypto/Keys/EC/X25519Keys.swift:33:6: error: unknown attribute 'nonexhaustive'
31 | /// A mechanism used to create a shared secret between two users by
32 | /// performing X25519 key agreement.
33 | @nonexhaustive
| `- error: unknown attribute 'nonexhaustive'
34 | public enum KeyAgreement: Sendable {
35 | typealias Curve25519PrivateKeyImpl = Curve25519.KeyAgreement.OpenSSLCurve25519PrivateKeyImpl
[1544/1673] Compiling NIOCore NIOScheduledCallback.swift
/host/spi-builder-workspace/.build/checkouts/swift-crypto/Sources/Crypto/Key Wrapping/AESWrap.swift:30:6: error: unknown attribute 'nonexhaustive'
28 | /// An implementation of AES Key Wrapping in accordance with the IETF RFC
29 | /// 3394 specification.
30 | @nonexhaustive
| `- error: unknown attribute 'nonexhaustive'
31 | public enum KeyWrap: Sendable {
32 | /// Wraps a key using the AES wrap algorithm.
/host/spi-builder-workspace/.build/checkouts/swift-crypto/Sources/Crypto/Keys/EC/Curve25519.swift:19:2: error: unknown attribute 'nonexhaustive'
17 | #else
18 | /// An elliptic curve that enables X25519 key agreement and Ed25519 signatures.
19 | @nonexhaustive
| `- error: unknown attribute 'nonexhaustive'
20 | public enum Curve25519: Sendable {}
21 | #endif // canImport(CryptoKit)
/host/spi-builder-workspace/.build/checkouts/swift-crypto/Sources/Crypto/Keys/EC/Ed25519Keys.swift:33:6: error: unknown attribute 'nonexhaustive'
31 | /// A mechanism used to create or verify a cryptographic signature using
32 | /// Ed25519.
33 | @nonexhaustive
| `- error: unknown attribute 'nonexhaustive'
34 | public enum Signing: Sendable {
35 | typealias Curve25519PrivateKeyImpl = Curve25519.Signing.OpenSSLCurve25519PrivateKeyImpl
/host/spi-builder-workspace/.build/checkouts/swift-crypto/Sources/Crypto/Keys/EC/NISTCurvesKeys.swift:51:2: error: unknown attribute 'nonexhaustive'
49 |
50 | /// An elliptic curve that enables NIST P-256 signatures and key agreement.
51 | @nonexhaustive
| `- error: unknown attribute 'nonexhaustive'
52 | public enum P256: Sendable { }
53 |
/host/spi-builder-workspace/.build/checkouts/swift-crypto/Sources/Crypto/Keys/EC/NISTCurvesKeys.swift:55:2: error: unknown attribute 'nonexhaustive'
53 |
54 | /// An elliptic curve that enables NIST P-384 signatures and key agreement.
55 | @nonexhaustive
| `- error: unknown attribute 'nonexhaustive'
56 | public enum P384: Sendable { }
57 |
/host/spi-builder-workspace/.build/checkouts/swift-crypto/Sources/Crypto/Keys/EC/NISTCurvesKeys.swift:59:2: error: unknown attribute 'nonexhaustive'
57 |
58 | /// An elliptic curve that enables NIST P-521 signatures and key agreement.
59 | @nonexhaustive
| `- error: unknown attribute 'nonexhaustive'
60 | public enum P521: Sendable { }
61 | #endif // canImport(CryptoKit)
/host/spi-builder-workspace/.build/checkouts/swift-crypto/Sources/Crypto/Keys/EC/X25519Keys.swift:33:6: error: unknown attribute 'nonexhaustive'
31 | /// A mechanism used to create a shared secret between two users by
32 | /// performing X25519 key agreement.
33 | @nonexhaustive
| `- error: unknown attribute 'nonexhaustive'
34 | public enum KeyAgreement: Sendable {
35 | typealias Curve25519PrivateKeyImpl = Curve25519.KeyAgreement.OpenSSLCurve25519PrivateKeyImpl
[1545/1673] Compiling NIOCore NIOSendable.swift
/host/spi-builder-workspace/.build/checkouts/swift-crypto/Sources/Crypto/Key Wrapping/AESWrap.swift:30:6: error: unknown attribute 'nonexhaustive'
28 | /// An implementation of AES Key Wrapping in accordance with the IETF RFC
29 | /// 3394 specification.
30 | @nonexhaustive
| `- error: unknown attribute 'nonexhaustive'
31 | public enum KeyWrap: Sendable {
32 | /// Wraps a key using the AES wrap algorithm.
/host/spi-builder-workspace/.build/checkouts/swift-crypto/Sources/Crypto/Keys/EC/Curve25519.swift:19:2: error: unknown attribute 'nonexhaustive'
17 | #else
18 | /// An elliptic curve that enables X25519 key agreement and Ed25519 signatures.
19 | @nonexhaustive
| `- error: unknown attribute 'nonexhaustive'
20 | public enum Curve25519: Sendable {}
21 | #endif // canImport(CryptoKit)
/host/spi-builder-workspace/.build/checkouts/swift-crypto/Sources/Crypto/Keys/EC/Ed25519Keys.swift:33:6: error: unknown attribute 'nonexhaustive'
31 | /// A mechanism used to create or verify a cryptographic signature using
32 | /// Ed25519.
33 | @nonexhaustive
| `- error: unknown attribute 'nonexhaustive'
34 | public enum Signing: Sendable {
35 | typealias Curve25519PrivateKeyImpl = Curve25519.Signing.OpenSSLCurve25519PrivateKeyImpl
/host/spi-builder-workspace/.build/checkouts/swift-crypto/Sources/Crypto/Keys/EC/NISTCurvesKeys.swift:51:2: error: unknown attribute 'nonexhaustive'
49 |
50 | /// An elliptic curve that enables NIST P-256 signatures and key agreement.
51 | @nonexhaustive
| `- error: unknown attribute 'nonexhaustive'
52 | public enum P256: Sendable { }
53 |
/host/spi-builder-workspace/.build/checkouts/swift-crypto/Sources/Crypto/Keys/EC/NISTCurvesKeys.swift:55:2: error: unknown attribute 'nonexhaustive'
53 |
54 | /// An elliptic curve that enables NIST P-384 signatures and key agreement.
55 | @nonexhaustive
| `- error: unknown attribute 'nonexhaustive'
56 | public enum P384: Sendable { }
57 |
/host/spi-builder-workspace/.build/checkouts/swift-crypto/Sources/Crypto/Keys/EC/NISTCurvesKeys.swift:59:2: error: unknown attribute 'nonexhaustive'
57 |
58 | /// An elliptic curve that enables NIST P-521 signatures and key agreement.
59 | @nonexhaustive
| `- error: unknown attribute 'nonexhaustive'
60 | public enum P521: Sendable { }
61 | #endif // canImport(CryptoKit)
/host/spi-builder-workspace/.build/checkouts/swift-crypto/Sources/Crypto/Keys/EC/X25519Keys.swift:33:6: error: unknown attribute 'nonexhaustive'
31 | /// A mechanism used to create a shared secret between two users by
32 | /// performing X25519 key agreement.
33 | @nonexhaustive
| `- error: unknown attribute 'nonexhaustive'
34 | public enum KeyAgreement: Sendable {
35 | typealias Curve25519PrivateKeyImpl = Curve25519.KeyAgreement.OpenSSLCurve25519PrivateKeyImpl
[1546/1673] Compiling NIOCore NIOSplitLinesMessageDecoder.swift
/host/spi-builder-workspace/.build/checkouts/swift-crypto/Sources/Crypto/Key Wrapping/AESWrap.swift:30:6: error: unknown attribute 'nonexhaustive'
28 | /// An implementation of AES Key Wrapping in accordance with the IETF RFC
29 | /// 3394 specification.
30 | @nonexhaustive
| `- error: unknown attribute 'nonexhaustive'
31 | public enum KeyWrap: Sendable {
32 | /// Wraps a key using the AES wrap algorithm.
/host/spi-builder-workspace/.build/checkouts/swift-crypto/Sources/Crypto/Keys/EC/Curve25519.swift:19:2: error: unknown attribute 'nonexhaustive'
17 | #else
18 | /// An elliptic curve that enables X25519 key agreement and Ed25519 signatures.
19 | @nonexhaustive
| `- error: unknown attribute 'nonexhaustive'
20 | public enum Curve25519: Sendable {}
21 | #endif // canImport(CryptoKit)
/host/spi-builder-workspace/.build/checkouts/swift-crypto/Sources/Crypto/Keys/EC/Ed25519Keys.swift:33:6: error: unknown attribute 'nonexhaustive'
31 | /// A mechanism used to create or verify a cryptographic signature using
32 | /// Ed25519.
33 | @nonexhaustive
| `- error: unknown attribute 'nonexhaustive'
34 | public enum Signing: Sendable {
35 | typealias Curve25519PrivateKeyImpl = Curve25519.Signing.OpenSSLCurve25519PrivateKeyImpl
/host/spi-builder-workspace/.build/checkouts/swift-crypto/Sources/Crypto/Keys/EC/NISTCurvesKeys.swift:51:2: error: unknown attribute 'nonexhaustive'
49 |
50 | /// An elliptic curve that enables NIST P-256 signatures and key agreement.
51 | @nonexhaustive
| `- error: unknown attribute 'nonexhaustive'
52 | public enum P256: Sendable { }
53 |
/host/spi-builder-workspace/.build/checkouts/swift-crypto/Sources/Crypto/Keys/EC/NISTCurvesKeys.swift:55:2: error: unknown attribute 'nonexhaustive'
53 |
54 | /// An elliptic curve that enables NIST P-384 signatures and key agreement.
55 | @nonexhaustive
| `- error: unknown attribute 'nonexhaustive'
56 | public enum P384: Sendable { }
57 |
/host/spi-builder-workspace/.build/checkouts/swift-crypto/Sources/Crypto/Keys/EC/NISTCurvesKeys.swift:59:2: error: unknown attribute 'nonexhaustive'
57 |
58 | /// An elliptic curve that enables NIST P-521 signatures and key agreement.
59 | @nonexhaustive
| `- error: unknown attribute 'nonexhaustive'
60 | public enum P521: Sendable { }
61 | #endif // canImport(CryptoKit)
/host/spi-builder-workspace/.build/checkouts/swift-crypto/Sources/Crypto/Keys/EC/X25519Keys.swift:33:6: error: unknown attribute 'nonexhaustive'
31 | /// A mechanism used to create a shared secret between two users by
32 | /// performing X25519 key agreement.
33 | @nonexhaustive
| `- error: unknown attribute 'nonexhaustive'
34 | public enum KeyAgreement: Sendable {
35 | typealias Curve25519PrivateKeyImpl = Curve25519.KeyAgreement.OpenSSLCurve25519PrivateKeyImpl
[1547/1673] Compiling Crypto CryptoKitErrors_boring.swift
[1548/1673] Compiling Crypto InlineArray+withBytes_boring.swift
[1549/1673] Compiling Crypto Optional+withUnsafeBytes_boring.swift
[1550/1673] Compiling Crypto RNG_boring.swift
[1551/1673] Compiling Crypto SafeCompare_boring.swift
[1552/1673] Compiling Crypto Zeroization_boring.swift
[1553/1673] Compiling Crypto _CryptoModuleAnchor.swift
[1554/1673] Compiling Crypto Data+ArraySpan.swift
[1555/1673] Compiling Crypto PrettyBytes.swift
[1556/1673] Compiling Crypto SafeCompare.swift
[1557/1673] Compiling Crypto SecureBytes.swift
[1558/1673] Compiling Crypto Zeroization.swift
[1559/1673] Emitting module Algorithms
[1560/1674] Compiling NIOCore ByteBuffer-binaryEncodedLengthPrefix.swift
/host/spi-builder-workspace/.build/checkouts/swift-crypto/Sources/Crypto/AEADs/AES/GCM/AES-GCM.swift:29:6: error: unknown attribute 'nonexhaustive'
27 | /// The Advanced Encryption Standard (AES) Galois Counter Mode (GCM) cipher
28 | /// suite.
29 | @nonexhaustive
| `- error: unknown attribute 'nonexhaustive'
30 | public enum GCM: Cipher, Sendable {
31 | static let tagByteCount = 16
/host/spi-builder-workspace/.build/checkouts/swift-crypto/Sources/Crypto/AEADs/ChachaPoly/ChaChaPoly.swift:28:2: error: unknown attribute 'nonexhaustive'
26 |
27 | /// An implementation of the ChaCha20-Poly1305 cipher.
28 | @nonexhaustive
| `- error: unknown attribute 'nonexhaustive'
29 | public enum ChaChaPoly: Cipher, Sendable {
30 | static let tagByteCount = 16
[1561/1674] Compiling NIOCore ByteBuffer-conversions.swift
/host/spi-builder-workspace/.build/checkouts/swift-crypto/Sources/Crypto/AEADs/AES/GCM/AES-GCM.swift:29:6: error: unknown attribute 'nonexhaustive'
27 | /// The Advanced Encryption Standard (AES) Galois Counter Mode (GCM) cipher
28 | /// suite.
29 | @nonexhaustive
| `- error: unknown attribute 'nonexhaustive'
30 | public enum GCM: Cipher, Sendable {
31 | static let tagByteCount = 16
/host/spi-builder-workspace/.build/checkouts/swift-crypto/Sources/Crypto/AEADs/ChachaPoly/ChaChaPoly.swift:28:2: error: unknown attribute 'nonexhaustive'
26 |
27 | /// An implementation of the ChaCha20-Poly1305 cipher.
28 | @nonexhaustive
| `- error: unknown attribute 'nonexhaustive'
29 | public enum ChaChaPoly: Cipher, Sendable {
30 | static let tagByteCount = 16
[1562/1674] Compiling NIOCore ByteBuffer-core.swift
/host/spi-builder-workspace/.build/checkouts/swift-crypto/Sources/Crypto/AEADs/AES/GCM/AES-GCM.swift:29:6: error: unknown attribute 'nonexhaustive'
27 | /// The Advanced Encryption Standard (AES) Galois Counter Mode (GCM) cipher
28 | /// suite.
29 | @nonexhaustive
| `- error: unknown attribute 'nonexhaustive'
30 | public enum GCM: Cipher, Sendable {
31 | static let tagByteCount = 16
/host/spi-builder-workspace/.build/checkouts/swift-crypto/Sources/Crypto/AEADs/ChachaPoly/ChaChaPoly.swift:28:2: error: unknown attribute 'nonexhaustive'
26 |
27 | /// An implementation of the ChaCha20-Poly1305 cipher.
28 | @nonexhaustive
| `- error: unknown attribute 'nonexhaustive'
29 | public enum ChaChaPoly: Cipher, Sendable {
30 | static let tagByteCount = 16
[1563/1674] Compiling NIOCore ByteBuffer-hex.swift
/host/spi-builder-workspace/.build/checkouts/swift-crypto/Sources/Crypto/AEADs/AES/GCM/AES-GCM.swift:29:6: error: unknown attribute 'nonexhaustive'
27 | /// The Advanced Encryption Standard (AES) Galois Counter Mode (GCM) cipher
28 | /// suite.
29 | @nonexhaustive
| `- error: unknown attribute 'nonexhaustive'
30 | public enum GCM: Cipher, Sendable {
31 | static let tagByteCount = 16
/host/spi-builder-workspace/.build/checkouts/swift-crypto/Sources/Crypto/AEADs/ChachaPoly/ChaChaPoly.swift:28:2: error: unknown attribute 'nonexhaustive'
26 |
27 | /// An implementation of the ChaCha20-Poly1305 cipher.
28 | @nonexhaustive
| `- error: unknown attribute 'nonexhaustive'
29 | public enum ChaChaPoly: Cipher, Sendable {
30 | static let tagByteCount = 16
[1564/1674] Compiling NIOCore ByteBuffer-int.swift
/host/spi-builder-workspace/.build/checkouts/swift-crypto/Sources/Crypto/AEADs/AES/GCM/AES-GCM.swift:29:6: error: unknown attribute 'nonexhaustive'
27 | /// The Advanced Encryption Standard (AES) Galois Counter Mode (GCM) cipher
28 | /// suite.
29 | @nonexhaustive
| `- error: unknown attribute 'nonexhaustive'
30 | public enum GCM: Cipher, Sendable {
31 | static let tagByteCount = 16
/host/spi-builder-workspace/.build/checkouts/swift-crypto/Sources/Crypto/AEADs/ChachaPoly/ChaChaPoly.swift:28:2: error: unknown attribute 'nonexhaustive'
26 |
27 | /// An implementation of the ChaCha20-Poly1305 cipher.
28 | @nonexhaustive
| `- error: unknown attribute 'nonexhaustive'
29 | public enum ChaChaPoly: Cipher, Sendable {
30 | static let tagByteCount = 16
[1565/1674] Compiling NIOCore ByteBuffer-lengthPrefix.swift
/host/spi-builder-workspace/.build/checkouts/swift-crypto/Sources/Crypto/AEADs/AES/GCM/AES-GCM.swift:29:6: error: unknown attribute 'nonexhaustive'
27 | /// The Advanced Encryption Standard (AES) Galois Counter Mode (GCM) cipher
28 | /// suite.
29 | @nonexhaustive
| `- error: unknown attribute 'nonexhaustive'
30 | public enum GCM: Cipher, Sendable {
31 | static let tagByteCount = 16
/host/spi-builder-workspace/.build/checkouts/swift-crypto/Sources/Crypto/AEADs/ChachaPoly/ChaChaPoly.swift:28:2: error: unknown attribute 'nonexhaustive'
26 |
27 | /// An implementation of the ChaCha20-Poly1305 cipher.
28 | @nonexhaustive
| `- error: unknown attribute 'nonexhaustive'
29 | public enum ChaChaPoly: Cipher, Sendable {
30 | static let tagByteCount = 16
[1566/1674] Compiling NIOCore ByteBuffer-multi-int.swift
/host/spi-builder-workspace/.build/checkouts/swift-crypto/Sources/Crypto/AEADs/AES/GCM/AES-GCM.swift:29:6: error: unknown attribute 'nonexhaustive'
27 | /// The Advanced Encryption Standard (AES) Galois Counter Mode (GCM) cipher
28 | /// suite.
29 | @nonexhaustive
| `- error: unknown attribute 'nonexhaustive'
30 | public enum GCM: Cipher, Sendable {
31 | static let tagByteCount = 16
/host/spi-builder-workspace/.build/checkouts/swift-crypto/Sources/Crypto/AEADs/ChachaPoly/ChaChaPoly.swift:28:2: error: unknown attribute 'nonexhaustive'
26 |
27 | /// An implementation of the ChaCha20-Poly1305 cipher.
28 | @nonexhaustive
| `- error: unknown attribute 'nonexhaustive'
29 | public enum ChaChaPoly: Cipher, Sendable {
30 | static let tagByteCount = 16
[1567/1674] Compiling NIOCore ByteBuffer-quicBinaryEncodingStrategy.swift
/host/spi-builder-workspace/.build/checkouts/swift-crypto/Sources/Crypto/AEADs/AES/GCM/AES-GCM.swift:29:6: error: unknown attribute 'nonexhaustive'
27 | /// The Advanced Encryption Standard (AES) Galois Counter Mode (GCM) cipher
28 | /// suite.
29 | @nonexhaustive
| `- error: unknown attribute 'nonexhaustive'
30 | public enum GCM: Cipher, Sendable {
31 | static let tagByteCount = 16
/host/spi-builder-workspace/.build/checkouts/swift-crypto/Sources/Crypto/AEADs/ChachaPoly/ChaChaPoly.swift:28:2: error: unknown attribute 'nonexhaustive'
26 |
27 | /// An implementation of the ChaCha20-Poly1305 cipher.
28 | @nonexhaustive
| `- error: unknown attribute 'nonexhaustive'
29 | public enum ChaChaPoly: Cipher, Sendable {
30 | static let tagByteCount = 16
[1568/1674] Compiling NIOCore ByteBuffer-views.swift
/host/spi-builder-workspace/.build/checkouts/swift-crypto/Sources/Crypto/AEADs/AES/GCM/AES-GCM.swift:29:6: error: unknown attribute 'nonexhaustive'
27 | /// The Advanced Encryption Standard (AES) Galois Counter Mode (GCM) cipher
28 | /// suite.
29 | @nonexhaustive
| `- error: unknown attribute 'nonexhaustive'
30 | public enum GCM: Cipher, Sendable {
31 | static let tagByteCount = 16
/host/spi-builder-workspace/.build/checkouts/swift-crypto/Sources/Crypto/AEADs/ChachaPoly/ChaChaPoly.swift:28:2: error: unknown attribute 'nonexhaustive'
26 |
27 | /// An implementation of the ChaCha20-Poly1305 cipher.
28 | @nonexhaustive
| `- error: unknown attribute 'nonexhaustive'
29 | public enum ChaChaPoly: Cipher, Sendable {
30 | static let tagByteCount = 16
[1569/1674] Compiling NIOCore Channel.swift
/host/spi-builder-workspace/.build/checkouts/swift-crypto/Sources/Crypto/AEADs/AES/GCM/AES-GCM.swift:29:6: error: unknown attribute 'nonexhaustive'
27 | /// The Advanced Encryption Standard (AES) Galois Counter Mode (GCM) cipher
28 | /// suite.
29 | @nonexhaustive
| `- error: unknown attribute 'nonexhaustive'
30 | public enum GCM: Cipher, Sendable {
31 | static let tagByteCount = 16
/host/spi-builder-workspace/.build/checkouts/swift-crypto/Sources/Crypto/AEADs/ChachaPoly/ChaChaPoly.swift:28:2: error: unknown attribute 'nonexhaustive'
26 |
27 | /// An implementation of the ChaCha20-Poly1305 cipher.
28 | @nonexhaustive
| `- error: unknown attribute 'nonexhaustive'
29 | public enum ChaChaPoly: Cipher, Sendable {
30 | static let tagByteCount = 16
[1570/1674] Compiling NIOCore ChannelHandler.swift
/host/spi-builder-workspace/.build/checkouts/swift-crypto/Sources/Crypto/AEADs/AES/GCM/AES-GCM.swift:29:6: error: unknown attribute 'nonexhaustive'
27 | /// The Advanced Encryption Standard (AES) Galois Counter Mode (GCM) cipher
28 | /// suite.
29 | @nonexhaustive
| `- error: unknown attribute 'nonexhaustive'
30 | public enum GCM: Cipher, Sendable {
31 | static let tagByteCount = 16
/host/spi-builder-workspace/.build/checkouts/swift-crypto/Sources/Crypto/AEADs/ChachaPoly/ChaChaPoly.swift:28:2: error: unknown attribute 'nonexhaustive'
26 |
27 | /// An implementation of the ChaCha20-Poly1305 cipher.
28 | @nonexhaustive
| `- error: unknown attribute 'nonexhaustive'
29 | public enum ChaChaPoly: Cipher, Sendable {
30 | static let tagByteCount = 16
[1571/1674] Compiling NIOCore ChannelHandlers.swift
/host/spi-builder-workspace/.build/checkouts/swift-crypto/Sources/Crypto/AEADs/AES/GCM/AES-GCM.swift:29:6: error: unknown attribute 'nonexhaustive'
27 | /// The Advanced Encryption Standard (AES) Galois Counter Mode (GCM) cipher
28 | /// suite.
29 | @nonexhaustive
| `- error: unknown attribute 'nonexhaustive'
30 | public enum GCM: Cipher, Sendable {
31 | static let tagByteCount = 16
/host/spi-builder-workspace/.build/checkouts/swift-crypto/Sources/Crypto/AEADs/ChachaPoly/ChaChaPoly.swift:28:2: error: unknown attribute 'nonexhaustive'
26 |
27 | /// An implementation of the ChaCha20-Poly1305 cipher.
28 | @nonexhaustive
| `- error: unknown attribute 'nonexhaustive'
29 | public enum ChaChaPoly: Cipher, Sendable {
30 | static let tagByteCount = 16
[1572/1674] Compiling NIOCore ChannelInvoker.swift
/host/spi-builder-workspace/.build/checkouts/swift-crypto/Sources/Crypto/AEADs/AES/GCM/AES-GCM.swift:29:6: error: unknown attribute 'nonexhaustive'
27 | /// The Advanced Encryption Standard (AES) Galois Counter Mode (GCM) cipher
28 | /// suite.
29 | @nonexhaustive
| `- error: unknown attribute 'nonexhaustive'
30 | public enum GCM: Cipher, Sendable {
31 | static let tagByteCount = 16
/host/spi-builder-workspace/.build/checkouts/swift-crypto/Sources/Crypto/AEADs/ChachaPoly/ChaChaPoly.swift:28:2: error: unknown attribute 'nonexhaustive'
26 |
27 | /// An implementation of the ChaCha20-Poly1305 cipher.
28 | @nonexhaustive
| `- error: unknown attribute 'nonexhaustive'
29 | public enum ChaChaPoly: Cipher, Sendable {
30 | static let tagByteCount = 16
[1574/1674] Compiling NIOCore IntegerBitPacking.swift
/host/spi-builder-workspace/.build/checkouts/swift-crypto/Sources/Crypto/HPKE/Ciphersuite/HPKE-AEAD.swift:27:6: error: unknown attribute 'nonexhaustive'
25 | extension HPKE {
26 | /// The authenticated encryption with associated data (AEAD) algorithms to use in HPKE.
27 | @nonexhaustive
| `- error: unknown attribute 'nonexhaustive'
28 | public enum AEAD: CaseIterable, Hashable, Sendable {
29 | /// An Advanced Encryption Standard cipher in Galois/Counter Mode with a key length of 128 bits.
/host/spi-builder-workspace/.build/checkouts/swift-crypto/Sources/Crypto/HPKE/Ciphersuite/HPKE-KDF.swift:27:6: error: unknown attribute 'nonexhaustive'
25 | extension HPKE {
26 | /// The key derivation functions to use in HPKE.
27 | @nonexhaustive
| `- error: unknown attribute 'nonexhaustive'
28 | public enum KDF: CaseIterable, Hashable, Sendable {
29 | /// An HMAC-based key derivation function that uses SHA-2 hashing with a 256-bit digest.
[1575/1674] Compiling NIOCore IntegerTypes.swift
/host/spi-builder-workspace/.build/checkouts/swift-crypto/Sources/Crypto/HPKE/Ciphersuite/HPKE-AEAD.swift:27:6: error: unknown attribute 'nonexhaustive'
25 | extension HPKE {
26 | /// The authenticated encryption with associated data (AEAD) algorithms to use in HPKE.
27 | @nonexhaustive
| `- error: unknown attribute 'nonexhaustive'
28 | public enum AEAD: CaseIterable, Hashable, Sendable {
29 | /// An Advanced Encryption Standard cipher in Galois/Counter Mode with a key length of 128 bits.
/host/spi-builder-workspace/.build/checkouts/swift-crypto/Sources/Crypto/HPKE/Ciphersuite/HPKE-KDF.swift:27:6: error: unknown attribute 'nonexhaustive'
25 | extension HPKE {
26 | /// The key derivation functions to use in HPKE.
27 | @nonexhaustive
| `- error: unknown attribute 'nonexhaustive'
28 | public enum KDF: CaseIterable, Hashable, Sendable {
29 | /// An HMAC-based key derivation function that uses SHA-2 hashing with a 256-bit digest.
[1576/1674] Compiling NIOCore Interfaces.swift
/host/spi-builder-workspace/.build/checkouts/swift-crypto/Sources/Crypto/HPKE/Ciphersuite/HPKE-AEAD.swift:27:6: error: unknown attribute 'nonexhaustive'
25 | extension HPKE {
26 | /// The authenticated encryption with associated data (AEAD) algorithms to use in HPKE.
27 | @nonexhaustive
| `- error: unknown attribute 'nonexhaustive'
28 | public enum AEAD: CaseIterable, Hashable, Sendable {
29 | /// An Advanced Encryption Standard cipher in Galois/Counter Mode with a key length of 128 bits.
/host/spi-builder-workspace/.build/checkouts/swift-crypto/Sources/Crypto/HPKE/Ciphersuite/HPKE-KDF.swift:27:6: error: unknown attribute 'nonexhaustive'
25 | extension HPKE {
26 | /// The key derivation functions to use in HPKE.
27 | @nonexhaustive
| `- error: unknown attribute 'nonexhaustive'
28 | public enum KDF: CaseIterable, Hashable, Sendable {
29 | /// An HMAC-based key derivation function that uses SHA-2 hashing with a 256-bit digest.
[1577/1674] Compiling NIOCore Linux.swift
/host/spi-builder-workspace/.build/checkouts/swift-crypto/Sources/Crypto/HPKE/Ciphersuite/HPKE-AEAD.swift:27:6: error: unknown attribute 'nonexhaustive'
25 | extension HPKE {
26 | /// The authenticated encryption with associated data (AEAD) algorithms to use in HPKE.
27 | @nonexhaustive
| `- error: unknown attribute 'nonexhaustive'
28 | public enum AEAD: CaseIterable, Hashable, Sendable {
29 | /// An Advanced Encryption Standard cipher in Galois/Counter Mode with a key length of 128 bits.
/host/spi-builder-workspace/.build/checkouts/swift-crypto/Sources/Crypto/HPKE/Ciphersuite/HPKE-KDF.swift:27:6: error: unknown attribute 'nonexhaustive'
25 | extension HPKE {
26 | /// The key derivation functions to use in HPKE.
27 | @nonexhaustive
| `- error: unknown attribute 'nonexhaustive'
28 | public enum KDF: CaseIterable, Hashable, Sendable {
29 | /// An HMAC-based key derivation function that uses SHA-2 hashing with a 256-bit digest.
[1578/1674] Compiling NIOCore MarkedCircularBuffer.swift
/host/spi-builder-workspace/.build/checkouts/swift-crypto/Sources/Crypto/HPKE/Ciphersuite/HPKE-AEAD.swift:27:6: error: unknown attribute 'nonexhaustive'
25 | extension HPKE {
26 | /// The authenticated encryption with associated data (AEAD) algorithms to use in HPKE.
27 | @nonexhaustive
| `- error: unknown attribute 'nonexhaustive'
28 | public enum AEAD: CaseIterable, Hashable, Sendable {
29 | /// An Advanced Encryption Standard cipher in Galois/Counter Mode with a key length of 128 bits.
/host/spi-builder-workspace/.build/checkouts/swift-crypto/Sources/Crypto/HPKE/Ciphersuite/HPKE-KDF.swift:27:6: error: unknown attribute 'nonexhaustive'
25 | extension HPKE {
26 | /// The key derivation functions to use in HPKE.
27 | @nonexhaustive
| `- error: unknown attribute 'nonexhaustive'
28 | public enum KDF: CaseIterable, Hashable, Sendable {
29 | /// An HMAC-based key derivation function that uses SHA-2 hashing with a 256-bit digest.
[1579/1674] Compiling NIOCore MulticastChannel.swift
/host/spi-builder-workspace/.build/checkouts/swift-crypto/Sources/Crypto/HPKE/Ciphersuite/HPKE-AEAD.swift:27:6: error: unknown attribute 'nonexhaustive'
25 | extension HPKE {
26 | /// The authenticated encryption with associated data (AEAD) algorithms to use in HPKE.
27 | @nonexhaustive
| `- error: unknown attribute 'nonexhaustive'
28 | public enum AEAD: CaseIterable, Hashable, Sendable {
29 | /// An Advanced Encryption Standard cipher in Galois/Counter Mode with a key length of 128 bits.
/host/spi-builder-workspace/.build/checkouts/swift-crypto/Sources/Crypto/HPKE/Ciphersuite/HPKE-KDF.swift:27:6: error: unknown attribute 'nonexhaustive'
25 | extension HPKE {
26 | /// The key derivation functions to use in HPKE.
27 | @nonexhaustive
| `- error: unknown attribute 'nonexhaustive'
28 | public enum KDF: CaseIterable, Hashable, Sendable {
29 | /// An HMAC-based key derivation function that uses SHA-2 hashing with a 256-bit digest.
[1580/1674] Compiling NIOCore NIOAny.swift
/host/spi-builder-workspace/.build/checkouts/swift-crypto/Sources/Crypto/HPKE/Ciphersuite/HPKE-AEAD.swift:27:6: error: unknown attribute 'nonexhaustive'
25 | extension HPKE {
26 | /// The authenticated encryption with associated data (AEAD) algorithms to use in HPKE.
27 | @nonexhaustive
| `- error: unknown attribute 'nonexhaustive'
28 | public enum AEAD: CaseIterable, Hashable, Sendable {
29 | /// An Advanced Encryption Standard cipher in Galois/Counter Mode with a key length of 128 bits.
/host/spi-builder-workspace/.build/checkouts/swift-crypto/Sources/Crypto/HPKE/Ciphersuite/HPKE-KDF.swift:27:6: error: unknown attribute 'nonexhaustive'
25 | extension HPKE {
26 | /// The key derivation functions to use in HPKE.
27 | @nonexhaustive
| `- error: unknown attribute 'nonexhaustive'
28 | public enum KDF: CaseIterable, Hashable, Sendable {
29 | /// An HMAC-based key derivation function that uses SHA-2 hashing with a 256-bit digest.
[1581/1674] Compiling NIOCore NIOCloseOnErrorHandler.swift
/host/spi-builder-workspace/.build/checkouts/swift-crypto/Sources/Crypto/HPKE/Ciphersuite/HPKE-AEAD.swift:27:6: error: unknown attribute 'nonexhaustive'
25 | extension HPKE {
26 | /// The authenticated encryption with associated data (AEAD) algorithms to use in HPKE.
27 | @nonexhaustive
| `- error: unknown attribute 'nonexhaustive'
28 | public enum AEAD: CaseIterable, Hashable, Sendable {
29 | /// An Advanced Encryption Standard cipher in Galois/Counter Mode with a key length of 128 bits.
/host/spi-builder-workspace/.build/checkouts/swift-crypto/Sources/Crypto/HPKE/Ciphersuite/HPKE-KDF.swift:27:6: error: unknown attribute 'nonexhaustive'
25 | extension HPKE {
26 | /// The key derivation functions to use in HPKE.
27 | @nonexhaustive
| `- error: unknown attribute 'nonexhaustive'
28 | public enum KDF: CaseIterable, Hashable, Sendable {
29 | /// An HMAC-based key derivation function that uses SHA-2 hashing with a 256-bit digest.
[1582/1674] Compiling NIOCore EventLoopFuture+Deprecated.swift
/host/spi-builder-workspace/.build/checkouts/swift-crypto/Sources/Crypto/HPKE/Ciphersuite/HPKE-AEAD.swift:27:6: error: unknown attribute 'nonexhaustive'
25 | extension HPKE {
26 | /// The authenticated encryption with associated data (AEAD) algorithms to use in HPKE.
27 | @nonexhaustive
| `- error: unknown attribute 'nonexhaustive'
28 | public enum AEAD: CaseIterable, Hashable, Sendable {
29 | /// An Advanced Encryption Standard cipher in Galois/Counter Mode with a key length of 128 bits.
/host/spi-builder-workspace/.build/checkouts/swift-crypto/Sources/Crypto/HPKE/Ciphersuite/HPKE-KDF.swift:27:6: error: unknown attribute 'nonexhaustive'
25 | extension HPKE {
26 | /// The key derivation functions to use in HPKE.
27 | @nonexhaustive
| `- error: unknown attribute 'nonexhaustive'
28 | public enum KDF: CaseIterable, Hashable, Sendable {
29 | /// An HMAC-based key derivation function that uses SHA-2 hashing with a 256-bit digest.
[1583/1674] Compiling NIOCore EventLoopFuture+WithEventLoop.swift
/host/spi-builder-workspace/.build/checkouts/swift-crypto/Sources/Crypto/HPKE/Ciphersuite/HPKE-AEAD.swift:27:6: error: unknown attribute 'nonexhaustive'
25 | extension HPKE {
26 | /// The authenticated encryption with associated data (AEAD) algorithms to use in HPKE.
27 | @nonexhaustive
| `- error: unknown attribute 'nonexhaustive'
28 | public enum AEAD: CaseIterable, Hashable, Sendable {
29 | /// An Advanced Encryption Standard cipher in Galois/Counter Mode with a key length of 128 bits.
/host/spi-builder-workspace/.build/checkouts/swift-crypto/Sources/Crypto/HPKE/Ciphersuite/HPKE-KDF.swift:27:6: error: unknown attribute 'nonexhaustive'
25 | extension HPKE {
26 | /// The key derivation functions to use in HPKE.
27 | @nonexhaustive
| `- error: unknown attribute 'nonexhaustive'
28 | public enum KDF: CaseIterable, Hashable, Sendable {
29 | /// An HMAC-based key derivation function that uses SHA-2 hashing with a 256-bit digest.
[1584/1674] Compiling NIOCore EventLoopFuture.swift
/host/spi-builder-workspace/.build/checkouts/swift-crypto/Sources/Crypto/HPKE/Ciphersuite/HPKE-AEAD.swift:27:6: error: unknown attribute 'nonexhaustive'
25 | extension HPKE {
26 | /// The authenticated encryption with associated data (AEAD) algorithms to use in HPKE.
27 | @nonexhaustive
| `- error: unknown attribute 'nonexhaustive'
28 | public enum AEAD: CaseIterable, Hashable, Sendable {
29 | /// An Advanced Encryption Standard cipher in Galois/Counter Mode with a key length of 128 bits.
/host/spi-builder-workspace/.build/checkouts/swift-crypto/Sources/Crypto/HPKE/Ciphersuite/HPKE-KDF.swift:27:6: error: unknown attribute 'nonexhaustive'
25 | extension HPKE {
26 | /// The key derivation functions to use in HPKE.
27 | @nonexhaustive
| `- error: unknown attribute 'nonexhaustive'
28 | public enum KDF: CaseIterable, Hashable, Sendable {
29 | /// An HMAC-based key derivation function that uses SHA-2 hashing with a 256-bit digest.
[1585/1674] Compiling NIOCore FileDescriptor.swift
/host/spi-builder-workspace/.build/checkouts/swift-crypto/Sources/Crypto/HPKE/Ciphersuite/HPKE-AEAD.swift:27:6: error: unknown attribute 'nonexhaustive'
25 | extension HPKE {
26 | /// The authenticated encryption with associated data (AEAD) algorithms to use in HPKE.
27 | @nonexhaustive
| `- error: unknown attribute 'nonexhaustive'
28 | public enum AEAD: CaseIterable, Hashable, Sendable {
29 | /// An Advanced Encryption Standard cipher in Galois/Counter Mode with a key length of 128 bits.
/host/spi-builder-workspace/.build/checkouts/swift-crypto/Sources/Crypto/HPKE/Ciphersuite/HPKE-KDF.swift:27:6: error: unknown attribute 'nonexhaustive'
25 | extension HPKE {
26 | /// The key derivation functions to use in HPKE.
27 | @nonexhaustive
| `- error: unknown attribute 'nonexhaustive'
28 | public enum KDF: CaseIterable, Hashable, Sendable {
29 | /// An HMAC-based key derivation function that uses SHA-2 hashing with a 256-bit digest.
[1586/1674] Compiling NIOCore NIOTransportAccessibleChannelCore.swift
/host/spi-builder-workspace/.build/checkouts/swift-crypto/Sources/Crypto/CryptoKitErrors.swift:19:2: error: unknown attribute 'nonexhaustive'
17 | #else
18 | /// General cryptography errors used by CryptoKit.
19 | @nonexhaustive
| `- error: unknown attribute 'nonexhaustive'
20 | public enum CryptoKitError: Error {
21 | /// The key size is incorrect.
/host/spi-builder-workspace/.build/checkouts/swift-crypto/Sources/Crypto/CryptoKitErrors.swift:41:2: error: unknown attribute 'nonexhaustive'
39 |
40 | /// Errors from decoding ASN.1 content.
41 | @nonexhaustive
| `- error: unknown attribute 'nonexhaustive'
42 | public enum CryptoKitASN1Error: Equatable, Error, Hashable {
43 | /// The ASN.1 tag for this field is invalid or unsupported.
[1587/1674] Compiling NIOCore RecvByteBufferAllocator.swift
/host/spi-builder-workspace/.build/checkouts/swift-crypto/Sources/Crypto/CryptoKitErrors.swift:19:2: error: unknown attribute 'nonexhaustive'
17 | #else
18 | /// General cryptography errors used by CryptoKit.
19 | @nonexhaustive
| `- error: unknown attribute 'nonexhaustive'
20 | public enum CryptoKitError: Error {
21 | /// The key size is incorrect.
/host/spi-builder-workspace/.build/checkouts/swift-crypto/Sources/Crypto/CryptoKitErrors.swift:41:2: error: unknown attribute 'nonexhaustive'
39 |
40 | /// Errors from decoding ASN.1 content.
41 | @nonexhaustive
| `- error: unknown attribute 'nonexhaustive'
42 | public enum CryptoKitASN1Error: Equatable, Error, Hashable {
43 | /// The ASN.1 tag for this field is invalid or unsupported.
[1588/1674] Compiling Crypto ArraySliceBigint.swift
/host/spi-builder-workspace/.build/checkouts/swift-crypto/Sources/Crypto/CryptoKitErrors.swift:19:2: error: unknown attribute 'nonexhaustive'
17 | #else
18 | /// General cryptography errors used by CryptoKit.
19 | @nonexhaustive
| `- error: unknown attribute 'nonexhaustive'
20 | public enum CryptoKitError: Error {
21 | /// The key size is incorrect.
/host/spi-builder-workspace/.build/checkouts/swift-crypto/Sources/Crypto/CryptoKitErrors.swift:41:2: error: unknown attribute 'nonexhaustive'
39 |
40 | /// Errors from decoding ASN.1 content.
41 | @nonexhaustive
| `- error: unknown attribute 'nonexhaustive'
42 | public enum CryptoKitASN1Error: Equatable, Error, Hashable {
43 | /// The ASN.1 tag for this field is invalid or unsupported.
[1589/1674] Compiling Crypto GeneralizedTime.swift
/host/spi-builder-workspace/.build/checkouts/swift-crypto/Sources/Crypto/CryptoKitErrors.swift:19:2: error: unknown attribute 'nonexhaustive'
17 | #else
18 | /// General cryptography errors used by CryptoKit.
19 | @nonexhaustive
| `- error: unknown attribute 'nonexhaustive'
20 | public enum CryptoKitError: Error {
21 | /// The key size is incorrect.
/host/spi-builder-workspace/.build/checkouts/swift-crypto/Sources/Crypto/CryptoKitErrors.swift:41:2: error: unknown attribute 'nonexhaustive'
39 |
40 | /// Errors from decoding ASN.1 content.
41 | @nonexhaustive
| `- error: unknown attribute 'nonexhaustive'
42 | public enum CryptoKitASN1Error: Equatable, Error, Hashable {
43 | /// The ASN.1 tag for this field is invalid or unsupported.
[1590/1674] Compiling Crypto ObjectIdentifier.swift
/host/spi-builder-workspace/.build/checkouts/swift-crypto/Sources/Crypto/CryptoKitErrors.swift:19:2: error: unknown attribute 'nonexhaustive'
17 | #else
18 | /// General cryptography errors used by CryptoKit.
19 | @nonexhaustive
| `- error: unknown attribute 'nonexhaustive'
20 | public enum CryptoKitError: Error {
21 | /// The key size is incorrect.
/host/spi-builder-workspace/.build/checkouts/swift-crypto/Sources/Crypto/CryptoKitErrors.swift:41:2: error: unknown attribute 'nonexhaustive'
39 |
40 | /// Errors from decoding ASN.1 content.
41 | @nonexhaustive
| `- error: unknown attribute 'nonexhaustive'
42 | public enum CryptoKitASN1Error: Equatable, Error, Hashable {
43 | /// The ASN.1 tag for this field is invalid or unsupported.
[1591/1674] Compiling Crypto ECDSASignature.swift
/host/spi-builder-workspace/.build/checkouts/swift-crypto/Sources/Crypto/CryptoKitErrors.swift:19:2: error: unknown attribute 'nonexhaustive'
17 | #else
18 | /// General cryptography errors used by CryptoKit.
19 | @nonexhaustive
| `- error: unknown attribute 'nonexhaustive'
20 | public enum CryptoKitError: Error {
21 | /// The key size is incorrect.
/host/spi-builder-workspace/.build/checkouts/swift-crypto/Sources/Crypto/CryptoKitErrors.swift:41:2: error: unknown attribute 'nonexhaustive'
39 |
40 | /// Errors from decoding ASN.1 content.
41 | @nonexhaustive
| `- error: unknown attribute 'nonexhaustive'
42 | public enum CryptoKitASN1Error: Equatable, Error, Hashable {
43 | /// The ASN.1 tag for this field is invalid or unsupported.
[1592/1674] Compiling Crypto PEMDocument.swift
/host/spi-builder-workspace/.build/checkouts/swift-crypto/Sources/Crypto/CryptoKitErrors.swift:19:2: error: unknown attribute 'nonexhaustive'
17 | #else
18 | /// General cryptography errors used by CryptoKit.
19 | @nonexhaustive
| `- error: unknown attribute 'nonexhaustive'
20 | public enum CryptoKitError: Error {
21 | /// The key size is incorrect.
/host/spi-builder-workspace/.build/checkouts/swift-crypto/Sources/Crypto/CryptoKitErrors.swift:41:2: error: unknown attribute 'nonexhaustive'
39 |
40 | /// Errors from decoding ASN.1 content.
41 | @nonexhaustive
| `- error: unknown attribute 'nonexhaustive'
42 | public enum CryptoKitASN1Error: Equatable, Error, Hashable {
43 | /// The ASN.1 tag for this field is invalid or unsupported.
[1593/1674] Compiling Crypto PKCS8PrivateKey.swift
/host/spi-builder-workspace/.build/checkouts/swift-crypto/Sources/Crypto/CryptoKitErrors.swift:19:2: error: unknown attribute 'nonexhaustive'
17 | #else
18 | /// General cryptography errors used by CryptoKit.
19 | @nonexhaustive
| `- error: unknown attribute 'nonexhaustive'
20 | public enum CryptoKitError: Error {
21 | /// The key size is incorrect.
/host/spi-builder-workspace/.build/checkouts/swift-crypto/Sources/Crypto/CryptoKitErrors.swift:41:2: error: unknown attribute 'nonexhaustive'
39 |
40 | /// Errors from decoding ASN.1 content.
41 | @nonexhaustive
| `- error: unknown attribute 'nonexhaustive'
42 | public enum CryptoKitASN1Error: Equatable, Error, Hashable {
43 | /// The ASN.1 tag for this field is invalid or unsupported.
[1594/1674] Compiling Crypto SEC1PrivateKey.swift
/host/spi-builder-workspace/.build/checkouts/swift-crypto/Sources/Crypto/CryptoKitErrors.swift:19:2: error: unknown attribute 'nonexhaustive'
17 | #else
18 | /// General cryptography errors used by CryptoKit.
19 | @nonexhaustive
| `- error: unknown attribute 'nonexhaustive'
20 | public enum CryptoKitError: Error {
21 | /// The key size is incorrect.
/host/spi-builder-workspace/.build/checkouts/swift-crypto/Sources/Crypto/CryptoKitErrors.swift:41:2: error: unknown attribute 'nonexhaustive'
39 |
40 | /// Errors from decoding ASN.1 content.
41 | @nonexhaustive
| `- error: unknown attribute 'nonexhaustive'
42 | public enum CryptoKitASN1Error: Equatable, Error, Hashable {
43 | /// The ASN.1 tag for this field is invalid or unsupported.
[1595/1674] Compiling Crypto SubjectPublicKeyInfo.swift
/host/spi-builder-workspace/.build/checkouts/swift-crypto/Sources/Crypto/CryptoKitErrors.swift:19:2: error: unknown attribute 'nonexhaustive'
17 | #else
18 | /// General cryptography errors used by CryptoKit.
19 | @nonexhaustive
| `- error: unknown attribute 'nonexhaustive'
20 | public enum CryptoKitError: Error {
21 | /// The key size is incorrect.
/host/spi-builder-workspace/.build/checkouts/swift-crypto/Sources/Crypto/CryptoKitErrors.swift:41:2: error: unknown attribute 'nonexhaustive'
39 |
40 | /// Errors from decoding ASN.1 content.
41 | @nonexhaustive
| `- error: unknown attribute 'nonexhaustive'
42 | public enum CryptoKitASN1Error: Equatable, Error, Hashable {
43 | /// The ASN.1 tag for this field is invalid or unsupported.
[1596/1674] Compiling Crypto CryptoError_boring.swift
/host/spi-builder-workspace/.build/checkouts/swift-crypto/Sources/Crypto/CryptoKitErrors.swift:19:2: error: unknown attribute 'nonexhaustive'
17 | #else
18 | /// General cryptography errors used by CryptoKit.
19 | @nonexhaustive
| `- error: unknown attribute 'nonexhaustive'
20 | public enum CryptoKitError: Error {
21 | /// The key size is incorrect.
/host/spi-builder-workspace/.build/checkouts/swift-crypto/Sources/Crypto/CryptoKitErrors.swift:41:2: error: unknown attribute 'nonexhaustive'
39 |
40 | /// Errors from decoding ASN.1 content.
41 | @nonexhaustive
| `- error: unknown attribute 'nonexhaustive'
42 | public enum CryptoKitASN1Error: Equatable, Error, Hashable {
43 | /// The ASN.1 tag for this field is invalid or unsupported.
[1597/1674] Compiling Crypto CryptoKitErrors.swift
/host/spi-builder-workspace/.build/checkouts/swift-crypto/Sources/Crypto/CryptoKitErrors.swift:19:2: error: unknown attribute 'nonexhaustive'
17 | #else
18 | /// General cryptography errors used by CryptoKit.
19 | @nonexhaustive
| `- error: unknown attribute 'nonexhaustive'
20 | public enum CryptoKitError: Error {
21 | /// The key size is incorrect.
/host/spi-builder-workspace/.build/checkouts/swift-crypto/Sources/Crypto/CryptoKitErrors.swift:41:2: error: unknown attribute 'nonexhaustive'
39 |
40 | /// Errors from decoding ASN.1 content.
41 | @nonexhaustive
| `- error: unknown attribute 'nonexhaustive'
42 | public enum CryptoKitASN1Error: Equatable, Error, Hashable {
43 | /// The ASN.1 tag for this field is invalid or unsupported.
[1607/1682] Compiling Crypto MessageAuthenticationCode.swift
/host/spi-builder-workspace/.build/checkouts/swift-crypto/Sources/Crypto/PRF/AES.swift:19:2: error: unknown attribute 'nonexhaustive'
17 | #else
18 | /// A container for Advanced Encryption Standard (AES) ciphers.
19 | @nonexhaustive
| `- error: unknown attribute 'nonexhaustive'
20 | public enum AES: Sendable {
21 | static let blockSizeByteCount = 16
/host/spi-builder-workspace/.build/checkouts/swift-crypto/Sources/Crypto/Signatures/MLDSA.swift:29:2: error: unknown attribute 'nonexhaustive'
27 |
28 | /// The MLDSA65 Digital Signature Algorithm
29 | @nonexhaustive
| `- error: unknown attribute 'nonexhaustive'
30 | public enum MLDSA65: Sendable {}
31 |
/host/spi-builder-workspace/.build/checkouts/swift-crypto/Sources/Crypto/Signatures/MLDSA.swift:184:2: error: unknown attribute 'nonexhaustive'
182 |
183 | /// The MLDSA87 Digital Signature Algorithm
184 | @nonexhaustive
| `- error: unknown attribute 'nonexhaustive'
185 | public enum MLDSA87: Sendable {}
186 |
[1608/1682] Compiling Crypto AES.swift
/host/spi-builder-workspace/.build/checkouts/swift-crypto/Sources/Crypto/PRF/AES.swift:19:2: error: unknown attribute 'nonexhaustive'
17 | #else
18 | /// A container for Advanced Encryption Standard (AES) ciphers.
19 | @nonexhaustive
| `- error: unknown attribute 'nonexhaustive'
20 | public enum AES: Sendable {
21 | static let blockSizeByteCount = 16
/host/spi-builder-workspace/.build/checkouts/swift-crypto/Sources/Crypto/Signatures/MLDSA.swift:29:2: error: unknown attribute 'nonexhaustive'
27 |
28 | /// The MLDSA65 Digital Signature Algorithm
29 | @nonexhaustive
| `- error: unknown attribute 'nonexhaustive'
30 | public enum MLDSA65: Sendable {}
31 |
/host/spi-builder-workspace/.build/checkouts/swift-crypto/Sources/Crypto/Signatures/MLDSA.swift:184:2: error: unknown attribute 'nonexhaustive'
182 |
183 | /// The MLDSA87 Digital Signature Algorithm
184 | @nonexhaustive
| `- error: unknown attribute 'nonexhaustive'
185 | public enum MLDSA87: Sendable {}
186 |
[1609/1682] Compiling Crypto ECDSASignature_boring.swift
/host/spi-builder-workspace/.build/checkouts/swift-crypto/Sources/Crypto/PRF/AES.swift:19:2: error: unknown attribute 'nonexhaustive'
17 | #else
18 | /// A container for Advanced Encryption Standard (AES) ciphers.
19 | @nonexhaustive
| `- error: unknown attribute 'nonexhaustive'
20 | public enum AES: Sendable {
21 | static let blockSizeByteCount = 16
/host/spi-builder-workspace/.build/checkouts/swift-crypto/Sources/Crypto/Signatures/MLDSA.swift:29:2: error: unknown attribute 'nonexhaustive'
27 |
28 | /// The MLDSA65 Digital Signature Algorithm
29 | @nonexhaustive
| `- error: unknown attribute 'nonexhaustive'
30 | public enum MLDSA65: Sendable {}
31 |
/host/spi-builder-workspace/.build/checkouts/swift-crypto/Sources/Crypto/Signatures/MLDSA.swift:184:2: error: unknown attribute 'nonexhaustive'
182 |
183 | /// The MLDSA87 Digital Signature Algorithm
184 | @nonexhaustive
| `- error: unknown attribute 'nonexhaustive'
185 | public enum MLDSA87: Sendable {}
186 |
[1610/1682] Compiling Crypto ECDSA_boring.swift
/host/spi-builder-workspace/.build/checkouts/swift-crypto/Sources/Crypto/PRF/AES.swift:19:2: error: unknown attribute 'nonexhaustive'
17 | #else
18 | /// A container for Advanced Encryption Standard (AES) ciphers.
19 | @nonexhaustive
| `- error: unknown attribute 'nonexhaustive'
20 | public enum AES: Sendable {
21 | static let blockSizeByteCount = 16
/host/spi-builder-workspace/.build/checkouts/swift-crypto/Sources/Crypto/Signatures/MLDSA.swift:29:2: error: unknown attribute 'nonexhaustive'
27 |
28 | /// The MLDSA65 Digital Signature Algorithm
29 | @nonexhaustive
| `- error: unknown attribute 'nonexhaustive'
30 | public enum MLDSA65: Sendable {}
31 |
/host/spi-builder-workspace/.build/checkouts/swift-crypto/Sources/Crypto/Signatures/MLDSA.swift:184:2: error: unknown attribute 'nonexhaustive'
182 |
183 | /// The MLDSA87 Digital Signature Algorithm
184 | @nonexhaustive
| `- error: unknown attribute 'nonexhaustive'
185 | public enum MLDSA87: Sendable {}
186 |
[1611/1682] Compiling Crypto EdDSA_boring.swift
/host/spi-builder-workspace/.build/checkouts/swift-crypto/Sources/Crypto/PRF/AES.swift:19:2: error: unknown attribute 'nonexhaustive'
17 | #else
18 | /// A container for Advanced Encryption Standard (AES) ciphers.
19 | @nonexhaustive
| `- error: unknown attribute 'nonexhaustive'
20 | public enum AES: Sendable {
21 | static let blockSizeByteCount = 16
/host/spi-builder-workspace/.build/checkouts/swift-crypto/Sources/Crypto/Signatures/MLDSA.swift:29:2: error: unknown attribute 'nonexhaustive'
27 |
28 | /// The MLDSA65 Digital Signature Algorithm
29 | @nonexhaustive
| `- error: unknown attribute 'nonexhaustive'
30 | public enum MLDSA65: Sendable {}
31 |
/host/spi-builder-workspace/.build/checkouts/swift-crypto/Sources/Crypto/Signatures/MLDSA.swift:184:2: error: unknown attribute 'nonexhaustive'
182 |
183 | /// The MLDSA87 Digital Signature Algorithm
184 | @nonexhaustive
| `- error: unknown attribute 'nonexhaustive'
185 | public enum MLDSA87: Sendable {}
186 |
[1612/1682] Compiling Crypto MLDSA_boring.swift
/host/spi-builder-workspace/.build/checkouts/swift-crypto/Sources/Crypto/PRF/AES.swift:19:2: error: unknown attribute 'nonexhaustive'
17 | #else
18 | /// A container for Advanced Encryption Standard (AES) ciphers.
19 | @nonexhaustive
| `- error: unknown attribute 'nonexhaustive'
20 | public enum AES: Sendable {
21 | static let blockSizeByteCount = 16
/host/spi-builder-workspace/.build/checkouts/swift-crypto/Sources/Crypto/Signatures/MLDSA.swift:29:2: error: unknown attribute 'nonexhaustive'
27 |
28 | /// The MLDSA65 Digital Signature Algorithm
29 | @nonexhaustive
| `- error: unknown attribute 'nonexhaustive'
30 | public enum MLDSA65: Sendable {}
31 |
/host/spi-builder-workspace/.build/checkouts/swift-crypto/Sources/Crypto/Signatures/MLDSA.swift:184:2: error: unknown attribute 'nonexhaustive'
182 |
183 | /// The MLDSA87 Digital Signature Algorithm
184 | @nonexhaustive
| `- error: unknown attribute 'nonexhaustive'
185 | public enum MLDSA87: Sendable {}
186 |
[1613/1682] Compiling Crypto MLDSA_wrapper.swift
/host/spi-builder-workspace/.build/checkouts/swift-crypto/Sources/Crypto/PRF/AES.swift:19:2: error: unknown attribute 'nonexhaustive'
17 | #else
18 | /// A container for Advanced Encryption Standard (AES) ciphers.
19 | @nonexhaustive
| `- error: unknown attribute 'nonexhaustive'
20 | public enum AES: Sendable {
21 | static let blockSizeByteCount = 16
/host/spi-builder-workspace/.build/checkouts/swift-crypto/Sources/Crypto/Signatures/MLDSA.swift:29:2: error: unknown attribute 'nonexhaustive'
27 |
28 | /// The MLDSA65 Digital Signature Algorithm
29 | @nonexhaustive
| `- error: unknown attribute 'nonexhaustive'
30 | public enum MLDSA65: Sendable {}
31 |
/host/spi-builder-workspace/.build/checkouts/swift-crypto/Sources/Crypto/Signatures/MLDSA.swift:184:2: error: unknown attribute 'nonexhaustive'
182 |
183 | /// The MLDSA87 Digital Signature Algorithm
184 | @nonexhaustive
| `- error: unknown attribute 'nonexhaustive'
185 | public enum MLDSA87: Sendable {}
186 |
[1614/1682] Compiling Crypto ECDSA.swift
/host/spi-builder-workspace/.build/checkouts/swift-crypto/Sources/Crypto/PRF/AES.swift:19:2: error: unknown attribute 'nonexhaustive'
17 | #else
18 | /// A container for Advanced Encryption Standard (AES) ciphers.
19 | @nonexhaustive
| `- error: unknown attribute 'nonexhaustive'
20 | public enum AES: Sendable {
21 | static let blockSizeByteCount = 16
/host/spi-builder-workspace/.build/checkouts/swift-crypto/Sources/Crypto/Signatures/MLDSA.swift:29:2: error: unknown attribute 'nonexhaustive'
27 |
28 | /// The MLDSA65 Digital Signature Algorithm
29 | @nonexhaustive
| `- error: unknown attribute 'nonexhaustive'
30 | public enum MLDSA65: Sendable {}
31 |
/host/spi-builder-workspace/.build/checkouts/swift-crypto/Sources/Crypto/Signatures/MLDSA.swift:184:2: error: unknown attribute 'nonexhaustive'
182 |
183 | /// The MLDSA87 Digital Signature Algorithm
184 | @nonexhaustive
| `- error: unknown attribute 'nonexhaustive'
185 | public enum MLDSA87: Sendable {}
186 |
[1615/1682] Compiling Crypto Ed25519.swift
/host/spi-builder-workspace/.build/checkouts/swift-crypto/Sources/Crypto/PRF/AES.swift:19:2: error: unknown attribute 'nonexhaustive'
17 | #else
18 | /// A container for Advanced Encryption Standard (AES) ciphers.
19 | @nonexhaustive
| `- error: unknown attribute 'nonexhaustive'
20 | public enum AES: Sendable {
21 | static let blockSizeByteCount = 16
/host/spi-builder-workspace/.build/checkouts/swift-crypto/Sources/Crypto/Signatures/MLDSA.swift:29:2: error: unknown attribute 'nonexhaustive'
27 |
28 | /// The MLDSA65 Digital Signature Algorithm
29 | @nonexhaustive
| `- error: unknown attribute 'nonexhaustive'
30 | public enum MLDSA65: Sendable {}
31 |
/host/spi-builder-workspace/.build/checkouts/swift-crypto/Sources/Crypto/Signatures/MLDSA.swift:184:2: error: unknown attribute 'nonexhaustive'
182 |
183 | /// The MLDSA87 Digital Signature Algorithm
184 | @nonexhaustive
| `- error: unknown attribute 'nonexhaustive'
185 | public enum MLDSA87: Sendable {}
186 |
[1616/1682] Compiling Crypto MLDSA.swift
/host/spi-builder-workspace/.build/checkouts/swift-crypto/Sources/Crypto/PRF/AES.swift:19:2: error: unknown attribute 'nonexhaustive'
17 | #else
18 | /// A container for Advanced Encryption Standard (AES) ciphers.
19 | @nonexhaustive
| `- error: unknown attribute 'nonexhaustive'
20 | public enum AES: Sendable {
21 | static let blockSizeByteCount = 16
/host/spi-builder-workspace/.build/checkouts/swift-crypto/Sources/Crypto/Signatures/MLDSA.swift:29:2: error: unknown attribute 'nonexhaustive'
27 |
28 | /// The MLDSA65 Digital Signature Algorithm
29 | @nonexhaustive
| `- error: unknown attribute 'nonexhaustive'
30 | public enum MLDSA65: Sendable {}
31 |
/host/spi-builder-workspace/.build/checkouts/swift-crypto/Sources/Crypto/Signatures/MLDSA.swift:184:2: error: unknown attribute 'nonexhaustive'
182 |
183 | /// The MLDSA87 Digital Signature Algorithm
184 | @nonexhaustive
| `- error: unknown attribute 'nonexhaustive'
185 | public enum MLDSA87: Sendable {}
186 |
[1617/1682] Compiling Crypto Signature.swift
/host/spi-builder-workspace/.build/checkouts/swift-crypto/Sources/Crypto/PRF/AES.swift:19:2: error: unknown attribute 'nonexhaustive'
17 | #else
18 | /// A container for Advanced Encryption Standard (AES) ciphers.
19 | @nonexhaustive
| `- error: unknown attribute 'nonexhaustive'
20 | public enum AES: Sendable {
21 | static let blockSizeByteCount = 16
/host/spi-builder-workspace/.build/checkouts/swift-crypto/Sources/Crypto/Signatures/MLDSA.swift:29:2: error: unknown attribute 'nonexhaustive'
27 |
28 | /// The MLDSA65 Digital Signature Algorithm
29 | @nonexhaustive
| `- error: unknown attribute 'nonexhaustive'
30 | public enum MLDSA65: Sendable {}
31 |
/host/spi-builder-workspace/.build/checkouts/swift-crypto/Sources/Crypto/Signatures/MLDSA.swift:184:2: error: unknown attribute 'nonexhaustive'
182 |
183 | /// The MLDSA87 Digital Signature Algorithm
184 | @nonexhaustive
| `- error: unknown attribute 'nonexhaustive'
185 | public enum MLDSA87: Sendable {}
186 |
[1618/1682] Compiling Crypto ArraySpanHelpers.swift
/host/spi-builder-workspace/.build/checkouts/swift-crypto/Sources/Crypto/PRF/AES.swift:19:2: error: unknown attribute 'nonexhaustive'
17 | #else
18 | /// A container for Advanced Encryption Standard (AES) ciphers.
19 | @nonexhaustive
| `- error: unknown attribute 'nonexhaustive'
20 | public enum AES: Sendable {
21 | static let blockSizeByteCount = 16
/host/spi-builder-workspace/.build/checkouts/swift-crypto/Sources/Crypto/Signatures/MLDSA.swift:29:2: error: unknown attribute 'nonexhaustive'
27 |
28 | /// The MLDSA65 Digital Signature Algorithm
29 | @nonexhaustive
| `- error: unknown attribute 'nonexhaustive'
30 | public enum MLDSA65: Sendable {}
31 |
/host/spi-builder-workspace/.build/checkouts/swift-crypto/Sources/Crypto/Signatures/MLDSA.swift:184:2: error: unknown attribute 'nonexhaustive'
182 |
183 | /// The MLDSA87 Digital Signature Algorithm
184 | @nonexhaustive
| `- error: unknown attribute 'nonexhaustive'
185 | public enum MLDSA87: Sendable {}
186 |
error: emit-module command failed with exit code 1 (use -v to see invocation)
[1619/1682] Emitting module Crypto
/host/spi-builder-workspace/.build/checkouts/swift-crypto/Sources/Crypto/AEADs/AES/GCM/AES-GCM.swift:29:6: error: unknown attribute 'nonexhaustive'
27 | /// The Advanced Encryption Standard (AES) Galois Counter Mode (GCM) cipher
28 | /// suite.
29 | @nonexhaustive
| `- error: unknown attribute 'nonexhaustive'
30 | public enum GCM: Cipher, Sendable {
31 | static let tagByteCount = 16
/host/spi-builder-workspace/.build/checkouts/swift-crypto/Sources/Crypto/AEADs/ChachaPoly/ChaChaPoly.swift:28:2: error: unknown attribute 'nonexhaustive'
26 |
27 | /// An implementation of the ChaCha20-Poly1305 cipher.
28 | @nonexhaustive
| `- error: unknown attribute 'nonexhaustive'
29 | public enum ChaChaPoly: Cipher, Sendable {
30 | static let tagByteCount = 16
/host/spi-builder-workspace/.build/checkouts/swift-crypto/Sources/Crypto/CryptoKitErrors.swift:19:2: error: unknown attribute 'nonexhaustive'
17 | #else
18 | /// General cryptography errors used by CryptoKit.
19 | @nonexhaustive
| `- error: unknown attribute 'nonexhaustive'
20 | public enum CryptoKitError: Error {
21 | /// The key size is incorrect.
/host/spi-builder-workspace/.build/checkouts/swift-crypto/Sources/Crypto/CryptoKitErrors.swift:41:2: error: unknown attribute 'nonexhaustive'
39 |
40 | /// Errors from decoding ASN.1 content.
41 | @nonexhaustive
| `- error: unknown attribute 'nonexhaustive'
42 | public enum CryptoKitASN1Error: Equatable, Error, Hashable {
43 | /// The ASN.1 tag for this field is invalid or unsupported.
/host/spi-builder-workspace/.build/checkouts/swift-crypto/Sources/Crypto/HPKE/Ciphersuite/HPKE-AEAD.swift:27:6: error: unknown attribute 'nonexhaustive'
25 | extension HPKE {
26 | /// The authenticated encryption with associated data (AEAD) algorithms to use in HPKE.
27 | @nonexhaustive
| `- error: unknown attribute 'nonexhaustive'
28 | public enum AEAD: CaseIterable, Hashable, Sendable {
29 | /// An Advanced Encryption Standard cipher in Galois/Counter Mode with a key length of 128 bits.
/host/spi-builder-workspace/.build/checkouts/swift-crypto/Sources/Crypto/HPKE/Ciphersuite/HPKE-KDF.swift:27:6: error: unknown attribute 'nonexhaustive'
25 | extension HPKE {
26 | /// The key derivation functions to use in HPKE.
27 | @nonexhaustive
| `- error: unknown attribute 'nonexhaustive'
28 | public enum KDF: CaseIterable, Hashable, Sendable {
29 | /// An HMAC-based key derivation function that uses SHA-2 hashing with a 256-bit digest.
/host/spi-builder-workspace/.build/checkouts/swift-crypto/Sources/Crypto/HPKE/Ciphersuite/KEM/Conformances/DHKEM.swift:81:6: error: unknown attribute 'nonexhaustive'
79 | extension HPKE {
80 | /// A container for Diffie-Hellman key encapsulation mechanisms (KEMs).
81 | @nonexhaustive
| `- error: unknown attribute 'nonexhaustive'
82 | public enum DHKEM: Sendable {
83 | struct PublicKey<DHPK: HPKEDiffieHellmanPublicKey>: KEMPublicKey where DHPK == DHPK.EphemeralPrivateKey.PublicKey {
/host/spi-builder-workspace/.build/checkouts/swift-crypto/Sources/Crypto/HPKE/Ciphersuite/KEM/HPKE-KEM.swift:29:6: error: unknown attribute 'nonexhaustive'
27 | /// The module-lattice key encapsulation mechanism (ML-KEM) is designed to offer increased security in situations
28 | /// where an adversary uses a quantum computer.
29 | @nonexhaustive
| `- error: unknown attribute 'nonexhaustive'
30 | public enum KEM: CaseIterable, Hashable, Sendable {
31 | public static var allCases: [HPKE.KEM] {
/host/spi-builder-workspace/.build/checkouts/swift-crypto/Sources/Crypto/HPKE/HPKE-Errors.swift:27:6: error: unknown attribute 'nonexhaustive'
25 | extension HPKE {
26 | /// Hybrid public key encryption (HPKE) errors that CryptoKit uses.
27 | @nonexhaustive
| `- error: unknown attribute 'nonexhaustive'
28 | public enum Errors: Error {
29 | /// The parameters for initializing an HPKE sender or receiver are inconsistent.
/host/spi-builder-workspace/.build/checkouts/swift-crypto/Sources/Crypto/HPKE/HPKE.swift:53:2: error: unknown attribute 'nonexhaustive'
51 | /// ### Handling errors
52 | /// - ``Errors``
53 | @nonexhaustive
| `- error: unknown attribute 'nonexhaustive'
54 | public enum HPKE: Sendable {}
55 |
/host/spi-builder-workspace/.build/checkouts/swift-crypto/Sources/Crypto/Insecure/Insecure.swift:23:2: error: unknown attribute 'nonexhaustive'
21 | /// but the framework provides them for backward compatibility with older
22 | /// services that require them. For new services, avoid these algorithms.
23 | @nonexhaustive
| `- error: unknown attribute 'nonexhaustive'
24 | public enum Insecure: Sendable {}
25 | #endif // canImport(CryptoKit)
/host/spi-builder-workspace/.build/checkouts/swift-crypto/Sources/Crypto/KEM/KEM-Errors.swift:27:6: error: unknown attribute 'nonexhaustive'
25 | extension KEM {
26 | /// Errors that CryptoKit throws when it encounters problems in key encapsulation mechanism (KEM) operations.
27 | @nonexhaustive
| `- error: unknown attribute 'nonexhaustive'
28 | public enum Errors: Error {
29 | /// The public key CryptoKit receives when it initializes a key encapsulation operation doesn't match the expected value.
/host/spi-builder-workspace/.build/checkouts/swift-crypto/Sources/Crypto/KEM/KEM.swift:28:2: error: unknown attribute 'nonexhaustive'
26 | ///
27 | /// Use a key encapsulation mechanism (KEM) to protect a symmetric cryptographic key that you share with another party.
28 | @nonexhaustive
| `- error: unknown attribute 'nonexhaustive'
29 | public enum KEM: Sendable {
30 | /// The result of a key encapsulation operation.
/host/spi-builder-workspace/.build/checkouts/swift-crypto/Sources/Crypto/KEM/MLKEM.swift:30:2: error: unknown attribute 'nonexhaustive'
28 |
29 | /// The Module-Lattice key encapsulation mechanism (KEM).
30 | @nonexhaustive
| `- error: unknown attribute 'nonexhaustive'
31 | public enum MLKEM768: Sendable {}
32 |
/host/spi-builder-workspace/.build/checkouts/swift-crypto/Sources/Crypto/KEM/MLKEM.swift:201:2: error: unknown attribute 'nonexhaustive'
199 |
200 | /// The Module-Lattice key encapsulation mechanism (KEM).
201 | @nonexhaustive
| `- error: unknown attribute 'nonexhaustive'
202 | public enum MLKEM1024: Sendable {}
203 |
/host/spi-builder-workspace/.build/checkouts/swift-crypto/Sources/Crypto/KEM/XWing.swift:34:2: error: unknown attribute 'nonexhaustive'
32 | /// The X-Wing (ML-KEM768 with X25519) Key Encapsulation Mechanism, defined in
33 | /// https://datatracker.ietf.org/doc/html/draft-connolly-cfrg-xwing-kem-06
34 | @nonexhaustive
| `- error: unknown attribute 'nonexhaustive'
35 | public enum XWingMLKEM768X25519: Sendable {}
36 |
/host/spi-builder-workspace/.build/checkouts/swift-crypto/Sources/Crypto/Key Agreement/ECDH.swift:36:6: error: unknown attribute 'nonexhaustive'
34 | /// A mechanism used to create or verify a cryptographic signature using
35 | /// the NIST P-256 elliptic curve digital signature algorithm (ECDSA).
36 | @nonexhaustive
| `- error: unknown attribute 'nonexhaustive'
37 | public enum Signing: Sendable {
38 |
/host/spi-builder-workspace/.build/checkouts/swift-crypto/Sources/Crypto/Key Agreement/ECDH.swift:260:6: error: unknown attribute 'nonexhaustive'
258 | /// performing NIST P-256 elliptic curve Diffie Hellman (ECDH) key
259 | /// exchange.
260 | @nonexhaustive
| `- error: unknown attribute 'nonexhaustive'
261 | public enum KeyAgreement: Sendable {
262 |
/host/spi-builder-workspace/.build/checkouts/swift-crypto/Sources/Crypto/Key Agreement/ECDH.swift:483:6: error: unknown attribute 'nonexhaustive'
481 | /// A mechanism used to create or verify a cryptographic signature using
482 | /// the NIST P-384 elliptic curve digital signature algorithm (ECDSA).
483 | @nonexhaustive
| `- error: unknown attribute 'nonexhaustive'
484 | public enum Signing: Sendable {
485 |
/host/spi-builder-workspace/.build/checkouts/swift-crypto/Sources/Crypto/Key Agreement/ECDH.swift:707:6: error: unknown attribute 'nonexhaustive'
705 | /// performing NIST P-384 elliptic curve Diffie Hellman (ECDH) key
706 | /// exchange.
707 | @nonexhaustive
| `- error: unknown attribute 'nonexhaustive'
708 | public enum KeyAgreement: Sendable {
709 |
/host/spi-builder-workspace/.build/checkouts/swift-crypto/Sources/Crypto/Key Agreement/ECDH.swift:930:6: error: unknown attribute 'nonexhaustive'
928 | /// A mechanism used to create or verify a cryptographic signature using
929 | /// the NIST P-521 elliptic curve digital signature algorithm (ECDSA).
930 | @nonexhaustive
| `- error: unknown attribute 'nonexhaustive'
931 | public enum Signing: Sendable {
932 |
/host/spi-builder-workspace/.build/checkouts/swift-crypto/Sources/Crypto/Key Agreement/ECDH.swift:1154:6: error: unknown attribute 'nonexhaustive'
1152 | /// performing NIST P-521 elliptic curve Diffie Hellman (ECDH) key
1153 | /// exchange.
1154 | @nonexhaustive
| `- error: unknown attribute 'nonexhaustive'
1155 | public enum KeyAgreement: Sendable {
1156 |
/host/spi-builder-workspace/.build/checkouts/swift-crypto/Sources/Crypto/Key Wrapping/AESWrap.swift:30:6: error: unknown attribute 'nonexhaustive'
28 | /// An implementation of AES Key Wrapping in accordance with the IETF RFC
29 | /// 3394 specification.
30 | @nonexhaustive
| `- error: unknown attribute 'nonexhaustive'
31 | public enum KeyWrap: Sendable {
32 | /// Wraps a key using the AES wrap algorithm.
/host/spi-builder-workspace/.build/checkouts/swift-crypto/Sources/Crypto/Keys/EC/Curve25519.swift:19:2: error: unknown attribute 'nonexhaustive'
17 | #else
18 | /// An elliptic curve that enables X25519 key agreement and Ed25519 signatures.
19 | @nonexhaustive
| `- error: unknown attribute 'nonexhaustive'
20 | public enum Curve25519: Sendable {}
21 | #endif // canImport(CryptoKit)
/host/spi-builder-workspace/.build/checkouts/swift-crypto/Sources/Crypto/Keys/EC/Ed25519Keys.swift:33:6: error: unknown attribute 'nonexhaustive'
31 | /// A mechanism used to create or verify a cryptographic signature using
32 | /// Ed25519.
33 | @nonexhaustive
| `- error: unknown attribute 'nonexhaustive'
34 | public enum Signing: Sendable {
35 | typealias Curve25519PrivateKeyImpl = Curve25519.Signing.OpenSSLCurve25519PrivateKeyImpl
/host/spi-builder-workspace/.build/checkouts/swift-crypto/Sources/Crypto/Keys/EC/NISTCurvesKeys.swift:51:2: error: unknown attribute 'nonexhaustive'
49 |
50 | /// An elliptic curve that enables NIST P-256 signatures and key agreement.
51 | @nonexhaustive
| `- error: unknown attribute 'nonexhaustive'
52 | public enum P256: Sendable { }
53 |
/host/spi-builder-workspace/.build/checkouts/swift-crypto/Sources/Crypto/Keys/EC/NISTCurvesKeys.swift:55:2: error: unknown attribute 'nonexhaustive'
53 |
54 | /// An elliptic curve that enables NIST P-384 signatures and key agreement.
55 | @nonexhaustive
| `- error: unknown attribute 'nonexhaustive'
56 | public enum P384: Sendable { }
57 |
/host/spi-builder-workspace/.build/checkouts/swift-crypto/Sources/Crypto/Keys/EC/NISTCurvesKeys.swift:59:2: error: unknown attribute 'nonexhaustive'
57 |
58 | /// An elliptic curve that enables NIST P-521 signatures and key agreement.
59 | @nonexhaustive
| `- error: unknown attribute 'nonexhaustive'
60 | public enum P521: Sendable { }
61 | #endif // canImport(CryptoKit)
/host/spi-builder-workspace/.build/checkouts/swift-crypto/Sources/Crypto/Keys/EC/X25519Keys.swift:33:6: error: unknown attribute 'nonexhaustive'
31 | /// A mechanism used to create a shared secret between two users by
32 | /// performing X25519 key agreement.
33 | @nonexhaustive
| `- error: unknown attribute 'nonexhaustive'
34 | public enum KeyAgreement: Sendable {
35 | typealias Curve25519PrivateKeyImpl = Curve25519.KeyAgreement.OpenSSLCurve25519PrivateKeyImpl
/host/spi-builder-workspace/.build/checkouts/swift-crypto/Sources/Crypto/PRF/AES.swift:19:2: error: unknown attribute 'nonexhaustive'
17 | #else
18 | /// A container for Advanced Encryption Standard (AES) ciphers.
19 | @nonexhaustive
| `- error: unknown attribute 'nonexhaustive'
20 | public enum AES: Sendable {
21 | static let blockSizeByteCount = 16
/host/spi-builder-workspace/.build/checkouts/swift-crypto/Sources/Crypto/Signatures/MLDSA.swift:29:2: error: unknown attribute 'nonexhaustive'
27 |
28 | /// The MLDSA65 Digital Signature Algorithm
29 | @nonexhaustive
| `- error: unknown attribute 'nonexhaustive'
30 | public enum MLDSA65: Sendable {}
31 |
/host/spi-builder-workspace/.build/checkouts/swift-crypto/Sources/Crypto/Signatures/MLDSA.swift:184:2: error: unknown attribute 'nonexhaustive'
182 |
183 | /// The MLDSA87 Digital Signature Algorithm
184 | @nonexhaustive
| `- error: unknown attribute 'nonexhaustive'
185 | public enum MLDSA87: Sendable {}
186 |
BUILD FAILURE 6.2 android