Build Information
Failed to build TLDExtract, reference master (a37bd7), with Swift 6.1 for Wasm on 24 Sep 2026 13:17:55 UTC.
Build Command
bash -c docker run --pull=always --rm -v "checkouts-53886770-0":/host -w "$PWD" -e JAVA_HOME="/root/.sdkman/candidates/java/current" -e SPI_BUILD="1" -e SPI_PROCESSING="1" registry.gitlab.com/saguaro1/spi-images:wasm-6.1-latest swift build --swift-sdk wasm32-unknown-wasi 2>&1Build Log
========================================
RunAll
========================================
Builder version: 5.1.0
Interrupt handler set up.
========================================
Checkout
========================================
Clone URL: https://github.com/MarcoEidinger/TLDExtractSwift.git
Reference: master
Initialized empty Git repository in /host/spi-builder-workspace/.git/
hint: Using 'master' as the name for the initial branch. This default branch name
hint: is subject to change. To configure the initial branch name to use in all
hint: of your new repositories, which will suppress this warning, call:
hint:
hint: git config --global init.defaultBranch <name>
hint:
hint: Names commonly chosen instead of 'master' are 'main', 'trunk' and
hint: 'development'. The just-created branch can be renamed via this command:
hint:
hint: git branch -m <name>
From https://github.com/MarcoEidinger/TLDExtractSwift
* branch master -> FETCH_HEAD
* [new branch] master -> origin/master
HEAD is now at a37bd72 Update PSL (#37)
Cloned https://github.com/MarcoEidinger/TLDExtractSwift.git
Revision (git rev-parse @):
a37bd72701042057e483afde50920adfaacd2a15
SPI manifest file found: $PWD/.spi.yml
SUCCESS checkout https://github.com/MarcoEidinger/TLDExtractSwift.git at master
========================================
Build
========================================
Selected platform: wasm
Swift version: 6.1
Building package at path: $PWD
https://github.com/MarcoEidinger/TLDExtractSwift.git
https://github.com/MarcoEidinger/TLDExtractSwift.git
WARNING: environment variable SUPPRESS_SWIFT_6_FLAGS is not set
Running build ...
bash -c docker run --pull=always --rm -v "checkouts-53886770-0":/host -w "$PWD" -e JAVA_HOME="/root/.sdkman/candidates/java/current" -e SPI_BUILD="1" -e SPI_PROCESSING="1" registry.gitlab.com/saguaro1/spi-images:wasm-6.1-latest swift build --swift-sdk wasm32-unknown-wasi -Xswiftc -Xfrontend -Xswiftc -stats-output-dir -Xswiftc -Xfrontend -Xswiftc .stats -Xswiftc -strict-concurrency=complete -Xswiftc -enable-upcoming-feature -Xswiftc StrictConcurrency -Xswiftc -enable-upcoming-feature -Xswiftc DisableOutwardActorInference -Xswiftc -enable-upcoming-feature -Xswiftc GlobalActorIsolatedTypesUsability -Xswiftc -enable-upcoming-feature -Xswiftc InferSendableFromCaptures 2>&1
wasm-6.1-latest: Pulling from saguaro1/spi-images
Digest: sha256:beceeede496da67681f4fa220a6b97cc098a0178841a413735f598dc6bbaf4c8
Status: Image is up to date for registry.gitlab.com/saguaro1/spi-images:wasm-6.1-latest
Building for debugging...
[0/3] Write sources
[1/3] Copying public_suffix_list.dat
[2/3] Write swift-version-24593BA9C3E375BF.txt
[4/12] Compiling TLDExtract Extension.swift
[5/12] Compiling TLDExtract Model.swift
[6/13] Emitting module TLDExtract
[7/13] Compiling TLDExtract Helpers.swift
[8/13] Compiling TLDExtract Parser.swift
[9/13] Compiling TLDExtract TLDExtractError.swift
[10/13] Compiling TLDExtract Punycode.swift
[11/13] Compiling TLDExtract Extensions.swift
[12/13] Compiling TLDExtract TLDExtract.swift
/host/spi-builder-workspace/Sources/TLDExtract/TLDExtract.swift:55:46: error: cannot find 'URLRequest' in scope
53 | let url: URL = URL(string: "https://publicsuffix.org/list/public_suffix_list.dat")!
54 | let data: Data = try await withCheckedThrowingContinuation{ continuation in
55 | URLSession.shared.dataTask(with: URLRequest(url: url)) { data, response, error in
| `- error: cannot find 'URLRequest' in scope
56 | if let data = data {
57 | continuation.resume(returning: data)
/host/spi-builder-workspace/Sources/TLDExtract/TLDExtract.swift:55:24: error: type 'URLSession' (aka 'AnyObject') has no member 'shared'
53 | let url: URL = URL(string: "https://publicsuffix.org/list/public_suffix_list.dat")!
54 | let data: Data = try await withCheckedThrowingContinuation{ continuation in
55 | URLSession.shared.dataTask(with: URLRequest(url: url)) { data, response, error in
| `- error: type 'URLSession' (aka 'AnyObject') has no member 'shared'
56 | if let data = data {
57 | continuation.resume(returning: data)
[13/13] Compiling TLDExtract resource_bundle_accessor.swift
Running build ...
bash -c docker run --pull=always --rm -v "checkouts-53886770-0":/host -w "$PWD" -e JAVA_HOME="/root/.sdkman/candidates/java/current" -e SPI_BUILD="1" -e SPI_PROCESSING="1" registry.gitlab.com/saguaro1/spi-images:wasm-6.1-latest swift build --swift-sdk wasm32-unknown-wasi 2>&1
wasm-6.1-latest: Pulling from saguaro1/spi-images
Digest: sha256:beceeede496da67681f4fa220a6b97cc098a0178841a413735f598dc6bbaf4c8
Status: Image is up to date for registry.gitlab.com/saguaro1/spi-images:wasm-6.1-latest
[0/1] Planning build
Building for debugging...
[0/1] Write swift-version-24593BA9C3E375BF.txt
[2/10] Compiling TLDExtract TLDExtractError.swift
[3/11] Compiling TLDExtract TLDExtract.swift
/host/spi-builder-workspace/Sources/TLDExtract/TLDExtract.swift:55:46: error: cannot find 'URLRequest' in scope
53 | let url: URL = URL(string: "https://publicsuffix.org/list/public_suffix_list.dat")!
54 | let data: Data = try await withCheckedThrowingContinuation{ continuation in
55 | URLSession.shared.dataTask(with: URLRequest(url: url)) { data, response, error in
| `- error: cannot find 'URLRequest' in scope
56 | if let data = data {
57 | continuation.resume(returning: data)
/host/spi-builder-workspace/Sources/TLDExtract/TLDExtract.swift:55:24: error: type 'URLSession' (aka 'AnyObject') has no member 'shared'
53 | let url: URL = URL(string: "https://publicsuffix.org/list/public_suffix_list.dat")!
54 | let data: Data = try await withCheckedThrowingContinuation{ continuation in
55 | URLSession.shared.dataTask(with: URLRequest(url: url)) { data, response, error in
| `- error: type 'URLSession' (aka 'AnyObject') has no member 'shared'
56 | if let data = data {
57 | continuation.resume(returning: data)
[4/11] Compiling TLDExtract Extensions.swift
[5/11] Compiling TLDExtract resource_bundle_accessor.swift
[6/11] Emitting module TLDExtract
[7/11] Compiling TLDExtract Extension.swift
[8/11] Compiling TLDExtract Model.swift
[9/11] Compiling TLDExtract Parser.swift
[10/11] Compiling TLDExtract Helpers.swift
[11/11] Compiling TLDExtract Punycode.swift
BUILD FAILURE 6.1 wasm