Build Information
Failed to build GOFeatureFlag, reference v0.5.0 (6d0fb5), with Swift 6.1 for Wasm on 5 Sep 2026 20:36:33 UTC.
Build Command
bash -c docker run --pull=always --rm -v "checkouts-53886769-0":/host -w "$PWD" -e JAVA_HOME="/root/.sdkman/candidates/java/current" -e SPI_BUILD="1" -e SPI_PROCESSING="1" registry.gitlab.com/saguaro1/spi-images:wasm-6.1-latest swift build --swift-sdk wasm32-unknown-wasi 2>&1Build Log
========================================
RunAll
========================================
Builder version: 5.0.2
Interrupt handler set up.
========================================
Checkout
========================================
Clone URL: https://github.com/go-feature-flag/openfeature-swift-provider.git
Reference: v0.5.0
Initialized empty Git repository in /host/spi-builder-workspace/.git/
hint: Using 'master' as the name for the initial branch. This default branch name
hint: is subject to change. To configure the initial branch name to use in all
hint: of your new repositories, which will suppress this warning, call:
hint:
hint: git config --global init.defaultBranch <name>
hint:
hint: Names commonly chosen instead of 'master' are 'main', 'trunk' and
hint: 'development'. The just-created branch can be renamed via this command:
hint:
hint: git branch -m <name>
From https://github.com/go-feature-flag/openfeature-swift-provider
* tag v0.5.0 -> FETCH_HEAD
HEAD is now at 6d0fb53 feat: upgrade OpenFeature Swift SDK to 0.6.0 and harden provider concurrency (#26)
Cloned https://github.com/go-feature-flag/openfeature-swift-provider.git
Revision (git rev-parse @):
6d0fb53986793f70e0208722f549170edaeddd62
SUCCESS checkout https://github.com/go-feature-flag/openfeature-swift-provider.git at v0.5.0
========================================
Build
========================================
Selected platform: wasm
Swift version: 6.1
Building package at path: $PWD
https://github.com/go-feature-flag/openfeature-swift-provider.git
https://github.com/go-feature-flag/openfeature-swift-provider.git
WARNING: environment variable SUPPRESS_SWIFT_6_FLAGS is not set
Running build ...
bash -c docker run --pull=always --rm -v "checkouts-53886769-0":/host -w "$PWD" -e JAVA_HOME="/root/.sdkman/candidates/java/current" -e SPI_BUILD="1" -e SPI_PROCESSING="1" registry.gitlab.com/saguaro1/spi-images:wasm-6.1-latest swift build --swift-sdk wasm32-unknown-wasi -Xswiftc -Xfrontend -Xswiftc -stats-output-dir -Xswiftc -Xfrontend -Xswiftc .stats -Xswiftc -strict-concurrency=complete -Xswiftc -enable-upcoming-feature -Xswiftc StrictConcurrency -Xswiftc -enable-upcoming-feature -Xswiftc DisableOutwardActorInference -Xswiftc -enable-upcoming-feature -Xswiftc GlobalActorIsolatedTypesUsability -Xswiftc -enable-upcoming-feature -Xswiftc InferSendableFromCaptures 2>&1
wasm-6.1-latest: Pulling from saguaro1/spi-images
Digest: sha256:290f441d1f5b7bf0dbbe61e8b7514208804cdcb507d57b3c762463ad036298f7
Status: Image is up to date for registry.gitlab.com/saguaro1/spi-images:wasm-6.1-latest
Fetching https://github.com/open-feature/swift-sdk.git
Fetching https://github.com/apple/swift-log
[1/8015] Fetching swift-log
[8016/9728] Fetching swift-log, swift-sdk
Fetched https://github.com/open-feature/swift-sdk.git from cache (0.53s)
Fetched https://github.com/apple/swift-log from cache (0.53s)
Computing version for https://github.com/open-feature/swift-sdk.git
Computed https://github.com/open-feature/swift-sdk.git at 0.6.0 (0.78s)
Computing version for https://github.com/apple/swift-log
Computed https://github.com/apple/swift-log at 1.15.0 (0.24s)
Creating working copy for https://github.com/apple/swift-log
Working copy of https://github.com/apple/swift-log resolved at 1.15.0
Creating working copy for https://github.com/open-feature/swift-sdk.git
Working copy of https://github.com/open-feature/swift-sdk.git resolved at 0.6.0
Building for debugging...
[0/5] Write sources
[4/5] Write swift-version-24593BA9C3E375BF.txt
[6/16] Compiling Logging LoggingSystem.swift
<unknown>:0: warning: upcoming feature 'InferSendableFromCaptures' is already enabled as of Swift version 6
<unknown>:0: warning: upcoming feature 'GlobalActorIsolatedTypesUsability' is already enabled as of Swift version 6
<unknown>:0: warning: upcoming feature 'DisableOutwardActorInference' is already enabled as of Swift version 6
[7/17] Compiling Logging Logger+With.swift
unable to find node: pound
unable to find node: pound
<unknown>:0: warning: upcoming feature 'InferSendableFromCaptures' is already enabled as of Swift version 6
<unknown>:0: warning: upcoming feature 'GlobalActorIsolatedTypesUsability' is already enabled as of Swift version 6
<unknown>:0: warning: upcoming feature 'DisableOutwardActorInference' is already enabled as of Swift version 6
[8/17] Compiling Logging LogEvent.swift
<unknown>:0: warning: upcoming feature 'InferSendableFromCaptures' is already enabled as of Swift version 6
<unknown>:0: warning: upcoming feature 'GlobalActorIsolatedTypesUsability' is already enabled as of Swift version 6
<unknown>:0: warning: upcoming feature 'DisableOutwardActorInference' is already enabled as of Swift version 6
[9/17] Compiling Logging LogHandler.swift
<unknown>:0: warning: upcoming feature 'InferSendableFromCaptures' is already enabled as of Swift version 6
<unknown>:0: warning: upcoming feature 'GlobalActorIsolatedTypesUsability' is already enabled as of Swift version 6
<unknown>:0: warning: upcoming feature 'DisableOutwardActorInference' is already enabled as of Swift version 6
[10/17] Compiling Logging SwiftLogNoOpLogHandler.swift
<unknown>:0: warning: upcoming feature 'InferSendableFromCaptures' is already enabled as of Swift version 6
<unknown>:0: warning: upcoming feature 'GlobalActorIsolatedTypesUsability' is already enabled as of Swift version 6
<unknown>:0: warning: upcoming feature 'DisableOutwardActorInference' is already enabled as of Swift version 6
[11/17] Compiling Logging Locks.swift
<unknown>:0: warning: upcoming feature 'InferSendableFromCaptures' is already enabled as of Swift version 6
<unknown>:0: warning: upcoming feature 'GlobalActorIsolatedTypesUsability' is already enabled as of Swift version 6
<unknown>:0: warning: upcoming feature 'DisableOutwardActorInference' is already enabled as of Swift version 6
[12/17] Compiling Logging MetadataProvider.swift
<unknown>:0: warning: upcoming feature 'InferSendableFromCaptures' is already enabled as of Swift version 6
<unknown>:0: warning: upcoming feature 'GlobalActorIsolatedTypesUsability' is already enabled as of Swift version 6
<unknown>:0: warning: upcoming feature 'DisableOutwardActorInference' is already enabled as of Swift version 6
[13/17] Compiling Logging Logger+Attributes.swift
<unknown>:0: warning: upcoming feature 'InferSendableFromCaptures' is already enabled as of Swift version 6
<unknown>:0: warning: upcoming feature 'GlobalActorIsolatedTypesUsability' is already enabled as of Swift version 6
<unknown>:0: warning: upcoming feature 'DisableOutwardActorInference' is already enabled as of Swift version 6
[14/17] Compiling Logging Logger.swift
<unknown>:0: warning: upcoming feature 'InferSendableFromCaptures' is already enabled as of Swift version 6
<unknown>:0: warning: upcoming feature 'GlobalActorIsolatedTypesUsability' is already enabled as of Swift version 6
<unknown>:0: warning: upcoming feature 'DisableOutwardActorInference' is already enabled as of Swift version 6
[15/17] Emitting module Logging
unable to find node: pound
unable to find node: pound
<unknown>:0: warning: upcoming feature 'InferSendableFromCaptures' is already enabled as of Swift version 6
<unknown>:0: warning: upcoming feature 'GlobalActorIsolatedTypesUsability' is already enabled as of Swift version 6
<unknown>:0: warning: upcoming feature 'DisableOutwardActorInference' is already enabled as of Swift version 6
[16/17] Compiling Logging MultiplexLogHandler.swift
<unknown>:0: warning: upcoming feature 'InferSendableFromCaptures' is already enabled as of Swift version 6
<unknown>:0: warning: upcoming feature 'GlobalActorIsolatedTypesUsability' is already enabled as of Swift version 6
<unknown>:0: warning: upcoming feature 'DisableOutwardActorInference' is already enabled as of Swift version 6
[17/17] Compiling Logging StreamLogHandler.swift
<unknown>:0: warning: upcoming feature 'InferSendableFromCaptures' is already enabled as of Swift version 6
<unknown>:0: warning: upcoming feature 'GlobalActorIsolatedTypesUsability' is already enabled as of Swift version 6
<unknown>:0: warning: upcoming feature 'DisableOutwardActorInference' is already enabled as of Swift version 6
error: emit-module command failed with exit code 1 (use -v to see invocation)
[19/55] Emitting module OpenFeature
/host/spi-builder-workspace/.build/checkouts/swift-sdk/Sources/OpenFeature/EventHandler.swift:1:8: error: no such module 'Combine'
1 | import Combine
| `- error: no such module 'Combine'
2 | import Foundation
3 |
[20/60] Compiling OpenFeature ImmutableStructure.swift
/host/spi-builder-workspace/.build/checkouts/swift-sdk/Sources/OpenFeature/EventHandler.swift:1:8: error: no such module 'Combine'
1 | import Combine
| `- error: no such module 'Combine'
2 | import Foundation
3 |
[21/60] Compiling OpenFeature ImmutableTrackingEventDetails.swift
/host/spi-builder-workspace/.build/checkouts/swift-sdk/Sources/OpenFeature/EventHandler.swift:1:8: error: no such module 'Combine'
1 | import Combine
| `- error: no such module 'Combine'
2 | import Foundation
3 |
[22/60] Compiling OpenFeature MetadataValue.swift
/host/spi-builder-workspace/.build/checkouts/swift-sdk/Sources/OpenFeature/EventHandler.swift:1:8: error: no such module 'Combine'
1 | import Combine
| `- error: no such module 'Combine'
2 | import Foundation
3 |
[23/60] Compiling OpenFeature MutableStructure.swift
/host/spi-builder-workspace/.build/checkouts/swift-sdk/Sources/OpenFeature/EventHandler.swift:1:8: error: no such module 'Combine'
1 | import Combine
| `- error: no such module 'Combine'
2 | import Foundation
3 |
[24/60] Compiling OpenFeature OpenFeatureAPI.swift
/host/spi-builder-workspace/.build/checkouts/swift-sdk/Sources/OpenFeature/EventHandler.swift:1:8: error: no such module 'Combine'
1 | import Combine
| `- error: no such module 'Combine'
2 | import Foundation
3 |
[25/60] Compiling OpenFeature BaseEvaluation.swift
/host/spi-builder-workspace/.build/checkouts/swift-sdk/Sources/OpenFeature/EventHandler.swift:1:8: error: no such module 'Combine'
1 | import Combine
| `- error: no such module 'Combine'
2 | import Foundation
3 |
[26/60] Compiling OpenFeature Client.swift
/host/spi-builder-workspace/.build/checkouts/swift-sdk/Sources/OpenFeature/EventHandler.swift:1:8: error: no such module 'Combine'
1 | import Combine
| `- error: no such module 'Combine'
2 | import Foundation
3 |
[27/60] Compiling OpenFeature ClientMetadata.swift
/host/spi-builder-workspace/.build/checkouts/swift-sdk/Sources/OpenFeature/EventHandler.swift:1:8: error: no such module 'Combine'
1 | import Combine
| `- error: no such module 'Combine'
2 | import Foundation
3 |
[28/60] Compiling OpenFeature EvaluationContext.swift
/host/spi-builder-workspace/.build/checkouts/swift-sdk/Sources/OpenFeature/EventHandler.swift:1:8: error: no such module 'Combine'
1 | import Combine
| `- error: no such module 'Combine'
2 | import Foundation
3 |
[29/60] Compiling OpenFeature EventHandler.swift
/host/spi-builder-workspace/.build/checkouts/swift-sdk/Sources/OpenFeature/EventHandler.swift:1:8: error: no such module 'Combine'
1 | import Combine
| `- error: no such module 'Combine'
2 | import Foundation
3 |
[30/60] Compiling OpenFeature EventMetadataValue.swift
/host/spi-builder-workspace/.build/checkouts/swift-sdk/Sources/OpenFeature/EventHandler.swift:1:8: error: no such module 'Combine'
1 | import Combine
| `- error: no such module 'Combine'
2 | import Foundation
3 |
[31/60] Compiling OpenFeature Strategy.swift
/host/spi-builder-workspace/.build/checkouts/swift-sdk/Sources/OpenFeature/EventHandler.swift:1:8: error: no such module 'Combine'
1 | import Combine
| `- error: no such module 'Combine'
2 | import Foundation
3 |
[32/60] Compiling OpenFeature NoOpProvider.swift
/host/spi-builder-workspace/.build/checkouts/swift-sdk/Sources/OpenFeature/EventHandler.swift:1:8: error: no such module 'Combine'
1 | import Combine
| `- error: no such module 'Combine'
2 | import Foundation
3 |
[33/60] Compiling OpenFeature ProviderEvaluation.swift
/host/spi-builder-workspace/.build/checkouts/swift-sdk/Sources/OpenFeature/EventHandler.swift:1:8: error: no such module 'Combine'
1 | import Combine
| `- error: no such module 'Combine'
2 | import Foundation
3 |
[34/60] Compiling OpenFeature ProviderEventDetails.swift
/host/spi-builder-workspace/.build/checkouts/swift-sdk/Sources/OpenFeature/EventHandler.swift:1:8: error: no such module 'Combine'
1 | import Combine
| `- error: no such module 'Combine'
2 | import Foundation
3 |
[35/60] Compiling OpenFeature ProviderEvents.swift
/host/spi-builder-workspace/.build/checkouts/swift-sdk/Sources/OpenFeature/EventHandler.swift:1:8: error: no such module 'Combine'
1 | import Combine
| `- error: no such module 'Combine'
2 | import Foundation
3 |
[36/60] Compiling OpenFeature OpenFeatureClient.swift
/host/spi-builder-workspace/.build/checkouts/swift-sdk/Sources/OpenFeature/EventHandler.swift:1:8: error: no such module 'Combine'
1 | import Combine
| `- error: no such module 'Combine'
2 | import Foundation
3 |
[37/60] Compiling OpenFeature FeatureProvider.swift
/host/spi-builder-workspace/.build/checkouts/swift-sdk/Sources/OpenFeature/EventHandler.swift:1:8: error: no such module 'Combine'
1 | import Combine
| `- error: no such module 'Combine'
2 | import Foundation
3 |
[38/60] Compiling OpenFeature FirstMatchStrategy.swift
/host/spi-builder-workspace/.build/checkouts/swift-sdk/Sources/OpenFeature/EventHandler.swift:1:8: error: no such module 'Combine'
1 | import Combine
| `- error: no such module 'Combine'
2 | import Foundation
3 |
[39/60] Compiling OpenFeature FirstSuccessfulStrategy.swift
/host/spi-builder-workspace/.build/checkouts/swift-sdk/Sources/OpenFeature/EventHandler.swift:1:8: error: no such module 'Combine'
1 | import Combine
| `- error: no such module 'Combine'
2 | import Foundation
3 |
[40/60] Compiling OpenFeature MultiProvider.swift
/host/spi-builder-workspace/.build/checkouts/swift-sdk/Sources/OpenFeature/EventHandler.swift:1:8: error: no such module 'Combine'
1 | import Combine
| `- error: no such module 'Combine'
2 | import Foundation
3 |
[41/60] Compiling OpenFeature Features+Defaults.swift
/host/spi-builder-workspace/.build/checkouts/swift-sdk/Sources/OpenFeature/EventHandler.swift:1:8: error: no such module 'Combine'
1 | import Combine
| `- error: no such module 'Combine'
2 | import Foundation
3 |
[42/60] Compiling OpenFeature Features.swift
/host/spi-builder-workspace/.build/checkouts/swift-sdk/Sources/OpenFeature/EventHandler.swift:1:8: error: no such module 'Combine'
1 | import Combine
| `- error: no such module 'Combine'
2 | import Foundation
3 |
[43/60] Compiling OpenFeature FlagEvaluationDetails.swift
/host/spi-builder-workspace/.build/checkouts/swift-sdk/Sources/OpenFeature/EventHandler.swift:1:8: error: no such module 'Combine'
1 | import Combine
| `- error: no such module 'Combine'
2 | import Foundation
3 |
[44/60] Compiling OpenFeature FlagEvaluationOptions.swift
/host/spi-builder-workspace/.build/checkouts/swift-sdk/Sources/OpenFeature/EventHandler.swift:1:8: error: no such module 'Combine'
1 | import Combine
| `- error: no such module 'Combine'
2 | import Foundation
3 |
[45/60] Compiling OpenFeature FlagMetadataValue.swift
/host/spi-builder-workspace/.build/checkouts/swift-sdk/Sources/OpenFeature/EventHandler.swift:1:8: error: no such module 'Combine'
1 | import Combine
| `- error: no such module 'Combine'
2 | import Foundation
3 |
[46/60] Compiling OpenFeature ProviderMetadata.swift
/host/spi-builder-workspace/.build/checkouts/swift-sdk/Sources/OpenFeature/EventHandler.swift:1:8: error: no such module 'Combine'
1 | import Combine
| `- error: no such module 'Combine'
2 | import Foundation
3 |
[47/60] Compiling OpenFeature ProviderStatus.swift
/host/spi-builder-workspace/.build/checkouts/swift-sdk/Sources/OpenFeature/EventHandler.swift:1:8: error: no such module 'Combine'
1 | import Combine
| `- error: no such module 'Combine'
2 | import Foundation
3 |
[48/60] Compiling OpenFeature ProviderStatusTracker.swift
/host/spi-builder-workspace/.build/checkouts/swift-sdk/Sources/OpenFeature/EventHandler.swift:1:8: error: no such module 'Combine'
1 | import Combine
| `- error: no such module 'Combine'
2 | import Foundation
3 |
[49/60] Compiling OpenFeature Reason.swift
/host/spi-builder-workspace/.build/checkouts/swift-sdk/Sources/OpenFeature/EventHandler.swift:1:8: error: no such module 'Combine'
1 | import Combine
| `- error: no such module 'Combine'
2 | import Foundation
3 |
[50/60] Compiling OpenFeature Structure.swift
/host/spi-builder-workspace/.build/checkouts/swift-sdk/Sources/OpenFeature/EventHandler.swift:1:8: error: no such module 'Combine'
1 | import Combine
| `- error: no such module 'Combine'
2 | import Foundation
3 |
[51/60] Compiling OpenFeature FlagValueType.swift
/host/spi-builder-workspace/.build/checkouts/swift-sdk/Sources/OpenFeature/EventHandler.swift:1:8: error: no such module 'Combine'
1 | import Combine
| `- error: no such module 'Combine'
2 | import Foundation
3 |
[52/60] Compiling OpenFeature Hook.swift
/host/spi-builder-workspace/.build/checkouts/swift-sdk/Sources/OpenFeature/EventHandler.swift:1:8: error: no such module 'Combine'
1 | import Combine
| `- error: no such module 'Combine'
2 | import Foundation
3 |
[53/60] Compiling OpenFeature HookContext.swift
/host/spi-builder-workspace/.build/checkouts/swift-sdk/Sources/OpenFeature/EventHandler.swift:1:8: error: no such module 'Combine'
1 | import Combine
| `- error: no such module 'Combine'
2 | import Foundation
3 |
[54/60] Compiling OpenFeature HookSupport.swift
/host/spi-builder-workspace/.build/checkouts/swift-sdk/Sources/OpenFeature/EventHandler.swift:1:8: error: no such module 'Combine'
1 | import Combine
| `- error: no such module 'Combine'
2 | import Foundation
3 |
[55/60] Compiling OpenFeature ImmutableContext.swift
/host/spi-builder-workspace/.build/checkouts/swift-sdk/Sources/OpenFeature/EventHandler.swift:1:8: error: no such module 'Combine'
1 | import Combine
| `- error: no such module 'Combine'
2 | import Foundation
3 |
[56/60] Compiling OpenFeature Tracking.swift
/host/spi-builder-workspace/.build/checkouts/swift-sdk/Sources/OpenFeature/EventHandler.swift:1:8: error: no such module 'Combine'
1 | import Combine
| `- error: no such module 'Combine'
2 | import Foundation
3 |
[57/60] Compiling OpenFeature TrackingEventDetails.swift
/host/spi-builder-workspace/.build/checkouts/swift-sdk/Sources/OpenFeature/EventHandler.swift:1:8: error: no such module 'Combine'
1 | import Combine
| `- error: no such module 'Combine'
2 | import Foundation
3 |
[58/60] Compiling OpenFeature Value.swift
/host/spi-builder-workspace/.build/checkouts/swift-sdk/Sources/OpenFeature/EventHandler.swift:1:8: error: no such module 'Combine'
1 | import Combine
| `- error: no such module 'Combine'
2 | import Foundation
3 |
[59/60] Compiling OpenFeature ErrorCode.swift
/host/spi-builder-workspace/.build/checkouts/swift-sdk/Sources/OpenFeature/EventHandler.swift:1:8: error: no such module 'Combine'
1 | import Combine
| `- error: no such module 'Combine'
2 | import Foundation
3 |
[60/60] Compiling OpenFeature OpenFeatureError.swift
/host/spi-builder-workspace/.build/checkouts/swift-sdk/Sources/OpenFeature/EventHandler.swift:1:8: error: no such module 'Combine'
1 | import Combine
| `- error: no such module 'Combine'
2 | import Foundation
3 |
Running build ...
bash -c docker run --pull=always --rm -v "checkouts-53886769-0":/host -w "$PWD" -e JAVA_HOME="/root/.sdkman/candidates/java/current" -e SPI_BUILD="1" -e SPI_PROCESSING="1" registry.gitlab.com/saguaro1/spi-images:wasm-6.1-latest swift build --swift-sdk wasm32-unknown-wasi 2>&1
wasm-6.1-latest: Pulling from saguaro1/spi-images
Digest: sha256:290f441d1f5b7bf0dbbe61e8b7514208804cdcb507d57b3c762463ad036298f7
Status: Image is up to date for registry.gitlab.com/saguaro1/spi-images:wasm-6.1-latest
[0/1] Planning build
Building for debugging...
[0/1] Write swift-version-24593BA9C3E375BF.txt
[2/12] Compiling Logging LoggingSystem.swift
[3/13] Compiling Logging MetadataProvider.swift
[4/13] Emitting module Logging
unable to find node: pound
unable to find node: pound
[5/13] Compiling Logging SwiftLogNoOpLogHandler.swift
[6/13] Compiling Logging Locks.swift
[7/13] Compiling Logging Logger+Attributes.swift
[8/13] Compiling Logging LogEvent.swift
[9/13] Compiling Logging LogHandler.swift
[10/13] Compiling Logging Logger+With.swift
unable to find node: pound
unable to find node: pound
[11/13] Compiling Logging Logger.swift
[12/13] Compiling Logging MultiplexLogHandler.swift
[13/13] Compiling Logging StreamLogHandler.swift
[15/51] Compiling OpenFeature BaseEvaluation.swift
/host/spi-builder-workspace/.build/checkouts/swift-sdk/Sources/OpenFeature/EventHandler.swift:1:8: error: no such module 'Combine'
1 | import Combine
| `- error: no such module 'Combine'
2 | import Foundation
3 |
[16/51] Compiling OpenFeature Client.swift
/host/spi-builder-workspace/.build/checkouts/swift-sdk/Sources/OpenFeature/EventHandler.swift:1:8: error: no such module 'Combine'
1 | import Combine
| `- error: no such module 'Combine'
2 | import Foundation
3 |
[17/51] Compiling OpenFeature ClientMetadata.swift
/host/spi-builder-workspace/.build/checkouts/swift-sdk/Sources/OpenFeature/EventHandler.swift:1:8: error: no such module 'Combine'
1 | import Combine
| `- error: no such module 'Combine'
2 | import Foundation
3 |
[18/51] Compiling OpenFeature EvaluationContext.swift
/host/spi-builder-workspace/.build/checkouts/swift-sdk/Sources/OpenFeature/EventHandler.swift:1:8: error: no such module 'Combine'
1 | import Combine
| `- error: no such module 'Combine'
2 | import Foundation
3 |
[19/51] Compiling OpenFeature EventHandler.swift
/host/spi-builder-workspace/.build/checkouts/swift-sdk/Sources/OpenFeature/EventHandler.swift:1:8: error: no such module 'Combine'
1 | import Combine
| `- error: no such module 'Combine'
2 | import Foundation
3 |
[20/51] Compiling OpenFeature EventMetadataValue.swift
/host/spi-builder-workspace/.build/checkouts/swift-sdk/Sources/OpenFeature/EventHandler.swift:1:8: error: no such module 'Combine'
1 | import Combine
| `- error: no such module 'Combine'
2 | import Foundation
3 |
[21/56] Compiling OpenFeature Strategy.swift
/host/spi-builder-workspace/.build/checkouts/swift-sdk/Sources/OpenFeature/EventHandler.swift:1:8: error: no such module 'Combine'
1 | import Combine
| `- error: no such module 'Combine'
2 | import Foundation
3 |
[22/56] Compiling OpenFeature NoOpProvider.swift
/host/spi-builder-workspace/.build/checkouts/swift-sdk/Sources/OpenFeature/EventHandler.swift:1:8: error: no such module 'Combine'
1 | import Combine
| `- error: no such module 'Combine'
2 | import Foundation
3 |
[23/56] Compiling OpenFeature ProviderEvaluation.swift
/host/spi-builder-workspace/.build/checkouts/swift-sdk/Sources/OpenFeature/EventHandler.swift:1:8: error: no such module 'Combine'
1 | import Combine
| `- error: no such module 'Combine'
2 | import Foundation
3 |
[24/56] Compiling OpenFeature ProviderEventDetails.swift
/host/spi-builder-workspace/.build/checkouts/swift-sdk/Sources/OpenFeature/EventHandler.swift:1:8: error: no such module 'Combine'
1 | import Combine
| `- error: no such module 'Combine'
2 | import Foundation
3 |
[25/56] Compiling OpenFeature ProviderEvents.swift
/host/spi-builder-workspace/.build/checkouts/swift-sdk/Sources/OpenFeature/EventHandler.swift:1:8: error: no such module 'Combine'
1 | import Combine
| `- error: no such module 'Combine'
2 | import Foundation
3 |
[26/56] Compiling OpenFeature Features+Defaults.swift
/host/spi-builder-workspace/.build/checkouts/swift-sdk/Sources/OpenFeature/EventHandler.swift:1:8: error: no such module 'Combine'
1 | import Combine
| `- error: no such module 'Combine'
2 | import Foundation
3 |
[27/56] Compiling OpenFeature Features.swift
/host/spi-builder-workspace/.build/checkouts/swift-sdk/Sources/OpenFeature/EventHandler.swift:1:8: error: no such module 'Combine'
1 | import Combine
| `- error: no such module 'Combine'
2 | import Foundation
3 |
[28/56] Compiling OpenFeature FlagEvaluationDetails.swift
/host/spi-builder-workspace/.build/checkouts/swift-sdk/Sources/OpenFeature/EventHandler.swift:1:8: error: no such module 'Combine'
1 | import Combine
| `- error: no such module 'Combine'
2 | import Foundation
3 |
[29/56] Compiling OpenFeature FlagEvaluationOptions.swift
/host/spi-builder-workspace/.build/checkouts/swift-sdk/Sources/OpenFeature/EventHandler.swift:1:8: error: no such module 'Combine'
1 | import Combine
| `- error: no such module 'Combine'
2 | import Foundation
3 |
[30/56] Compiling OpenFeature FlagMetadataValue.swift
/host/spi-builder-workspace/.build/checkouts/swift-sdk/Sources/OpenFeature/EventHandler.swift:1:8: error: no such module 'Combine'
1 | import Combine
| `- error: no such module 'Combine'
2 | import Foundation
3 |
[31/56] Compiling OpenFeature ProviderMetadata.swift
/host/spi-builder-workspace/.build/checkouts/swift-sdk/Sources/OpenFeature/EventHandler.swift:1:8: error: no such module 'Combine'
1 | import Combine
| `- error: no such module 'Combine'
2 | import Foundation
3 |
[32/56] Compiling OpenFeature ProviderStatus.swift
/host/spi-builder-workspace/.build/checkouts/swift-sdk/Sources/OpenFeature/EventHandler.swift:1:8: error: no such module 'Combine'
1 | import Combine
| `- error: no such module 'Combine'
2 | import Foundation
3 |
[33/56] Compiling OpenFeature ProviderStatusTracker.swift
/host/spi-builder-workspace/.build/checkouts/swift-sdk/Sources/OpenFeature/EventHandler.swift:1:8: error: no such module 'Combine'
1 | import Combine
| `- error: no such module 'Combine'
2 | import Foundation
3 |
[34/56] Compiling OpenFeature Reason.swift
/host/spi-builder-workspace/.build/checkouts/swift-sdk/Sources/OpenFeature/EventHandler.swift:1:8: error: no such module 'Combine'
1 | import Combine
| `- error: no such module 'Combine'
2 | import Foundation
3 |
[35/56] Compiling OpenFeature Structure.swift
/host/spi-builder-workspace/.build/checkouts/swift-sdk/Sources/OpenFeature/EventHandler.swift:1:8: error: no such module 'Combine'
1 | import Combine
| `- error: no such module 'Combine'
2 | import Foundation
3 |
[36/56] Compiling OpenFeature ImmutableStructure.swift
/host/spi-builder-workspace/.build/checkouts/swift-sdk/Sources/OpenFeature/EventHandler.swift:1:8: error: no such module 'Combine'
1 | import Combine
| `- error: no such module 'Combine'
2 | import Foundation
3 |
[37/56] Compiling OpenFeature ImmutableTrackingEventDetails.swift
/host/spi-builder-workspace/.build/checkouts/swift-sdk/Sources/OpenFeature/EventHandler.swift:1:8: error: no such module 'Combine'
1 | import Combine
| `- error: no such module 'Combine'
2 | import Foundation
3 |
[38/56] Compiling OpenFeature MetadataValue.swift
/host/spi-builder-workspace/.build/checkouts/swift-sdk/Sources/OpenFeature/EventHandler.swift:1:8: error: no such module 'Combine'
1 | import Combine
| `- error: no such module 'Combine'
2 | import Foundation
3 |
[39/56] Compiling OpenFeature MutableStructure.swift
/host/spi-builder-workspace/.build/checkouts/swift-sdk/Sources/OpenFeature/EventHandler.swift:1:8: error: no such module 'Combine'
1 | import Combine
| `- error: no such module 'Combine'
2 | import Foundation
3 |
[40/56] Compiling OpenFeature OpenFeatureAPI.swift
/host/spi-builder-workspace/.build/checkouts/swift-sdk/Sources/OpenFeature/EventHandler.swift:1:8: error: no such module 'Combine'
1 | import Combine
| `- error: no such module 'Combine'
2 | import Foundation
3 |
[41/56] Compiling OpenFeature FlagValueType.swift
/host/spi-builder-workspace/.build/checkouts/swift-sdk/Sources/OpenFeature/EventHandler.swift:1:8: error: no such module 'Combine'
1 | import Combine
| `- error: no such module 'Combine'
2 | import Foundation
3 |
[42/56] Compiling OpenFeature Hook.swift
/host/spi-builder-workspace/.build/checkouts/swift-sdk/Sources/OpenFeature/EventHandler.swift:1:8: error: no such module 'Combine'
1 | import Combine
| `- error: no such module 'Combine'
2 | import Foundation
3 |
[43/56] Compiling OpenFeature HookContext.swift
/host/spi-builder-workspace/.build/checkouts/swift-sdk/Sources/OpenFeature/EventHandler.swift:1:8: error: no such module 'Combine'
1 | import Combine
| `- error: no such module 'Combine'
2 | import Foundation
3 |
[44/56] Compiling OpenFeature HookSupport.swift
/host/spi-builder-workspace/.build/checkouts/swift-sdk/Sources/OpenFeature/EventHandler.swift:1:8: error: no such module 'Combine'
1 | import Combine
| `- error: no such module 'Combine'
2 | import Foundation
3 |
[45/56] Compiling OpenFeature ImmutableContext.swift
/host/spi-builder-workspace/.build/checkouts/swift-sdk/Sources/OpenFeature/EventHandler.swift:1:8: error: no such module 'Combine'
1 | import Combine
| `- error: no such module 'Combine'
2 | import Foundation
3 |
error: emit-module command failed with exit code 1 (use -v to see invocation)
[46/56] Emitting module OpenFeature
/host/spi-builder-workspace/.build/checkouts/swift-sdk/Sources/OpenFeature/EventHandler.swift:1:8: error: no such module 'Combine'
1 | import Combine
| `- error: no such module 'Combine'
2 | import Foundation
3 |
[47/56] Compiling OpenFeature OpenFeatureClient.swift
/host/spi-builder-workspace/.build/checkouts/swift-sdk/Sources/OpenFeature/EventHandler.swift:1:8: error: no such module 'Combine'
1 | import Combine
| `- error: no such module 'Combine'
2 | import Foundation
3 |
[48/56] Compiling OpenFeature FeatureProvider.swift
/host/spi-builder-workspace/.build/checkouts/swift-sdk/Sources/OpenFeature/EventHandler.swift:1:8: error: no such module 'Combine'
1 | import Combine
| `- error: no such module 'Combine'
2 | import Foundation
3 |
[49/56] Compiling OpenFeature FirstMatchStrategy.swift
/host/spi-builder-workspace/.build/checkouts/swift-sdk/Sources/OpenFeature/EventHandler.swift:1:8: error: no such module 'Combine'
1 | import Combine
| `- error: no such module 'Combine'
2 | import Foundation
3 |
[50/56] Compiling OpenFeature FirstSuccessfulStrategy.swift
/host/spi-builder-workspace/.build/checkouts/swift-sdk/Sources/OpenFeature/EventHandler.swift:1:8: error: no such module 'Combine'
1 | import Combine
| `- error: no such module 'Combine'
2 | import Foundation
3 |
[51/56] Compiling OpenFeature MultiProvider.swift
/host/spi-builder-workspace/.build/checkouts/swift-sdk/Sources/OpenFeature/EventHandler.swift:1:8: error: no such module 'Combine'
1 | import Combine
| `- error: no such module 'Combine'
2 | import Foundation
3 |
[52/56] Compiling OpenFeature Tracking.swift
/host/spi-builder-workspace/.build/checkouts/swift-sdk/Sources/OpenFeature/EventHandler.swift:1:8: error: no such module 'Combine'
1 | import Combine
| `- error: no such module 'Combine'
2 | import Foundation
3 |
[53/56] Compiling OpenFeature TrackingEventDetails.swift
/host/spi-builder-workspace/.build/checkouts/swift-sdk/Sources/OpenFeature/EventHandler.swift:1:8: error: no such module 'Combine'
1 | import Combine
| `- error: no such module 'Combine'
2 | import Foundation
3 |
[54/56] Compiling OpenFeature Value.swift
/host/spi-builder-workspace/.build/checkouts/swift-sdk/Sources/OpenFeature/EventHandler.swift:1:8: error: no such module 'Combine'
1 | import Combine
| `- error: no such module 'Combine'
2 | import Foundation
3 |
[55/56] Compiling OpenFeature ErrorCode.swift
/host/spi-builder-workspace/.build/checkouts/swift-sdk/Sources/OpenFeature/EventHandler.swift:1:8: error: no such module 'Combine'
1 | import Combine
| `- error: no such module 'Combine'
2 | import Foundation
3 |
[56/56] Compiling OpenFeature OpenFeatureError.swift
/host/spi-builder-workspace/.build/checkouts/swift-sdk/Sources/OpenFeature/EventHandler.swift:1:8: error: no such module 'Combine'
1 | import Combine
| `- error: no such module 'Combine'
2 | import Foundation
3 |
BUILD FAILURE 6.1 wasm