The Swift Package Index logo.Swift Package Index

Build Information

Failed to build swift-p2p-crypto, reference 0.2.0 (9c58bd), with Swift 6.4 for watchOS using Xcode 27.0 on 26 Sep 2026 17:39:16 UTC.

Build Command

No build command. This typically means the build failed at an early stage where we determine the build command.

Build Log

========================================
RunAll
========================================
Builder version: 5.1.0
Interrupt handler set up.
========================================
Checkout
========================================
Clone URL: https://github.com/1amageek/swift-p2p-crypto.git
Reference: 0.2.0
Initialized empty Git repository in /Users/admin/builder/spi-builder-workspace/.git/
From https://github.com/1amageek/swift-p2p-crypto
 * tag               0.2.0      -> FETCH_HEAD
HEAD is now at 9c58bdd Crypto: add portable media primitives
Cloned https://github.com/1amageek/swift-p2p-crypto.git
Revision (git rev-parse @):
9c58bddba6be50843964fe4cd37a0af2e00d02c3
SUCCESS checkout https://github.com/1amageek/swift-p2p-crypto.git at 0.2.0
========================================
Build
========================================
Selected platform:         watchOS
Swift version:             6.4
Building package at path:  $PWD
https://github.com/1amageek/swift-p2p-crypto.git
Command line invocation:
    /Applications/Xcode-27.0.0-Release.Candidate.app/Contents/Developer/usr/bin/xcodebuild -IDEClonedSourcePackagesDirPathOverride=/Users/admin/builder/spi-builder-workspace/.dependencies -resolvePackageDependencies
Resolve Package Graph
Fetching from https://github.com/1amageek/swift-p2p-core.git
Fetching from https://github.com/apple/swift-crypto.git
Fetching from https://github.com/1amageek/swift-ssl.git
Fetching from https://github.com/1amageek/swift-networking.git
Fetching from https://github.com/apple/swift-asn1.git
Creating working copy of package ‘swift-ssl’
Checking out 0.4.0 of package ‘swift-ssl’
Creating working copy of package ‘swift-networking’
Checking out 0.1.0 of package ‘swift-networking’
Creating working copy of package ‘swift-p2p-core’
Checking out 0.3.2 of package ‘swift-p2p-core’
Creating working copy of package ‘swift-asn1’
Checking out 1.7.3 of package ‘swift-asn1’
Creating working copy of package ‘swift-crypto’
Checking out 4.5.2 of package ‘swift-crypto’
product 'P2PCoreCrypto' required by package 'spi-builder-workspace' target 'P2PCrypto' not found in package 'swift-p2p-core'.multiple packages ('spi-builder-workspace', 'swift-p2p-core') declare targets with a conflicting name: 'P2PCrypto’; target names need to be unique across the package graphResolve Package Graph
product 'P2PCoreCrypto' required by package 'spi-builder-workspace' target 'P2PCrypto' not found in package 'swift-p2p-core'.multiple packages ('spi-builder-workspace', 'swift-p2p-core') declare targets with a conflicting name: 'P2PCrypto’; target names need to be unique across the package graph
Resolved source packages:
  spi-builder-workspace: (null)
2026-09-26 13:39:15.332 xcodebuild[529:3055] Writing error result bundle to /var/folders/xq/y_g06wb113726d38xsyx71_h0000gn/T/ResultBundle_2026-26-09_13-39-0015.xcresult
xcodebuild: error: Could not resolve package dependencies:
  product 'P2PCoreCrypto' required by package 'spi-builder-workspace' target 'P2PCrypto' not found in package 'swift-p2p-core'.
  multiple packages ('spi-builder-workspace', 'swift-p2p-core') declare targets with a conflicting name: 'P2PCrypto’; target names need to be unique across the package graph
Command line invocation:
    /Applications/Xcode-27.0.0-Release.Candidate.app/Contents/Developer/usr/bin/xcodebuild -IDEClonedSourcePackagesDirPathOverride=/Users/admin/builder/spi-builder-workspace/.dependencies -resolvePackageDependencies
Resolve Package Graph
product 'P2PCoreCrypto' required by package 'spi-builder-workspace' target 'P2PCrypto' not found in package 'swift-p2p-core'.multiple packages ('spi-builder-workspace', 'swift-p2p-core') declare targets with a conflicting name: 'P2PCrypto’; target names need to be unique across the package graph
Resolved source packages:
  spi-builder-workspace: (null)
2026-09-26 13:39:16.531 xcodebuild[784:4497] Writing error result bundle to /var/folders/xq/y_g06wb113726d38xsyx71_h0000gn/T/ResultBundle_2026-26-09_13-39-0016.xcresult
xcodebuild: error: Could not resolve package dependencies:
  product 'P2PCoreCrypto' required by package 'spi-builder-workspace' target 'P2PCrypto' not found in package 'swift-p2p-core'.
  multiple packages ('spi-builder-workspace', 'swift-p2p-core') declare targets with a conflicting name: 'P2PCrypto’; target names need to be unique across the package graph
BUILD FAILURE 6.4 watchOS