The Swift Package Index logo.Swift Package Index

Build Information

Failed to build Breeze, reference 1.1.0 (27c5a8), with Swift 6.4 for tvOS using Xcode 27.0 on 23 Sep 2026 05:39:45 UTC.

Build Command

env DEVELOPER_DIR=/Applications/Xcode-27.0.0-Release.Candidate.app xcrun xcodebuild -IDEClonedSourcePackagesDirPathOverride=$PWD/.dependencies -skipMacroValidation -skipPackagePluginValidation -derivedDataPath $PWD/.derivedData build -scheme Breeze -destination generic/platform=tvOS

Build Log

    builtin-SwiftPerFileCompile EnumerableFlag.swift
SwiftCompile normal arm64 /Users/admin/builder/spi-builder-workspace/.dependencies/checkouts/swift-argument-parser/Sources/ArgumentParser/Parsable\ Types/ExpressibleByArgument.swift (in target 'ArgumentParser' from project 'swift-argument-parser')
    cd /Users/admin/builder/spi-builder-workspace/.swiftpm/xcode
    builtin-SwiftPerFileCompile ExpressibleByArgument.swift
SwiftCompile normal arm64 /Users/admin/builder/spi-builder-workspace/.dependencies/checkouts/swift-argument-parser/Sources/ArgumentParser/Parsable\ Types/ParsableArguments.swift (in target 'ArgumentParser' from project 'swift-argument-parser')
    cd /Users/admin/builder/spi-builder-workspace/.swiftpm/xcode
    builtin-SwiftPerFileCompile ParsableArguments.swift
SwiftCompile normal arm64 /Users/admin/builder/spi-builder-workspace/.dependencies/checkouts/swift-argument-parser/Sources/ArgumentParser/Parsable\ Types/ParsableCommand.swift (in target 'ArgumentParser' from project 'swift-argument-parser')
    cd /Users/admin/builder/spi-builder-workspace/.swiftpm/xcode
    builtin-SwiftPerFileCompile ParsableCommand.swift
SwiftCompile normal arm64 Compiling\ Option.swift,\ OptionGroup.swift,\ ParentCommand.swift,\ AsyncParsableCommand.swift,\ CommandConfiguration.swift /Users/admin/builder/spi-builder-workspace/.dependencies/checkouts/swift-argument-parser/Sources/ArgumentParser/Parsable\ Properties/Option.swift /Users/admin/builder/spi-builder-workspace/.dependencies/checkouts/swift-argument-parser/Sources/ArgumentParser/Parsable\ Properties/OptionGroup.swift /Users/admin/builder/spi-builder-workspace/.dependencies/checkouts/swift-argument-parser/Sources/ArgumentParser/Parsable\ Properties/ParentCommand.swift /Users/admin/builder/spi-builder-workspace/.dependencies/checkouts/swift-argument-parser/Sources/ArgumentParser/Parsable\ Types/AsyncParsableCommand.swift /Users/admin/builder/spi-builder-workspace/.dependencies/checkouts/swift-argument-parser/Sources/ArgumentParser/Parsable\ Types/CommandConfiguration.swift (in target 'ArgumentParser' from project 'swift-argument-parser')
SwiftCompile normal arm64 /Users/admin/builder/spi-builder-workspace/.dependencies/checkouts/swift-argument-parser/Sources/ArgumentParser/Parsable\ Properties/Option.swift (in target 'ArgumentParser' from project 'swift-argument-parser')
    cd /Users/admin/builder/spi-builder-workspace/.swiftpm/xcode
    builtin-SwiftPerFileCompile Option.swift
SwiftCompile normal arm64 /Users/admin/builder/spi-builder-workspace/.dependencies/checkouts/swift-argument-parser/Sources/ArgumentParser/Parsable\ Properties/OptionGroup.swift (in target 'ArgumentParser' from project 'swift-argument-parser')
    cd /Users/admin/builder/spi-builder-workspace/.swiftpm/xcode
    builtin-SwiftPerFileCompile OptionGroup.swift
SwiftCompile normal arm64 /Users/admin/builder/spi-builder-workspace/.dependencies/checkouts/swift-argument-parser/Sources/ArgumentParser/Parsable\ Properties/ParentCommand.swift (in target 'ArgumentParser' from project 'swift-argument-parser')
    cd /Users/admin/builder/spi-builder-workspace/.swiftpm/xcode
    builtin-SwiftPerFileCompile ParentCommand.swift
SwiftCompile normal arm64 /Users/admin/builder/spi-builder-workspace/.dependencies/checkouts/swift-argument-parser/Sources/ArgumentParser/Parsable\ Types/AsyncParsableCommand.swift (in target 'ArgumentParser' from project 'swift-argument-parser')
    cd /Users/admin/builder/spi-builder-workspace/.swiftpm/xcode
    builtin-SwiftPerFileCompile AsyncParsableCommand.swift
SwiftCompile normal arm64 /Users/admin/builder/spi-builder-workspace/.dependencies/checkouts/swift-argument-parser/Sources/ArgumentParser/Parsable\ Types/CommandConfiguration.swift (in target 'ArgumentParser' from project 'swift-argument-parser')
    cd /Users/admin/builder/spi-builder-workspace/.swiftpm/xcode
    builtin-SwiftPerFileCompile CommandConfiguration.swift
SwiftCompile normal arm64 Compiling\ UsageGenerator.swift,\ CollectionExtensions.swift,\ Foundation.swift,\ Mutex.swift,\ Platform.swift /Users/admin/builder/spi-builder-workspace/.dependencies/checkouts/swift-argument-parser/Sources/ArgumentParser/Usage/UsageGenerator.swift /Users/admin/builder/spi-builder-workspace/.dependencies/checkouts/swift-argument-parser/Sources/ArgumentParser/Utilities/CollectionExtensions.swift /Users/admin/builder/spi-builder-workspace/.dependencies/checkouts/swift-argument-parser/Sources/ArgumentParser/Utilities/Foundation.swift /Users/admin/builder/spi-builder-workspace/.dependencies/checkouts/swift-argument-parser/Sources/ArgumentParser/Utilities/Mutex.swift /Users/admin/builder/spi-builder-workspace/.dependencies/checkouts/swift-argument-parser/Sources/ArgumentParser/Utilities/Platform.swift (in target 'ArgumentParser' from project 'swift-argument-parser')
SwiftCompile normal arm64 /Users/admin/builder/spi-builder-workspace/.dependencies/checkouts/swift-argument-parser/Sources/ArgumentParser/Usage/UsageGenerator.swift (in target 'ArgumentParser' from project 'swift-argument-parser')
    cd /Users/admin/builder/spi-builder-workspace/.swiftpm/xcode
    builtin-SwiftPerFileCompile UsageGenerator.swift
SwiftCompile normal arm64 /Users/admin/builder/spi-builder-workspace/.dependencies/checkouts/swift-argument-parser/Sources/ArgumentParser/Utilities/CollectionExtensions.swift (in target 'ArgumentParser' from project 'swift-argument-parser')
    cd /Users/admin/builder/spi-builder-workspace/.swiftpm/xcode
    builtin-SwiftPerFileCompile CollectionExtensions.swift
SwiftCompile normal arm64 /Users/admin/builder/spi-builder-workspace/.dependencies/checkouts/swift-argument-parser/Sources/ArgumentParser/Utilities/Foundation.swift (in target 'ArgumentParser' from project 'swift-argument-parser')
    cd /Users/admin/builder/spi-builder-workspace/.swiftpm/xcode
    builtin-SwiftPerFileCompile Foundation.swift
SwiftCompile normal arm64 /Users/admin/builder/spi-builder-workspace/.dependencies/checkouts/swift-argument-parser/Sources/ArgumentParser/Utilities/Mutex.swift (in target 'ArgumentParser' from project 'swift-argument-parser')
    cd /Users/admin/builder/spi-builder-workspace/.swiftpm/xcode
    builtin-SwiftPerFileCompile Mutex.swift
SwiftCompile normal arm64 /Users/admin/builder/spi-builder-workspace/.dependencies/checkouts/swift-argument-parser/Sources/ArgumentParser/Utilities/Platform.swift (in target 'ArgumentParser' from project 'swift-argument-parser')
    cd /Users/admin/builder/spi-builder-workspace/.swiftpm/xcode
    builtin-SwiftPerFileCompile Platform.swift
SwiftCompile normal arm64 Compiling\ BashCompletionsGenerator.swift,\ CompletionsGenerator.swift,\ FishCompletionsGenerator.swift,\ ZshCompletionsGenerator.swift,\ Argument.swift,\ ArgumentDiscussion.swift /Users/admin/builder/spi-builder-workspace/.dependencies/checkouts/swift-argument-parser/Sources/ArgumentParser/Completions/BashCompletionsGenerator.swift /Users/admin/builder/spi-builder-workspace/.dependencies/checkouts/swift-argument-parser/Sources/ArgumentParser/Completions/CompletionsGenerator.swift /Users/admin/builder/spi-builder-workspace/.dependencies/checkouts/swift-argument-parser/Sources/ArgumentParser/Completions/FishCompletionsGenerator.swift /Users/admin/builder/spi-builder-workspace/.dependencies/checkouts/swift-argument-parser/Sources/ArgumentParser/Completions/ZshCompletionsGenerator.swift /Users/admin/builder/spi-builder-workspace/.dependencies/checkouts/swift-argument-parser/Sources/ArgumentParser/Parsable\ Properties/Argument.swift /Users/admin/builder/spi-builder-workspace/.dependencies/checkouts/swift-argument-parser/Sources/ArgumentParser/Parsable\ Properties/ArgumentDiscussion.swift (in target 'ArgumentParser' from project 'swift-argument-parser')
SwiftCompile normal arm64 /Users/admin/builder/spi-builder-workspace/.dependencies/checkouts/swift-argument-parser/Sources/ArgumentParser/Completions/BashCompletionsGenerator.swift (in target 'ArgumentParser' from project 'swift-argument-parser')
    cd /Users/admin/builder/spi-builder-workspace/.swiftpm/xcode
    builtin-SwiftPerFileCompile BashCompletionsGenerator.swift
SwiftCompile normal arm64 /Users/admin/builder/spi-builder-workspace/.dependencies/checkouts/swift-argument-parser/Sources/ArgumentParser/Completions/CompletionsGenerator.swift (in target 'ArgumentParser' from project 'swift-argument-parser')
    cd /Users/admin/builder/spi-builder-workspace/.swiftpm/xcode
    builtin-SwiftPerFileCompile CompletionsGenerator.swift
SwiftCompile normal arm64 /Users/admin/builder/spi-builder-workspace/.dependencies/checkouts/swift-argument-parser/Sources/ArgumentParser/Completions/FishCompletionsGenerator.swift (in target 'ArgumentParser' from project 'swift-argument-parser')
    cd /Users/admin/builder/spi-builder-workspace/.swiftpm/xcode
    builtin-SwiftPerFileCompile FishCompletionsGenerator.swift
SwiftCompile normal arm64 /Users/admin/builder/spi-builder-workspace/.dependencies/checkouts/swift-argument-parser/Sources/ArgumentParser/Completions/ZshCompletionsGenerator.swift (in target 'ArgumentParser' from project 'swift-argument-parser')
    cd /Users/admin/builder/spi-builder-workspace/.swiftpm/xcode
    builtin-SwiftPerFileCompile ZshCompletionsGenerator.swift
SwiftCompile normal arm64 /Users/admin/builder/spi-builder-workspace/.dependencies/checkouts/swift-argument-parser/Sources/ArgumentParser/Parsable\ Properties/Argument.swift (in target 'ArgumentParser' from project 'swift-argument-parser')
    cd /Users/admin/builder/spi-builder-workspace/.swiftpm/xcode
    builtin-SwiftPerFileCompile Argument.swift
SwiftCompile normal arm64 /Users/admin/builder/spi-builder-workspace/.dependencies/checkouts/swift-argument-parser/Sources/ArgumentParser/Parsable\ Properties/ArgumentDiscussion.swift (in target 'ArgumentParser' from project 'swift-argument-parser')
    cd /Users/admin/builder/spi-builder-workspace/.swiftpm/xcode
    builtin-SwiftPerFileCompile ArgumentDiscussion.swift
SwiftCompile normal arm64 Compiling\ ArgumentHelp.swift,\ ArgumentVisibility.swift,\ CompletionKind.swift,\ Errors.swift,\ Flag.swift,\ NameSpecification.swift /Users/admin/builder/spi-builder-workspace/.dependencies/checkouts/swift-argument-parser/Sources/ArgumentParser/Parsable\ Properties/ArgumentHelp.swift /Users/admin/builder/spi-builder-workspace/.dependencies/checkouts/swift-argument-parser/Sources/ArgumentParser/Parsable\ Properties/ArgumentVisibility.swift /Users/admin/builder/spi-builder-workspace/.dependencies/checkouts/swift-argument-parser/Sources/ArgumentParser/Parsable\ Properties/CompletionKind.swift /Users/admin/builder/spi-builder-workspace/.dependencies/checkouts/swift-argument-parser/Sources/ArgumentParser/Parsable\ Properties/Errors.swift /Users/admin/builder/spi-builder-workspace/.dependencies/checkouts/swift-argument-parser/Sources/ArgumentParser/Parsable\ Properties/Flag.swift /Users/admin/builder/spi-builder-workspace/.dependencies/checkouts/swift-argument-parser/Sources/ArgumentParser/Parsable\ Properties/NameSpecification.swift (in target 'ArgumentParser' from project 'swift-argument-parser')
SwiftCompile normal arm64 /Users/admin/builder/spi-builder-workspace/.dependencies/checkouts/swift-argument-parser/Sources/ArgumentParser/Parsable\ Properties/ArgumentHelp.swift (in target 'ArgumentParser' from project 'swift-argument-parser')
    cd /Users/admin/builder/spi-builder-workspace/.swiftpm/xcode
    builtin-SwiftPerFileCompile ArgumentHelp.swift
SwiftCompile normal arm64 /Users/admin/builder/spi-builder-workspace/.dependencies/checkouts/swift-argument-parser/Sources/ArgumentParser/Parsable\ Properties/ArgumentVisibility.swift (in target 'ArgumentParser' from project 'swift-argument-parser')
    cd /Users/admin/builder/spi-builder-workspace/.swiftpm/xcode
    builtin-SwiftPerFileCompile ArgumentVisibility.swift
SwiftCompile normal arm64 /Users/admin/builder/spi-builder-workspace/.dependencies/checkouts/swift-argument-parser/Sources/ArgumentParser/Parsable\ Properties/CompletionKind.swift (in target 'ArgumentParser' from project 'swift-argument-parser')
    cd /Users/admin/builder/spi-builder-workspace/.swiftpm/xcode
    builtin-SwiftPerFileCompile CompletionKind.swift
SwiftCompile normal arm64 /Users/admin/builder/spi-builder-workspace/.dependencies/checkouts/swift-argument-parser/Sources/ArgumentParser/Parsable\ Properties/Errors.swift (in target 'ArgumentParser' from project 'swift-argument-parser')
    cd /Users/admin/builder/spi-builder-workspace/.swiftpm/xcode
    builtin-SwiftPerFileCompile Errors.swift
SwiftCompile normal arm64 /Users/admin/builder/spi-builder-workspace/.dependencies/checkouts/swift-argument-parser/Sources/ArgumentParser/Parsable\ Properties/Flag.swift (in target 'ArgumentParser' from project 'swift-argument-parser')
    cd /Users/admin/builder/spi-builder-workspace/.swiftpm/xcode
    builtin-SwiftPerFileCompile Flag.swift
SwiftCompile normal arm64 /Users/admin/builder/spi-builder-workspace/.dependencies/checkouts/swift-argument-parser/Sources/ArgumentParser/Parsable\ Properties/NameSpecification.swift (in target 'ArgumentParser' from project 'swift-argument-parser')
    cd /Users/admin/builder/spi-builder-workspace/.swiftpm/xcode
    builtin-SwiftPerFileCompile NameSpecification.swift
SwiftExplicitDependencyGeneratePcm arm64 /Users/admin/builder/spi-builder-workspace/.derivedData/SDKExplicitPrecompiledModules/CFNetwork-2CUR2VK9S3S3WPFXPNXNUWYGN.pcm
SwiftDriverJobDiscovery normal arm64 Compiling InputOrigin.swift, Name.swift, Parsed.swift, ParsedValues.swift, ParserError.swift (in target 'ArgumentParser' from project 'swift-argument-parser')
SwiftExplicitDependencyGeneratePcm arm64 /Users/admin/builder/spi-builder-workspace/.derivedData/SDKExplicitPrecompiledModules/Security-8VMXEKVDA3MHUH9AOTP905DID.pcm
SwiftDriverJobDiscovery normal arm64 Compiling CodingKeyValidator.swift, NonsenseFlagsValidator.swift, ParsableArgumentsValidation.swift, PositionalArgumentsValidator.swift, UniqueNamesValidator.swift (in target 'ArgumentParser' from project 'swift-argument-parser')
SwiftCompile normal arm64 Compiling\ SplitArguments.swift,\ DumpHelpGenerator.swift,\ HelpCommand.swift,\ HelpGenerator.swift,\ MessageInfo.swift /Users/admin/builder/spi-builder-workspace/.dependencies/checkouts/swift-argument-parser/Sources/ArgumentParser/Parsing/SplitArguments.swift /Users/admin/builder/spi-builder-workspace/.dependencies/checkouts/swift-argument-parser/Sources/ArgumentParser/Usage/DumpHelpGenerator.swift /Users/admin/builder/spi-builder-workspace/.dependencies/checkouts/swift-argument-parser/Sources/ArgumentParser/Usage/HelpCommand.swift /Users/admin/builder/spi-builder-workspace/.dependencies/checkouts/swift-argument-parser/Sources/ArgumentParser/Usage/HelpGenerator.swift /Users/admin/builder/spi-builder-workspace/.dependencies/checkouts/swift-argument-parser/Sources/ArgumentParser/Usage/MessageInfo.swift (in target 'ArgumentParser' from project 'swift-argument-parser')
SwiftCompile normal arm64 /Users/admin/builder/spi-builder-workspace/.dependencies/checkouts/swift-argument-parser/Sources/ArgumentParser/Parsing/SplitArguments.swift (in target 'ArgumentParser' from project 'swift-argument-parser')
    cd /Users/admin/builder/spi-builder-workspace/.swiftpm/xcode
    builtin-SwiftPerFileCompile SplitArguments.swift
SwiftCompile normal arm64 /Users/admin/builder/spi-builder-workspace/.dependencies/checkouts/swift-argument-parser/Sources/ArgumentParser/Usage/DumpHelpGenerator.swift (in target 'ArgumentParser' from project 'swift-argument-parser')
    cd /Users/admin/builder/spi-builder-workspace/.swiftpm/xcode
    builtin-SwiftPerFileCompile DumpHelpGenerator.swift
SwiftCompile normal arm64 /Users/admin/builder/spi-builder-workspace/.dependencies/checkouts/swift-argument-parser/Sources/ArgumentParser/Usage/HelpCommand.swift (in target 'ArgumentParser' from project 'swift-argument-parser')
    cd /Users/admin/builder/spi-builder-workspace/.swiftpm/xcode
    builtin-SwiftPerFileCompile HelpCommand.swift
SwiftCompile normal arm64 /Users/admin/builder/spi-builder-workspace/.dependencies/checkouts/swift-argument-parser/Sources/ArgumentParser/Usage/HelpGenerator.swift (in target 'ArgumentParser' from project 'swift-argument-parser')
    cd /Users/admin/builder/spi-builder-workspace/.swiftpm/xcode
    builtin-SwiftPerFileCompile HelpGenerator.swift
SwiftCompile normal arm64 /Users/admin/builder/spi-builder-workspace/.dependencies/checkouts/swift-argument-parser/Sources/ArgumentParser/Usage/MessageInfo.swift (in target 'ArgumentParser' from project 'swift-argument-parser')
    cd /Users/admin/builder/spi-builder-workspace/.swiftpm/xcode
    builtin-SwiftPerFileCompile MessageInfo.swift
SwiftDriverJobDiscovery normal arm64 Compiling SequenceExtensions.swift, StringExtensions.swift, SwiftExtensions.swift, Tree.swift, AsyncCompletionsValidator.swift (in target 'ArgumentParser' from project 'swift-argument-parser')
SwiftDriverJobDiscovery normal arm64 Compiling CommandGroup.swift, EnumerableFlag.swift, ExpressibleByArgument.swift, ParsableArguments.swift, ParsableCommand.swift (in target 'ArgumentParser' from project 'swift-argument-parser')
SwiftDriverJobDiscovery normal arm64 Emitting module for ArgumentParser (in target 'ArgumentParser' from project 'swift-argument-parser')
SwiftDriver\ Compilation\ Requirements ArgumentParser normal arm64 com.apple.xcode.tools.swift.compiler (in target 'ArgumentParser' from project 'swift-argument-parser')
    cd /Users/admin/builder/spi-builder-workspace/.swiftpm/xcode
    builtin-Swift-Compilation-Requirements -- /Applications/Xcode-27.0.0-Release.Candidate.app/Contents/Developer/Toolchains/XcodeDefault.xctoolchain/usr/bin/swiftc -parse-as-library -module-name ArgumentParser -Onone @/Users/admin/builder/spi-builder-workspace/.derivedData/Build/Intermediates.noindex/swift-argument-parser.build/Debug-appletvos/ArgumentParser-t.build/Objects-normal/arm64/ArgumentParser.SwiftFileList -DSWIFT_PACKAGE -DDEBUG -DSWIFT_MODULE_RESOURCE_BUNDLE_UNAVAILABLE -DXcode -plugin-path /Applications/Xcode-27.0.0-Release.Candidate.app/Contents/Developer/Toolchains/XcodeDefault.xctoolchain/usr/lib/swift/host/plugins/testing -enable-experimental-feature DebugDescriptionMacro -sdk /Applications/Xcode-27.0.0-Release.Candidate.app/Contents/Developer/Platforms/AppleTVOS.platform/Developer/SDKs/AppleTVOS27.0.sdk -target arm64-apple-tvos15.0 -g -module-cache-path /Users/admin/builder/spi-builder-workspace/.derivedData/ModuleCache.noindex -Xfrontend -serialize-debugging-options -profile-coverage-mapping -profile-generate -enable-testing -suppress-warnings -index-store-path /Users/admin/builder/spi-builder-workspace/.derivedData/Index.noindex/DataStore -Xcc -D_LIBCPP_HARDENING_MODE\=_LIBCPP_HARDENING_MODE_DEBUG -swift-version 6 -I /Users/admin/builder/spi-builder-workspace/.derivedData/Build/Products/Debug-appletvos -Isystem /Applications/Xcode-27.0.0-Release.Candidate.app/Contents/Developer/Platforms/AppleTVOS.platform/Developer/usr/lib -F /Users/admin/builder/spi-builder-workspace/.derivedData/Build/Products/Debug-appletvos/PackageFrameworks -F /Users/admin/builder/spi-builder-workspace/.derivedData/Build/Products/Debug-appletvos -F /Applications/Xcode-27.0.0-Release.Candidate.app/Contents/Developer/Platforms/AppleTVOS.platform/Developer/Library/Frameworks -F /Applications/Xcode-27.0.0-Release.Candidate.app/Contents/Developer/Platforms/AppleTVOS.platform/Developer/SDKs/AppleTVOS27.0.sdk/Developer/Library/Frameworks -c -j10 -enable-batch-mode -incremental -Xcc -ivfsstatcache -Xcc /Users/admin/builder/spi-builder-workspace/.derivedData/SDKStatCaches.noindex/appletvos27.0-24J360-e829b21a6f8c9b70876ba0858053c044b32bfd8d43560033f8d89884cdb90028.sdkstatcache -output-file-map /Users/admin/builder/spi-builder-workspace/.derivedData/Build/Intermediates.noindex/swift-argument-parser.build/Debug-appletvos/ArgumentParser-t.build/Objects-normal/arm64/ArgumentParser-OutputFileMap.json -save-temps -no-color-diagnostics -explicit-module-build -module-cache-path /Users/admin/builder/spi-builder-workspace/.derivedData/Build/Intermediates.noindex/SwiftExplicitPrecompiledModules -clang-scanner-module-cache-path /Users/admin/builder/spi-builder-workspace/.derivedData/ModuleCache.noindex -sdk-module-cache-path /Users/admin/builder/spi-builder-workspace/.derivedData/SDKExplicitPrecompiledModules -emit-dependencies -emit-module -emit-module-path /Users/admin/builder/spi-builder-workspace/.derivedData/Build/Intermediates.noindex/swift-argument-parser.build/Debug-appletvos/ArgumentParser-t.build/Objects-normal/arm64/ArgumentParser.swiftmodule -serialize-diagnostics -dependency-scan-serialize-diagnostics-path /Users/admin/builder/spi-builder-workspace/.derivedData/Build/Intermediates.noindex/swift-argument-parser.build/Debug-appletvos/ArgumentParser-t.build/Objects-normal/arm64/ArgumentParser-dependency-scan.dia -user-module-version 1.8.2 -validate-clang-modules-once -clang-build-session-file /Users/admin/builder/spi-builder-workspace/.derivedData/ModuleCache.noindex/Session.modulevalidation -Xcc -fmodules-prune-interval\=86400 -Xcc -fmodules-prune-after\=345600 -package-name swift_argument_parser -emit-const-values -const-gather-protocols-list /Users/admin/builder/spi-builder-workspace/.derivedData/Build/Intermediates.noindex/swift-argument-parser.build/Debug-appletvos/ArgumentParser-t.build/Objects-normal/arm64/ArgumentParser_const_extract_protocols.json -Xcc -I/Users/admin/builder/spi-builder-workspace/.derivedData/Build/Products/Debug-appletvos/include -Xcc -I/Users/admin/builder/spi-builder-workspace/.derivedData/Build/Intermediates.noindex/swift-argument-parser.build/Debug-appletvos/ArgumentParser-t.build/DerivedSources-normal/arm64 -Xcc -I/Users/admin/builder/spi-builder-workspace/.derivedData/Build/Intermediates.noindex/swift-argument-parser.build/Debug-appletvos/ArgumentParser-t.build/DerivedSources/arm64 -Xcc -I/Users/admin/builder/spi-builder-workspace/.derivedData/Build/Intermediates.noindex/swift-argument-parser.build/Debug-appletvos/ArgumentParser-t.build/DerivedSources -Xcc -DSWIFT_PACKAGE -Xcc -DDEBUG\=1 -emit-objc-header -emit-objc-header-path /Users/admin/builder/spi-builder-workspace/.derivedData/Build/Intermediates.noindex/swift-argument-parser.build/Debug-appletvos/ArgumentParser-t.build/Objects-normal/arm64/ArgumentParser-Swift.h -working-directory /Users/admin/builder/spi-builder-workspace/.swiftpm/xcode -experimental-emit-module-separately -disable-cmo
SwiftMergeGeneratedHeaders /Users/admin/builder/spi-builder-workspace/.derivedData/Build/Intermediates.noindex/GeneratedModuleMaps-appletvos/ArgumentParser-Swift.h /Users/admin/builder/spi-builder-workspace/.derivedData/Build/Intermediates.noindex/swift-argument-parser.build/Debug-appletvos/ArgumentParser-t.build/Objects-normal/arm64/ArgumentParser-Swift.h (in target 'ArgumentParser' from project 'swift-argument-parser')
    cd /Users/admin/builder/spi-builder-workspace/.dependencies/checkouts/swift-argument-parser
    builtin-swiftHeaderTool -arch arm64 /Users/admin/builder/spi-builder-workspace/.derivedData/Build/Intermediates.noindex/swift-argument-parser.build/Debug-appletvos/ArgumentParser-t.build/Objects-normal/arm64/ArgumentParser-Swift.h -o /Users/admin/builder/spi-builder-workspace/.derivedData/Build/Intermediates.noindex/GeneratedModuleMaps-appletvos/ArgumentParser-Swift.h
Copy /Users/admin/builder/spi-builder-workspace/.derivedData/Build/Products/Debug-appletvos/ArgumentParser.swiftmodule/arm64-apple-tvos.swiftdoc /Users/admin/builder/spi-builder-workspace/.derivedData/Build/Intermediates.noindex/swift-argument-parser.build/Debug-appletvos/ArgumentParser-t.build/Objects-normal/arm64/ArgumentParser.swiftdoc (in target 'ArgumentParser' from project 'swift-argument-parser')
    cd /Users/admin/builder/spi-builder-workspace/.dependencies/checkouts/swift-argument-parser
    builtin-copy -exclude .DS_Store -exclude CVS -exclude .svn -exclude .git -exclude .hg -resolve-src-symlinks -rename /Users/admin/builder/spi-builder-workspace/.derivedData/Build/Intermediates.noindex/swift-argument-parser.build/Debug-appletvos/ArgumentParser-t.build/Objects-normal/arm64/ArgumentParser.swiftdoc /Users/admin/builder/spi-builder-workspace/.derivedData/Build/Products/Debug-appletvos/ArgumentParser.swiftmodule/arm64-apple-tvos.swiftdoc
Copy /Users/admin/builder/spi-builder-workspace/.derivedData/Build/Products/Debug-appletvos/ArgumentParser.swiftmodule/arm64-apple-tvos.swiftmodule /Users/admin/builder/spi-builder-workspace/.derivedData/Build/Intermediates.noindex/swift-argument-parser.build/Debug-appletvos/ArgumentParser-t.build/Objects-normal/arm64/ArgumentParser.swiftmodule (in target 'ArgumentParser' from project 'swift-argument-parser')
    cd /Users/admin/builder/spi-builder-workspace/.dependencies/checkouts/swift-argument-parser
    builtin-copy -exclude .DS_Store -exclude CVS -exclude .svn -exclude .git -exclude .hg -resolve-src-symlinks -rename /Users/admin/builder/spi-builder-workspace/.derivedData/Build/Intermediates.noindex/swift-argument-parser.build/Debug-appletvos/ArgumentParser-t.build/Objects-normal/arm64/ArgumentParser.swiftmodule /Users/admin/builder/spi-builder-workspace/.derivedData/Build/Products/Debug-appletvos/ArgumentParser.swiftmodule/arm64-apple-tvos.swiftmodule
Copy /Users/admin/builder/spi-builder-workspace/.derivedData/Build/Products/Debug-appletvos/ArgumentParser.swiftmodule/arm64-apple-tvos.abi.json /Users/admin/builder/spi-builder-workspace/.derivedData/Build/Intermediates.noindex/swift-argument-parser.build/Debug-appletvos/ArgumentParser-t.build/Objects-normal/arm64/ArgumentParser.abi.json (in target 'ArgumentParser' from project 'swift-argument-parser')
    cd /Users/admin/builder/spi-builder-workspace/.dependencies/checkouts/swift-argument-parser
    builtin-copy -exclude .DS_Store -exclude CVS -exclude .svn -exclude .git -exclude .hg -resolve-src-symlinks -rename /Users/admin/builder/spi-builder-workspace/.derivedData/Build/Intermediates.noindex/swift-argument-parser.build/Debug-appletvos/ArgumentParser-t.build/Objects-normal/arm64/ArgumentParser.abi.json /Users/admin/builder/spi-builder-workspace/.derivedData/Build/Products/Debug-appletvos/ArgumentParser.swiftmodule/arm64-apple-tvos.abi.json
Copy /Users/admin/builder/spi-builder-workspace/.derivedData/Build/Products/Debug-appletvos/ArgumentParser.swiftmodule/Project/arm64-apple-tvos.swiftsourceinfo /Users/admin/builder/spi-builder-workspace/.derivedData/Build/Intermediates.noindex/swift-argument-parser.build/Debug-appletvos/ArgumentParser-t.build/Objects-normal/arm64/ArgumentParser.swiftsourceinfo (in target 'ArgumentParser' from project 'swift-argument-parser')
    cd /Users/admin/builder/spi-builder-workspace/.dependencies/checkouts/swift-argument-parser
    builtin-copy -exclude .DS_Store -exclude CVS -exclude .svn -exclude .git -exclude .hg -resolve-src-symlinks -rename /Users/admin/builder/spi-builder-workspace/.derivedData/Build/Intermediates.noindex/swift-argument-parser.build/Debug-appletvos/ArgumentParser-t.build/Objects-normal/arm64/ArgumentParser.swiftsourceinfo /Users/admin/builder/spi-builder-workspace/.derivedData/Build/Products/Debug-appletvos/ArgumentParser.swiftmodule/Project/arm64-apple-tvos.swiftsourceinfo
SwiftExplicitDependencyGeneratePcm arm64 /Users/admin/builder/spi-builder-workspace/.derivedData/SDKExplicitPrecompiledModules/Foundation-BSSIP64DIGUKMAYJOG1WPQ78X.pcm
SwiftDriverJobDiscovery normal arm64 Compiling Option.swift, OptionGroup.swift, ParentCommand.swift, AsyncParsableCommand.swift, CommandConfiguration.swift (in target 'ArgumentParser' from project 'swift-argument-parser')
SwiftDriverJobDiscovery normal arm64 Compiling ArgumentHelp.swift, ArgumentVisibility.swift, CompletionKind.swift, Errors.swift, Flag.swift, NameSpecification.swift (in target 'ArgumentParser' from project 'swift-argument-parser')
SwiftDriverJobDiscovery normal arm64 Compiling UsageGenerator.swift, CollectionExtensions.swift, Foundation.swift, Mutex.swift, Platform.swift (in target 'ArgumentParser' from project 'swift-argument-parser')
SwiftDriverJobDiscovery normal arm64 Compiling BashCompletionsGenerator.swift, CompletionsGenerator.swift, FishCompletionsGenerator.swift, ZshCompletionsGenerator.swift, Argument.swift, ArgumentDiscussion.swift (in target 'ArgumentParser' from project 'swift-argument-parser')
SwiftEmitModule normal arm64 Emitting\ module\ for\ SLSAdapter (in target 'SLSAdapter' from project 'swift-sls-adapter')
SwiftCompile normal arm64 (in target 'SLSAdapter' from project 'swift-sls-adapter')
    cd /Users/admin/builder/spi-builder-workspace/.swiftpm/xcode

SwiftCompile normal arm64 Compiling\ YAMLContent.swift /Users/admin/builder/spi-builder-workspace/.dependencies/checkouts/swift-sls-adapter/Sources/SLSAdapter/YAMLContent.swift (in target 'SLSAdapter' from project 'swift-sls-adapter')
SwiftCompile normal arm64 /Users/admin/builder/spi-builder-workspace/.dependencies/checkouts/swift-sls-adapter/Sources/SLSAdapter/YAMLContent.swift (in target 'SLSAdapter' from project 'swift-sls-adapter')
    cd /Users/admin/builder/spi-builder-workspace/.swiftpm/xcode
    builtin-SwiftPerFileCompile YAMLContent.swift
SwiftCompile normal arm64 Compiling\ Region.swift /Users/admin/builder/spi-builder-workspace/.dependencies/checkouts/swift-sls-adapter/Sources/SLSAdapter/Region.swift (in target 'SLSAdapter' from project 'swift-sls-adapter')
SwiftCompile normal arm64 /Users/admin/builder/spi-builder-workspace/.dependencies/checkouts/swift-sls-adapter/Sources/SLSAdapter/Region.swift (in target 'SLSAdapter' from project 'swift-sls-adapter')
    cd /Users/admin/builder/spi-builder-workspace/.swiftpm/xcode
    builtin-SwiftPerFileCompile Region.swift
SwiftCompile normal arm64 Compiling\ Provider.swift /Users/admin/builder/spi-builder-workspace/.dependencies/checkouts/swift-sls-adapter/Sources/SLSAdapter/Provider.swift (in target 'SLSAdapter' from project 'swift-sls-adapter')
SwiftCompile normal arm64 /Users/admin/builder/spi-builder-workspace/.dependencies/checkouts/swift-sls-adapter/Sources/SLSAdapter/Provider.swift (in target 'SLSAdapter' from project 'swift-sls-adapter')
    cd /Users/admin/builder/spi-builder-workspace/.swiftpm/xcode
    builtin-SwiftPerFileCompile Provider.swift
SwiftCompile normal arm64 Compiling\ Function.swift /Users/admin/builder/spi-builder-workspace/.dependencies/checkouts/swift-sls-adapter/Sources/SLSAdapter/Function.swift (in target 'SLSAdapter' from project 'swift-sls-adapter')
SwiftCompile normal arm64 /Users/admin/builder/spi-builder-workspace/.dependencies/checkouts/swift-sls-adapter/Sources/SLSAdapter/Function.swift (in target 'SLSAdapter' from project 'swift-sls-adapter')
    cd /Users/admin/builder/spi-builder-workspace/.swiftpm/xcode
    builtin-SwiftPerFileCompile Function.swift
SwiftCompile normal arm64 Compiling\ Resource.swift /Users/admin/builder/spi-builder-workspace/.dependencies/checkouts/swift-sls-adapter/Sources/SLSAdapter/Resource.swift (in target 'SLSAdapter' from project 'swift-sls-adapter')
SwiftCompile normal arm64 /Users/admin/builder/spi-builder-workspace/.dependencies/checkouts/swift-sls-adapter/Sources/SLSAdapter/Resource.swift (in target 'SLSAdapter' from project 'swift-sls-adapter')
    cd /Users/admin/builder/spi-builder-workspace/.swiftpm/xcode
    builtin-SwiftPerFileCompile Resource.swift
SwiftEmitModule normal arm64 Emitting\ module\ for\ Stencil (in target 'Stencil' from project 'Stencil')
SwiftCompile normal arm64 (in target 'Stencil' from project 'Stencil')
    cd /Users/admin/builder/spi-builder-workspace/.swiftpm/xcode

SwiftEmitModule normal arm64 Emitting\ module\ for\ Noora (in target 'Noora' from project 'Noora')
SwiftCompile normal arm64 (in target 'Noora' from project 'Noora')
    cd /Users/admin/builder/spi-builder-workspace/.swiftpm/xcode

SwiftCompile normal arm64 Compiling\ NowTag.swift,\ Parser.swift /Users/admin/builder/spi-builder-workspace/.dependencies/checkouts/Stencil/Sources/Stencil/NowTag.swift /Users/admin/builder/spi-builder-workspace/.dependencies/checkouts/Stencil/Sources/Stencil/Parser.swift (in target 'Stencil' from project 'Stencil')
SwiftCompile normal arm64 /Users/admin/builder/spi-builder-workspace/.dependencies/checkouts/Stencil/Sources/Stencil/NowTag.swift (in target 'Stencil' from project 'Stencil')
    cd /Users/admin/builder/spi-builder-workspace/.swiftpm/xcode
    builtin-SwiftPerFileCompile NowTag.swift
SwiftCompile normal arm64 /Users/admin/builder/spi-builder-workspace/.dependencies/checkouts/Stencil/Sources/Stencil/Parser.swift (in target 'Stencil' from project 'Stencil')
    cd /Users/admin/builder/spi-builder-workspace/.swiftpm/xcode
    builtin-SwiftPerFileCompile Parser.swift
SwiftDriverJobDiscovery normal arm64 Compiling Resource.swift (in target 'SLSAdapter' from project 'swift-sls-adapter')
SwiftCompile normal arm64 Compiling\ Context.swift,\ DynamicMemberLookup.swift,\ Environment.swift /Users/admin/builder/spi-builder-workspace/.dependencies/checkouts/Stencil/Sources/Stencil/Context.swift /Users/admin/builder/spi-builder-workspace/.dependencies/checkouts/Stencil/Sources/Stencil/DynamicMemberLookup.swift /Users/admin/builder/spi-builder-workspace/.dependencies/checkouts/Stencil/Sources/Stencil/Environment.swift (in target 'Stencil' from project 'Stencil')
SwiftCompile normal arm64 /Users/admin/builder/spi-builder-workspace/.dependencies/checkouts/Stencil/Sources/Stencil/Context.swift (in target 'Stencil' from project 'Stencil')
    cd /Users/admin/builder/spi-builder-workspace/.swiftpm/xcode
    builtin-SwiftPerFileCompile Context.swift
SwiftCompile normal arm64 /Users/admin/builder/spi-builder-workspace/.dependencies/checkouts/Stencil/Sources/Stencil/DynamicMemberLookup.swift (in target 'Stencil' from project 'Stencil')
    cd /Users/admin/builder/spi-builder-workspace/.swiftpm/xcode
    builtin-SwiftPerFileCompile DynamicMemberLookup.swift
SwiftCompile normal arm64 /Users/admin/builder/spi-builder-workspace/.dependencies/checkouts/Stencil/Sources/Stencil/Environment.swift (in target 'Stencil' from project 'Stencil')
    cd /Users/admin/builder/spi-builder-workspace/.swiftpm/xcode
    builtin-SwiftPerFileCompile Environment.swift
SwiftDriverJobDiscovery normal arm64 Compiling Region.swift (in target 'SLSAdapter' from project 'swift-sls-adapter')
SwiftCompile normal arm64 Compiling\ Loader.swift,\ Node.swift /Users/admin/builder/spi-builder-workspace/.dependencies/checkouts/Stencil/Sources/Stencil/Loader.swift /Users/admin/builder/spi-builder-workspace/.dependencies/checkouts/Stencil/Sources/Stencil/Node.swift (in target 'Stencil' from project 'Stencil')
SwiftCompile normal arm64 /Users/admin/builder/spi-builder-workspace/.dependencies/checkouts/Stencil/Sources/Stencil/Loader.swift (in target 'Stencil' from project 'Stencil')
    cd /Users/admin/builder/spi-builder-workspace/.swiftpm/xcode
    builtin-SwiftPerFileCompile Loader.swift
SwiftCompile normal arm64 /Users/admin/builder/spi-builder-workspace/.dependencies/checkouts/Stencil/Sources/Stencil/Node.swift (in target 'Stencil' from project 'Stencil')
    cd /Users/admin/builder/spi-builder-workspace/.swiftpm/xcode
    builtin-SwiftPerFileCompile Node.swift
SwiftDriverJobDiscovery normal arm64 Compiling YAMLContent.swift (in target 'SLSAdapter' from project 'swift-sls-adapter')
SwiftCompile normal arm64 Compiling\ IfTag.swift,\ Include.swift /Users/admin/builder/spi-builder-workspace/.dependencies/checkouts/Stencil/Sources/Stencil/IfTag.swift /Users/admin/builder/spi-builder-workspace/.dependencies/checkouts/Stencil/Sources/Stencil/Include.swift (in target 'Stencil' from project 'Stencil')
SwiftCompile normal arm64 /Users/admin/builder/spi-builder-workspace/.dependencies/checkouts/Stencil/Sources/Stencil/IfTag.swift (in target 'Stencil' from project 'Stencil')
    cd /Users/admin/builder/spi-builder-workspace/.swiftpm/xcode
    builtin-SwiftPerFileCompile IfTag.swift
SwiftCompile normal arm64 /Users/admin/builder/spi-builder-workspace/.dependencies/checkouts/Stencil/Sources/Stencil/Include.swift (in target 'Stencil' from project 'Stencil')
    cd /Users/admin/builder/spi-builder-workspace/.swiftpm/xcode
    builtin-SwiftPerFileCompile Include.swift
SwiftDriverJobDiscovery normal arm64 Emitting module for SLSAdapter (in target 'SLSAdapter' from project 'swift-sls-adapter')
SwiftDriver\ Compilation\ Requirements SLSAdapter normal arm64 com.apple.xcode.tools.swift.compiler (in target 'SLSAdapter' from project 'swift-sls-adapter')
    cd /Users/admin/builder/spi-builder-workspace/.swiftpm/xcode
    builtin-Swift-Compilation-Requirements -- /Applications/Xcode-27.0.0-Release.Candidate.app/Contents/Developer/Toolchains/XcodeDefault.xctoolchain/usr/bin/swiftc -parse-as-library -module-name SLSAdapter -Onone @/Users/admin/builder/spi-builder-workspace/.derivedData/Build/Intermediates.noindex/swift-sls-adapter.build/Debug-appletvos/SLSAdapter-t.build/Objects-normal/arm64/SLSAdapter.SwiftFileList -DSWIFT_PACKAGE -DDEBUG -DSWIFT_MODULE_RESOURCE_BUNDLE_UNAVAILABLE -Xcc -fmodule-map-file\=/Users/admin/builder/spi-builder-workspace/.dependencies/checkouts/Yams/Sources/CYaml/include/module.modulemap -DXcode -plugin-path /Applications/Xcode-27.0.0-Release.Candidate.app/Contents/Developer/Toolchains/XcodeDefault.xctoolchain/usr/lib/swift/host/plugins/testing -enable-experimental-feature DebugDescriptionMacro -sdk /Applications/Xcode-27.0.0-Release.Candidate.app/Contents/Developer/Platforms/AppleTVOS.platform/Developer/SDKs/AppleTVOS27.0.sdk -target arm64-apple-tvos15.0 -g -module-cache-path /Users/admin/builder/spi-builder-workspace/.derivedData/ModuleCache.noindex -Xfrontend -serialize-debugging-options -profile-coverage-mapping -profile-generate -enable-testing -suppress-warnings -index-store-path /Users/admin/builder/spi-builder-workspace/.derivedData/Index.noindex/DataStore -Xcc -D_LIBCPP_HARDENING_MODE\=_LIBCPP_HARDENING_MODE_DEBUG -swift-version 5 -I /Users/admin/builder/spi-builder-workspace/.derivedData/Build/Products/Debug-appletvos -Isystem /Applications/Xcode-27.0.0-Release.Candidate.app/Contents/Developer/Platforms/AppleTVOS.platform/Developer/usr/lib -F /Users/admin/builder/spi-builder-workspace/.derivedData/Build/Products/Debug-appletvos/PackageFrameworks -F /Users/admin/builder/spi-builder-workspace/.derivedData/Build/Products/Debug-appletvos -F /Applications/Xcode-27.0.0-Release.Candidate.app/Contents/Developer/Platforms/AppleTVOS.platform/Developer/Library/Frameworks -F /Applications/Xcode-27.0.0-Release.Candidate.app/Contents/Developer/Platforms/AppleTVOS.platform/Developer/SDKs/AppleTVOS27.0.sdk/Developer/Library/Frameworks -c -j10 -enable-batch-mode -incremental -Xcc -ivfsstatcache -Xcc /Users/admin/builder/spi-builder-workspace/.derivedData/SDKStatCaches.noindex/appletvos27.0-24J360-e829b21a6f8c9b70876ba0858053c044b32bfd8d43560033f8d89884cdb90028.sdkstatcache -output-file-map /Users/admin/builder/spi-builder-workspace/.derivedData/Build/Intermediates.noindex/swift-sls-adapter.build/Debug-appletvos/SLSAdapter-t.build/Objects-normal/arm64/SLSAdapter-OutputFileMap.json -save-temps -no-color-diagnostics -explicit-module-build -module-cache-path /Users/admin/builder/spi-builder-workspace/.derivedData/Build/Intermediates.noindex/SwiftExplicitPrecompiledModules -clang-scanner-module-cache-path /Users/admin/builder/spi-builder-workspace/.derivedData/ModuleCache.noindex -sdk-module-cache-path /Users/admin/builder/spi-builder-workspace/.derivedData/SDKExplicitPrecompiledModules -emit-dependencies -emit-module -emit-module-path /Users/admin/builder/spi-builder-workspace/.derivedData/Build/Intermediates.noindex/swift-sls-adapter.build/Debug-appletvos/SLSAdapter-t.build/Objects-normal/arm64/SLSAdapter.swiftmodule -serialize-diagnostics -dependency-scan-serialize-diagnostics-path /Users/admin/builder/spi-builder-workspace/.derivedData/Build/Intermediates.noindex/swift-sls-adapter.build/Debug-appletvos/SLSAdapter-t.build/Objects-normal/arm64/SLSAdapter-dependency-scan.dia -validate-clang-modules-once -clang-build-session-file /Users/admin/builder/spi-builder-workspace/.derivedData/ModuleCache.noindex/Session.modulevalidation -Xcc -fmodules-prune-interval\=86400 -Xcc -fmodules-prune-after\=345600 -emit-const-values -const-gather-protocols-list /Users/admin/builder/spi-builder-workspace/.derivedData/Build/Intermediates.noindex/swift-sls-adapter.build/Debug-appletvos/SLSAdapter-t.build/Objects-normal/arm64/SLSAdapter_const_extract_protocols.json -Xcc -I/Users/admin/builder/spi-builder-workspace/.dependencies/checkouts/Yams/Sources/CYaml/include -Xcc -I/Users/admin/builder/spi-builder-workspace/.derivedData/Build/Products/Debug-appletvos/include -Xcc -I/Users/admin/builder/spi-builder-workspace/.derivedData/Build/Intermediates.noindex/swift-sls-adapter.build/Debug-appletvos/SLSAdapter-t.build/DerivedSources-normal/arm64 -Xcc -I/Users/admin/builder/spi-builder-workspace/.derivedData/Build/Intermediates.noindex/swift-sls-adapter.build/Debug-appletvos/SLSAdapter-t.build/DerivedSources/arm64 -Xcc -I/Users/admin/builder/spi-builder-workspace/.derivedData/Build/Intermediates.noindex/swift-sls-adapter.build/Debug-appletvos/SLSAdapter-t.build/DerivedSources -Xcc -DSWIFT_PACKAGE -Xcc -DDEBUG\=1 -emit-objc-header -emit-objc-header-path /Users/admin/builder/spi-builder-workspace/.derivedData/Build/Intermediates.noindex/swift-sls-adapter.build/Debug-appletvos/SLSAdapter-t.build/Objects-normal/arm64/SLSAdapter-Swift.h -working-directory /Users/admin/builder/spi-builder-workspace/.swiftpm/xcode -experimental-emit-module-separately -disable-cmo
SwiftDriverJobDiscovery normal arm64 Emitting module for Stencil (in target 'Stencil' from project 'Stencil')
SwiftDriver\ Compilation\ Requirements Stencil normal arm64 com.apple.xcode.tools.swift.compiler (in target 'Stencil' from project 'Stencil')
    cd /Users/admin/builder/spi-builder-workspace/.swiftpm/xcode
    builtin-Swift-Compilation-Requirements -- /Applications/Xcode-27.0.0-Release.Candidate.app/Contents/Developer/Toolchains/XcodeDefault.xctoolchain/usr/bin/swiftc -parse-as-library -module-name Stencil -Onone @/Users/admin/builder/spi-builder-workspace/.derivedData/Build/Intermediates.noindex/Stencil.build/Debug-appletvos/Stencil-t.build/Objects-normal/arm64/Stencil.SwiftFileList -DSWIFT_PACKAGE -DDEBUG -DSWIFT_MODULE_RESOURCE_BUNDLE_UNAVAILABLE -DXcode -plugin-path /Applications/Xcode-27.0.0-Release.Candidate.app/Contents/Developer/Toolchains/XcodeDefault.xctoolchain/usr/lib/swift/host/plugins/testing -enable-experimental-feature DebugDescriptionMacro -sdk /Applications/Xcode-27.0.0-Release.Candidate.app/Contents/Developer/Platforms/AppleTVOS.platform/Developer/SDKs/AppleTVOS27.0.sdk -target arm64-apple-tvos15.0 -g -module-cache-path /Users/admin/builder/spi-builder-workspace/.derivedData/ModuleCache.noindex -Xfrontend -serialize-debugging-options -profile-coverage-mapping -profile-generate -enable-testing -suppress-warnings -index-store-path /Users/admin/builder/spi-builder-workspace/.derivedData/Index.noindex/DataStore -Xcc -D_LIBCPP_HARDENING_MODE\=_LIBCPP_HARDENING_MODE_DEBUG -swift-version 5 -I /Users/admin/builder/spi-builder-workspace/.derivedData/Build/Products/Debug-appletvos -Isystem /Applications/Xcode-27.0.0-Release.Candidate.app/Contents/Developer/Platforms/AppleTVOS.platform/Developer/usr/lib -F /Users/admin/builder/spi-builder-workspace/.derivedData/Build/Products/Debug-appletvos/PackageFrameworks -F /Users/admin/builder/spi-builder-workspace/.derivedData/Build/Products/Debug-appletvos -F /Applications/Xcode-27.0.0-Release.Candidate.app/Contents/Developer/Platforms/AppleTVOS.platform/Developer/Library/Frameworks -F /Applications/Xcode-27.0.0-Release.Candidate.app/Contents/Developer/Platforms/AppleTVOS.platform/Developer/SDKs/AppleTVOS27.0.sdk/Developer/Library/Frameworks -c -j10 -enable-batch-mode -incremental -Xcc -ivfsstatcache -Xcc /Users/admin/builder/spi-builder-workspace/.derivedData/SDKStatCaches.noindex/appletvos27.0-24J360-e829b21a6f8c9b70876ba0858053c044b32bfd8d43560033f8d89884cdb90028.sdkstatcache -output-file-map /Users/admin/builder/spi-builder-workspace/.derivedData/Build/Intermediates.noindex/Stencil.build/Debug-appletvos/Stencil-t.build/Objects-normal/arm64/Stencil-OutputFileMap.json -save-temps -no-color-diagnostics -explicit-module-build -module-cache-path /Users/admin/builder/spi-builder-workspace/.derivedData/Build/Intermediates.noindex/SwiftExplicitPrecompiledModules -clang-scanner-module-cache-path /Users/admin/builder/spi-builder-workspace/.derivedData/ModuleCache.noindex -sdk-module-cache-path /Users/admin/builder/spi-builder-workspace/.derivedData/SDKExplicitPrecompiledModules -emit-dependencies -emit-module -emit-module-path /Users/admin/builder/spi-builder-workspace/.derivedData/Build/Intermediates.noindex/Stencil.build/Debug-appletvos/Stencil-t.build/Objects-normal/arm64/Stencil.swiftmodule -serialize-diagnostics -dependency-scan-serialize-diagnostics-path /Users/admin/builder/spi-builder-workspace/.derivedData/Build/Intermediates.noindex/Stencil.build/Debug-appletvos/Stencil-t.build/Objects-normal/arm64/Stencil-dependency-scan.dia -validate-clang-modules-once -clang-build-session-file /Users/admin/builder/spi-builder-workspace/.derivedData/ModuleCache.noindex/Session.modulevalidation -Xcc -fmodules-prune-interval\=86400 -Xcc -fmodules-prune-after\=345600 -emit-const-values -const-gather-protocols-list /Users/admin/builder/spi-builder-workspace/.derivedData/Build/Intermediates.noindex/Stencil.build/Debug-appletvos/Stencil-t.build/Objects-normal/arm64/Stencil_const_extract_protocols.json -Xcc -I/Users/admin/builder/spi-builder-workspace/.derivedData/Build/Products/Debug-appletvos/include -Xcc -I/Users/admin/builder/spi-builder-workspace/.derivedData/Build/Intermediates.noindex/Stencil.build/Debug-appletvos/Stencil-t.build/DerivedSources-normal/arm64 -Xcc -I/Users/admin/builder/spi-builder-workspace/.derivedData/Build/Intermediates.noindex/Stencil.build/Debug-appletvos/Stencil-t.build/DerivedSources/arm64 -Xcc -I/Users/admin/builder/spi-builder-workspace/.derivedData/Build/Intermediates.noindex/Stencil.build/Debug-appletvos/Stencil-t.build/DerivedSources -Xcc -DSWIFT_PACKAGE -Xcc -DDEBUG\=1 -emit-objc-header -emit-objc-header-path /Users/admin/builder/spi-builder-workspace/.derivedData/Build/Intermediates.noindex/Stencil.build/Debug-appletvos/Stencil-t.build/Objects-normal/arm64/Stencil-Swift.h -working-directory /Users/admin/builder/spi-builder-workspace/.swiftpm/xcode -experimental-emit-module-separately -disable-cmo
SwiftMergeGeneratedHeaders /Users/admin/builder/spi-builder-workspace/.derivedData/Build/Intermediates.noindex/GeneratedModuleMaps-appletvos/SLSAdapter-Swift.h /Users/admin/builder/spi-builder-workspace/.derivedData/Build/Intermediates.noindex/swift-sls-adapter.build/Debug-appletvos/SLSAdapter-t.build/Objects-normal/arm64/SLSAdapter-Swift.h (in target 'SLSAdapter' from project 'swift-sls-adapter')
    cd /Users/admin/builder/spi-builder-workspace/.dependencies/checkouts/swift-sls-adapter
    builtin-swiftHeaderTool -arch arm64 /Users/admin/builder/spi-builder-workspace/.derivedData/Build/Intermediates.noindex/swift-sls-adapter.build/Debug-appletvos/SLSAdapter-t.build/Objects-normal/arm64/SLSAdapter-Swift.h -o /Users/admin/builder/spi-builder-workspace/.derivedData/Build/Intermediates.noindex/GeneratedModuleMaps-appletvos/SLSAdapter-Swift.h
SwiftMergeGeneratedHeaders /Users/admin/builder/spi-builder-workspace/.derivedData/Build/Intermediates.noindex/GeneratedModuleMaps-appletvos/Stencil-Swift.h /Users/admin/builder/spi-builder-workspace/.derivedData/Build/Intermediates.noindex/Stencil.build/Debug-appletvos/Stencil-t.build/Objects-normal/arm64/Stencil-Swift.h (in target 'Stencil' from project 'Stencil')
    cd /Users/admin/builder/spi-builder-workspace/.dependencies/checkouts/Stencil
    builtin-swiftHeaderTool -arch arm64 /Users/admin/builder/spi-builder-workspace/.derivedData/Build/Intermediates.noindex/Stencil.build/Debug-appletvos/Stencil-t.build/Objects-normal/arm64/Stencil-Swift.h -o /Users/admin/builder/spi-builder-workspace/.derivedData/Build/Intermediates.noindex/GeneratedModuleMaps-appletvos/Stencil-Swift.h
Copy /Users/admin/builder/spi-builder-workspace/.derivedData/Build/Products/Debug-appletvos/Stencil.swiftmodule/arm64-apple-tvos.swiftmodule /Users/admin/builder/spi-builder-workspace/.derivedData/Build/Intermediates.noindex/Stencil.build/Debug-appletvos/Stencil-t.build/Objects-normal/arm64/Stencil.swiftmodule (in target 'Stencil' from project 'Stencil')
    cd /Users/admin/builder/spi-builder-workspace/.dependencies/checkouts/Stencil
    builtin-copy -exclude .DS_Store -exclude CVS -exclude .svn -exclude .git -exclude .hg -resolve-src-symlinks -rename /Users/admin/builder/spi-builder-workspace/.derivedData/Build/Intermediates.noindex/Stencil.build/Debug-appletvos/Stencil-t.build/Objects-normal/arm64/Stencil.swiftmodule /Users/admin/builder/spi-builder-workspace/.derivedData/Build/Products/Debug-appletvos/Stencil.swiftmodule/arm64-apple-tvos.swiftmodule
Copy /Users/admin/builder/spi-builder-workspace/.derivedData/Build/Products/Debug-appletvos/Stencil.swiftmodule/arm64-apple-tvos.swiftdoc /Users/admin/builder/spi-builder-workspace/.derivedData/Build/Intermediates.noindex/Stencil.build/Debug-appletvos/Stencil-t.build/Objects-normal/arm64/Stencil.swiftdoc (in target 'Stencil' from project 'Stencil')
    cd /Users/admin/builder/spi-builder-workspace/.dependencies/checkouts/Stencil
    builtin-copy -exclude .DS_Store -exclude CVS -exclude .svn -exclude .git -exclude .hg -resolve-src-symlinks -rename /Users/admin/builder/spi-builder-workspace/.derivedData/Build/Intermediates.noindex/Stencil.build/Debug-appletvos/Stencil-t.build/Objects-normal/arm64/Stencil.swiftdoc /Users/admin/builder/spi-builder-workspace/.derivedData/Build/Products/Debug-appletvos/Stencil.swiftmodule/arm64-apple-tvos.swiftdoc
Copy /Users/admin/builder/spi-builder-workspace/.derivedData/Build/Products/Debug-appletvos/Stencil.swiftmodule/arm64-apple-tvos.abi.json /Users/admin/builder/spi-builder-workspace/.derivedData/Build/Intermediates.noindex/Stencil.build/Debug-appletvos/Stencil-t.build/Objects-normal/arm64/Stencil.abi.json (in target 'Stencil' from project 'Stencil')
    cd /Users/admin/builder/spi-builder-workspace/.dependencies/checkouts/Stencil
    builtin-copy -exclude .DS_Store -exclude CVS -exclude .svn -exclude .git -exclude .hg -resolve-src-symlinks -rename /Users/admin/builder/spi-builder-workspace/.derivedData/Build/Intermediates.noindex/Stencil.build/Debug-appletvos/Stencil-t.build/Objects-normal/arm64/Stencil.abi.json /Users/admin/builder/spi-builder-workspace/.derivedData/Build/Products/Debug-appletvos/Stencil.swiftmodule/arm64-apple-tvos.abi.json
Copy /Users/admin/builder/spi-builder-workspace/.derivedData/Build/Products/Debug-appletvos/Stencil.swiftmodule/Project/arm64-apple-tvos.swiftsourceinfo /Users/admin/builder/spi-builder-workspace/.derivedData/Build/Intermediates.noindex/Stencil.build/Debug-appletvos/Stencil-t.build/Objects-normal/arm64/Stencil.swiftsourceinfo (in target 'Stencil' from project 'Stencil')
    cd /Users/admin/builder/spi-builder-workspace/.dependencies/checkouts/Stencil
    builtin-copy -exclude .DS_Store -exclude CVS -exclude .svn -exclude .git -exclude .hg -resolve-src-symlinks -rename /Users/admin/builder/spi-builder-workspace/.derivedData/Build/Intermediates.noindex/Stencil.build/Debug-appletvos/Stencil-t.build/Objects-normal/arm64/Stencil.swiftsourceinfo /Users/admin/builder/spi-builder-workspace/.derivedData/Build/Products/Debug-appletvos/Stencil.swiftmodule/Project/arm64-apple-tvos.swiftsourceinfo
Copy /Users/admin/builder/spi-builder-workspace/.derivedData/Build/Products/Debug-appletvos/SLSAdapter.swiftmodule/arm64-apple-tvos.swiftmodule /Users/admin/builder/spi-builder-workspace/.derivedData/Build/Intermediates.noindex/swift-sls-adapter.build/Debug-appletvos/SLSAdapter-t.build/Objects-normal/arm64/SLSAdapter.swiftmodule (in target 'SLSAdapter' from project 'swift-sls-adapter')
    cd /Users/admin/builder/spi-builder-workspace/.dependencies/checkouts/swift-sls-adapter
    builtin-copy -exclude .DS_Store -exclude CVS -exclude .svn -exclude .git -exclude .hg -resolve-src-symlinks -rename /Users/admin/builder/spi-builder-workspace/.derivedData/Build/Intermediates.noindex/swift-sls-adapter.build/Debug-appletvos/SLSAdapter-t.build/Objects-normal/arm64/SLSAdapter.swiftmodule /Users/admin/builder/spi-builder-workspace/.derivedData/Build/Products/Debug-appletvos/SLSAdapter.swiftmodule/arm64-apple-tvos.swiftmodule
Copy /Users/admin/builder/spi-builder-workspace/.derivedData/Build/Products/Debug-appletvos/SLSAdapter.swiftmodule/arm64-apple-tvos.swiftdoc /Users/admin/builder/spi-builder-workspace/.derivedData/Build/Intermediates.noindex/swift-sls-adapter.build/Debug-appletvos/SLSAdapter-t.build/Objects-normal/arm64/SLSAdapter.swiftdoc (in target 'SLSAdapter' from project 'swift-sls-adapter')
    cd /Users/admin/builder/spi-builder-workspace/.dependencies/checkouts/swift-sls-adapter
    builtin-copy -exclude .DS_Store -exclude CVS -exclude .svn -exclude .git -exclude .hg -resolve-src-symlinks -rename /Users/admin/builder/spi-builder-workspace/.derivedData/Build/Intermediates.noindex/swift-sls-adapter.build/Debug-appletvos/SLSAdapter-t.build/Objects-normal/arm64/SLSAdapter.swiftdoc /Users/admin/builder/spi-builder-workspace/.derivedData/Build/Products/Debug-appletvos/SLSAdapter.swiftmodule/arm64-apple-tvos.swiftdoc
Copy /Users/admin/builder/spi-builder-workspace/.derivedData/Build/Products/Debug-appletvos/SLSAdapter.swiftmodule/arm64-apple-tvos.abi.json /Users/admin/builder/spi-builder-workspace/.derivedData/Build/Intermediates.noindex/swift-sls-adapter.build/Debug-appletvos/SLSAdapter-t.build/Objects-normal/arm64/SLSAdapter.abi.json (in target 'SLSAdapter' from project 'swift-sls-adapter')
    cd /Users/admin/builder/spi-builder-workspace/.dependencies/checkouts/swift-sls-adapter
    builtin-copy -exclude .DS_Store -exclude CVS -exclude .svn -exclude .git -exclude .hg -resolve-src-symlinks -rename /Users/admin/builder/spi-builder-workspace/.derivedData/Build/Intermediates.noindex/swift-sls-adapter.build/Debug-appletvos/SLSAdapter-t.build/Objects-normal/arm64/SLSAdapter.abi.json /Users/admin/builder/spi-builder-workspace/.derivedData/Build/Products/Debug-appletvos/SLSAdapter.swiftmodule/arm64-apple-tvos.abi.json
Copy /Users/admin/builder/spi-builder-workspace/.derivedData/Build/Products/Debug-appletvos/SLSAdapter.swiftmodule/Project/arm64-apple-tvos.swiftsourceinfo /Users/admin/builder/spi-builder-workspace/.derivedData/Build/Intermediates.noindex/swift-sls-adapter.build/Debug-appletvos/SLSAdapter-t.build/Objects-normal/arm64/SLSAdapter.swiftsourceinfo (in target 'SLSAdapter' from project 'swift-sls-adapter')
    cd /Users/admin/builder/spi-builder-workspace/.dependencies/checkouts/swift-sls-adapter
    builtin-copy -exclude .DS_Store -exclude CVS -exclude .svn -exclude .git -exclude .hg -resolve-src-symlinks -rename /Users/admin/builder/spi-builder-workspace/.derivedData/Build/Intermediates.noindex/swift-sls-adapter.build/Debug-appletvos/SLSAdapter-t.build/Objects-normal/arm64/SLSAdapter.swiftsourceinfo /Users/admin/builder/spi-builder-workspace/.derivedData/Build/Products/Debug-appletvos/SLSAdapter.swiftmodule/Project/arm64-apple-tvos.swiftsourceinfo
SwiftCompile normal arm64 Compiling\ Template.swift,\ Tokenizer.swift /Users/admin/builder/spi-builder-workspace/.dependencies/checkouts/Stencil/Sources/Stencil/Template.swift /Users/admin/builder/spi-builder-workspace/.dependencies/checkouts/Stencil/Sources/Stencil/Tokenizer.swift (in target 'Stencil' from project 'Stencil')
SwiftCompile normal arm64 /Users/admin/builder/spi-builder-workspace/.dependencies/checkouts/Stencil/Sources/Stencil/Template.swift (in target 'Stencil' from project 'Stencil')
    cd /Users/admin/builder/spi-builder-workspace/.swiftpm/xcode
    builtin-SwiftPerFileCompile Template.swift
SwiftCompile normal arm64 /Users/admin/builder/spi-builder-workspace/.dependencies/checkouts/Stencil/Sources/Stencil/Tokenizer.swift (in target 'Stencil' from project 'Stencil')
    cd /Users/admin/builder/spi-builder-workspace/.swiftpm/xcode
    builtin-SwiftPerFileCompile Tokenizer.swift
SwiftDriverJobDiscovery normal arm64 Compiling ArgumentDecoder.swift, ArgumentDefinition.swift, ArgumentSet.swift, CommandParser.swift, InputKey.swift (in target 'ArgumentParser' from project 'swift-argument-parser')
SwiftCompile normal arm64 Compiling\ Errors.swift,\ Expression.swift,\ Extension.swift /Users/admin/builder/spi-builder-workspace/.dependencies/checkouts/Stencil/Sources/Stencil/Errors.swift /Users/admin/builder/spi-builder-workspace/.dependencies/checkouts/Stencil/Sources/Stencil/Expression.swift /Users/admin/builder/spi-builder-workspace/.dependencies/checkouts/Stencil/Sources/Stencil/Extension.swift (in target 'Stencil' from project 'Stencil')
SwiftCompile normal arm64 /Users/admin/builder/spi-builder-workspace/.dependencies/checkouts/Stencil/Sources/Stencil/Errors.swift (in target 'Stencil' from project 'Stencil')
    cd /Users/admin/builder/spi-builder-workspace/.swiftpm/xcode
    builtin-SwiftPerFileCompile Errors.swift
SwiftCompile normal arm64 /Users/admin/builder/spi-builder-workspace/.dependencies/checkouts/Stencil/Sources/Stencil/Expression.swift (in target 'Stencil' from project 'Stencil')
    cd /Users/admin/builder/spi-builder-workspace/.swiftpm/xcode
    builtin-SwiftPerFileCompile Expression.swift
SwiftCompile normal arm64 /Users/admin/builder/spi-builder-workspace/.dependencies/checkouts/Stencil/Sources/Stencil/Extension.swift (in target 'Stencil' from project 'Stencil')
    cd /Users/admin/builder/spi-builder-workspace/.swiftpm/xcode
    builtin-SwiftPerFileCompile Extension.swift
SwiftDriverJobDiscovery normal arm64 Emitting module for Noora (in target 'Noora' from project 'Noora')
SwiftDriver\ Compilation\ Requirements Noora normal arm64 com.apple.xcode.tools.swift.compiler (in target 'Noora' from project 'Noora')
    cd /Users/admin/builder/spi-builder-workspace/.swiftpm/xcode
    builtin-Swift-Compilation-Requirements -- /Applications/Xcode-27.0.0-Release.Candidate.app/Contents/Developer/Toolchains/XcodeDefault.xctoolchain/usr/bin/swiftc -parse-as-library -module-name Noora -Onone @/Users/admin/builder/spi-builder-workspace/.derivedData/Build/Intermediates.noindex/Noora.build/Debug-appletvos/Noora-t.build/Objects-normal/arm64/Noora.SwiftFileList -DSWIFT_PACKAGE -DDEBUG -DSWIFT_MODULE_RESOURCE_BUNDLE_UNAVAILABLE -DMOCKING -DXcode -plugin-path /Applications/Xcode-27.0.0-Release.Candidate.app/Contents/Developer/Toolchains/XcodeDefault.xctoolchain/usr/lib/swift/host/plugins/testing -enable-experimental-feature DebugDescriptionMacro -sdk /Applications/Xcode-27.0.0-Release.Candidate.app/Contents/Developer/Platforms/AppleTVOS.platform/Developer/SDKs/AppleTVOS27.0.sdk -target arm64-apple-tvos15.0 -g -module-cache-path /Users/admin/builder/spi-builder-workspace/.derivedData/ModuleCache.noindex -Xfrontend -serialize-debugging-options -profile-coverage-mapping -profile-generate -enable-testing -suppress-warnings -index-store-path /Users/admin/builder/spi-builder-workspace/.derivedData/Index.noindex/DataStore -Xcc -D_LIBCPP_HARDENING_MODE\=_LIBCPP_HARDENING_MODE_DEBUG -swift-version 5 -I /Users/admin/builder/spi-builder-workspace/.derivedData/Build/Products/Debug-appletvos -Isystem /Applications/Xcode-27.0.0-Release.Candidate.app/Contents/Developer/Platforms/AppleTVOS.platform/Developer/usr/lib -F /Users/admin/builder/spi-builder-workspace/.derivedData/Build/Products/Debug-appletvos/PackageFrameworks -F /Users/admin/builder/spi-builder-workspace/.derivedData/Build/Products/Debug-appletvos -F /Applications/Xcode-27.0.0-Release.Candidate.app/Contents/Developer/Platforms/AppleTVOS.platform/Developer/Library/Frameworks -F /Applications/Xcode-27.0.0-Release.Candidate.app/Contents/Developer/Platforms/AppleTVOS.platform/Developer/SDKs/AppleTVOS27.0.sdk/Developer/Library/Frameworks -c -j10 -enable-batch-mode -incremental -Xcc -ivfsstatcache -Xcc /Users/admin/builder/spi-builder-workspace/.derivedData/SDKStatCaches.noindex/appletvos27.0-24J360-e829b21a6f8c9b70876ba0858053c044b32bfd8d43560033f8d89884cdb90028.sdkstatcache -output-file-map /Users/admin/builder/spi-builder-workspace/.derivedData/Build/Intermediates.noindex/Noora.build/Debug-appletvos/Noora-t.build/Objects-normal/arm64/Noora-OutputFileMap.json -save-temps -no-color-diagnostics -explicit-module-build -module-cache-path /Users/admin/builder/spi-builder-workspace/.derivedData/Build/Intermediates.noindex/SwiftExplicitPrecompiledModules -clang-scanner-module-cache-path /Users/admin/builder/spi-builder-workspace/.derivedData/ModuleCache.noindex -sdk-module-cache-path /Users/admin/builder/spi-builder-workspace/.derivedData/SDKExplicitPrecompiledModules -emit-dependencies -emit-module -emit-module-path /Users/admin/builder/spi-builder-workspace/.derivedData/Build/Intermediates.noindex/Noora.build/Debug-appletvos/Noora-t.build/Objects-normal/arm64/Noora.swiftmodule -serialize-diagnostics -dependency-scan-serialize-diagnostics-path /Users/admin/builder/spi-builder-workspace/.derivedData/Build/Intermediates.noindex/Noora.build/Debug-appletvos/Noora-t.build/Objects-normal/arm64/Noora-dependency-scan.dia -validate-clang-modules-once -clang-build-session-file /Users/admin/builder/spi-builder-workspace/.derivedData/ModuleCache.noindex/Session.modulevalidation -Xcc -fmodules-prune-interval\=86400 -Xcc -fmodules-prune-after\=345600 -emit-const-values -const-gather-protocols-list /Users/admin/builder/spi-builder-workspace/.derivedData/Build/Intermediates.noindex/Noora.build/Debug-appletvos/Noora-t.build/Objects-normal/arm64/Noora_const_extract_protocols.json -Xcc -I/Users/admin/builder/spi-builder-workspace/.derivedData/Build/Products/Debug-appletvos/include -Xcc -I/Users/admin/builder/spi-builder-workspace/.derivedData/Build/Intermediates.noindex/Noora.build/Debug-appletvos/Noora-t.build/DerivedSources-normal/arm64 -Xcc -I/Users/admin/builder/spi-builder-workspace/.derivedData/Build/Intermediates.noindex/Noora.build/Debug-appletvos/Noora-t.build/DerivedSources/arm64 -Xcc -I/Users/admin/builder/spi-builder-workspace/.derivedData/Build/Intermediates.noindex/Noora.build/Debug-appletvos/Noora-t.build/DerivedSources -Xcc -DSWIFT_PACKAGE -Xcc -DDEBUG\=1 -emit-objc-header -emit-objc-header-path /Users/admin/builder/spi-builder-workspace/.derivedData/Build/Intermediates.noindex/Noora.build/Debug-appletvos/Noora-t.build/Objects-normal/arm64/Noora-Swift.h -working-directory /Users/admin/builder/spi-builder-workspace/.swiftpm/xcode -experimental-emit-module-separately -disable-cmo
SwiftMergeGeneratedHeaders /Users/admin/builder/spi-builder-workspace/.derivedData/Build/Intermediates.noindex/GeneratedModuleMaps-appletvos/Noora-Swift.h /Users/admin/builder/spi-builder-workspace/.derivedData/Build/Intermediates.noindex/Noora.build/Debug-appletvos/Noora-t.build/Objects-normal/arm64/Noora-Swift.h (in target 'Noora' from project 'Noora')
    cd /Users/admin/builder/spi-builder-workspace/.dependencies/checkouts/Noora
    builtin-swiftHeaderTool -arch arm64 /Users/admin/builder/spi-builder-workspace/.derivedData/Build/Intermediates.noindex/Noora.build/Debug-appletvos/Noora-t.build/Objects-normal/arm64/Noora-Swift.h -o /Users/admin/builder/spi-builder-workspace/.derivedData/Build/Intermediates.noindex/GeneratedModuleMaps-appletvos/Noora-Swift.h
Copy /Users/admin/builder/spi-builder-workspace/.derivedData/Build/Products/Debug-appletvos/Noora.swiftmodule/arm64-apple-tvos.swiftmodule /Users/admin/builder/spi-builder-workspace/.derivedData/Build/Intermediates.noindex/Noora.build/Debug-appletvos/Noora-t.build/Objects-normal/arm64/Noora.swiftmodule (in target 'Noora' from project 'Noora')
    cd /Users/admin/builder/spi-builder-workspace/.dependencies/checkouts/Noora
    builtin-copy -exclude .DS_Store -exclude CVS -exclude .svn -exclude .git -exclude .hg -resolve-src-symlinks -rename /Users/admin/builder/spi-builder-workspace/.derivedData/Build/Intermediates.noindex/Noora.build/Debug-appletvos/Noora-t.build/Objects-normal/arm64/Noora.swiftmodule /Users/admin/builder/spi-builder-workspace/.derivedData/Build/Products/Debug-appletvos/Noora.swiftmodule/arm64-apple-tvos.swiftmodule
Copy /Users/admin/builder/spi-builder-workspace/.derivedData/Build/Products/Debug-appletvos/Noora.swiftmodule/arm64-apple-tvos.swiftdoc /Users/admin/builder/spi-builder-workspace/.derivedData/Build/Intermediates.noindex/Noora.build/Debug-appletvos/Noora-t.build/Objects-normal/arm64/Noora.swiftdoc (in target 'Noora' from project 'Noora')
    cd /Users/admin/builder/spi-builder-workspace/.dependencies/checkouts/Noora
    builtin-copy -exclude .DS_Store -exclude CVS -exclude .svn -exclude .git -exclude .hg -resolve-src-symlinks -rename /Users/admin/builder/spi-builder-workspace/.derivedData/Build/Intermediates.noindex/Noora.build/Debug-appletvos/Noora-t.build/Objects-normal/arm64/Noora.swiftdoc /Users/admin/builder/spi-builder-workspace/.derivedData/Build/Products/Debug-appletvos/Noora.swiftmodule/arm64-apple-tvos.swiftdoc
Copy /Users/admin/builder/spi-builder-workspace/.derivedData/Build/Products/Debug-appletvos/Noora.swiftmodule/arm64-apple-tvos.abi.json /Users/admin/builder/spi-builder-workspace/.derivedData/Build/Intermediates.noindex/Noora.build/Debug-appletvos/Noora-t.build/Objects-normal/arm64/Noora.abi.json (in target 'Noora' from project 'Noora')
    cd /Users/admin/builder/spi-builder-workspace/.dependencies/checkouts/Noora
    builtin-copy -exclude .DS_Store -exclude CVS -exclude .svn -exclude .git -exclude .hg -resolve-src-symlinks -rename /Users/admin/builder/spi-builder-workspace/.derivedData/Build/Intermediates.noindex/Noora.build/Debug-appletvos/Noora-t.build/Objects-normal/arm64/Noora.abi.json /Users/admin/builder/spi-builder-workspace/.derivedData/Build/Products/Debug-appletvos/Noora.swiftmodule/arm64-apple-tvos.abi.json
Copy /Users/admin/builder/spi-builder-workspace/.derivedData/Build/Products/Debug-appletvos/Noora.swiftmodule/Project/arm64-apple-tvos.swiftsourceinfo /Users/admin/builder/spi-builder-workspace/.derivedData/Build/Intermediates.noindex/Noora.build/Debug-appletvos/Noora-t.build/Objects-normal/arm64/Noora.swiftsourceinfo (in target 'Noora' from project 'Noora')
    cd /Users/admin/builder/spi-builder-workspace/.dependencies/checkouts/Noora
    builtin-copy -exclude .DS_Store -exclude CVS -exclude .svn -exclude .git -exclude .hg -resolve-src-symlinks -rename /Users/admin/builder/spi-builder-workspace/.derivedData/Build/Intermediates.noindex/Noora.build/Debug-appletvos/Noora-t.build/Objects-normal/arm64/Noora.swiftsourceinfo /Users/admin/builder/spi-builder-workspace/.derivedData/Build/Products/Debug-appletvos/Noora.swiftmodule/Project/arm64-apple-tvos.swiftsourceinfo
SwiftCompile normal arm64 Compiling\ FilterTag.swift,\ Filters.swift,\ ForTag.swift /Users/admin/builder/spi-builder-workspace/.dependencies/checkouts/Stencil/Sources/Stencil/FilterTag.swift /Users/admin/builder/spi-builder-workspace/.dependencies/checkouts/Stencil/Sources/Stencil/Filters.swift /Users/admin/builder/spi-builder-workspace/.dependencies/checkouts/Stencil/Sources/Stencil/ForTag.swift (in target 'Stencil' from project 'Stencil')
SwiftCompile normal arm64 /Users/admin/builder/spi-builder-workspace/.dependencies/checkouts/Stencil/Sources/Stencil/FilterTag.swift (in target 'Stencil' from project 'Stencil')
    cd /Users/admin/builder/spi-builder-workspace/.swiftpm/xcode
    builtin-SwiftPerFileCompile FilterTag.swift
SwiftCompile normal arm64 /Users/admin/builder/spi-builder-workspace/.dependencies/checkouts/Stencil/Sources/Stencil/Filters.swift (in target 'Stencil' from project 'Stencil')
    cd /Users/admin/builder/spi-builder-workspace/.swiftpm/xcode
    builtin-SwiftPerFileCompile Filters.swift
SwiftCompile normal arm64 /Users/admin/builder/spi-builder-workspace/.dependencies/checkouts/Stencil/Sources/Stencil/ForTag.swift (in target 'Stencil' from project 'Stencil')
    cd /Users/admin/builder/spi-builder-workspace/.swiftpm/xcode
    builtin-SwiftPerFileCompile ForTag.swift
SwiftCompile normal arm64 Compiling\ Inheritance.swift,\ KeyPath.swift /Users/admin/builder/spi-builder-workspace/.dependencies/checkouts/Stencil/Sources/Stencil/Inheritance.swift /Users/admin/builder/spi-builder-workspace/.dependencies/checkouts/Stencil/Sources/Stencil/KeyPath.swift (in target 'Stencil' from project 'Stencil')
SwiftCompile normal arm64 /Users/admin/builder/spi-builder-workspace/.dependencies/checkouts/Stencil/Sources/Stencil/Inheritance.swift (in target 'Stencil' from project 'Stencil')
    cd /Users/admin/builder/spi-builder-workspace/.swiftpm/xcode
    builtin-SwiftPerFileCompile Inheritance.swift
SwiftCompile normal arm64 /Users/admin/builder/spi-builder-workspace/.dependencies/checkouts/Stencil/Sources/Stencil/KeyPath.swift (in target 'Stencil' from project 'Stencil')
    cd /Users/admin/builder/spi-builder-workspace/.swiftpm/xcode
    builtin-SwiftPerFileCompile KeyPath.swift
SwiftDriverJobDiscovery normal arm64 Compiling Context.swift, DynamicMemberLookup.swift, Environment.swift (in target 'Stencil' from project 'Stencil')
SwiftCompile normal arm64 Compiling\ TrimBehaviour.swift,\ Variable.swift /Users/admin/builder/spi-builder-workspace/.dependencies/checkouts/Stencil/Sources/Stencil/TrimBehaviour.swift /Users/admin/builder/spi-builder-workspace/.dependencies/checkouts/Stencil/Sources/Stencil/Variable.swift (in target 'Stencil' from project 'Stencil')
SwiftCompile normal arm64 /Users/admin/builder/spi-builder-workspace/.dependencies/checkouts/Stencil/Sources/Stencil/TrimBehaviour.swift (in target 'Stencil' from project 'Stencil')
    cd /Users/admin/builder/spi-builder-workspace/.swiftpm/xcode
    builtin-SwiftPerFileCompile TrimBehaviour.swift
SwiftCompile normal arm64 /Users/admin/builder/spi-builder-workspace/.dependencies/checkouts/Stencil/Sources/Stencil/Variable.swift (in target 'Stencil' from project 'Stencil')
    cd /Users/admin/builder/spi-builder-workspace/.swiftpm/xcode
    builtin-SwiftPerFileCompile Variable.swift
SwiftDriverJobDiscovery normal arm64 Compiling Function.swift (in target 'SLSAdapter' from project 'swift-sls-adapter')
SwiftCompile normal arm64 Compiling\ LazyValueWrapper.swift,\ Lexer.swift /Users/admin/builder/spi-builder-workspace/.dependencies/checkouts/Stencil/Sources/Stencil/LazyValueWrapper.swift /Users/admin/builder/spi-builder-workspace/.dependencies/checkouts/Stencil/Sources/Stencil/Lexer.swift (in target 'Stencil' from project 'Stencil')
SwiftCompile normal arm64 /Users/admin/builder/spi-builder-workspace/.dependencies/checkouts/Stencil/Sources/Stencil/LazyValueWrapper.swift (in target 'Stencil' from project 'Stencil')
    cd /Users/admin/builder/spi-builder-workspace/.swiftpm/xcode
    builtin-SwiftPerFileCompile LazyValueWrapper.swift
SwiftCompile normal arm64 /Users/admin/builder/spi-builder-workspace/.dependencies/checkouts/Stencil/Sources/Stencil/Lexer.swift (in target 'Stencil' from project 'Stencil')
    cd /Users/admin/builder/spi-builder-workspace/.swiftpm/xcode
    builtin-SwiftPerFileCompile Lexer.swift
SwiftDriverJobDiscovery normal arm64 Compiling NowTag.swift, Parser.swift (in target 'Stencil' from project 'Stencil')
SwiftCompile normal arm64 Compiling\ Function+Extensions.swift /Users/admin/builder/spi-builder-workspace/.dependencies/checkouts/swift-sls-adapter/Sources/SLSAdapter/Function+Extensions.swift (in target 'SLSAdapter' from project 'swift-sls-adapter')
SwiftCompile normal arm64 /Users/admin/builder/spi-builder-workspace/.dependencies/checkouts/swift-sls-adapter/Sources/SLSAdapter/Function+Extensions.swift (in target 'SLSAdapter' from project 'swift-sls-adapter')
    cd /Users/admin/builder/spi-builder-workspace/.swiftpm/xcode
    builtin-SwiftPerFileCompile Function+Extensions.swift
SwiftDriverJobDiscovery normal arm64 Compiling IfTag.swift, Include.swift (in target 'Stencil' from project 'Stencil')
SwiftDriverJobDiscovery normal arm64 Compiling SplitArguments.swift, DumpHelpGenerator.swift, HelpCommand.swift, HelpGenerator.swift, MessageInfo.swift (in target 'ArgumentParser' from project 'swift-argument-parser')
SwiftCompile normal arm64 Compiling\ ServerlessConfig.swift /Users/admin/builder/spi-builder-workspace/.dependencies/checkouts/swift-sls-adapter/Sources/SLSAdapter/ServerlessConfig.swift (in target 'SLSAdapter' from project 'swift-sls-adapter')
SwiftCompile normal arm64 /Users/admin/builder/spi-builder-workspace/.dependencies/checkouts/swift-sls-adapter/Sources/SLSAdapter/ServerlessConfig.swift (in target 'SLSAdapter' from project 'swift-sls-adapter')
    cd /Users/admin/builder/spi-builder-workspace/.swiftpm/xcode
    builtin-SwiftPerFileCompile ServerlessConfig.swift
SwiftCompile normal arm64 Compiling\ Package.swift /Users/admin/builder/spi-builder-workspace/.dependencies/checkouts/swift-sls-adapter/Sources/SLSAdapter/Package.swift (in target 'SLSAdapter' from project 'swift-sls-adapter')
SwiftCompile normal arm64 /Users/admin/builder/spi-builder-workspace/.dependencies/checkouts/swift-sls-adapter/Sources/SLSAdapter/Package.swift (in target 'SLSAdapter' from project 'swift-sls-adapter')
    cd /Users/admin/builder/spi-builder-workspace/.swiftpm/xcode
    builtin-SwiftPerFileCompile Package.swift
SwiftDriverJobDiscovery normal arm64 Compiling Loader.swift, Node.swift (in target 'Stencil' from project 'Stencil')
SwiftDriverJobDiscovery normal arm64 Compiling Template.swift, Tokenizer.swift (in target 'Stencil' from project 'Stencil')
SwiftCompile normal arm64 Compiling\ CodableDefault.swift /Users/admin/builder/spi-builder-workspace/.dependencies/checkouts/swift-sls-adapter/Sources/SLSAdapter/CodableDefault.swift (in target 'SLSAdapter' from project 'swift-sls-adapter')
SwiftCompile normal arm64 /Users/admin/builder/spi-builder-workspace/.dependencies/checkouts/swift-sls-adapter/Sources/SLSAdapter/CodableDefault.swift (in target 'SLSAdapter' from project 'swift-sls-adapter')
    cd /Users/admin/builder/spi-builder-workspace/.swiftpm/xcode
    builtin-SwiftPerFileCompile CodableDefault.swift
SwiftDriverJobDiscovery normal arm64 Compiling Provider.swift (in target 'SLSAdapter' from project 'swift-sls-adapter')
SwiftCompile normal arm64 Compiling\ SingleChoicePrompt.swift,\ PaginatedTable.swift,\ SelectableTable.swift,\ Table.swift,\ TableColumn.swift /Users/admin/builder/spi-builder-workspace/.dependencies/checkouts/Noora/cli/Sources/Noora/Components/SingleChoicePrompt.swift /Users/admin/builder/spi-builder-workspace/.dependencies/checkouts/Noora/cli/Sources/Noora/Components/Table/PaginatedTable.swift /Users/admin/builder/spi-builder-workspace/.dependencies/checkouts/Noora/cli/Sources/Noora/Components/Table/SelectableTable.swift /Users/admin/builder/spi-builder-workspace/.dependencies/checkouts/Noora/cli/Sources/Noora/Components/Table/Table.swift /Users/admin/builder/spi-builder-workspace/.dependencies/checkouts/Noora/cli/Sources/Noora/Components/Table/TableColumn.swift (in target 'Noora' from project 'Noora')
SwiftCompile normal arm64 /Users/admin/builder/spi-builder-workspace/.dependencies/checkouts/Noora/cli/Sources/Noora/Components/SingleChoicePrompt.swift (in target 'Noora' from project 'Noora')
    cd /Users/admin/builder/spi-builder-workspace/.swiftpm/xcode
    builtin-SwiftPerFileCompile SingleChoicePrompt.swift
SwiftCompile normal arm64 /Users/admin/builder/spi-builder-workspace/.dependencies/checkouts/Noora/cli/Sources/Noora/Components/Table/PaginatedTable.swift (in target 'Noora' from project 'Noora')
    cd /Users/admin/builder/spi-builder-workspace/.swiftpm/xcode
    builtin-SwiftPerFileCompile PaginatedTable.swift
SwiftCompile normal arm64 /Users/admin/builder/spi-builder-workspace/.dependencies/checkouts/Noora/cli/Sources/Noora/Components/Table/SelectableTable.swift (in target 'Noora' from project 'Noora')
    cd /Users/admin/builder/spi-builder-workspace/.swiftpm/xcode
    builtin-SwiftPerFileCompile SelectableTable.swift
SwiftCompile normal arm64 /Users/admin/builder/spi-builder-workspace/.dependencies/checkouts/Noora/cli/Sources/Noora/Components/Table/Table.swift (in target 'Noora' from project 'Noora')
    cd /Users/admin/builder/spi-builder-workspace/.swiftpm/xcode
    builtin-SwiftPerFileCompile Table.swift
SwiftCompile normal arm64 /Users/admin/builder/spi-builder-workspace/.dependencies/checkouts/Noora/cli/Sources/Noora/Components/Table/TableColumn.swift (in target 'Noora' from project 'Noora')
    cd /Users/admin/builder/spi-builder-workspace/.swiftpm/xcode
    builtin-SwiftPerFileCompile TableColumn.swift
SwiftDriverJobDiscovery normal arm64 Compiling Inheritance.swift, KeyPath.swift (in target 'Stencil' from project 'Stencil')
SwiftCompile normal arm64 Compiling\ StandardPipelines.swift,\ Terminal.swift,\ TerminalText+DisplayWidth.swift,\ TerminalText.swift /Users/admin/builder/spi-builder-workspace/.dependencies/checkouts/Noora/cli/Sources/Noora/Utilities/StandardPipelines.swift /Users/admin/builder/spi-builder-workspace/.dependencies/checkouts/Noora/cli/Sources/Noora/Utilities/Terminal.swift /Users/admin/builder/spi-builder-workspace/.dependencies/checkouts/Noora/cli/Sources/Noora/Utilities/TerminalText+DisplayWidth.swift /Users/admin/builder/spi-builder-workspace/.dependencies/checkouts/Noora/cli/Sources/Noora/Utilities/TerminalText.swift (in target 'Noora' from project 'Noora')
SwiftCompile normal arm64 /Users/admin/builder/spi-builder-workspace/.dependencies/checkouts/Noora/cli/Sources/Noora/Utilities/StandardPipelines.swift (in target 'Noora' from project 'Noora')
    cd /Users/admin/builder/spi-builder-workspace/.swiftpm/xcode
    builtin-SwiftPerFileCompile StandardPipelines.swift
SwiftCompile normal arm64 /Users/admin/builder/spi-builder-workspace/.dependencies/checkouts/Noora/cli/Sources/Noora/Utilities/Terminal.swift (in target 'Noora' from project 'Noora')
    cd /Users/admin/builder/spi-builder-workspace/.swiftpm/xcode
    builtin-SwiftPerFileCompile Terminal.swift
SwiftCompile normal arm64 /Users/admin/builder/spi-builder-workspace/.dependencies/checkouts/Noora/cli/Sources/Noora/Utilities/TerminalText+DisplayWidth.swift (in target 'Noora' from project 'Noora')
    cd /Users/admin/builder/spi-builder-workspace/.swiftpm/xcode
    builtin-SwiftPerFileCompile TerminalText+DisplayWidth.swift
SwiftCompile normal arm64 /Users/admin/builder/spi-builder-workspace/.dependencies/checkouts/Noora/cli/Sources/Noora/Utilities/TerminalText.swift (in target 'Noora' from project 'Noora')
    cd /Users/admin/builder/spi-builder-workspace/.swiftpm/xcode
    builtin-SwiftPerFileCompile TerminalText.swift
SwiftCompile normal arm64 Compiling\ Alert.swift,\ CollapsibleStep.swift,\ MultipleChoicePrompt.swift,\ ProgressBarStep.swift,\ ProgressStep.swift /Users/admin/builder/spi-builder-workspace/.dependencies/checkouts/Noora/cli/Sources/Noora/Components/Alert.swift /Users/admin/builder/spi-builder-workspace/.dependencies/checkouts/Noora/cli/Sources/Noora/Components/CollapsibleStep.swift /Users/admin/builder/spi-builder-workspace/.dependencies/checkouts/Noora/cli/Sources/Noora/Components/MultipleChoicePrompt.swift /Users/admin/builder/spi-builder-workspace/.dependencies/checkouts/Noora/cli/Sources/Noora/Components/ProgressBarStep.swift /Users/admin/builder/spi-builder-workspace/.dependencies/checkouts/Noora/cli/Sources/Noora/Components/ProgressStep.swift (in target 'Noora' from project 'Noora')
SwiftCompile normal arm64 /Users/admin/builder/spi-builder-workspace/.dependencies/checkouts/Noora/cli/Sources/Noora/Components/Alert.swift (in target 'Noora' from project 'Noora')
    cd /Users/admin/builder/spi-builder-workspace/.swiftpm/xcode
    builtin-SwiftPerFileCompile Alert.swift
SwiftCompile normal arm64 /Users/admin/builder/spi-builder-workspace/.dependencies/checkouts/Noora/cli/Sources/Noora/Components/CollapsibleStep.swift (in target 'Noora' from project 'Noora')
    cd /Users/admin/builder/spi-builder-workspace/.swiftpm/xcode
    builtin-SwiftPerFileCompile CollapsibleStep.swift
SwiftCompile normal arm64 /Users/admin/builder/spi-builder-workspace/.dependencies/checkouts/Noora/cli/Sources/Noora/Components/MultipleChoicePrompt.swift (in target 'Noora' from project 'Noora')
    cd /Users/admin/builder/spi-builder-workspace/.swiftpm/xcode
    builtin-SwiftPerFileCompile MultipleChoicePrompt.swift
SwiftCompile normal arm64 /Users/admin/builder/spi-builder-workspace/.dependencies/checkouts/Noora/cli/Sources/Noora/Components/ProgressBarStep.swift (in target 'Noora' from project 'Noora')
    cd /Users/admin/builder/spi-builder-workspace/.swiftpm/xcode
    builtin-SwiftPerFileCompile ProgressBarStep.swift
SwiftCompile normal arm64 /Users/admin/builder/spi-builder-workspace/.dependencies/checkouts/Noora/cli/Sources/Noora/Components/ProgressStep.swift (in target 'Noora' from project 'Noora')
    cd /Users/admin/builder/spi-builder-workspace/.swiftpm/xcode
    builtin-SwiftPerFileCompile ProgressStep.swift
SwiftDriverJobDiscovery normal arm64 Compiling Function+Extensions.swift (in target 'SLSAdapter' from project 'swift-sls-adapter')
SwiftCompile normal arm64 Compiling\ Character+isPrintable.swift,\ String+Rainbow.swift,\ String+ValidatableError.swift,\ Noora.swift /Users/admin/builder/spi-builder-workspace/.dependencies/checkouts/Noora/cli/Sources/Noora/Extensions/Character+isPrintable.swift /Users/admin/builder/spi-builder-workspace/.dependencies/checkouts/Noora/cli/Sources/Noora/Extensions/String+Rainbow.swift /Users/admin/builder/spi-builder-workspace/.dependencies/checkouts/Noora/cli/Sources/Noora/Extensions/String+ValidatableError.swift /Users/admin/builder/spi-builder-workspace/.dependencies/checkouts/Noora/cli/Sources/Noora/Noora.swift (in target 'Noora' from project 'Noora')
SwiftCompile normal arm64 /Users/admin/builder/spi-builder-workspace/.dependencies/checkouts/Noora/cli/Sources/Noora/Extensions/Character+isPrintable.swift (in target 'Noora' from project 'Noora')
    cd /Users/admin/builder/spi-builder-workspace/.swiftpm/xcode
    builtin-SwiftPerFileCompile Character+isPrintable.swift
SwiftCompile normal arm64 /Users/admin/builder/spi-builder-workspace/.dependencies/checkouts/Noora/cli/Sources/Noora/Extensions/String+Rainbow.swift (in target 'Noora' from project 'Noora')
    cd /Users/admin/builder/spi-builder-workspace/.swiftpm/xcode
    builtin-SwiftPerFileCompile String+Rainbow.swift
SwiftCompile normal arm64 /Users/admin/builder/spi-builder-workspace/.dependencies/checkouts/Noora/cli/Sources/Noora/Extensions/String+ValidatableError.swift (in target 'Noora' from project 'Noora')
    cd /Users/admin/builder/spi-builder-workspace/.swiftpm/xcode
    builtin-SwiftPerFileCompile String+ValidatableError.swift
SwiftCompile normal arm64 /Users/admin/builder/spi-builder-workspace/.dependencies/checkouts/Noora/cli/Sources/Noora/Noora.swift (in target 'Noora' from project 'Noora')
    cd /Users/admin/builder/spi-builder-workspace/.swiftpm/xcode
    builtin-SwiftPerFileCompile Noora.swift
SwiftDriverJobDiscovery normal arm64 Compiling Errors.swift, Expression.swift, Extension.swift (in target 'Stencil' from project 'Stencil')
SwiftDriverJobDiscovery normal arm64 Compiling Package.swift (in target 'SLSAdapter' from project 'swift-sls-adapter')
SwiftCompile normal arm64 Compiling\ TextPrompt.swift,\ YesOrNoChoicePrompt.swift,\ Content.swift,\ Stack.swift /Users/admin/builder/spi-builder-workspace/.dependencies/checkouts/Noora/cli/Sources/Noora/Components/TextPrompt.swift /Users/admin/builder/spi-builder-workspace/.dependencies/checkouts/Noora/cli/Sources/Noora/Components/YesOrNoChoicePrompt.swift /Users/admin/builder/spi-builder-workspace/.dependencies/checkouts/Noora/cli/Sources/Noora/Content.swift /Users/admin/builder/spi-builder-workspace/.dependencies/checkouts/Noora/cli/Sources/Noora/DataStructures/Stack.swift (in target 'Noora' from project 'Noora')
SwiftCompile normal arm64 /Users/admin/builder/spi-builder-workspace/.dependencies/checkouts/Noora/cli/Sources/Noora/Components/TextPrompt.swift (in target 'Noora' from project 'Noora')
    cd /Users/admin/builder/spi-builder-workspace/.swiftpm/xcode
    builtin-SwiftPerFileCompile TextPrompt.swift
SwiftCompile normal arm64 /Users/admin/builder/spi-builder-workspace/.dependencies/checkouts/Noora/cli/Sources/Noora/Components/YesOrNoChoicePrompt.swift (in target 'Noora' from project 'Noora')
    cd /Users/admin/builder/spi-builder-workspace/.swiftpm/xcode
    builtin-SwiftPerFileCompile YesOrNoChoicePrompt.swift
SwiftCompile normal arm64 /Users/admin/builder/spi-builder-workspace/.dependencies/checkouts/Noora/cli/Sources/Noora/Content.swift (in target 'Noora' from project 'Noora')
    cd /Users/admin/builder/spi-builder-workspace/.swiftpm/xcode
    builtin-SwiftPerFileCompile Content.swift
SwiftCompile normal arm64 /Users/admin/builder/spi-builder-workspace/.dependencies/checkouts/Noora/cli/Sources/Noora/DataStructures/Stack.swift (in target 'Noora' from project 'Noora')
    cd /Users/admin/builder/spi-builder-workspace/.swiftpm/xcode
    builtin-SwiftPerFileCompile Stack.swift
SwiftDriverJobDiscovery normal arm64 Compiling CodableDefault.swift (in target 'SLSAdapter' from project 'swift-sls-adapter')
SwiftCompile normal arm64 Compiling\ NooraError.swift,\ NooraMock.swift,\ StandardPipelineType.swift,\ Theme.swift /Users/admin/builder/spi-builder-workspace/.dependencies/checkouts/Noora/cli/Sources/Noora/NooraError.swift /Users/admin/builder/spi-builder-workspace/.dependencies/checkouts/Noora/cli/Sources/Noora/NooraMock.swift /Users/admin/builder/spi-builder-workspace/.dependencies/checkouts/Noora/cli/Sources/Noora/StandardPipelineType.swift /Users/admin/builder/spi-builder-workspace/.dependencies/checkouts/Noora/cli/Sources/Noora/Theme.swift (in target 'Noora' from project 'Noora')
SwiftCompile normal arm64 /Users/admin/builder/spi-builder-workspace/.dependencies/checkouts/Noora/cli/Sources/Noora/NooraError.swift (in target 'Noora' from project 'Noora')
    cd /Users/admin/builder/spi-builder-workspace/.swiftpm/xcode
    builtin-SwiftPerFileCompile NooraError.swift
SwiftCompile normal arm64 /Users/admin/builder/spi-builder-workspace/.dependencies/checkouts/Noora/cli/Sources/Noora/NooraMock.swift (in target 'Noora' from project 'Noora')
    cd /Users/admin/builder/spi-builder-workspace/.swiftpm/xcode
    builtin-SwiftPerFileCompile NooraMock.swift
SwiftCompile normal arm64 /Users/admin/builder/spi-builder-workspace/.dependencies/checkouts/Noora/cli/Sources/Noora/StandardPipelineType.swift (in target 'Noora' from project 'Noora')
    cd /Users/admin/builder/spi-builder-workspace/.swiftpm/xcode
    builtin-SwiftPerFileCompile StandardPipelineType.swift
SwiftCompile normal arm64 /Users/admin/builder/spi-builder-workspace/.dependencies/checkouts/Noora/cli/Sources/Noora/Theme.swift (in target 'Noora' from project 'Noora')
    cd /Users/admin/builder/spi-builder-workspace/.swiftpm/xcode
    builtin-SwiftPerFileCompile Theme.swift
SwiftDriverJobDiscovery normal arm64 Compiling TrimBehaviour.swift, Variable.swift (in target 'Stencil' from project 'Stencil')
SwiftCompile normal arm64 Compiling\ KeyStrokeListener.swift,\ LockIsolated.swift,\ Renderer.swift,\ Spinner.swift /Users/admin/builder/spi-builder-workspace/.dependencies/checkouts/Noora/cli/Sources/Noora/Utilities/KeyStrokeListener.swift /Users/admin/builder/spi-builder-workspace/.dependencies/checkouts/Noora/cli/Sources/Noora/Utilities/LockIsolated.swift /Users/admin/builder/spi-builder-workspace/.dependencies/checkouts/Noora/cli/Sources/Noora/Utilities/Renderer.swift /Users/admin/builder/spi-builder-workspace/.dependencies/checkouts/Noora/cli/Sources/Noora/Utilities/Spinner.swift (in target 'Noora' from project 'Noora')
SwiftCompile normal arm64 /Users/admin/builder/spi-builder-workspace/.dependencies/checkouts/Noora/cli/Sources/Noora/Utilities/KeyStrokeListener.swift (in target 'Noora' from project 'Noora')
    cd /Users/admin/builder/spi-builder-workspace/.swiftpm/xcode
    builtin-SwiftPerFileCompile KeyStrokeListener.swift
SwiftCompile normal arm64 /Users/admin/builder/spi-builder-workspace/.dependencies/checkouts/Noora/cli/Sources/Noora/Utilities/LockIsolated.swift (in target 'Noora' from project 'Noora')
    cd /Users/admin/builder/spi-builder-workspace/.swiftpm/xcode
    builtin-SwiftPerFileCompile LockIsolated.swift
SwiftCompile normal arm64 /Users/admin/builder/spi-builder-workspace/.dependencies/checkouts/Noora/cli/Sources/Noora/Utilities/Renderer.swift (in target 'Noora' from project 'Noora')
    cd /Users/admin/builder/spi-builder-workspace/.swiftpm/xcode
    builtin-SwiftPerFileCompile Renderer.swift
SwiftCompile normal arm64 /Users/admin/builder/spi-builder-workspace/.dependencies/checkouts/Noora/cli/Sources/Noora/Utilities/Spinner.swift (in target 'Noora' from project 'Noora')
    cd /Users/admin/builder/spi-builder-workspace/.swiftpm/xcode
    builtin-SwiftPerFileCompile Spinner.swift
SwiftDriverJobDiscovery normal arm64 Compiling LazyValueWrapper.swift, Lexer.swift (in target 'Stencil' from project 'Stencil')
SwiftCompile normal arm64 Compiling\ TableData.swift,\ TableRenderer.swift,\ TableStyle.swift,\ UpdatingSelectableTable.swift,\ UpdatingTable.swift /Users/admin/builder/spi-builder-workspace/.dependencies/checkouts/Noora/cli/Sources/Noora/Components/Table/TableData.swift /Users/admin/builder/spi-builder-workspace/.dependencies/checkouts/Noora/cli/Sources/Noora/Components/Table/TableRenderer.swift /Users/admin/builder/spi-builder-workspace/.dependencies/checkouts/Noora/cli/Sources/Noora/Components/Table/TableStyle.swift /Users/admin/builder/spi-builder-workspace/.dependencies/checkouts/Noora/cli/Sources/Noora/Components/Table/UpdatingSelectableTable.swift /Users/admin/builder/spi-builder-workspace/.dependencies/checkouts/Noora/cli/Sources/Noora/Components/Table/UpdatingTable.swift (in target 'Noora' from project 'Noora')
SwiftCompile normal arm64 /Users/admin/builder/spi-builder-workspace/.dependencies/checkouts/Noora/cli/Sources/Noora/Components/Table/TableData.swift (in target 'Noora' from project 'Noora')
    cd /Users/admin/builder/spi-builder-workspace/.swiftpm/xcode
    builtin-SwiftPerFileCompile TableData.swift
SwiftCompile normal arm64 /Users/admin/builder/spi-builder-workspace/.dependencies/checkouts/Noora/cli/Sources/Noora/Components/Table/TableRenderer.swift (in target 'Noora' from project 'Noora')
    cd /Users/admin/builder/spi-builder-workspace/.swiftpm/xcode
    builtin-SwiftPerFileCompile TableRenderer.swift
SwiftCompile normal arm64 /Users/admin/builder/spi-builder-workspace/.dependencies/checkouts/Noora/cli/Sources/Noora/Components/Table/TableStyle.swift (in target 'Noora' from project 'Noora')
    cd /Users/admin/builder/spi-builder-workspace/.swiftpm/xcode
    builtin-SwiftPerFileCompile TableStyle.swift
SwiftCompile normal arm64 /Users/admin/builder/spi-builder-workspace/.dependencies/checkouts/Noora/cli/Sources/Noora/Components/Table/UpdatingSelectableTable.swift (in target 'Noora' from project 'Noora')
    cd /Users/admin/builder/spi-builder-workspace/.swiftpm/xcode
    builtin-SwiftPerFileCompile UpdatingSelectableTable.swift
SwiftCompile normal arm64 /Users/admin/builder/spi-builder-workspace/.dependencies/checkouts/Noora/cli/Sources/Noora/Components/Table/UpdatingTable.swift (in target 'Noora' from project 'Noora')
    cd /Users/admin/builder/spi-builder-workspace/.swiftpm/xcode
    builtin-SwiftPerFileCompile UpdatingTable.swift
SwiftDriverJobDiscovery normal arm64 Compiling ServerlessConfig.swift (in target 'SLSAdapter' from project 'swift-sls-adapter')
SwiftCompile normal arm64 Compiling\ ValidatableError.swift,\ ValidatableRule.swift,\ ValidationError.swift,\ InputValidating.swift /Users/admin/builder/spi-builder-workspace/.dependencies/checkouts/Noora/cli/Sources/Noora/Validator/Core/ValidatableError.swift /Users/admin/builder/spi-builder-workspace/.dependencies/checkouts/Noora/cli/Sources/Noora/Validator/Core/ValidatableRule.swift /Users/admin/builder/spi-builder-workspace/.dependencies/checkouts/Noora/cli/Sources/Noora/Validator/Core/ValidationError.swift /Users/admin/builder/spi-builder-workspace/.dependencies/checkouts/Noora/cli/Sources/Noora/Validator/InputValidating.swift (in target 'Noora' from project 'Noora')
SwiftCompile normal arm64 /Users/admin/builder/spi-builder-workspace/.dependencies/checkouts/Noora/cli/Sources/Noora/Validator/Core/ValidatableError.swift (in target 'Noora' from project 'Noora')
    cd /Users/admin/builder/spi-builder-workspace/.swiftpm/xcode
    builtin-SwiftPerFileCompile ValidatableError.swift
SwiftCompile normal arm64 /Users/admin/builder/spi-builder-workspace/.dependencies/checkouts/Noora/cli/Sources/Noora/Validator/Core/ValidatableRule.swift (in target 'Noora' from project 'Noora')
    cd /Users/admin/builder/spi-builder-workspace/.swiftpm/xcode
    builtin-SwiftPerFileCompile ValidatableRule.swift
SwiftCompile normal arm64 /Users/admin/builder/spi-builder-workspace/.dependencies/checkouts/Noora/cli/Sources/Noora/Validator/Core/ValidationError.swift (in target 'Noora' from project 'Noora')
    cd /Users/admin/builder/spi-builder-workspace/.swiftpm/xcode
    builtin-SwiftPerFileCompile ValidationError.swift
SwiftCompile normal arm64 /Users/admin/builder/spi-builder-workspace/.dependencies/checkouts/Noora/cli/Sources/Noora/Validator/InputValidating.swift (in target 'Noora' from project 'Noora')
    cd /Users/admin/builder/spi-builder-workspace/.swiftpm/xcode
    builtin-SwiftPerFileCompile InputValidating.swift
SwiftDriver\ Compilation SLSAdapter normal arm64 com.apple.xcode.tools.swift.compiler (in target 'SLSAdapter' from project 'swift-sls-adapter')
    cd /Users/admin/builder/spi-builder-workspace/.swiftpm/xcode
    builtin-Swift-Compilation -- /Applications/Xcode-27.0.0-Release.Candidate.app/Contents/Developer/Toolchains/XcodeDefault.xctoolchain/usr/bin/swiftc -parse-as-library -module-name SLSAdapter -Onone @/Users/admin/builder/spi-builder-workspace/.derivedData/Build/Intermediates.noindex/swift-sls-adapter.build/Debug-appletvos/SLSAdapter-t.build/Objects-normal/arm64/SLSAdapter.SwiftFileList -DSWIFT_PACKAGE -DDEBUG -DSWIFT_MODULE_RESOURCE_BUNDLE_UNAVAILABLE -Xcc -fmodule-map-file\=/Users/admin/builder/spi-builder-workspace/.dependencies/checkouts/Yams/Sources/CYaml/include/module.modulemap -DXcode -plugin-path /Applications/Xcode-27.0.0-Release.Candidate.app/Contents/Developer/Toolchains/XcodeDefault.xctoolchain/usr/lib/swift/host/plugins/testing -enable-experimental-feature DebugDescriptionMacro -sdk /Applications/Xcode-27.0.0-Release.Candidate.app/Contents/Developer/Platforms/AppleTVOS.platform/Developer/SDKs/AppleTVOS27.0.sdk -target arm64-apple-tvos15.0 -g -module-cache-path /Users/admin/builder/spi-builder-workspace/.derivedData/ModuleCache.noindex -Xfrontend -serialize-debugging-options -profile-coverage-mapping -profile-generate -enable-testing -suppress-warnings -index-store-path /Users/admin/builder/spi-builder-workspace/.derivedData/Index.noindex/DataStore -Xcc -D_LIBCPP_HARDENING_MODE\=_LIBCPP_HARDENING_MODE_DEBUG -swift-version 5 -I /Users/admin/builder/spi-builder-workspace/.derivedData/Build/Products/Debug-appletvos -Isystem /Applications/Xcode-27.0.0-Release.Candidate.app/Contents/Developer/Platforms/AppleTVOS.platform/Developer/usr/lib -F /Users/admin/builder/spi-builder-workspace/.derivedData/Build/Products/Debug-appletvos/PackageFrameworks -F /Users/admin/builder/spi-builder-workspace/.derivedData/Build/Products/Debug-appletvos -F /Applications/Xcode-27.0.0-Release.Candidate.app/Contents/Developer/Platforms/AppleTVOS.platform/Developer/Library/Frameworks -F /Applications/Xcode-27.0.0-Release.Candidate.app/Contents/Developer/Platforms/AppleTVOS.platform/Developer/SDKs/AppleTVOS27.0.sdk/Developer/Library/Frameworks -c -j10 -enable-batch-mode -incremental -Xcc -ivfsstatcache -Xcc /Users/admin/builder/spi-builder-workspace/.derivedData/SDKStatCaches.noindex/appletvos27.0-24J360-e829b21a6f8c9b70876ba0858053c044b32bfd8d43560033f8d89884cdb90028.sdkstatcache -output-file-map /Users/admin/builder/spi-builder-workspace/.derivedData/Build/Intermediates.noindex/swift-sls-adapter.build/Debug-appletvos/SLSAdapter-t.build/Objects-normal/arm64/SLSAdapter-OutputFileMap.json -save-temps -no-color-diagnostics -explicit-module-build -module-cache-path /Users/admin/builder/spi-builder-workspace/.derivedData/Build/Intermediates.noindex/SwiftExplicitPrecompiledModules -clang-scanner-module-cache-path /Users/admin/builder/spi-builder-workspace/.derivedData/ModuleCache.noindex -sdk-module-cache-path /Users/admin/builder/spi-builder-workspace/.derivedData/SDKExplicitPrecompiledModules -emit-dependencies -emit-module -emit-module-path /Users/admin/builder/spi-builder-workspace/.derivedData/Build/Intermediates.noindex/swift-sls-adapter.build/Debug-appletvos/SLSAdapter-t.build/Objects-normal/arm64/SLSAdapter.swiftmodule -serialize-diagnostics -dependency-scan-serialize-diagnostics-path /Users/admin/builder/spi-builder-workspace/.derivedData/Build/Intermediates.noindex/swift-sls-adapter.build/Debug-appletvos/SLSAdapter-t.build/Objects-normal/arm64/SLSAdapter-dependency-scan.dia -validate-clang-modules-once -clang-build-session-file /Users/admin/builder/spi-builder-workspace/.derivedData/ModuleCache.noindex/Session.modulevalidation -Xcc -fmodules-prune-interval\=86400 -Xcc -fmodules-prune-after\=345600 -emit-const-values -const-gather-protocols-list /Users/admin/builder/spi-builder-workspace/.derivedData/Build/Intermediates.noindex/swift-sls-adapter.build/Debug-appletvos/SLSAdapter-t.build/Objects-normal/arm64/SLSAdapter_const_extract_protocols.json -Xcc -I/Users/admin/builder/spi-builder-workspace/.dependencies/checkouts/Yams/Sources/CYaml/include -Xcc -I/Users/admin/builder/spi-builder-workspace/.derivedData/Build/Products/Debug-appletvos/include -Xcc -I/Users/admin/builder/spi-builder-workspace/.derivedData/Build/Intermediates.noindex/swift-sls-adapter.build/Debug-appletvos/SLSAdapter-t.build/DerivedSources-normal/arm64 -Xcc -I/Users/admin/builder/spi-builder-workspace/.derivedData/Build/Intermediates.noindex/swift-sls-adapter.build/Debug-appletvos/SLSAdapter-t.build/DerivedSources/arm64 -Xcc -I/Users/admin/builder/spi-builder-workspace/.derivedData/Build/Intermediates.noindex/swift-sls-adapter.build/Debug-appletvos/SLSAdapter-t.build/DerivedSources -Xcc -DSWIFT_PACKAGE -Xcc -DDEBUG\=1 -emit-objc-header -emit-objc-header-path /Users/admin/builder/spi-builder-workspace/.derivedData/Build/Intermediates.noindex/swift-sls-adapter.build/Debug-appletvos/SLSAdapter-t.build/Objects-normal/arm64/SLSAdapter-Swift.h -working-directory /Users/admin/builder/spi-builder-workspace/.swiftpm/xcode -experimental-emit-module-separately -disable-cmo
SwiftDriverJobDiscovery normal arm64 Compiling FilterTag.swift, Filters.swift, ForTag.swift (in target 'Stencil' from project 'Stencil')
SwiftCompile normal arm64 Compiling\ LengthValidationRule.swift,\ NonEmptyValidationRule.swift,\ RegexValidationRule.swift,\ Validator.swift /Users/admin/builder/spi-builder-workspace/.dependencies/checkouts/Noora/cli/Sources/Noora/Validator/Rules/LengthValidationRule.swift /Users/admin/builder/spi-builder-workspace/.dependencies/checkouts/Noora/cli/Sources/Noora/Validator/Rules/NonEmptyValidationRule.swift /Users/admin/builder/spi-builder-workspace/.dependencies/checkouts/Noora/cli/Sources/Noora/Validator/Rules/RegexValidationRule.swift /Users/admin/builder/spi-builder-workspace/.dependencies/checkouts/Noora/cli/Sources/Noora/Validator/Validator.swift (in target 'Noora' from project 'Noora')
/Users/admin/builder/spi-builder-workspace/.dependencies/checkouts/Noora/cli/Sources/Noora/Validator/Rules/RegexValidationRule.swift:36:36: error: 'Regex' is only available in tvOS 16.0 or newer
 2 |
 3 | /// A validation rule that checks if a string input matches a specified regular expression pattern.
 4 | public struct RegexValidationRule: ValidatableRule {
   |               `- note: add '@available' attribute to enclosing struct
 5 |     // MARK: Properties
 6 |
   :
30 |     ///
31 |     /// - Returns: A Boolean indicating whether the input matches the pattern.
32 |     public func validate(input: String) -> Bool {
   |                 `- note: add '@available' attribute to enclosing instance method
33 |         guard !input.isEmpty else { return false }
34 |
35 |         if #available(macOS 13.0, *) {
36 |             guard let regex = try? Regex(pattern) else {
   |                                    |- error: 'Regex' is only available in tvOS 16.0 or newer
   |                                    `- note: add 'if #available' version check
37 |                 preconditionFailure("Illegal regular expression: \(pattern).")
38 |             }
/Users/admin/builder/spi-builder-workspace/.dependencies/checkouts/Noora/cli/Sources/Noora/Validator/Rules/RegexValidationRule.swift:36:36: error: 'init(_:)' is only available in tvOS 16.0 or newer
 2 |
 3 | /// A validation rule that checks if a string input matches a specified regular expression pattern.
 4 | public struct RegexValidationRule: ValidatableRule {
   |               `- note: add '@available' attribute to enclosing struct
 5 |     // MARK: Properties
 6 |
   :
30 |     ///
31 |     /// - Returns: A Boolean indicating whether the input matches the pattern.
32 |     public func validate(input: String) -> Bool {
   |                 `- note: add '@available' attribute to enclosing instance method
33 |         guard !input.isEmpty else { return false }
34 |
35 |         if #available(macOS 13.0, *) {
36 |             guard let regex = try? Regex(pattern) else {
   |                                    |- error: 'init(_:)' is only available in tvOS 16.0 or newer
   |                                    `- note: add 'if #available' version check
37 |                 preconditionFailure("Illegal regular expression: \(pattern).")
38 |             }
/Users/admin/builder/spi-builder-workspace/.dependencies/checkouts/Noora/cli/Sources/Noora/Validator/Rules/RegexValidationRule.swift:39:26: error: 'firstMatch(of:)' is only available in tvOS 16.0 or newer
 2 |
 3 | /// A validation rule that checks if a string input matches a specified regular expression pattern.
 4 | public struct RegexValidationRule: ValidatableRule {
   |               `- note: add '@available' attribute to enclosing struct
 5 |     // MARK: Properties
 6 |
   :
30 |     ///
31 |     /// - Returns: A Boolean indicating whether the input matches the pattern.
32 |     public func validate(input: String) -> Bool {
   |                 `- note: add '@available' attribute to enclosing instance method
33 |         guard !input.isEmpty else { return false }
34 |
   :
37 |                 preconditionFailure("Illegal regular expression: \(pattern).")
38 |             }
39 |             return input.firstMatch(of: regex) != nil
   |                          |- error: 'firstMatch(of:)' is only available in tvOS 16.0 or newer
   |                          `- note: add 'if #available' version check
40 |         } else {
41 |             do {
Failed frontend command:
/Applications/Xcode-27.0.0-Release.Candidate.app/Contents/Developer/Toolchains/XcodeDefault.xctoolchain/usr/bin/swift-frontend -frontend -c /Users/admin/builder/spi-builder-workspace/.dependencies/checkouts/Noora/cli/Sources/Noora/Components/Alert.swift /Users/admin/builder/spi-builder-workspace/.dependencies/checkouts/Noora/cli/Sources/Noora/Components/CollapsibleStep.swift /Users/admin/builder/spi-builder-workspace/.dependencies/checkouts/Noora/cli/Sources/Noora/Components/MultipleChoicePrompt.swift /Users/admin/builder/spi-builder-workspace/.dependencies/checkouts/Noora/cli/Sources/Noora/Components/ProgressBarStep.swift /Users/admin/builder/spi-builder-workspace/.dependencies/checkouts/Noora/cli/Sources/Noora/Components/ProgressStep.swift /Users/admin/builder/spi-builder-workspace/.dependencies/checkouts/Noora/cli/Sources/Noora/Components/SingleChoicePrompt.swift /Users/admin/builder/spi-builder-workspace/.dependencies/checkouts/Noora/cli/Sources/Noora/Components/Table/PaginatedTable.swift /Users/admin/builder/spi-builder-workspace/.dependencies/checkouts/Noora/cli/Sources/Noora/Components/Table/SelectableTable.swift /Users/admin/builder/spi-builder-workspace/.dependencies/checkouts/Noora/cli/Sources/Noora/Components/Table/Table.swift /Users/admin/builder/spi-builder-workspace/.dependencies/checkouts/Noora/cli/Sources/Noora/Components/Table/TableColumn.swift /Users/admin/builder/spi-builder-workspace/.dependencies/checkouts/Noora/cli/Sources/Noora/Components/Table/TableData.swift /Users/admin/builder/spi-builder-workspace/.dependencies/checkouts/Noora/cli/Sources/Noora/Components/Table/TableRenderer.swift /Users/admin/builder/spi-builder-workspace/.dependencies/checkouts/Noora/cli/Sources/Noora/Components/Table/TableStyle.swift /Users/admin/builder/spi-builder-workspace/.dependencies/checkouts/Noora/cli/Sources/Noora/Components/Table/UpdatingSelectableTable.swift /Users/admin/builder/spi-builder-workspace/.dependencies/checkouts/Noora/cli/Sources/Noora/Components/Table/UpdatingTable.swift /Users/admin/builder/spi-builder-workspace/.dependencies/checkouts/Noora/cli/Sources/Noora/Components/TextPrompt.swift /Users/admin/builder/spi-builder-workspace/.dependencies/checkouts/Noora/cli/Sources/Noora/Components/YesOrNoChoicePrompt.swift /Users/admin/builder/spi-builder-workspace/.dependencies/checkouts/Noora/cli/Sources/Noora/Content.swift /Users/admin/builder/spi-builder-workspace/.dependencies/checkouts/Noora/cli/Sources/Noora/DataStructures/Stack.swift /Users/admin/builder/spi-builder-workspace/.dependencies/checkouts/Noora/cli/Sources/Noora/Extensions/Character+isPrintable.swift /Users/admin/builder/spi-builder-workspace/.dependencies/checkouts/Noora/cli/Sources/Noora/Extensions/String+Rainbow.swift /Users/admin/builder/spi-builder-workspace/.dependencies/checkouts/Noora/cli/Sources/Noora/Extensions/String+ValidatableError.swift /Users/admin/builder/spi-builder-workspace/.dependencies/checkouts/Noora/cli/Sources/Noora/Noora.swift /Users/admin/builder/spi-builder-workspace/.dependencies/checkouts/Noora/cli/Sources/Noora/NooraError.swift /Users/admin/builder/spi-builder-workspace/.dependencies/checkouts/Noora/cli/Sources/Noora/NooraMock.swift /Users/admin/builder/spi-builder-workspace/.dependencies/checkouts/Noora/cli/Sources/Noora/StandardPipelineType.swift /Users/admin/builder/spi-builder-workspace/.dependencies/checkouts/Noora/cli/Sources/Noora/Theme.swift /Users/admin/builder/spi-builder-workspace/.dependencies/checkouts/Noora/cli/Sources/Noora/Utilities/KeyStrokeListener.swift /Users/admin/builder/spi-builder-workspace/.dependencies/checkouts/Noora/cli/Sources/Noora/Utilities/LockIsolated.swift /Users/admin/builder/spi-builder-workspace/.dependencies/checkouts/Noora/cli/Sources/Noora/Utilities/Renderer.swift /Users/admin/builder/spi-builder-workspace/.dependencies/checkouts/Noora/cli/Sources/Noora/Utilities/Spinner.swift /Users/admin/builder/spi-builder-workspace/.dependencies/checkouts/Noora/cli/Sources/Noora/Utilities/StandardPipelines.swift /Users/admin/builder/spi-builder-workspace/.dependencies/checkouts/Noora/cli/Sources/Noora/Utilities/Terminal.swift /Users/admin/builder/spi-builder-workspace/.dependencies/checkouts/Noora/cli/Sources/Noora/Utilities/TerminalText+DisplayWidth.swift /Users/admin/builder/spi-builder-workspace/.dependencies/checkouts/Noora/cli/Sources/Noora/Utilities/TerminalText.swift /Users/admin/builder/spi-builder-workspace/.dependencies/checkouts/Noora/cli/Sources/Noora/Validator/Core/ValidatableError.swift /Users/admin/builder/spi-builder-workspace/.dependencies/checkouts/Noora/cli/Sources/Noora/Validator/Core/ValidatableRule.swift /Users/admin/builder/spi-builder-workspace/.dependencies/checkouts/Noora/cli/Sources/Noora/Validator/Core/ValidationError.swift /Users/admin/builder/spi-builder-workspace/.dependencies/checkouts/Noora/cli/Sources/Noora/Validator/InputValidating.swift -primary-file /Users/admin/builder/spi-builder-workspace/.dependencies/checkouts/Noora/cli/Sources/Noora/Validator/Rules/LengthValidationRule.swift -primary-file /Users/admin/builder/spi-builder-workspace/.dependencies/checkouts/Noora/cli/Sources/Noora/Validator/Rules/NonEmptyValidationRule.swift -primary-file /Users/admin/builder/spi-builder-workspace/.dependencies/checkouts/Noora/cli/Sources/Noora/Validator/Rules/RegexValidationRule.swift -primary-file /Users/admin/builder/spi-builder-workspace/.dependencies/checkouts/Noora/cli/Sources/Noora/Validator/Validator.swift -supplementary-output-file-map /Users/admin/builder/spi-builder-workspace/.derivedData/Build/Intermediates.noindex/Noora.build/Debug-appletvos/Noora-t.build/Objects-normal/arm64/supplementaryOutputs-14 -target arm64-apple-tvos15.0 -disable-cross-import-overlay-search -swift-module-cross-import Darwin /Applications/Xcode-27.0.0-Release.Candidate.app/Contents/Developer/Platforms/AppleTVOS.platform/Developer/SDKs/AppleTVOS.sdk/usr/include/Darwin.swiftcrossimport/xlocale.swiftoverlay -load-resolved-plugin /Applications/Xcode-27.0.0-Release.Candidate.app/Contents/Developer/Platforms/AppleTVOS.platform/Developer/usr/lib/swift/host/plugins/libFoundationMacros.dylib\#/Applications/Xcode-27.0.0-Release.Candidate.app/Contents/Developer/Platforms/AppleTVOS.platform/Developer/usr/bin/swift-plugin-server\#FoundationMacros -load-resolved-plugin /Applications/Xcode-27.0.0-Release.Candidate.app/Contents/Developer/Platforms/AppleTVOS.platform/Developer/usr/lib/swift/host/plugins/libObservationMacros.dylib\#/Applications/Xcode-27.0.0-Release.Candidate.app/Contents/Developer/Platforms/AppleTVOS.platform/Developer/usr/bin/swift-plugin-server\#ObservationMacros -load-resolved-plugin /Applications/Xcode-27.0.0-Release.Candidate.app/Contents/Developer/Platforms/AppleTVOS.platform/Developer/usr/lib/swift/host/plugins/libSwiftMacros.dylib\#/Applications/Xcode-27.0.0-Release.Candidate.app/Contents/Developer/Platforms/AppleTVOS.platform/Developer/usr/bin/swift-plugin-server\#SwiftMacros -disable-implicit-swift-modules -Xcc -fno-implicit-modules -Xcc -fno-implicit-module-maps -explicit-swift-module-map-file /Users/admin/builder/spi-builder-workspace/.derivedData/Build/Intermediates.noindex/Noora.build/Debug-appletvos/Noora-t.build/Objects-normal/arm64/Noora-dependencies-1.json -Xllvm -aarch64-use-tbi -enable-objc-interop -stack-check -sdk /Applications/Xcode-27.0.0-Release.Candidate.app/Contents/Developer/Platforms/AppleTVOS.platform/Developer/SDKs/AppleTVOS27.0.sdk -I /Users/admin/builder/spi-builder-workspace/.derivedData/Build/Products/Debug-appletvos -Isystem /Applications/Xcode-27.0.0-Release.Candidate.app/Contents/Developer/Platforms/AppleTVOS.platform/Developer/usr/lib -F /Users/admin/builder/spi-builder-workspace/.derivedData/Build/Products/Debug-appletvos/PackageFrameworks -F /Users/admin/builder/spi-builder-workspace/.derivedData/Build/Products/Debug-appletvos -F /Applications/Xcode-27.0.0-Release.Candidate.app/Contents/Developer/Platforms/AppleTVOS.platform/Developer/Library/Frameworks -F /Applications/Xcode-27.0.0-Release.Candidate.app/Contents/Developer/Platforms/AppleTVOS.platform/Developer/SDKs/AppleTVOS27.0.sdk/Developer/Library/Frameworks -module-cache-path /Users/admin/builder/spi-builder-workspace/.derivedData/Build/Intermediates.noindex/SwiftExplicitPrecompiledModules -no-color-diagnostics -Xcc -fno-color-diagnostics -enable-testing -g -debug-info-format\=dwarf -dwarf-version\=4 -suppress-warnings -profile-generate -profile-coverage-mapping -swift-version 5 -Onone -D SWIFT_PACKAGE -D DEBUG -D SWIFT_MODULE_RESOURCE_BUNDLE_UNAVAILABLE -D MOCKING -D Xcode -serialize-debugging-options -enable-experimental-feature DebugDescriptionMacro -empty-abi-descriptor -validate-clang-modules-once -clang-build-session-file /Users/admin/builder/spi-builder-workspace/.derivedData/ModuleCache.noindex/Session.modulevalidation -Xcc -working-directory -Xcc /Users/admin/builder/spi-builder-workspace/.swiftpm/xcode -enable-anonymous-context-mangled-names -file-compilation-dir /Users/admin/builder/spi-builder-workspace/.swiftpm/xcode -Xcc -D_LIBCPP_HARDENING_MODE\=_LIBCPP_HARDENING_MODE_DEBUG -Xcc -ivfsstatcache -Xcc /Users/admin/builder/spi-builder-workspace/.derivedData/SDKStatCaches.noindex/appletvos27.0-24J360-e829b21a6f8c9b70876ba0858053c044b32bfd8d43560033f8d89884cdb90028.sdkstatcache -Xcc -fmodules-prune-interval\=86400 -Xcc -fmodules-prune-after\=345600 -Xcc -I/Users/admin/builder/spi-builder-workspace/.derivedData/Build/Products/Debug-appletvos/include -Xcc -I/Users/admin/builder/spi-builder-workspace/.derivedData/Build/Intermediates.noindex/Noora.build/Debug-appletvos/Noora-t.build/DerivedSources-normal/arm64 -Xcc -I/Users/admin/builder/spi-builder-workspace/.derivedData/Build/Intermediates.noindex/Noora.build/Debug-appletvos/Noora-t.build/DerivedSources/arm64 -Xcc -I/Users/admin/builder/spi-builder-workspace/.derivedData/Build/Intermediates.noindex/Noora.build/Debug-appletvos/Noora-t.build/DerivedSources -Xcc -DSWIFT_PACKAGE -Xcc -DDEBUG\=1 -no-auto-bridging-header-chaining -module-name Noora -const-gather-protocols-file /Users/admin/builder/spi-builder-workspace/.derivedData/Build/Intermediates.noindex/Noora.build/Debug-appletvos/Noora-t.build/Objects-normal/arm64/Noora_const_extract_protocols.json -disable-clang-spi -clang-target arm64-apple-tvos27.0 -target-sdk-version 27.0 -target-sdk-name appletvos27.0 -in-process-plugin-server-path /Applications/Xcode-27.0.0-Release.Candidate.app/Contents/Developer/Toolchains/XcodeDefault.xctoolchain/usr/lib/swift/host/libSwiftInProcPluginServer.dylib -parse-as-library -o /Users/admin/builder/spi-builder-workspace/.derivedData/Build/Intermediates.noindex/Noora.build/Debug-appletvos/Noora-t.build/Objects-normal/arm64/LengthValidationRule.o -o /Users/admin/builder/spi-builder-workspace/.derivedData/Build/Intermediates.noindex/Noora.build/Debug-appletvos/Noora-t.build/Objects-normal/arm64/NonEmptyValidationRule.o -o /Users/admin/builder/spi-builder-workspace/.derivedData/Build/Intermediates.noindex/Noora.build/Debug-appletvos/Noora-t.build/Objects-normal/arm64/RegexValidationRule.o -o /Users/admin/builder/spi-builder-workspace/.derivedData/Build/Intermediates.noindex/Noora.build/Debug-appletvos/Noora-t.build/Objects-normal/arm64/Validator.o -debug-module-path /Users/admin/builder/spi-builder-workspace/.derivedData/Build/Intermediates.noindex/Noora.build/Debug-appletvos/Noora-t.build/Objects-normal/arm64/Noora.swiftmodule -index-unit-output-path /Noora.build/Debug-appletvos/Noora-t.build/Objects-normal/arm64/LengthValidationRule.o -index-unit-output-path /Noora.build/Debug-appletvos/Noora-t.build/Objects-normal/arm64/NonEmptyValidationRule.o -index-unit-output-path /Noora.build/Debug-appletvos/Noora-t.build/Objects-normal/arm64/RegexValidationRule.o -index-unit-output-path /Noora.build/Debug-appletvos/Noora-t.build/Objects-normal/arm64/Validator.o -index-store-path /Users/admin/builder/spi-builder-workspace/.derivedData/Index.noindex/DataStore -index-system-modules
SwiftCompile normal arm64 /Users/admin/builder/spi-builder-workspace/.dependencies/checkouts/Noora/cli/Sources/Noora/Validator/Rules/LengthValidationRule.swift (in target 'Noora' from project 'Noora')
    cd /Users/admin/builder/spi-builder-workspace/.swiftpm/xcode
    builtin-SwiftPerFileCompile LengthValidationRule.swift
SwiftCompile normal arm64 /Users/admin/builder/spi-builder-workspace/.dependencies/checkouts/Noora/cli/Sources/Noora/Validator/Rules/NonEmptyValidationRule.swift (in target 'Noora' from project 'Noora')
    cd /Users/admin/builder/spi-builder-workspace/.swiftpm/xcode
    builtin-SwiftPerFileCompile NonEmptyValidationRule.swift
SwiftCompile normal arm64 /Users/admin/builder/spi-builder-workspace/.dependencies/checkouts/Noora/cli/Sources/Noora/Validator/Rules/RegexValidationRule.swift (in target 'Noora' from project 'Noora')
    cd /Users/admin/builder/spi-builder-workspace/.swiftpm/xcode
    builtin-SwiftPerFileCompile RegexValidationRule.swift
SwiftCompile normal arm64 /Users/admin/builder/spi-builder-workspace/.dependencies/checkouts/Noora/cli/Sources/Noora/Validator/Validator.swift (in target 'Noora' from project 'Noora')
    cd /Users/admin/builder/spi-builder-workspace/.swiftpm/xcode
    builtin-SwiftPerFileCompile Validator.swift
SwiftDriver\ Compilation Stencil normal arm64 com.apple.xcode.tools.swift.compiler (in target 'Stencil' from project 'Stencil')
    cd /Users/admin/builder/spi-builder-workspace/.swiftpm/xcode
    builtin-Swift-Compilation -- /Applications/Xcode-27.0.0-Release.Candidate.app/Contents/Developer/Toolchains/XcodeDefault.xctoolchain/usr/bin/swiftc -parse-as-library -module-name Stencil -Onone @/Users/admin/builder/spi-builder-workspace/.derivedData/Build/Intermediates.noindex/Stencil.build/Debug-appletvos/Stencil-t.build/Objects-normal/arm64/Stencil.SwiftFileList -DSWIFT_PACKAGE -DDEBUG -DSWIFT_MODULE_RESOURCE_BUNDLE_UNAVAILABLE -DXcode -plugin-path /Applications/Xcode-27.0.0-Release.Candidate.app/Contents/Developer/Toolchains/XcodeDefault.xctoolchain/usr/lib/swift/host/plugins/testing -enable-experimental-feature DebugDescriptionMacro -sdk /Applications/Xcode-27.0.0-Release.Candidate.app/Contents/Developer/Platforms/AppleTVOS.platform/Developer/SDKs/AppleTVOS27.0.sdk -target arm64-apple-tvos15.0 -g -module-cache-path /Users/admin/builder/spi-builder-workspace/.derivedData/ModuleCache.noindex -Xfrontend -serialize-debugging-options -profile-coverage-mapping -profile-generate -enable-testing -suppress-warnings -index-store-path /Users/admin/builder/spi-builder-workspace/.derivedData/Index.noindex/DataStore -Xcc -D_LIBCPP_HARDENING_MODE\=_LIBCPP_HARDENING_MODE_DEBUG -swift-version 5 -I /Users/admin/builder/spi-builder-workspace/.derivedData/Build/Products/Debug-appletvos -Isystem /Applications/Xcode-27.0.0-Release.Candidate.app/Contents/Developer/Platforms/AppleTVOS.platform/Developer/usr/lib -F /Users/admin/builder/spi-builder-workspace/.derivedData/Build/Products/Debug-appletvos/PackageFrameworks -F /Users/admin/builder/spi-builder-workspace/.derivedData/Build/Products/Debug-appletvos -F /Applications/Xcode-27.0.0-Release.Candidate.app/Contents/Developer/Platforms/AppleTVOS.platform/Developer/Library/Frameworks -F /Applications/Xcode-27.0.0-Release.Candidate.app/Contents/Developer/Platforms/AppleTVOS.platform/Developer/SDKs/AppleTVOS27.0.sdk/Developer/Library/Frameworks -c -j10 -enable-batch-mode -incremental -Xcc -ivfsstatcache -Xcc /Users/admin/builder/spi-builder-workspace/.derivedData/SDKStatCaches.noindex/appletvos27.0-24J360-e829b21a6f8c9b70876ba0858053c044b32bfd8d43560033f8d89884cdb90028.sdkstatcache -output-file-map /Users/admin/builder/spi-builder-workspace/.derivedData/Build/Intermediates.noindex/Stencil.build/Debug-appletvos/Stencil-t.build/Objects-normal/arm64/Stencil-OutputFileMap.json -save-temps -no-color-diagnostics -explicit-module-build -module-cache-path /Users/admin/builder/spi-builder-workspace/.derivedData/Build/Intermediates.noindex/SwiftExplicitPrecompiledModules -clang-scanner-module-cache-path /Users/admin/builder/spi-builder-workspace/.derivedData/ModuleCache.noindex -sdk-module-cache-path /Users/admin/builder/spi-builder-workspace/.derivedData/SDKExplicitPrecompiledModules -emit-dependencies -emit-module -emit-module-path /Users/admin/builder/spi-builder-workspace/.derivedData/Build/Intermediates.noindex/Stencil.build/Debug-appletvos/Stencil-t.build/Objects-normal/arm64/Stencil.swiftmodule -serialize-diagnostics -dependency-scan-serialize-diagnostics-path /Users/admin/builder/spi-builder-workspace/.derivedData/Build/Intermediates.noindex/Stencil.build/Debug-appletvos/Stencil-t.build/Objects-normal/arm64/Stencil-dependency-scan.dia -validate-clang-modules-once -clang-build-session-file /Users/admin/builder/spi-builder-workspace/.derivedData/ModuleCache.noindex/Session.modulevalidation -Xcc -fmodules-prune-interval\=86400 -Xcc -fmodules-prune-after\=345600 -emit-const-values -const-gather-protocols-list /Users/admin/builder/spi-builder-workspace/.derivedData/Build/Intermediates.noindex/Stencil.build/Debug-appletvos/Stencil-t.build/Objects-normal/arm64/Stencil_const_extract_protocols.json -Xcc -I/Users/admin/builder/spi-builder-workspace/.derivedData/Build/Products/Debug-appletvos/include -Xcc -I/Users/admin/builder/spi-builder-workspace/.derivedData/Build/Intermediates.noindex/Stencil.build/Debug-appletvos/Stencil-t.build/DerivedSources-normal/arm64 -Xcc -I/Users/admin/builder/spi-builder-workspace/.derivedData/Build/Intermediates.noindex/Stencil.build/Debug-appletvos/Stencil-t.build/DerivedSources/arm64 -Xcc -I/Users/admin/builder/spi-builder-workspace/.derivedData/Build/Intermediates.noindex/Stencil.build/Debug-appletvos/Stencil-t.build/DerivedSources -Xcc -DSWIFT_PACKAGE -Xcc -DDEBUG\=1 -emit-objc-header -emit-objc-header-path /Users/admin/builder/spi-builder-workspace/.derivedData/Build/Intermediates.noindex/Stencil.build/Debug-appletvos/Stencil-t.build/Objects-normal/arm64/Stencil-Swift.h -working-directory /Users/admin/builder/spi-builder-workspace/.swiftpm/xcode -experimental-emit-module-separately -disable-cmo
SwiftDriverJobDiscovery normal arm64 Compiling ValidatableError.swift, ValidatableRule.swift, ValidationError.swift, InputValidating.swift (in target 'Noora' from project 'Noora')
SwiftDriver\ Compilation ArgumentParser normal arm64 com.apple.xcode.tools.swift.compiler (in target 'ArgumentParser' from project 'swift-argument-parser')
    cd /Users/admin/builder/spi-builder-workspace/.swiftpm/xcode
    builtin-Swift-Compilation -- /Applications/Xcode-27.0.0-Release.Candidate.app/Contents/Developer/Toolchains/XcodeDefault.xctoolchain/usr/bin/swiftc -parse-as-library -module-name ArgumentParser -Onone @/Users/admin/builder/spi-builder-workspace/.derivedData/Build/Intermediates.noindex/swift-argument-parser.build/Debug-appletvos/ArgumentParser-t.build/Objects-normal/arm64/ArgumentParser.SwiftFileList -DSWIFT_PACKAGE -DDEBUG -DSWIFT_MODULE_RESOURCE_BUNDLE_UNAVAILABLE -DXcode -plugin-path /Applications/Xcode-27.0.0-Release.Candidate.app/Contents/Developer/Toolchains/XcodeDefault.xctoolchain/usr/lib/swift/host/plugins/testing -enable-experimental-feature DebugDescriptionMacro -sdk /Applications/Xcode-27.0.0-Release.Candidate.app/Contents/Developer/Platforms/AppleTVOS.platform/Developer/SDKs/AppleTVOS27.0.sdk -target arm64-apple-tvos15.0 -g -module-cache-path /Users/admin/builder/spi-builder-workspace/.derivedData/ModuleCache.noindex -Xfrontend -serialize-debugging-options -profile-coverage-mapping -profile-generate -enable-testing -suppress-warnings -index-store-path /Users/admin/builder/spi-builder-workspace/.derivedData/Index.noindex/DataStore -Xcc -D_LIBCPP_HARDENING_MODE\=_LIBCPP_HARDENING_MODE_DEBUG -swift-version 6 -I /Users/admin/builder/spi-builder-workspace/.derivedData/Build/Products/Debug-appletvos -Isystem /Applications/Xcode-27.0.0-Release.Candidate.app/Contents/Developer/Platforms/AppleTVOS.platform/Developer/usr/lib -F /Users/admin/builder/spi-builder-workspace/.derivedData/Build/Products/Debug-appletvos/PackageFrameworks -F /Users/admin/builder/spi-builder-workspace/.derivedData/Build/Products/Debug-appletvos -F /Applications/Xcode-27.0.0-Release.Candidate.app/Contents/Developer/Platforms/AppleTVOS.platform/Developer/Library/Frameworks -F /Applications/Xcode-27.0.0-Release.Candidate.app/Contents/Developer/Platforms/AppleTVOS.platform/Developer/SDKs/AppleTVOS27.0.sdk/Developer/Library/Frameworks -c -j10 -enable-batch-mode -incremental -Xcc -ivfsstatcache -Xcc /Users/admin/builder/spi-builder-workspace/.derivedData/SDKStatCaches.noindex/appletvos27.0-24J360-e829b21a6f8c9b70876ba0858053c044b32bfd8d43560033f8d89884cdb90028.sdkstatcache -output-file-map /Users/admin/builder/spi-builder-workspace/.derivedData/Build/Intermediates.noindex/swift-argument-parser.build/Debug-appletvos/ArgumentParser-t.build/Objects-normal/arm64/ArgumentParser-OutputFileMap.json -save-temps -no-color-diagnostics -explicit-module-build -module-cache-path /Users/admin/builder/spi-builder-workspace/.derivedData/Build/Intermediates.noindex/SwiftExplicitPrecompiledModules -clang-scanner-module-cache-path /Users/admin/builder/spi-builder-workspace/.derivedData/ModuleCache.noindex -sdk-module-cache-path /Users/admin/builder/spi-builder-workspace/.derivedData/SDKExplicitPrecompiledModules -emit-dependencies -emit-module -emit-module-path /Users/admin/builder/spi-builder-workspace/.derivedData/Build/Intermediates.noindex/swift-argument-parser.build/Debug-appletvos/ArgumentParser-t.build/Objects-normal/arm64/ArgumentParser.swiftmodule -serialize-diagnostics -dependency-scan-serialize-diagnostics-path /Users/admin/builder/spi-builder-workspace/.derivedData/Build/Intermediates.noindex/swift-argument-parser.build/Debug-appletvos/ArgumentParser-t.build/Objects-normal/arm64/ArgumentParser-dependency-scan.dia -user-module-version 1.8.2 -validate-clang-modules-once -clang-build-session-file /Users/admin/builder/spi-builder-workspace/.derivedData/ModuleCache.noindex/Session.modulevalidation -Xcc -fmodules-prune-interval\=86400 -Xcc -fmodules-prune-after\=345600 -package-name swift_argument_parser -emit-const-values -const-gather-protocols-list /Users/admin/builder/spi-builder-workspace/.derivedData/Build/Intermediates.noindex/swift-argument-parser.build/Debug-appletvos/ArgumentParser-t.build/Objects-normal/arm64/ArgumentParser_const_extract_protocols.json -Xcc -I/Users/admin/builder/spi-builder-workspace/.derivedData/Build/Products/Debug-appletvos/include -Xcc -I/Users/admin/builder/spi-builder-workspace/.derivedData/Build/Intermediates.noindex/swift-argument-parser.build/Debug-appletvos/ArgumentParser-t.build/DerivedSources-normal/arm64 -Xcc -I/Users/admin/builder/spi-builder-workspace/.derivedData/Build/Intermediates.noindex/swift-argument-parser.build/Debug-appletvos/ArgumentParser-t.build/DerivedSources/arm64 -Xcc -I/Users/admin/builder/spi-builder-workspace/.derivedData/Build/Intermediates.noindex/swift-argument-parser.build/Debug-appletvos/ArgumentParser-t.build/DerivedSources -Xcc -DSWIFT_PACKAGE -Xcc -DDEBUG\=1 -emit-objc-header -emit-objc-header-path /Users/admin/builder/spi-builder-workspace/.derivedData/Build/Intermediates.noindex/swift-argument-parser.build/Debug-appletvos/ArgumentParser-t.build/Objects-normal/arm64/ArgumentParser-Swift.h -working-directory /Users/admin/builder/spi-builder-workspace/.swiftpm/xcode -experimental-emit-module-separately -disable-cmo
Ld /Users/admin/builder/spi-builder-workspace/.derivedData/Build/Products/Debug-appletvos/ArgumentParser.o normal (in target 'ArgumentParser' from project 'swift-argument-parser')
    cd /Users/admin/builder/spi-builder-workspace/.dependencies/checkouts/swift-argument-parser
    /Applications/Xcode-27.0.0-Release.Candidate.app/Contents/Developer/Toolchains/XcodeDefault.xctoolchain/usr/bin/clang -Xlinker -reproducible -target arm64-apple-tvos15.0 -r -isysroot /Applications/Xcode-27.0.0-Release.Candidate.app/Contents/Developer/Platforms/AppleTVOS.platform/Developer/SDKs/AppleTVOS27.0.sdk -O0 -w -Xlinker -no_warn_duplicate_libraries -F/Users/admin/builder/spi-builder-workspace/.derivedData/Build/Intermediates.noindex/EagerLinkingTBDs/Debug-appletvos -F/Users/admin/builder/spi-builder-workspace/.derivedData/Build/Products/Debug-appletvos/PackageFrameworks -F/Users/admin/builder/spi-builder-workspace/.derivedData/Build/Products/Debug-appletvos -iframework /Applications/Xcode-27.0.0-Release.Candidate.app/Contents/Developer/Platforms/AppleTVOS.platform/Developer/Library/Frameworks -iframework /Applications/Xcode-27.0.0-Release.Candidate.app/Contents/Developer/Platforms/AppleTVOS.platform/Developer/SDKs/AppleTVOS27.0.sdk/Developer/Library/Frameworks -filelist /Users/admin/builder/spi-builder-workspace/.derivedData/Build/Intermediates.noindex/swift-argument-parser.build/Debug-appletvos/ArgumentParser-t.build/Objects-normal/arm64/ArgumentParser.LinkFileList -nostdlib -Xlinker -object_path_lto -Xlinker /Users/admin/builder/spi-builder-workspace/.derivedData/Build/Intermediates.noindex/swift-argument-parser.build/Debug-appletvos/ArgumentParser-t.build/Objects-normal/arm64/ArgumentParser_lto.o -Xlinker -no_deduplicate -Xlinker -debug_variant -Xlinker -dependency_info -Xlinker /Users/admin/builder/spi-builder-workspace/.derivedData/Build/Intermediates.noindex/swift-argument-parser.build/Debug-appletvos/ArgumentParser-t.build/Objects-normal/arm64/ArgumentParser_dependency_info.dat -fobjc-link-runtime -L/Applications/Xcode-27.0.0-Release.Candidate.app/Contents/Developer/Toolchains/XcodeDefault.xctoolchain/usr/lib/swift/appletvos -L/usr/lib/swift -Xlinker -add_ast_path -Xlinker /Users/admin/builder/spi-builder-workspace/.derivedData/Build/Intermediates.noindex/swift-argument-parser.build/Debug-appletvos/ArgumentParser-t.build/Objects-normal/arm64/ArgumentParser.swiftmodule -o /Users/admin/builder/spi-builder-workspace/.derivedData/Build/Products/Debug-appletvos/ArgumentParser.o
PruneExplicitPrecompiledModules /Users/admin/builder/spi-builder-workspace/.derivedData/Build/Intermediates.noindex/ExplicitPrecompiledModules
PruneExplicitPrecompiledModules /Users/admin/builder/spi-builder-workspace/.derivedData/SDKExplicitPrecompiledModules
PruneExplicitPrecompiledModules /Users/admin/builder/spi-builder-workspace/.derivedData/Build/Intermediates.noindex/SwiftExplicitPrecompiledModules
2026-09-23 01:39:27.593 xcodebuild[1062:6074] [MT] IDERunDestination: Supported platforms for the buildables in the current scheme is empty.
** BUILD FAILED **
The following build commands failed:
	SwiftCompile normal arm64 Compiling\ LengthValidationRule.swift,\ NonEmptyValidationRule.swift,\ RegexValidationRule.swift,\ Validator.swift /Users/admin/builder/spi-builder-workspace/.dependencies/checkouts/Noora/cli/Sources/Noora/Validator/Rules/LengthValidationRule.swift /Users/admin/builder/spi-builder-workspace/.dependencies/checkouts/Noora/cli/Sources/Noora/Validator/Rules/NonEmptyValidationRule.swift /Users/admin/builder/spi-builder-workspace/.dependencies/checkouts/Noora/cli/Sources/Noora/Validator/Rules/RegexValidationRule.swift /Users/admin/builder/spi-builder-workspace/.dependencies/checkouts/Noora/cli/Sources/Noora/Validator/Validator.swift (in target 'Noora' from project 'Noora')
	SwiftCompile normal arm64 /Users/admin/builder/spi-builder-workspace/.dependencies/checkouts/Noora/cli/Sources/Noora/Validator/Rules/RegexValidationRule.swift (in target 'Noora' from project 'Noora')
	Building workspace Breeze with scheme Breeze
(3 failures)
Command line invocation:
    /Applications/Xcode-27.0.0-Release.Candidate.app/Contents/Developer/usr/bin/xcodebuild -IDEClonedSourcePackagesDirPathOverride=/Users/admin/builder/spi-builder-workspace/.dependencies -resolvePackageDependencies
Resolve Package Graph
Resolved source packages:
  Path: https://github.com/tuist/path @ 0.3.8
  swift-argument-parser: https://github.com/apple/swift-argument-parser.git @ 1.8.2
  swift-log: https://github.com/apple/swift-log @ 1.15.0
  Yams: https://github.com/jpsim/Yams.git @ 5.4.0
  Noora: https://github.com/tuist/Noora.git @ 0.57.3
  Spectre: https://github.com/kylef/Spectre.git @ 0.10.1
  PathKit: https://github.com/kylef/PathKit.git @ 1.0.1
  Breeze: /Users/admin/builder/spi-builder-workspace
  Rainbow: https://github.com/onevcat/Rainbow @ 4.2.2
  Stencil: https://github.com/stencilproject/Stencil.git @ 0.15.1
  swift-sls-adapter: https://github.com/swift-serverless/swift-sls-adapter @ 0.2.1
resolved source packages: Path, swift-argument-parser, swift-log, Yams, Noora, Spectre, PathKit, Breeze, Rainbow, Stencil, swift-sls-adapter
2026-09-23 01:39:38.945 xcodebuild[1381:7647] [MT] IDERunDestination: Supported platforms for the buildables in the current scheme is empty.
{
  "dependencies" : [
    {
      "identity" : "swift-argument-parser",
      "requirement" : {
        "range" : [
          {
            "lower_bound" : "1.0.0",
            "upper_bound" : "2.0.0"
          }
        ]
      },
      "type" : "sourceControl",
      "url" : "https://github.com/apple/swift-argument-parser.git"
    },
    {
      "identity" : "stencil",
      "requirement" : {
        "range" : [
          {
            "lower_bound" : "0.15.1",
            "upper_bound" : "1.0.0"
          }
        ]
      },
      "type" : "sourceControl",
      "url" : "https://github.com/stencilproject/Stencil.git"
    },
    {
      "identity" : "swift-sls-adapter",
      "requirement" : {
        "range" : [
          {
            "lower_bound" : "0.2.1",
            "upper_bound" : "1.0.0"
          }
        ]
      },
      "type" : "sourceControl",
      "url" : "https://github.com/swift-serverless/swift-sls-adapter"
    },
    {
      "identity" : "noora",
      "requirement" : {
        "range" : [
          {
            "lower_bound" : "0.45.0",
            "upper_bound" : "1.0.0"
          }
        ]
      },
      "type" : "sourceControl",
      "url" : "https://github.com/tuist/Noora.git"
    }
  ],
  "manifest_display_name" : "Breeze",
  "name" : "Breeze",
  "path" : "/Users/admin/builder/spi-builder-workspace",
  "platforms" : [
    {
      "name" : "macos",
      "version" : "13.0"
    }
  ],
  "products" : [
    {
      "name" : "breeze",
      "targets" : [
        "BreezeCommand"
      ],
      "type" : {
        "executable" : null
      }
    }
  ],
  "targets" : [
    {
      "c99name" : "BreezeCommandTests",
      "module_type" : "SwiftTarget",
      "name" : "BreezeCommandTests",
      "path" : "Tests/BreezeCommandTests",
      "resources" : [
        {
          "path" : "/Users/admin/builder/spi-builder-workspace/Tests/BreezeCommandTests/Fixtures",
          "rule" : {
            "copy" : {
            }
          }
        }
      ],
      "sources" : [
        "BreezeCommandTests.swift",
        "Fixtures.swift",
        "GenerateGithubWebhookTests.swift",
        "GenerateLambdaAPITests.swift",
        "GenerateWebhookTests.swift",
        "XCTest+Extensions.swift"
      ],
      "target_dependencies" : [
        "BreezeCommand"
      ],
      "type" : "test"
    },
    {
      "c99name" : "BreezeCommand",
      "module_type" : "SwiftTarget",
      "name" : "BreezeCommand",
      "path" : "Sources/BreezeCommand",
      "product_dependencies" : [
        "ArgumentParser",
        "SLSAdapter",
        "Stencil",
        "Noora"
      ],
      "product_memberships" : [
        "breeze"
      ],
      "resources" : [
        {
          "path" : "/Users/admin/builder/spi-builder-workspace/Sources/BreezeCommand/Resources",
          "rule" : {
            "copy" : {
            }
          }
        }
      ],
      "sources" : [
        "BreezeCommand.swift",
        "BreezeCommandError.swift",
        "BreezeConfig+ServerlessConfig.swift",
        "BreezeConfig.swift",
        "Foundation+Extensions.swift",
        "GenerateGitHubWebhook/GenerateGithubWebhook.swift",
        "GenerateGitHubWebhook/HttpAPILambdaParams.swift",
        "GenerateLambdaAPI/GenerateLambdaAPI.swift",
        "GenerateLambdaAPI/ServerlessConfig+DynamoDBLambdaAPI.swift",
        "GenerateWebhook/GenerateWebhook.swift",
        "Noora+Extensions.swift",
        "Stencil+Extensions.swift"
      ],
      "type" : "executable"
    }
  ],
  "tools_version" : "5.8.1"
}
{
  "workspace" : {
    "name" : "Breeze",
    "schemes" : [
      "Breeze"
    ]
  }
}
2026-09-23 01:39:41.331 xcodebuild[1397:7764] [MT] IDERunDestination: Supported platforms for the buildables in the current scheme is empty.
Running build ...
env DEVELOPER_DIR=/Applications/Xcode-27.0.0-Release.Candidate.app xcrun xcodebuild -IDEClonedSourcePackagesDirPathOverride=$PWD/.dependencies -skipMacroValidation -skipPackagePluginValidation -derivedDataPath $PWD/.derivedData build -scheme Breeze -destination generic/platform=tvOS
Command line invocation:
    /Applications/Xcode-27.0.0-Release.Candidate.app/Contents/Developer/usr/bin/xcodebuild -IDEClonedSourcePackagesDirPathOverride=/Users/admin/builder/spi-builder-workspace/.dependencies -skipMacroValidation -skipPackagePluginValidation -derivedDataPath /Users/admin/builder/spi-builder-workspace/.derivedData build -scheme Breeze -destination generic/platform=tvOS
Resolve Package Graph
Resolved source packages:
  swift-argument-parser: https://github.com/apple/swift-argument-parser.git @ 1.8.2
  swift-log: https://github.com/apple/swift-log @ 1.15.0
  swift-sls-adapter: https://github.com/swift-serverless/swift-sls-adapter @ 0.2.1
  Rainbow: https://github.com/onevcat/Rainbow @ 4.2.2
  Noora: https://github.com/tuist/Noora.git @ 0.57.3
  PathKit: https://github.com/kylef/PathKit.git @ 1.0.1
  Path: https://github.com/tuist/path @ 0.3.8
  Stencil: https://github.com/stencilproject/Stencil.git @ 0.15.1
  Yams: https://github.com/jpsim/Yams.git @ 5.4.0
  Spectre: https://github.com/kylef/Spectre.git @ 0.10.1
  Breeze: /Users/admin/builder/spi-builder-workspace
ComputePackagePrebuildTargetDependencyGraph
Prepare packages
CreateBuildRequest
SendProjectDescription
CreateBuildOperation
ComputeTargetDependencyGraph
note: Building targets in dependency order
note: Target dependency graph (22 targets)
    Target 'breeze-product' in project 'Breeze'
        ➜ Explicit dependency on target 'Breeze_BreezeCommand' in project 'Breeze'
        ➜ Explicit dependency on target 'ArgumentParser-product' in project 'swift-argument-parser'
        ➜ Explicit dependency on target 'SLSAdapter-product' in project 'swift-sls-adapter'
        ➜ Explicit dependency on target 'Stencil-product' in project 'Stencil'
        ➜ Explicit dependency on target 'Noora-product' in project 'Noora'
    Target 'Noora-product' in project 'Noora'
        ➜ Explicit dependency on target 'Noora' in project 'Noora'
        ➜ Explicit dependency on target 'Rainbow-product' in project 'Rainbow'
        ➜ Explicit dependency on target 'Logging-product' in project 'swift-log'
        ➜ Explicit dependency on target 'Path-product' in project 'Path'
    Target 'Noora' in project 'Noora'
        ➜ Explicit dependency on target 'Rainbow-product' in project 'Rainbow'
        ➜ Explicit dependency on target 'Logging-product' in project 'swift-log'
        ➜ Explicit dependency on target 'Path-product' in project 'Path'
    Target 'Path-product' in project 'Path'
        ➜ Explicit dependency on target 'Path' in project 'Path'
    Target 'Path' in project 'Path' (no dependencies)
    Target 'Logging-product' in project 'swift-log'
        ➜ Explicit dependency on target 'Logging' in project 'swift-log'
    Target 'Logging' in project 'swift-log' (no dependencies)
    Target 'Rainbow-product' in project 'Rainbow'
        ➜ Explicit dependency on target 'Rainbow' in project 'Rainbow'
    Target 'Rainbow' in project 'Rainbow' (no dependencies)
    Target 'Stencil-product' in project 'Stencil'
        ➜ Explicit dependency on target 'Stencil' in project 'Stencil'
        ➜ Explicit dependency on target 'PathKit-product' in project 'PathKit'
    Target 'Stencil' in project 'Stencil'
        ➜ Explicit dependency on target 'PathKit-product' in project 'PathKit'
    Target 'PathKit-product' in project 'PathKit'
        ➜ Explicit dependency on target 'PathKit' in project 'PathKit'
    Target 'PathKit' in project 'PathKit' (no dependencies)
    Target 'SLSAdapter-product' in project 'swift-sls-adapter'
        ➜ Explicit dependency on target 'SLSAdapter' in project 'swift-sls-adapter'
        ➜ Explicit dependency on target 'Yams-product' in project 'Yams'
    Target 'SLSAdapter' in project 'swift-sls-adapter'
        ➜ Explicit dependency on target 'Yams-product' in project 'Yams'
    Target 'Yams-product' in project 'Yams'
        ➜ Explicit dependency on target 'Yams' in project 'Yams'
        ➜ Explicit dependency on target 'CYaml' in project 'Yams'
    Target 'Yams' in project 'Yams'
        ➜ Explicit dependency on target 'CYaml' in project 'Yams'
    Target 'CYaml' in project 'Yams' (no dependencies)
    Target 'ArgumentParser-product' in project 'swift-argument-parser'
        ➜ Explicit dependency on target 'ArgumentParser' in project 'swift-argument-parser'
        ➜ Explicit dependency on target 'ArgumentParserToolInfo' in project 'swift-argument-parser'
    Target 'ArgumentParser' in project 'swift-argument-parser'
        ➜ Explicit dependency on target 'ArgumentParserToolInfo' in project 'swift-argument-parser'
    Target 'ArgumentParserToolInfo' in project 'swift-argument-parser' (no dependencies)
    Target 'Breeze_BreezeCommand' in project 'Breeze' (no dependencies)
GatherProvisioningInputs
CreateBuildDescription
ClangStatCache /Applications/Xcode-27.0.0-Release.Candidate.app/Contents/Developer/Toolchains/XcodeDefault.xctoolchain/usr/bin/clang-stat-cache /Applications/Xcode-27.0.0-Release.Candidate.app/Contents/Developer/Platforms/AppleTVOS.platform/Developer/SDKs/AppleTVOS27.0.sdk /Users/admin/builder/spi-builder-workspace/.derivedData/SDKStatCaches.noindex/appletvos27.0-24J360-e829b21a6f8c9b70876ba0858053c044b32bfd8d43560033f8d89884cdb90028.sdkstatcache
    cd /Users/admin/builder/spi-builder-workspace/.swiftpm/xcode
    /Applications/Xcode-27.0.0-Release.Candidate.app/Contents/Developer/Toolchains/XcodeDefault.xctoolchain/usr/bin/clang-stat-cache /Applications/Xcode-27.0.0-Release.Candidate.app/Contents/Developer/Platforms/AppleTVOS.platform/Developer/SDKs/AppleTVOS27.0.sdk -o /Users/admin/builder/spi-builder-workspace/.derivedData/SDKStatCaches.noindex/appletvos27.0-24J360-e829b21a6f8c9b70876ba0858053c044b32bfd8d43560033f8d89884cdb90028.sdkstatcache
Ld /Users/admin/builder/spi-builder-workspace/.derivedData/Build/Products/Debug-appletvos/ArgumentParser.o normal (in target 'ArgumentParser' from project 'swift-argument-parser')
    cd /Users/admin/builder/spi-builder-workspace/.dependencies/checkouts/swift-argument-parser
    /Applications/Xcode-27.0.0-Release.Candidate.app/Contents/Developer/Toolchains/XcodeDefault.xctoolchain/usr/bin/clang -Xlinker -reproducible -target arm64-apple-tvos15.0 -r -isysroot /Applications/Xcode-27.0.0-Release.Candidate.app/Contents/Developer/Platforms/AppleTVOS.platform/Developer/SDKs/AppleTVOS27.0.sdk -O0 -w -Xlinker -no_warn_duplicate_libraries -F/Users/admin/builder/spi-builder-workspace/.derivedData/Build/Intermediates.noindex/EagerLinkingTBDs/Debug-appletvos -F/Users/admin/builder/spi-builder-workspace/.derivedData/Build/Products/Debug-appletvos/PackageFrameworks -F/Users/admin/builder/spi-builder-workspace/.derivedData/Build/Products/Debug-appletvos -iframework /Applications/Xcode-27.0.0-Release.Candidate.app/Contents/Developer/Platforms/AppleTVOS.platform/Developer/Library/Frameworks -iframework /Applications/Xcode-27.0.0-Release.Candidate.app/Contents/Developer/Platforms/AppleTVOS.platform/Developer/SDKs/AppleTVOS27.0.sdk/Developer/Library/Frameworks -filelist /Users/admin/builder/spi-builder-workspace/.derivedData/Build/Intermediates.noindex/swift-argument-parser.build/Debug-appletvos/ArgumentParser-t.build/Objects-normal/arm64/ArgumentParser.LinkFileList -nostdlib -Xlinker -object_path_lto -Xlinker /Users/admin/builder/spi-builder-workspace/.derivedData/Build/Intermediates.noindex/swift-argument-parser.build/Debug-appletvos/ArgumentParser-t.build/Objects-normal/arm64/ArgumentParser_lto.o -Xlinker -no_deduplicate -Xlinker -debug_variant -Xlinker -dependency_info -Xlinker /Users/admin/builder/spi-builder-workspace/.derivedData/Build/Intermediates.noindex/swift-argument-parser.build/Debug-appletvos/ArgumentParser-t.build/Objects-normal/arm64/ArgumentParser_dependency_info.dat -fobjc-link-runtime -L/Applications/Xcode-27.0.0-Release.Candidate.app/Contents/Developer/Toolchains/XcodeDefault.xctoolchain/usr/lib/swift/appletvos -L/usr/lib/swift -Xlinker -add_ast_path -Xlinker /Users/admin/builder/spi-builder-workspace/.derivedData/Build/Intermediates.noindex/swift-argument-parser.build/Debug-appletvos/ArgumentParser-t.build/Objects-normal/arm64/ArgumentParser.swiftmodule -o /Users/admin/builder/spi-builder-workspace/.derivedData/Build/Products/Debug-appletvos/ArgumentParser.o
SwiftDriver Noora normal arm64 com.apple.xcode.tools.swift.compiler (in target 'Noora' from project 'Noora')
    cd /Users/admin/builder/spi-builder-workspace/.swiftpm/xcode
    builtin-SwiftDriver -- /Applications/Xcode-27.0.0-Release.Candidate.app/Contents/Developer/Toolchains/XcodeDefault.xctoolchain/usr/bin/swiftc -parse-as-library -module-name Noora -Onone @/Users/admin/builder/spi-builder-workspace/.derivedData/Build/Intermediates.noindex/Noora.build/Debug-appletvos/Noora-t.build/Objects-normal/arm64/Noora.SwiftFileList -DSWIFT_PACKAGE -DDEBUG -DSWIFT_MODULE_RESOURCE_BUNDLE_UNAVAILABLE -DMOCKING -DXcode -plugin-path /Applications/Xcode-27.0.0-Release.Candidate.app/Contents/Developer/Toolchains/XcodeDefault.xctoolchain/usr/lib/swift/host/plugins/testing -enable-experimental-feature DebugDescriptionMacro -sdk /Applications/Xcode-27.0.0-Release.Candidate.app/Contents/Developer/Platforms/AppleTVOS.platform/Developer/SDKs/AppleTVOS27.0.sdk -target arm64-apple-tvos15.0 -g -module-cache-path /Users/admin/builder/spi-builder-workspace/.derivedData/ModuleCache.noindex -Xfrontend -serialize-debugging-options -profile-coverage-mapping -profile-generate -enable-testing -suppress-warnings -index-store-path /Users/admin/builder/spi-builder-workspace/.derivedData/Index.noindex/DataStore -Xcc -D_LIBCPP_HARDENING_MODE\=_LIBCPP_HARDENING_MODE_DEBUG -swift-version 5 -I /Users/admin/builder/spi-builder-workspace/.derivedData/Build/Products/Debug-appletvos -Isystem /Applications/Xcode-27.0.0-Release.Candidate.app/Contents/Developer/Platforms/AppleTVOS.platform/Developer/usr/lib -F /Users/admin/builder/spi-builder-workspace/.derivedData/Build/Products/Debug-appletvos/PackageFrameworks -F /Users/admin/builder/spi-builder-workspace/.derivedData/Build/Products/Debug-appletvos -F /Applications/Xcode-27.0.0-Release.Candidate.app/Contents/Developer/Platforms/AppleTVOS.platform/Developer/Library/Frameworks -F /Applications/Xcode-27.0.0-Release.Candidate.app/Contents/Developer/Platforms/AppleTVOS.platform/Developer/SDKs/AppleTVOS27.0.sdk/Developer/Library/Frameworks -c -j10 -enable-batch-mode -incremental -Xcc -ivfsstatcache -Xcc /Users/admin/builder/spi-builder-workspace/.derivedData/SDKStatCaches.noindex/appletvos27.0-24J360-e829b21a6f8c9b70876ba0858053c044b32bfd8d43560033f8d89884cdb90028.sdkstatcache -output-file-map /Users/admin/builder/spi-builder-workspace/.derivedData/Build/Intermediates.noindex/Noora.build/Debug-appletvos/Noora-t.build/Objects-normal/arm64/Noora-OutputFileMap.json -save-temps -no-color-diagnostics -explicit-module-build -module-cache-path /Users/admin/builder/spi-builder-workspace/.derivedData/Build/Intermediates.noindex/SwiftExplicitPrecompiledModules -clang-scanner-module-cache-path /Users/admin/builder/spi-builder-workspace/.derivedData/ModuleCache.noindex -sdk-module-cache-path /Users/admin/builder/spi-builder-workspace/.derivedData/SDKExplicitPrecompiledModules -emit-dependencies -emit-module -emit-module-path /Users/admin/builder/spi-builder-workspace/.derivedData/Build/Intermediates.noindex/Noora.build/Debug-appletvos/Noora-t.build/Objects-normal/arm64/Noora.swiftmodule -serialize-diagnostics -dependency-scan-serialize-diagnostics-path /Users/admin/builder/spi-builder-workspace/.derivedData/Build/Intermediates.noindex/Noora.build/Debug-appletvos/Noora-t.build/Objects-normal/arm64/Noora-dependency-scan.dia -validate-clang-modules-once -clang-build-session-file /Users/admin/builder/spi-builder-workspace/.derivedData/ModuleCache.noindex/Session.modulevalidation -Xcc -fmodules-prune-interval\=86400 -Xcc -fmodules-prune-after\=345600 -emit-const-values -const-gather-protocols-list /Users/admin/builder/spi-builder-workspace/.derivedData/Build/Intermediates.noindex/Noora.build/Debug-appletvos/Noora-t.build/Objects-normal/arm64/Noora_const_extract_protocols.json -Xcc -I/Users/admin/builder/spi-builder-workspace/.derivedData/Build/Products/Debug-appletvos/include -Xcc -I/Users/admin/builder/spi-builder-workspace/.derivedData/Build/Intermediates.noindex/Noora.build/Debug-appletvos/Noora-t.build/DerivedSources-normal/arm64 -Xcc -I/Users/admin/builder/spi-builder-workspace/.derivedData/Build/Intermediates.noindex/Noora.build/Debug-appletvos/Noora-t.build/DerivedSources/arm64 -Xcc -I/Users/admin/builder/spi-builder-workspace/.derivedData/Build/Intermediates.noindex/Noora.build/Debug-appletvos/Noora-t.build/DerivedSources -Xcc -DSWIFT_PACKAGE -Xcc -DDEBUG\=1 -emit-objc-header -emit-objc-header-path /Users/admin/builder/spi-builder-workspace/.derivedData/Build/Intermediates.noindex/Noora.build/Debug-appletvos/Noora-t.build/Objects-normal/arm64/Noora-Swift.h -working-directory /Users/admin/builder/spi-builder-workspace/.swiftpm/xcode -experimental-emit-module-separately -disable-cmo
Ld /Users/admin/builder/spi-builder-workspace/.derivedData/Build/Products/Debug-appletvos/Stencil.o normal (in target 'Stencil' from project 'Stencil')
    cd /Users/admin/builder/spi-builder-workspace/.dependencies/checkouts/Stencil
    /Applications/Xcode-27.0.0-Release.Candidate.app/Contents/Developer/Toolchains/XcodeDefault.xctoolchain/usr/bin/clang -Xlinker -reproducible -target arm64-apple-tvos15.0 -r -isysroot /Applications/Xcode-27.0.0-Release.Candidate.app/Contents/Developer/Platforms/AppleTVOS.platform/Developer/SDKs/AppleTVOS27.0.sdk -O0 -w -Xlinker -no_warn_duplicate_libraries -F/Users/admin/builder/spi-builder-workspace/.derivedData/Build/Intermediates.noindex/EagerLinkingTBDs/Debug-appletvos -F/Users/admin/builder/spi-builder-workspace/.derivedData/Build/Products/Debug-appletvos/PackageFrameworks -F/Users/admin/builder/spi-builder-workspace/.derivedData/Build/Products/Debug-appletvos -iframework /Applications/Xcode-27.0.0-Release.Candidate.app/Contents/Developer/Platforms/AppleTVOS.platform/Developer/Library/Frameworks -iframework /Applications/Xcode-27.0.0-Release.Candidate.app/Contents/Developer/Platforms/AppleTVOS.platform/Developer/SDKs/AppleTVOS27.0.sdk/Developer/Library/Frameworks -filelist /Users/admin/builder/spi-builder-workspace/.derivedData/Build/Intermediates.noindex/Stencil.build/Debug-appletvos/Stencil-t.build/Objects-normal/arm64/Stencil.LinkFileList -nostdlib -Xlinker -object_path_lto -Xlinker /Users/admin/builder/spi-builder-workspace/.derivedData/Build/Intermediates.noindex/Stencil.build/Debug-appletvos/Stencil-t.build/Objects-normal/arm64/Stencil_lto.o -Xlinker -no_deduplicate -Xlinker -debug_variant -Xlinker -dependency_info -Xlinker /Users/admin/builder/spi-builder-workspace/.derivedData/Build/Intermediates.noindex/Stencil.build/Debug-appletvos/Stencil-t.build/Objects-normal/arm64/Stencil_dependency_info.dat -fobjc-link-runtime -L/Applications/Xcode-27.0.0-Release.Candidate.app/Contents/Developer/Toolchains/XcodeDefault.xctoolchain/usr/lib/swift/appletvos -L/usr/lib/swift -Xlinker -add_ast_path -Xlinker /Users/admin/builder/spi-builder-workspace/.derivedData/Build/Intermediates.noindex/Stencil.build/Debug-appletvos/Stencil-t.build/Objects-normal/arm64/Stencil.swiftmodule -o /Users/admin/builder/spi-builder-workspace/.derivedData/Build/Products/Debug-appletvos/Stencil.o
Ld /Users/admin/builder/spi-builder-workspace/.derivedData/Build/Products/Debug-appletvos/SLSAdapter.o normal (in target 'SLSAdapter' from project 'swift-sls-adapter')
    cd /Users/admin/builder/spi-builder-workspace/.dependencies/checkouts/swift-sls-adapter
    /Applications/Xcode-27.0.0-Release.Candidate.app/Contents/Developer/Toolchains/XcodeDefault.xctoolchain/usr/bin/clang -Xlinker -reproducible -target arm64-apple-tvos15.0 -r -isysroot /Applications/Xcode-27.0.0-Release.Candidate.app/Contents/Developer/Platforms/AppleTVOS.platform/Developer/SDKs/AppleTVOS27.0.sdk -O0 -w -Xlinker -no_warn_duplicate_libraries -F/Users/admin/builder/spi-builder-workspace/.derivedData/Build/Intermediates.noindex/EagerLinkingTBDs/Debug-appletvos -F/Users/admin/builder/spi-builder-workspace/.derivedData/Build/Products/Debug-appletvos/PackageFrameworks -F/Users/admin/builder/spi-builder-workspace/.derivedData/Build/Products/Debug-appletvos -iframework /Applications/Xcode-27.0.0-Release.Candidate.app/Contents/Developer/Platforms/AppleTVOS.platform/Developer/Library/Frameworks -iframework /Applications/Xcode-27.0.0-Release.Candidate.app/Contents/Developer/Platforms/AppleTVOS.platform/Developer/SDKs/AppleTVOS27.0.sdk/Developer/Library/Frameworks -filelist /Users/admin/builder/spi-builder-workspace/.derivedData/Build/Intermediates.noindex/swift-sls-adapter.build/Debug-appletvos/SLSAdapter-t.build/Objects-normal/arm64/SLSAdapter.LinkFileList -nostdlib -Xlinker -object_path_lto -Xlinker /Users/admin/builder/spi-builder-workspace/.derivedData/Build/Intermediates.noindex/swift-sls-adapter.build/Debug-appletvos/SLSAdapter-t.build/Objects-normal/arm64/SLSAdapter_lto.o -Xlinker -no_deduplicate -Xlinker -debug_variant -Xlinker -dependency_info -Xlinker /Users/admin/builder/spi-builder-workspace/.derivedData/Build/Intermediates.noindex/swift-sls-adapter.build/Debug-appletvos/SLSAdapter-t.build/Objects-normal/arm64/SLSAdapter_dependency_info.dat -fobjc-link-runtime -L/Applications/Xcode-27.0.0-Release.Candidate.app/Contents/Developer/Toolchains/XcodeDefault.xctoolchain/usr/lib/swift/appletvos -L/usr/lib/swift -Xlinker -add_ast_path -Xlinker /Users/admin/builder/spi-builder-workspace/.derivedData/Build/Intermediates.noindex/swift-sls-adapter.build/Debug-appletvos/SLSAdapter-t.build/Objects-normal/arm64/SLSAdapter.swiftmodule -o /Users/admin/builder/spi-builder-workspace/.derivedData/Build/Products/Debug-appletvos/SLSAdapter.o
SwiftDriver breeze normal arm64 com.apple.xcode.tools.swift.compiler (in target 'breeze-product' from project 'Breeze')
    cd /Users/admin/builder/spi-builder-workspace/.swiftpm/xcode
    builtin-SwiftDriver -- /Applications/Xcode-27.0.0-Release.Candidate.app/Contents/Developer/Toolchains/XcodeDefault.xctoolchain/usr/bin/swiftc -parse-as-library -module-name BreezeCommand -Onone @/Users/admin/builder/spi-builder-workspace/.derivedData/Build/Intermediates.noindex/Breeze.build/Debug-appletvos/breeze-p.build/Objects-normal/arm64/breeze.SwiftFileList -DSWIFT_PACKAGE -DDEBUG -DSWIFT_MODULE_RESOURCE_BUNDLE_AVAILABLE -Xcc -fmodule-map-file\=/Users/admin/builder/spi-builder-workspace/.dependencies/checkouts/Yams/Sources/CYaml/include/module.modulemap -DXcode -plugin-path /Applications/Xcode-27.0.0-Release.Candidate.app/Contents/Developer/Toolchains/XcodeDefault.xctoolchain/usr/lib/swift/host/plugins/testing -enable-experimental-feature DebugDescriptionMacro -sdk /Applications/Xcode-27.0.0-Release.Candidate.app/Contents/Developer/Platforms/AppleTVOS.platform/Developer/SDKs/AppleTVOS27.0.sdk -target arm64-apple-tvos15.0 -g -module-cache-path /Users/admin/builder/spi-builder-workspace/.derivedData/ModuleCache.noindex -Xfrontend -serialize-debugging-options -profile-coverage-mapping -profile-generate -enable-testing -index-store-path /Users/admin/builder/spi-builder-workspace/.derivedData/Index.noindex/DataStore -Xcc -D_LIBCPP_HARDENING_MODE\=_LIBCPP_HARDENING_MODE_DEBUG -swift-version 5 -I /Users/admin/builder/spi-builder-workspace/.derivedData/Build/Products/Debug-appletvos -Isystem /Applications/Xcode-27.0.0-Release.Candidate.app/Contents/Developer/Platforms/AppleTVOS.platform/Developer/usr/lib -F /Users/admin/builder/spi-builder-workspace/.derivedData/Build/Products/Debug-appletvos/PackageFrameworks -F /Users/admin/builder/spi-builder-workspace/.derivedData/Build/Products/Debug-appletvos -F /Applications/Xcode-27.0.0-Release.Candidate.app/Contents/Developer/Platforms/AppleTVOS.platform/Developer/Library/Frameworks -F /Applications/Xcode-27.0.0-Release.Candidate.app/Contents/Developer/Platforms/AppleTVOS.platform/Developer/SDKs/AppleTVOS27.0.sdk/Developer/Library/Frameworks -c -j10 -enable-batch-mode -incremental -Xcc -ivfsstatcache -Xcc /Users/admin/builder/spi-builder-workspace/.derivedData/SDKStatCaches.noindex/appletvos27.0-24J360-e829b21a6f8c9b70876ba0858053c044b32bfd8d43560033f8d89884cdb90028.sdkstatcache -output-file-map /Users/admin/builder/spi-builder-workspace/.derivedData/Build/Intermediates.noindex/Breeze.build/Debug-appletvos/breeze-p.build/Objects-normal/arm64/breeze-OutputFileMap.json -save-temps -no-color-diagnostics -explicit-module-build -module-cache-path /Users/admin/builder/spi-builder-workspace/.derivedData/Build/Intermediates.noindex/SwiftExplicitPrecompiledModules -clang-scanner-module-cache-path /Users/admin/builder/spi-builder-workspace/.derivedData/ModuleCache.noindex -sdk-module-cache-path /Users/admin/builder/spi-builder-workspace/.derivedData/SDKExplicitPrecompiledModules -emit-dependencies -emit-module -emit-module-path /Users/admin/builder/spi-builder-workspace/.derivedData/Build/Intermediates.noindex/Breeze.build/Debug-appletvos/breeze-p.build/Objects-normal/arm64/BreezeCommand.swiftmodule -serialize-diagnostics -dependency-scan-serialize-diagnostics-path /Users/admin/builder/spi-builder-workspace/.derivedData/Build/Intermediates.noindex/Breeze.build/Debug-appletvos/breeze-p.build/Objects-normal/arm64/BreezeCommand-dependency-scan.dia -validate-clang-modules-once -clang-build-session-file /Users/admin/builder/spi-builder-workspace/.derivedData/ModuleCache.noindex/Session.modulevalidation -Xcc -fmodules-prune-interval\=86400 -Xcc -fmodules-prune-after\=345600 -emit-const-values -const-gather-protocols-list /Users/admin/builder/spi-builder-workspace/.derivedData/Build/Intermediates.noindex/Breeze.build/Debug-appletvos/breeze-p.build/Objects-normal/arm64/breeze_const_extract_protocols.json -Xcc -I/Users/admin/builder/spi-builder-workspace/.dependencies/checkouts/Yams/Sources/CYaml/include -Xcc -I/Users/admin/builder/spi-builder-workspace/.derivedData/Build/Products/Debug-appletvos/include -Xcc -I/Users/admin/builder/spi-builder-workspace/.derivedData/Build/Intermediates.noindex/Breeze.build/Debug-appletvos/breeze-p.build/DerivedSources-normal/arm64 -Xcc -I/Users/admin/builder/spi-builder-workspace/.derivedData/Build/Intermediates.noindex/Breeze.build/Debug-appletvos/breeze-p.build/DerivedSources/arm64 -Xcc -I/Users/admin/builder/spi-builder-workspace/.derivedData/Build/Intermediates.noindex/Breeze.build/Debug-appletvos/breeze-p.build/DerivedSources -Xcc -DSWIFT_PACKAGE -Xcc -DDEBUG\=1 -working-directory /Users/admin/builder/spi-builder-workspace/.swiftpm/xcode -experimental-emit-module-separately -disable-cmo
ExtractAppIntentsMetadata (in target 'SLSAdapter' from project 'swift-sls-adapter')
    cd /Users/admin/builder/spi-builder-workspace/.dependencies/checkouts/swift-sls-adapter
    /Applications/Xcode-27.0.0-Release.Candidate.app/Contents/Developer/Toolchains/XcodeDefault.xctoolchain/usr/bin/appintentsmetadataprocessor --toolchain-dir /var/run/com.apple.security.cryptexd/mnt/com.apple.MobileAsset.MetalToolchain-v27.1.266.1.rSjQKb/Metal.xctoolchain --module-name SLSAdapter --sdk-root /Applications/Xcode-27.0.0-Release.Candidate.app/Contents/Developer/Platforms/AppleTVOS.platform/Developer/SDKs/AppleTVOS27.0.sdk --xcode-version 27A266a --platform-family tvOS --deployment-target 15.0 --bundle-identifier swift-sls-adapter.SLSAdapter --output /Users/admin/builder/spi-builder-workspace/.derivedData/Build/Products/Debug-appletvos/SLSAdapter.appintents --target-triple arm64-apple-tvos15.0 --binary-file /Users/admin/builder/spi-builder-workspace/.derivedData/Build/Products/Debug-appletvos/SLSAdapter.o --dependency-file /Users/admin/builder/spi-builder-workspace/.derivedData/Build/Intermediates.noindex/swift-sls-adapter.build/Debug-appletvos/SLSAdapter-t.build/Objects-normal/arm64/SLSAdapter_dependency_info.dat --stringsdata-file /Users/admin/builder/spi-builder-workspace/.derivedData/Build/Intermediates.noindex/swift-sls-adapter.build/Debug-appletvos/SLSAdapter-t.build/Objects-normal/arm64/ExtractedAppShortcutsMetadata.stringsdata --source-file-list /Users/admin/builder/spi-builder-workspace/.derivedData/Build/Intermediates.noindex/swift-sls-adapter.build/Debug-appletvos/SLSAdapter-t.build/Objects-normal/arm64/SLSAdapter.SwiftFileList --metadata-file-list /Users/admin/builder/spi-builder-workspace/.derivedData/Build/Intermediates.noindex/swift-sls-adapter.build/Debug-appletvos/SLSAdapter-t.build/SLSAdapter.DependencyMetadataFileList --static-metadata-file-list /Users/admin/builder/spi-builder-workspace/.derivedData/Build/Intermediates.noindex/swift-sls-adapter.build/Debug-appletvos/SLSAdapter-t.build/SLSAdapter.DependencyStaticMetadataFileList --swift-const-vals-list /Users/admin/builder/spi-builder-workspace/.derivedData/Build/Intermediates.noindex/swift-sls-adapter.build/Debug-appletvos/SLSAdapter-t.build/Objects-normal/arm64/SLSAdapter.SwiftConstValuesFileList --force --compile-time-extraction --deployment-aware-processing --no-app-shortcuts-localization
2026-09-23 01:39:44.700 appintentsmetadataprocessor[1423:7970] Starting appintentsmetadataprocessor export
2026-09-23 01:39:44.775 appintentsmetadataprocessor[1423:7970] Extracted no relevant App Intents symbols, skipping writing output
ExtractAppIntentsMetadata (in target 'Stencil' from project 'Stencil')
    cd /Users/admin/builder/spi-builder-workspace/.dependencies/checkouts/Stencil
    /Applications/Xcode-27.0.0-Release.Candidate.app/Contents/Developer/Toolchains/XcodeDefault.xctoolchain/usr/bin/appintentsmetadataprocessor --toolchain-dir /var/run/com.apple.security.cryptexd/mnt/com.apple.MobileAsset.MetalToolchain-v27.1.266.1.rSjQKb/Metal.xctoolchain --module-name Stencil --sdk-root /Applications/Xcode-27.0.0-Release.Candidate.app/Contents/Developer/Platforms/AppleTVOS.platform/Developer/SDKs/AppleTVOS27.0.sdk --xcode-version 27A266a --platform-family tvOS --deployment-target 15.0 --bundle-identifier stencil.Stencil --output /Users/admin/builder/spi-builder-workspace/.derivedData/Build/Products/Debug-appletvos/Stencil.appintents --target-triple arm64-apple-tvos15.0 --binary-file /Users/admin/builder/spi-builder-workspace/.derivedData/Build/Products/Debug-appletvos/Stencil.o --dependency-file /Users/admin/builder/spi-builder-workspace/.derivedData/Build/Intermediates.noindex/Stencil.build/Debug-appletvos/Stencil-t.build/Objects-normal/arm64/Stencil_dependency_info.dat --stringsdata-file /Users/admin/builder/spi-builder-workspace/.derivedData/Build/Intermediates.noindex/Stencil.build/Debug-appletvos/Stencil-t.build/Objects-normal/arm64/ExtractedAppShortcutsMetadata.stringsdata --source-file-list /Users/admin/builder/spi-builder-workspace/.derivedData/Build/Intermediates.noindex/Stencil.build/Debug-appletvos/Stencil-t.build/Objects-normal/arm64/Stencil.SwiftFileList --metadata-file-list /Users/admin/builder/spi-builder-workspace/.derivedData/Build/Intermediates.noindex/Stencil.build/Debug-appletvos/Stencil-t.build/Stencil.DependencyMetadataFileList --static-metadata-file-list /Users/admin/builder/spi-builder-workspace/.derivedData/Build/Intermediates.noindex/Stencil.build/Debug-appletvos/Stencil-t.build/Stencil.DependencyStaticMetadataFileList --swift-const-vals-list /Users/admin/builder/spi-builder-workspace/.derivedData/Build/Intermediates.noindex/Stencil.build/Debug-appletvos/Stencil-t.build/Objects-normal/arm64/Stencil.SwiftConstValuesFileList --force --compile-time-extraction --deployment-aware-processing --no-app-shortcuts-localization
2026-09-23 01:39:44.700 appintentsmetadataprocessor[1424:7971] Starting appintentsmetadataprocessor export
2026-09-23 01:39:44.774 appintentsmetadataprocessor[1424:7971] Extracted no relevant App Intents symbols, skipping writing output
ExtractAppIntentsMetadata (in target 'ArgumentParser' from project 'swift-argument-parser')
    cd /Users/admin/builder/spi-builder-workspace/.dependencies/checkouts/swift-argument-parser
    /Applications/Xcode-27.0.0-Release.Candidate.app/Contents/Developer/Toolchains/XcodeDefault.xctoolchain/usr/bin/appintentsmetadataprocessor --toolchain-dir /var/run/com.apple.security.cryptexd/mnt/com.apple.MobileAsset.MetalToolchain-v27.1.266.1.rSjQKb/Metal.xctoolchain --module-name ArgumentParser --sdk-root /Applications/Xcode-27.0.0-Release.Candidate.app/Contents/Developer/Platforms/AppleTVOS.platform/Developer/SDKs/AppleTVOS27.0.sdk --xcode-version 27A266a --platform-family tvOS --deployment-target 15.0 --bundle-identifier swift-argument-parser.ArgumentParser --output /Users/admin/builder/spi-builder-workspace/.derivedData/Build/Products/Debug-appletvos/ArgumentParser.appintents --target-triple arm64-apple-tvos15.0 --binary-file /Users/admin/builder/spi-builder-workspace/.derivedData/Build/Products/Debug-appletvos/ArgumentParser.o --dependency-file /Users/admin/builder/spi-builder-workspace/.derivedData/Build/Intermediates.noindex/swift-argument-parser.build/Debug-appletvos/ArgumentParser-t.build/Objects-normal/arm64/ArgumentParser_dependency_info.dat --stringsdata-file /Users/admin/builder/spi-builder-workspace/.derivedData/Build/Intermediates.noindex/swift-argument-parser.build/Debug-appletvos/ArgumentParser-t.build/Objects-normal/arm64/ExtractedAppShortcutsMetadata.stringsdata --source-file-list /Users/admin/builder/spi-builder-workspace/.derivedData/Build/Intermediates.noindex/swift-argument-parser.build/Debug-appletvos/ArgumentParser-t.build/Objects-normal/arm64/ArgumentParser.SwiftFileList --metadata-file-list /Users/admin/builder/spi-builder-workspace/.derivedData/Build/Intermediates.noindex/swift-argument-parser.build/Debug-appletvos/ArgumentParser-t.build/ArgumentParser.DependencyMetadataFileList --static-metadata-file-list /Users/admin/builder/spi-builder-workspace/.derivedData/Build/Intermediates.noindex/swift-argument-parser.build/Debug-appletvos/ArgumentParser-t.build/ArgumentParser.DependencyStaticMetadataFileList --swift-const-vals-list /Users/admin/builder/spi-builder-workspace/.derivedData/Build/Intermediates.noindex/swift-argument-parser.build/Debug-appletvos/ArgumentParser-t.build/Objects-normal/arm64/ArgumentParser.SwiftConstValuesFileList --force --compile-time-extraction --deployment-aware-processing --no-app-shortcuts-localization
2026-09-23 01:39:44.706 appintentsmetadataprocessor[1425:7972] Starting appintentsmetadataprocessor export
2026-09-23 01:39:44.780 appintentsmetadataprocessor[1425:7972] Extracted no relevant App Intents symbols, skipping writing output
SwiftCompile normal arm64 Compiling\ Alert.swift,\ CollapsibleStep.swift,\ MultipleChoicePrompt.swift,\ ProgressBarStep.swift /Users/admin/builder/spi-builder-workspace/.dependencies/checkouts/Noora/cli/Sources/Noora/Components/Alert.swift /Users/admin/builder/spi-builder-workspace/.dependencies/checkouts/Noora/cli/Sources/Noora/Components/CollapsibleStep.swift /Users/admin/builder/spi-builder-workspace/.dependencies/checkouts/Noora/cli/Sources/Noora/Components/MultipleChoicePrompt.swift /Users/admin/builder/spi-builder-workspace/.dependencies/checkouts/Noora/cli/Sources/Noora/Components/ProgressBarStep.swift (in target 'Noora' from project 'Noora')
SwiftCompile normal arm64 /Users/admin/builder/spi-builder-workspace/.dependencies/checkouts/Noora/cli/Sources/Noora/Components/Alert.swift (in target 'Noora' from project 'Noora')
    cd /Users/admin/builder/spi-builder-workspace/.swiftpm/xcode
    builtin-SwiftPerFileCompile Alert.swift
SwiftCompile normal arm64 /Users/admin/builder/spi-builder-workspace/.dependencies/checkouts/Noora/cli/Sources/Noora/Components/CollapsibleStep.swift (in target 'Noora' from project 'Noora')
    cd /Users/admin/builder/spi-builder-workspace/.swiftpm/xcode
    builtin-SwiftPerFileCompile CollapsibleStep.swift
SwiftCompile normal arm64 /Users/admin/builder/spi-builder-workspace/.dependencies/checkouts/Noora/cli/Sources/Noora/Components/MultipleChoicePrompt.swift (in target 'Noora' from project 'Noora')
    cd /Users/admin/builder/spi-builder-workspace/.swiftpm/xcode
    builtin-SwiftPerFileCompile MultipleChoicePrompt.swift
SwiftCompile normal arm64 /Users/admin/builder/spi-builder-workspace/.dependencies/checkouts/Noora/cli/Sources/Noora/Components/ProgressBarStep.swift (in target 'Noora' from project 'Noora')
    cd /Users/admin/builder/spi-builder-workspace/.swiftpm/xcode
    builtin-SwiftPerFileCompile ProgressBarStep.swift
SwiftCompile normal arm64 Compiling\ Table.swift,\ TableColumn.swift,\ TableData.swift,\ TableRenderer.swift /Users/admin/builder/spi-builder-workspace/.dependencies/checkouts/Noora/cli/Sources/Noora/Components/Table/Table.swift /Users/admin/builder/spi-builder-workspace/.dependencies/checkouts/Noora/cli/Sources/Noora/Components/Table/TableColumn.swift /Users/admin/builder/spi-builder-workspace/.dependencies/checkouts/Noora/cli/Sources/Noora/Components/Table/TableData.swift /Users/admin/builder/spi-builder-workspace/.dependencies/checkouts/Noora/cli/Sources/Noora/Components/Table/TableRenderer.swift (in target 'Noora' from project 'Noora')
SwiftCompile normal arm64 /Users/admin/builder/spi-builder-workspace/.dependencies/checkouts/Noora/cli/Sources/Noora/Components/Table/Table.swift (in target 'Noora' from project 'Noora')
    cd /Users/admin/builder/spi-builder-workspace/.swiftpm/xcode
    builtin-SwiftPerFileCompile Table.swift
SwiftCompile normal arm64 /Users/admin/builder/spi-builder-workspace/.dependencies/checkouts/Noora/cli/Sources/Noora/Components/Table/TableColumn.swift (in target 'Noora' from project 'Noora')
    cd /Users/admin/builder/spi-builder-workspace/.swiftpm/xcode
    builtin-SwiftPerFileCompile TableColumn.swift
SwiftCompile normal arm64 /Users/admin/builder/spi-builder-workspace/.dependencies/checkouts/Noora/cli/Sources/Noora/Components/Table/TableData.swift (in target 'Noora' from project 'Noora')
    cd /Users/admin/builder/spi-builder-workspace/.swiftpm/xcode
    builtin-SwiftPerFileCompile TableData.swift
SwiftCompile normal arm64 /Users/admin/builder/spi-builder-workspace/.dependencies/checkouts/Noora/cli/Sources/Noora/Components/Table/TableRenderer.swift (in target 'Noora' from project 'Noora')
    cd /Users/admin/builder/spi-builder-workspace/.swiftpm/xcode
    builtin-SwiftPerFileCompile TableRenderer.swift
SwiftCompile normal arm64 Compiling\ ProgressStep.swift,\ SingleChoicePrompt.swift,\ PaginatedTable.swift,\ SelectableTable.swift /Users/admin/builder/spi-builder-workspace/.dependencies/checkouts/Noora/cli/Sources/Noora/Components/ProgressStep.swift /Users/admin/builder/spi-builder-workspace/.dependencies/checkouts/Noora/cli/Sources/Noora/Components/SingleChoicePrompt.swift /Users/admin/builder/spi-builder-workspace/.dependencies/checkouts/Noora/cli/Sources/Noora/Components/Table/PaginatedTable.swift /Users/admin/builder/spi-builder-workspace/.dependencies/checkouts/Noora/cli/Sources/Noora/Components/Table/SelectableTable.swift (in target 'Noora' from project 'Noora')
SwiftCompile normal arm64 /Users/admin/builder/spi-builder-workspace/.dependencies/checkouts/Noora/cli/Sources/Noora/Components/ProgressStep.swift (in target 'Noora' from project 'Noora')
    cd /Users/admin/builder/spi-builder-workspace/.swiftpm/xcode
    builtin-SwiftPerFileCompile ProgressStep.swift
SwiftCompile normal arm64 /Users/admin/builder/spi-builder-workspace/.dependencies/checkouts/Noora/cli/Sources/Noora/Components/SingleChoicePrompt.swift (in target 'Noora' from project 'Noora')
    cd /Users/admin/builder/spi-builder-workspace/.swiftpm/xcode
    builtin-SwiftPerFileCompile SingleChoicePrompt.swift
SwiftCompile normal arm64 /Users/admin/builder/spi-builder-workspace/.dependencies/checkouts/Noora/cli/Sources/Noora/Components/Table/PaginatedTable.swift (in target 'Noora' from project 'Noora')
    cd /Users/admin/builder/spi-builder-workspace/.swiftpm/xcode
    builtin-SwiftPerFileCompile PaginatedTable.swift
SwiftCompile normal arm64 /Users/admin/builder/spi-builder-workspace/.dependencies/checkouts/Noora/cli/Sources/Noora/Components/Table/SelectableTable.swift (in target 'Noora' from project 'Noora')
    cd /Users/admin/builder/spi-builder-workspace/.swiftpm/xcode
    builtin-SwiftPerFileCompile SelectableTable.swift
SwiftCompile normal arm64 Compiling\ YesOrNoChoicePrompt.swift,\ Content.swift,\ Stack.swift,\ Character+isPrintable.swift /Users/admin/builder/spi-builder-workspace/.dependencies/checkouts/Noora/cli/Sources/Noora/Components/YesOrNoChoicePrompt.swift /Users/admin/builder/spi-builder-workspace/.dependencies/checkouts/Noora/cli/Sources/Noora/Content.swift /Users/admin/builder/spi-builder-workspace/.dependencies/checkouts/Noora/cli/Sources/Noora/DataStructures/Stack.swift /Users/admin/builder/spi-builder-workspace/.dependencies/checkouts/Noora/cli/Sources/Noora/Extensions/Character+isPrintable.swift (in target 'Noora' from project 'Noora')
SwiftCompile normal arm64 /Users/admin/builder/spi-builder-workspace/.dependencies/checkouts/Noora/cli/Sources/Noora/Components/YesOrNoChoicePrompt.swift (in target 'Noora' from project 'Noora')
    cd /Users/admin/builder/spi-builder-workspace/.swiftpm/xcode
    builtin-SwiftPerFileCompile YesOrNoChoicePrompt.swift
SwiftCompile normal arm64 /Users/admin/builder/spi-builder-workspace/.dependencies/checkouts/Noora/cli/Sources/Noora/Content.swift (in target 'Noora' from project 'Noora')
    cd /Users/admin/builder/spi-builder-workspace/.swiftpm/xcode
    builtin-SwiftPerFileCompile Content.swift
SwiftCompile normal arm64 /Users/admin/builder/spi-builder-workspace/.dependencies/checkouts/Noora/cli/Sources/Noora/DataStructures/Stack.swift (in target 'Noora' from project 'Noora')
    cd /Users/admin/builder/spi-builder-workspace/.swiftpm/xcode
    builtin-SwiftPerFileCompile Stack.swift
SwiftCompile normal arm64 /Users/admin/builder/spi-builder-workspace/.dependencies/checkouts/Noora/cli/Sources/Noora/Extensions/Character+isPrintable.swift (in target 'Noora' from project 'Noora')
    cd /Users/admin/builder/spi-builder-workspace/.swiftpm/xcode
    builtin-SwiftPerFileCompile Character+isPrintable.swift
SwiftCompile normal arm64 Compiling\ String+Rainbow.swift,\ String+ValidatableError.swift,\ Noora.swift,\ NooraError.swift /Users/admin/builder/spi-builder-workspace/.dependencies/checkouts/Noora/cli/Sources/Noora/Extensions/String+Rainbow.swift /Users/admin/builder/spi-builder-workspace/.dependencies/checkouts/Noora/cli/Sources/Noora/Extensions/String+ValidatableError.swift /Users/admin/builder/spi-builder-workspace/.dependencies/checkouts/Noora/cli/Sources/Noora/Noora.swift /Users/admin/builder/spi-builder-workspace/.dependencies/checkouts/Noora/cli/Sources/Noora/NooraError.swift (in target 'Noora' from project 'Noora')
SwiftCompile normal arm64 /Users/admin/builder/spi-builder-workspace/.dependencies/checkouts/Noora/cli/Sources/Noora/Extensions/String+Rainbow.swift (in target 'Noora' from project 'Noora')
    cd /Users/admin/builder/spi-builder-workspace/.swiftpm/xcode
    builtin-SwiftPerFileCompile String+Rainbow.swift
SwiftCompile normal arm64 /Users/admin/builder/spi-builder-workspace/.dependencies/checkouts/Noora/cli/Sources/Noora/Extensions/String+ValidatableError.swift (in target 'Noora' from project 'Noora')
    cd /Users/admin/builder/spi-builder-workspace/.swiftpm/xcode
    builtin-SwiftPerFileCompile String+ValidatableError.swift
SwiftCompile normal arm64 /Users/admin/builder/spi-builder-workspace/.dependencies/checkouts/Noora/cli/Sources/Noora/Noora.swift (in target 'Noora' from project 'Noora')
    cd /Users/admin/builder/spi-builder-workspace/.swiftpm/xcode
    builtin-SwiftPerFileCompile Noora.swift
SwiftCompile normal arm64 /Users/admin/builder/spi-builder-workspace/.dependencies/checkouts/Noora/cli/Sources/Noora/NooraError.swift (in target 'Noora' from project 'Noora')
    cd /Users/admin/builder/spi-builder-workspace/.swiftpm/xcode
    builtin-SwiftPerFileCompile NooraError.swift
SwiftEmitModule normal arm64 Emitting\ module\ for\ Noora (in target 'Noora' from project 'Noora')
SwiftCompile normal arm64 (in target 'Noora' from project 'Noora')
    cd /Users/admin/builder/spi-builder-workspace/.swiftpm/xcode

SwiftCompile normal arm64 Compiling\ NonEmptyValidationRule.swift,\ RegexValidationRule.swift,\ Validator.swift /Users/admin/builder/spi-builder-workspace/.dependencies/checkouts/Noora/cli/Sources/Noora/Validator/Rules/NonEmptyValidationRule.swift /Users/admin/builder/spi-builder-workspace/.dependencies/checkouts/Noora/cli/Sources/Noora/Validator/Rules/RegexValidationRule.swift /Users/admin/builder/spi-builder-workspace/.dependencies/checkouts/Noora/cli/Sources/Noora/Validator/Validator.swift (in target 'Noora' from project 'Noora')
/Users/admin/builder/spi-builder-workspace/.dependencies/checkouts/Noora/cli/Sources/Noora/Validator/Rules/RegexValidationRule.swift:36:36: error: 'Regex' is only available in tvOS 16.0 or newer
 2 |
 3 | /// A validation rule that checks if a string input matches a specified regular expression pattern.
 4 | public struct RegexValidationRule: ValidatableRule {
   |               `- note: add '@available' attribute to enclosing struct
 5 |     // MARK: Properties
 6 |
   :
30 |     ///
31 |     /// - Returns: A Boolean indicating whether the input matches the pattern.
32 |     public func validate(input: String) -> Bool {
   |                 `- note: add '@available' attribute to enclosing instance method
33 |         guard !input.isEmpty else { return false }
34 |
35 |         if #available(macOS 13.0, *) {
36 |             guard let regex = try? Regex(pattern) else {
   |                                    |- error: 'Regex' is only available in tvOS 16.0 or newer
   |                                    `- note: add 'if #available' version check
37 |                 preconditionFailure("Illegal regular expression: \(pattern).")
38 |             }
/Users/admin/builder/spi-builder-workspace/.dependencies/checkouts/Noora/cli/Sources/Noora/Validator/Rules/RegexValidationRule.swift:36:36: error: 'init(_:)' is only available in tvOS 16.0 or newer
 2 |
 3 | /// A validation rule that checks if a string input matches a specified regular expression pattern.
 4 | public struct RegexValidationRule: ValidatableRule {
   |               `- note: add '@available' attribute to enclosing struct
 5 |     // MARK: Properties
 6 |
   :
30 |     ///
31 |     /// - Returns: A Boolean indicating whether the input matches the pattern.
32 |     public func validate(input: String) -> Bool {
   |                 `- note: add '@available' attribute to enclosing instance method
33 |         guard !input.isEmpty else { return false }
34 |
35 |         if #available(macOS 13.0, *) {
36 |             guard let regex = try? Regex(pattern) else {
   |                                    |- error: 'init(_:)' is only available in tvOS 16.0 or newer
   |                                    `- note: add 'if #available' version check
37 |                 preconditionFailure("Illegal regular expression: \(pattern).")
38 |             }
/Users/admin/builder/spi-builder-workspace/.dependencies/checkouts/Noora/cli/Sources/Noora/Validator/Rules/RegexValidationRule.swift:39:26: error: 'firstMatch(of:)' is only available in tvOS 16.0 or newer
 2 |
 3 | /// A validation rule that checks if a string input matches a specified regular expression pattern.
 4 | public struct RegexValidationRule: ValidatableRule {
   |               `- note: add '@available' attribute to enclosing struct
 5 |     // MARK: Properties
 6 |
   :
30 |     ///
31 |     /// - Returns: A Boolean indicating whether the input matches the pattern.
32 |     public func validate(input: String) -> Bool {
   |                 `- note: add '@available' attribute to enclosing instance method
33 |         guard !input.isEmpty else { return false }
34 |
   :
37 |                 preconditionFailure("Illegal regular expression: \(pattern).")
38 |             }
39 |             return input.firstMatch(of: regex) != nil
   |                          |- error: 'firstMatch(of:)' is only available in tvOS 16.0 or newer
   |                          `- note: add 'if #available' version check
40 |         } else {
41 |             do {
Failed frontend command:
/Applications/Xcode-27.0.0-Release.Candidate.app/Contents/Developer/Toolchains/XcodeDefault.xctoolchain/usr/bin/swift-frontend -frontend -c /Users/admin/builder/spi-builder-workspace/.dependencies/checkouts/Noora/cli/Sources/Noora/Components/Alert.swift /Users/admin/builder/spi-builder-workspace/.dependencies/checkouts/Noora/cli/Sources/Noora/Components/CollapsibleStep.swift /Users/admin/builder/spi-builder-workspace/.dependencies/checkouts/Noora/cli/Sources/Noora/Components/MultipleChoicePrompt.swift /Users/admin/builder/spi-builder-workspace/.dependencies/checkouts/Noora/cli/Sources/Noora/Components/ProgressBarStep.swift /Users/admin/builder/spi-builder-workspace/.dependencies/checkouts/Noora/cli/Sources/Noora/Components/ProgressStep.swift /Users/admin/builder/spi-builder-workspace/.dependencies/checkouts/Noora/cli/Sources/Noora/Components/SingleChoicePrompt.swift /Users/admin/builder/spi-builder-workspace/.dependencies/checkouts/Noora/cli/Sources/Noora/Components/Table/PaginatedTable.swift /Users/admin/builder/spi-builder-workspace/.dependencies/checkouts/Noora/cli/Sources/Noora/Components/Table/SelectableTable.swift /Users/admin/builder/spi-builder-workspace/.dependencies/checkouts/Noora/cli/Sources/Noora/Components/Table/Table.swift /Users/admin/builder/spi-builder-workspace/.dependencies/checkouts/Noora/cli/Sources/Noora/Components/Table/TableColumn.swift /Users/admin/builder/spi-builder-workspace/.dependencies/checkouts/Noora/cli/Sources/Noora/Components/Table/TableData.swift /Users/admin/builder/spi-builder-workspace/.dependencies/checkouts/Noora/cli/Sources/Noora/Components/Table/TableRenderer.swift /Users/admin/builder/spi-builder-workspace/.dependencies/checkouts/Noora/cli/Sources/Noora/Components/Table/TableStyle.swift /Users/admin/builder/spi-builder-workspace/.dependencies/checkouts/Noora/cli/Sources/Noora/Components/Table/UpdatingSelectableTable.swift /Users/admin/builder/spi-builder-workspace/.dependencies/checkouts/Noora/cli/Sources/Noora/Components/Table/UpdatingTable.swift /Users/admin/builder/spi-builder-workspace/.dependencies/checkouts/Noora/cli/Sources/Noora/Components/TextPrompt.swift /Users/admin/builder/spi-builder-workspace/.dependencies/checkouts/Noora/cli/Sources/Noora/Components/YesOrNoChoicePrompt.swift /Users/admin/builder/spi-builder-workspace/.dependencies/checkouts/Noora/cli/Sources/Noora/Content.swift /Users/admin/builder/spi-builder-workspace/.dependencies/checkouts/Noora/cli/Sources/Noora/DataStructures/Stack.swift /Users/admin/builder/spi-builder-workspace/.dependencies/checkouts/Noora/cli/Sources/Noora/Extensions/Character+isPrintable.swift /Users/admin/builder/spi-builder-workspace/.dependencies/checkouts/Noora/cli/Sources/Noora/Extensions/String+Rainbow.swift /Users/admin/builder/spi-builder-workspace/.dependencies/checkouts/Noora/cli/Sources/Noora/Extensions/String+ValidatableError.swift /Users/admin/builder/spi-builder-workspace/.dependencies/checkouts/Noora/cli/Sources/Noora/Noora.swift /Users/admin/builder/spi-builder-workspace/.dependencies/checkouts/Noora/cli/Sources/Noora/NooraError.swift /Users/admin/builder/spi-builder-workspace/.dependencies/checkouts/Noora/cli/Sources/Noora/NooraMock.swift /Users/admin/builder/spi-builder-workspace/.dependencies/checkouts/Noora/cli/Sources/Noora/StandardPipelineType.swift /Users/admin/builder/spi-builder-workspace/.dependencies/checkouts/Noora/cli/Sources/Noora/Theme.swift /Users/admin/builder/spi-builder-workspace/.dependencies/checkouts/Noora/cli/Sources/Noora/Utilities/KeyStrokeListener.swift /Users/admin/builder/spi-builder-workspace/.dependencies/checkouts/Noora/cli/Sources/Noora/Utilities/LockIsolated.swift /Users/admin/builder/spi-builder-workspace/.dependencies/checkouts/Noora/cli/Sources/Noora/Utilities/Renderer.swift /Users/admin/builder/spi-builder-workspace/.dependencies/checkouts/Noora/cli/Sources/Noora/Utilities/Spinner.swift /Users/admin/builder/spi-builder-workspace/.dependencies/checkouts/Noora/cli/Sources/Noora/Utilities/StandardPipelines.swift /Users/admin/builder/spi-builder-workspace/.dependencies/checkouts/Noora/cli/Sources/Noora/Utilities/Terminal.swift /Users/admin/builder/spi-builder-workspace/.dependencies/checkouts/Noora/cli/Sources/Noora/Utilities/TerminalText+DisplayWidth.swift /Users/admin/builder/spi-builder-workspace/.dependencies/checkouts/Noora/cli/Sources/Noora/Utilities/TerminalText.swift /Users/admin/builder/spi-builder-workspace/.dependencies/checkouts/Noora/cli/Sources/Noora/Validator/Core/ValidatableError.swift /Users/admin/builder/spi-builder-workspace/.dependencies/checkouts/Noora/cli/Sources/Noora/Validator/Core/ValidatableRule.swift /Users/admin/builder/spi-builder-workspace/.dependencies/checkouts/Noora/cli/Sources/Noora/Validator/Core/ValidationError.swift /Users/admin/builder/spi-builder-workspace/.dependencies/checkouts/Noora/cli/Sources/Noora/Validator/InputValidating.swift /Users/admin/builder/spi-builder-workspace/.dependencies/checkouts/Noora/cli/Sources/Noora/Validator/Rules/LengthValidationRule.swift -primary-file /Users/admin/builder/spi-builder-workspace/.dependencies/checkouts/Noora/cli/Sources/Noora/Validator/Rules/NonEmptyValidationRule.swift -primary-file /Users/admin/builder/spi-builder-workspace/.dependencies/checkouts/Noora/cli/Sources/Noora/Validator/Rules/RegexValidationRule.swift -primary-file /Users/admin/builder/spi-builder-workspace/.dependencies/checkouts/Noora/cli/Sources/Noora/Validator/Validator.swift -supplementary-output-file-map /Users/admin/builder/spi-builder-workspace/.derivedData/Build/Intermediates.noindex/Noora.build/Debug-appletvos/Noora-t.build/Objects-normal/arm64/supplementaryOutputs-10 -target arm64-apple-tvos15.0 -disable-cross-import-overlay-search -swift-module-cross-import Darwin /Applications/Xcode-27.0.0-Release.Candidate.app/Contents/Developer/Platforms/AppleTVOS.platform/Developer/SDKs/AppleTVOS.sdk/usr/include/Darwin.swiftcrossimport/xlocale.swiftoverlay -load-resolved-plugin /Applications/Xcode-27.0.0-Release.Candidate.app/Contents/Developer/Platforms/AppleTVOS.platform/Developer/usr/lib/swift/host/plugins/libFoundationMacros.dylib\#/Applications/Xcode-27.0.0-Release.Candidate.app/Contents/Developer/Platforms/AppleTVOS.platform/Developer/usr/bin/swift-plugin-server\#FoundationMacros -load-resolved-plugin /Applications/Xcode-27.0.0-Release.Candidate.app/Contents/Developer/Platforms/AppleTVOS.platform/Developer/usr/lib/swift/host/plugins/libObservationMacros.dylib\#/Applications/Xcode-27.0.0-Release.Candidate.app/Contents/Developer/Platforms/AppleTVOS.platform/Developer/usr/bin/swift-plugin-server\#ObservationMacros -load-resolved-plugin /Applications/Xcode-27.0.0-Release.Candidate.app/Contents/Developer/Platforms/AppleTVOS.platform/Developer/usr/lib/swift/host/plugins/libSwiftMacros.dylib\#/Applications/Xcode-27.0.0-Release.Candidate.app/Contents/Developer/Platforms/AppleTVOS.platform/Developer/usr/bin/swift-plugin-server\#SwiftMacros -disable-implicit-swift-modules -Xcc -fno-implicit-modules -Xcc -fno-implicit-module-maps -explicit-swift-module-map-file /Users/admin/builder/spi-builder-workspace/.derivedData/Build/Intermediates.noindex/Noora.build/Debug-appletvos/Noora-t.build/Objects-normal/arm64/Noora-dependencies-1.json -Xllvm -aarch64-use-tbi -enable-objc-interop -stack-check -sdk /Applications/Xcode-27.0.0-Release.Candidate.app/Contents/Developer/Platforms/AppleTVOS.platform/Developer/SDKs/AppleTVOS27.0.sdk -I /Users/admin/builder/spi-builder-workspace/.derivedData/Build/Products/Debug-appletvos -Isystem /Applications/Xcode-27.0.0-Release.Candidate.app/Contents/Developer/Platforms/AppleTVOS.platform/Developer/usr/lib -F /Users/admin/builder/spi-builder-workspace/.derivedData/Build/Products/Debug-appletvos/PackageFrameworks -F /Users/admin/builder/spi-builder-workspace/.derivedData/Build/Products/Debug-appletvos -F /Applications/Xcode-27.0.0-Release.Candidate.app/Contents/Developer/Platforms/AppleTVOS.platform/Developer/Library/Frameworks -F /Applications/Xcode-27.0.0-Release.Candidate.app/Contents/Developer/Platforms/AppleTVOS.platform/Developer/SDKs/AppleTVOS27.0.sdk/Developer/Library/Frameworks -module-cache-path /Users/admin/builder/spi-builder-workspace/.derivedData/Build/Intermediates.noindex/SwiftExplicitPrecompiledModules -no-color-diagnostics -Xcc -fno-color-diagnostics -enable-testing -g -debug-info-format\=dwarf -dwarf-version\=4 -suppress-warnings -profile-generate -profile-coverage-mapping -swift-version 5 -Onone -D SWIFT_PACKAGE -D DEBUG -D SWIFT_MODULE_RESOURCE_BUNDLE_UNAVAILABLE -D MOCKING -D Xcode -serialize-debugging-options -enable-experimental-feature DebugDescriptionMacro -empty-abi-descriptor -validate-clang-modules-once -clang-build-session-file /Users/admin/builder/spi-builder-workspace/.derivedData/ModuleCache.noindex/Session.modulevalidation -Xcc -working-directory -Xcc /Users/admin/builder/spi-builder-workspace/.swiftpm/xcode -enable-anonymous-context-mangled-names -file-compilation-dir /Users/admin/builder/spi-builder-workspace/.swiftpm/xcode -Xcc -D_LIBCPP_HARDENING_MODE\=_LIBCPP_HARDENING_MODE_DEBUG -Xcc -ivfsstatcache -Xcc /Users/admin/builder/spi-builder-workspace/.derivedData/SDKStatCaches.noindex/appletvos27.0-24J360-e829b21a6f8c9b70876ba0858053c044b32bfd8d43560033f8d89884cdb90028.sdkstatcache -Xcc -fmodules-prune-interval\=86400 -Xcc -fmodules-prune-after\=345600 -Xcc -I/Users/admin/builder/spi-builder-workspace/.derivedData/Build/Products/Debug-appletvos/include -Xcc -I/Users/admin/builder/spi-builder-workspace/.derivedData/Build/Intermediates.noindex/Noora.build/Debug-appletvos/Noora-t.build/DerivedSources-normal/arm64 -Xcc -I/Users/admin/builder/spi-builder-workspace/.derivedData/Build/Intermediates.noindex/Noora.build/Debug-appletvos/Noora-t.build/DerivedSources/arm64 -Xcc -I/Users/admin/builder/spi-builder-workspace/.derivedData/Build/Intermediates.noindex/Noora.build/Debug-appletvos/Noora-t.build/DerivedSources -Xcc -DSWIFT_PACKAGE -Xcc -DDEBUG\=1 -no-auto-bridging-header-chaining -module-name Noora -const-gather-protocols-file /Users/admin/builder/spi-builder-workspace/.derivedData/Build/Intermediates.noindex/Noora.build/Debug-appletvos/Noora-t.build/Objects-normal/arm64/Noora_const_extract_protocols.json -disable-clang-spi -clang-target arm64-apple-tvos27.0 -target-sdk-version 27.0 -target-sdk-name appletvos27.0 -in-process-plugin-server-path /Applications/Xcode-27.0.0-Release.Candidate.app/Contents/Developer/Toolchains/XcodeDefault.xctoolchain/usr/lib/swift/host/libSwiftInProcPluginServer.dylib -parse-as-library -o /Users/admin/builder/spi-builder-workspace/.derivedData/Build/Intermediates.noindex/Noora.build/Debug-appletvos/Noora-t.build/Objects-normal/arm64/NonEmptyValidationRule.o -o /Users/admin/builder/spi-builder-workspace/.derivedData/Build/Intermediates.noindex/Noora.build/Debug-appletvos/Noora-t.build/Objects-normal/arm64/RegexValidationRule.o -o /Users/admin/builder/spi-builder-workspace/.derivedData/Build/Intermediates.noindex/Noora.build/Debug-appletvos/Noora-t.build/Objects-normal/arm64/Validator.o -debug-module-path /Users/admin/builder/spi-builder-workspace/.derivedData/Build/Intermediates.noindex/Noora.build/Debug-appletvos/Noora-t.build/Objects-normal/arm64/Noora.swiftmodule -index-unit-output-path /Noora.build/Debug-appletvos/Noora-t.build/Objects-normal/arm64/NonEmptyValidationRule.o -index-unit-output-path /Noora.build/Debug-appletvos/Noora-t.build/Objects-normal/arm64/RegexValidationRule.o -index-unit-output-path /Noora.build/Debug-appletvos/Noora-t.build/Objects-normal/arm64/Validator.o -index-store-path /Users/admin/builder/spi-builder-workspace/.derivedData/Index.noindex/DataStore -index-system-modules
SwiftCompile normal arm64 /Users/admin/builder/spi-builder-workspace/.dependencies/checkouts/Noora/cli/Sources/Noora/Validator/Rules/NonEmptyValidationRule.swift (in target 'Noora' from project 'Noora')
    cd /Users/admin/builder/spi-builder-workspace/.swiftpm/xcode
    builtin-SwiftPerFileCompile NonEmptyValidationRule.swift
SwiftCompile normal arm64 /Users/admin/builder/spi-builder-workspace/.dependencies/checkouts/Noora/cli/Sources/Noora/Validator/Rules/RegexValidationRule.swift (in target 'Noora' from project 'Noora')
    cd /Users/admin/builder/spi-builder-workspace/.swiftpm/xcode
    builtin-SwiftPerFileCompile RegexValidationRule.swift
SwiftCompile normal arm64 /Users/admin/builder/spi-builder-workspace/.dependencies/checkouts/Noora/cli/Sources/Noora/Validator/Validator.swift (in target 'Noora' from project 'Noora')
    cd /Users/admin/builder/spi-builder-workspace/.swiftpm/xcode
    builtin-SwiftPerFileCompile Validator.swift
SwiftCompile normal arm64 Compiling\ LockIsolated.swift,\ Renderer.swift,\ Spinner.swift,\ StandardPipelines.swift /Users/admin/builder/spi-builder-workspace/.dependencies/checkouts/Noora/cli/Sources/Noora/Utilities/LockIsolated.swift /Users/admin/builder/spi-builder-workspace/.dependencies/checkouts/Noora/cli/Sources/Noora/Utilities/Renderer.swift /Users/admin/builder/spi-builder-workspace/.dependencies/checkouts/Noora/cli/Sources/Noora/Utilities/Spinner.swift /Users/admin/builder/spi-builder-workspace/.dependencies/checkouts/Noora/cli/Sources/Noora/Utilities/StandardPipelines.swift (in target 'Noora' from project 'Noora')
SwiftCompile normal arm64 /Users/admin/builder/spi-builder-workspace/.dependencies/checkouts/Noora/cli/Sources/Noora/Utilities/LockIsolated.swift (in target 'Noora' from project 'Noora')
    cd /Users/admin/builder/spi-builder-workspace/.swiftpm/xcode
    builtin-SwiftPerFileCompile LockIsolated.swift
SwiftCompile normal arm64 /Users/admin/builder/spi-builder-workspace/.dependencies/checkouts/Noora/cli/Sources/Noora/Utilities/Renderer.swift (in target 'Noora' from project 'Noora')
    cd /Users/admin/builder/spi-builder-workspace/.swiftpm/xcode
    builtin-SwiftPerFileCompile Renderer.swift
SwiftCompile normal arm64 /Users/admin/builder/spi-builder-workspace/.dependencies/checkouts/Noora/cli/Sources/Noora/Utilities/Spinner.swift (in target 'Noora' from project 'Noora')
    cd /Users/admin/builder/spi-builder-workspace/.swiftpm/xcode
    builtin-SwiftPerFileCompile Spinner.swift
SwiftCompile normal arm64 /Users/admin/builder/spi-builder-workspace/.dependencies/checkouts/Noora/cli/Sources/Noora/Utilities/StandardPipelines.swift (in target 'Noora' from project 'Noora')
    cd /Users/admin/builder/spi-builder-workspace/.swiftpm/xcode
    builtin-SwiftPerFileCompile StandardPipelines.swift
SwiftCompile normal arm64 Compiling\ Terminal.swift,\ TerminalText+DisplayWidth.swift,\ TerminalText.swift,\ LengthValidationRule.swift /Users/admin/builder/spi-builder-workspace/.dependencies/checkouts/Noora/cli/Sources/Noora/Utilities/Terminal.swift /Users/admin/builder/spi-builder-workspace/.dependencies/checkouts/Noora/cli/Sources/Noora/Utilities/TerminalText+DisplayWidth.swift /Users/admin/builder/spi-builder-workspace/.dependencies/checkouts/Noora/cli/Sources/Noora/Utilities/TerminalText.swift /Users/admin/builder/spi-builder-workspace/.dependencies/checkouts/Noora/cli/Sources/Noora/Validator/Rules/LengthValidationRule.swift (in target 'Noora' from project 'Noora')
SwiftCompile normal arm64 /Users/admin/builder/spi-builder-workspace/.dependencies/checkouts/Noora/cli/Sources/Noora/Utilities/Terminal.swift (in target 'Noora' from project 'Noora')
    cd /Users/admin/builder/spi-builder-workspace/.swiftpm/xcode
    builtin-SwiftPerFileCompile Terminal.swift
SwiftCompile normal arm64 /Users/admin/builder/spi-builder-workspace/.dependencies/checkouts/Noora/cli/Sources/Noora/Utilities/TerminalText+DisplayWidth.swift (in target 'Noora' from project 'Noora')
    cd /Users/admin/builder/spi-builder-workspace/.swiftpm/xcode
    builtin-SwiftPerFileCompile TerminalText+DisplayWidth.swift
SwiftCompile normal arm64 /Users/admin/builder/spi-builder-workspace/.dependencies/checkouts/Noora/cli/Sources/Noora/Utilities/TerminalText.swift (in target 'Noora' from project 'Noora')
    cd /Users/admin/builder/spi-builder-workspace/.swiftpm/xcode
    builtin-SwiftPerFileCompile TerminalText.swift
SwiftCompile normal arm64 /Users/admin/builder/spi-builder-workspace/.dependencies/checkouts/Noora/cli/Sources/Noora/Validator/Rules/LengthValidationRule.swift (in target 'Noora' from project 'Noora')
    cd /Users/admin/builder/spi-builder-workspace/.swiftpm/xcode
    builtin-SwiftPerFileCompile LengthValidationRule.swift
SwiftCompile normal arm64 Compiling\ NooraMock.swift,\ StandardPipelineType.swift,\ Theme.swift,\ KeyStrokeListener.swift /Users/admin/builder/spi-builder-workspace/.dependencies/checkouts/Noora/cli/Sources/Noora/NooraMock.swift /Users/admin/builder/spi-builder-workspace/.dependencies/checkouts/Noora/cli/Sources/Noora/StandardPipelineType.swift /Users/admin/builder/spi-builder-workspace/.dependencies/checkouts/Noora/cli/Sources/Noora/Theme.swift /Users/admin/builder/spi-builder-workspace/.dependencies/checkouts/Noora/cli/Sources/Noora/Utilities/KeyStrokeListener.swift (in target 'Noora' from project 'Noora')
SwiftCompile normal arm64 /Users/admin/builder/spi-builder-workspace/.dependencies/checkouts/Noora/cli/Sources/Noora/NooraMock.swift (in target 'Noora' from project 'Noora')
    cd /Users/admin/builder/spi-builder-workspace/.swiftpm/xcode
    builtin-SwiftPerFileCompile NooraMock.swift
SwiftCompile normal arm64 /Users/admin/builder/spi-builder-workspace/.dependencies/checkouts/Noora/cli/Sources/Noora/StandardPipelineType.swift (in target 'Noora' from project 'Noora')
    cd /Users/admin/builder/spi-builder-workspace/.swiftpm/xcode
    builtin-SwiftPerFileCompile StandardPipelineType.swift
SwiftCompile normal arm64 /Users/admin/builder/spi-builder-workspace/.dependencies/checkouts/Noora/cli/Sources/Noora/Theme.swift (in target 'Noora' from project 'Noora')
    cd /Users/admin/builder/spi-builder-workspace/.swiftpm/xcode
    builtin-SwiftPerFileCompile Theme.swift
SwiftCompile normal arm64 /Users/admin/builder/spi-builder-workspace/.dependencies/checkouts/Noora/cli/Sources/Noora/Utilities/KeyStrokeListener.swift (in target 'Noora' from project 'Noora')
    cd /Users/admin/builder/spi-builder-workspace/.swiftpm/xcode
    builtin-SwiftPerFileCompile KeyStrokeListener.swift
SwiftExplicitDependencyGeneratePcm arm64 /Users/admin/builder/spi-builder-workspace/.derivedData/Build/Intermediates.noindex/SwiftExplicitPrecompiledModules/CYaml-EIH269VR6TSO42P0IP0Y5L0ZL.pcm
PruneExplicitPrecompiledModules /Users/admin/builder/spi-builder-workspace/.derivedData/SDKExplicitPrecompiledModules
PruneExplicitPrecompiledModules /Users/admin/builder/spi-builder-workspace/.derivedData/Build/Intermediates.noindex/ExplicitPrecompiledModules
PruneExplicitPrecompiledModules /Users/admin/builder/spi-builder-workspace/.derivedData/Build/Intermediates.noindex/SwiftExplicitPrecompiledModules
2026-09-23 01:39:43.488 xcodebuild[1406:7837] [MT] IDERunDestination: Supported platforms for the buildables in the current scheme is empty.
** BUILD FAILED **
The following build commands failed:
	SwiftCompile normal arm64 Compiling\ NonEmptyValidationRule.swift,\ RegexValidationRule.swift,\ Validator.swift /Users/admin/builder/spi-builder-workspace/.dependencies/checkouts/Noora/cli/Sources/Noora/Validator/Rules/NonEmptyValidationRule.swift /Users/admin/builder/spi-builder-workspace/.dependencies/checkouts/Noora/cli/Sources/Noora/Validator/Rules/RegexValidationRule.swift /Users/admin/builder/spi-builder-workspace/.dependencies/checkouts/Noora/cli/Sources/Noora/Validator/Validator.swift (in target 'Noora' from project 'Noora')
	SwiftCompile normal arm64 /Users/admin/builder/spi-builder-workspace/.dependencies/checkouts/Noora/cli/Sources/Noora/Validator/Rules/RegexValidationRule.swift (in target 'Noora' from project 'Noora')
	Building workspace Breeze with scheme Breeze
(3 failures)
BUILD FAILURE 6.4 tvOS