Build Information
Failed to build Pulse, reference 5.2.3 (94b927), with Swift 6.1 for watchOS using Xcode 16.3 on 1 Jul 2026 05:52:24 UTC.
Build Command
env DEVELOPER_DIR=/Applications/Xcode-16.3.0.app xcrun xcodebuild -IDEClonedSourcePackagesDirPathOverride=$PWD/.dependencies -skipMacroValidation -skipPackagePluginValidation -derivedDataPath $PWD/.derivedData build -scheme Pulse-Package -destination generic/platform=watchOSBuild Log
SwiftDriverJobDiscovery normal arm64 Compiling ConsoleSearchContentTypeCell.swift, ConsoleSearchDurationCell.swift, ConsoleSearchHTTPMethodCell.swift, ConsoleSearchLogLevelsCell.swift, ConsoleSearchRequestSizeCell.swift, ConsoleSearchRequestStateCell.swift, ConsoleSearchResponseSizeCell.swift, ConsoleSearchResponseSourceCell.swift, ConsoleSearchStatusCodeCell.swift, ConsoleSearchTaskTypeCell.swift, ConsoleSearchTimePeriodCell.swift, ConsoleSearchToggleCell.swift, ConsoleFilterViewModel.swift, ConsoleFiltersView.swift, ConsoleRecentFiltersStore.swift, ConsoleRecentFiltersView.swift, ConsoleCustomFilter.swift (in target 'PulseUI' from project 'Pulse')
SwiftDriver\ Compilation\ Requirements PulseUI normal arm64 com.apple.xcode.tools.swift.compiler (in target 'PulseUI' from project 'Pulse')
cd /Users/admin/builder/spi-builder-workspace/.swiftpm/xcode
builtin-Swift-Compilation-Requirements -- /Applications/Xcode-16.3.0.app/Contents/Developer/Toolchains/XcodeDefault.xctoolchain/usr/bin/swiftc -module-name PulseUI -Onone -enforce-exclusivity\=checked @/Users/admin/builder/spi-builder-workspace/.derivedData/Build/Intermediates.noindex/Pulse.build/Debug-watchos/PulseUI.build/Objects-normal/arm64/PulseUI.SwiftFileList -DSWIFT_PACKAGE -DDEBUG -Xcc -fmodule-map-file\=/Users/admin/builder/spi-builder-workspace/.derivedData/Build/Intermediates.noindex/GeneratedModuleMaps-watchos/PulseObjCHelpers.modulemap -stats-output-dir .stats -strict-concurrency\=complete -enable-upcoming-feature StrictConcurrency -enable-upcoming-feature DisableOutwardActorInference -enable-upcoming-feature GlobalActorIsolatedTypesUsability -enable-upcoming-feature InferSendableFromCaptures -plugin-path /Applications/Xcode-16.3.0.app/Contents/Developer/Toolchains/XcodeDefault.xctoolchain/usr/lib/swift/host/plugins/testing -enable-experimental-feature DebugDescriptionMacro -sdk /Applications/Xcode-16.3.0.app/Contents/Developer/Platforms/WatchOS.platform/Developer/SDKs/WatchOS11.4.sdk -target arm64-apple-watchos9.0 -g -module-cache-path /Users/admin/builder/spi-builder-workspace/.derivedData/ModuleCache.noindex -Xfrontend -serialize-debugging-options -enable-testing -index-store-path /Users/admin/builder/spi-builder-workspace/.derivedData/Index.noindex/DataStore -swift-version 5 -I /Users/admin/builder/spi-builder-workspace/.derivedData/Build/Products/Debug-watchos -I /Applications/Xcode-16.3.0.app/Contents/Developer/Platforms/WatchOS.platform/Developer/usr/lib -F /Users/admin/builder/spi-builder-workspace/.derivedData/Build/Products/Debug-watchos/PackageFrameworks -F /Users/admin/builder/spi-builder-workspace/.derivedData/Build/Products/Debug-watchos/PackageFrameworks -F /Users/admin/builder/spi-builder-workspace/.derivedData/Build/Products/Debug-watchos -F /Applications/Xcode-16.3.0.app/Contents/Developer/Platforms/WatchOS.platform/Developer/Library/Frameworks -F /Applications/Xcode-16.3.0.app/Contents/Developer/Platforms/WatchOS.platform/Developer/SDKs/WatchOS11.4.sdk/Developer/Library/Frameworks -c -j10 -enable-batch-mode -incremental -Xcc -ivfsstatcache -Xcc /Users/admin/builder/spi-builder-workspace/.derivedData/SDKStatCaches.noindex/watchos11.4-22T246-43efb940ff07ba2497b70ec94253f576.sdkstatcache -output-file-map /Users/admin/builder/spi-builder-workspace/.derivedData/Build/Intermediates.noindex/Pulse.build/Debug-watchos/PulseUI.build/Objects-normal/arm64/PulseUI-OutputFileMap.json -use-frontend-parseable-output -save-temps -no-color-diagnostics -serialize-diagnostics -emit-dependencies -emit-module -emit-module-path /Users/admin/builder/spi-builder-workspace/.derivedData/Build/Intermediates.noindex/Pulse.build/Debug-watchos/PulseUI.build/Objects-normal/arm64/PulseUI.swiftmodule -validate-clang-modules-once -clang-build-session-file /Users/admin/builder/spi-builder-workspace/.derivedData/ModuleCache.noindex/Session.modulevalidation -package-name spi_builder_workspace -Xcc -I/Users/admin/builder/spi-builder-workspace/.derivedData/Build/Intermediates.noindex/Pulse.build/Debug-watchos/PulseUI.build/swift-overrides.hmap -emit-const-values -Xfrontend -const-gather-protocols-file -Xfrontend /Users/admin/builder/spi-builder-workspace/.derivedData/Build/Intermediates.noindex/Pulse.build/Debug-watchos/PulseUI.build/Objects-normal/arm64/PulseUI_const_extract_protocols.json -Xcc -I/Users/admin/builder/spi-builder-workspace/Sources/PulseObjCHelpers/include -Xcc -I/Users/admin/builder/spi-builder-workspace/.derivedData/Build/Products/Debug-watchos/include -Xcc -I/Users/admin/builder/spi-builder-workspace/.derivedData/Build/Intermediates.noindex/Pulse.build/Debug-watchos/PulseUI.build/DerivedSources-normal/arm64 -Xcc -I/Users/admin/builder/spi-builder-workspace/.derivedData/Build/Intermediates.noindex/Pulse.build/Debug-watchos/PulseUI.build/DerivedSources/arm64 -Xcc -I/Users/admin/builder/spi-builder-workspace/.derivedData/Build/Intermediates.noindex/Pulse.build/Debug-watchos/PulseUI.build/DerivedSources -Xcc -DSWIFT_PACKAGE -Xcc -DDEBUG\=1 -emit-objc-header -emit-objc-header-path /Users/admin/builder/spi-builder-workspace/.derivedData/Build/Intermediates.noindex/Pulse.build/Debug-watchos/PulseUI.build/Objects-normal/arm64/PulseUI-Swift.h -working-directory /Users/admin/builder/spi-builder-workspace/.swiftpm/xcode -experimental-emit-module-separately -disable-cmo
SwiftCompile normal arm64_32 Compiling\ RemoteLoggerSettingsView.swift,\ RemoteLoggerSettingsViewModel.swift,\ ConsoleSearchListContentView.swift,\ ConsoleSearchViewModel.swift,\ ConsoleNetworkSearchSuggestionsService.swift,\ ConsoleSearchMatcher.swift,\ ConsoleSearchOccurrence.swift,\ ConsoleSearchRecentSearchesStore.swift,\ ConsoleSearchScope.swift,\ ConsoleSearchService.swift,\ ConsoleSearchSession.swift,\ ConsoleSearchTerm.swift,\ ConsoleSearchToken+Parsers.swift,\ ConsoleSearchToken.swift,\ ConsoleSearchDynamicSuggestionsListView.swift,\ ConsoleSearchEmptyResultsView.swift /Users/admin/builder/spi-builder-workspace/Sources/PulseUI/Features/Remote/RemoteLoggerSettingsView.swift /Users/admin/builder/spi-builder-workspace/Sources/PulseUI/Features/Remote/RemoteLoggerSettingsViewModel.swift /Users/admin/builder/spi-builder-workspace/Sources/PulseUI/Features/Search/ConsoleSearchListContentView.swift /Users/admin/builder/spi-builder-workspace/Sources/PulseUI/Features/Search/ConsoleSearchViewModel.swift /Users/admin/builder/spi-builder-workspace/Sources/PulseUI/Features/Search/Services/ConsoleNetworkSearchSuggestionsService.swift /Users/admin/builder/spi-builder-workspace/Sources/PulseUI/Features/Search/Services/ConsoleSearchMatcher.swift /Users/admin/builder/spi-builder-workspace/Sources/PulseUI/Features/Search/Services/ConsoleSearchOccurrence.swift /Users/admin/builder/spi-builder-workspace/Sources/PulseUI/Features/Search/Services/ConsoleSearchRecentSearchesStore.swift /Users/admin/builder/spi-builder-workspace/Sources/PulseUI/Features/Search/Services/ConsoleSearchScope.swift /Users/admin/builder/spi-builder-workspace/Sources/PulseUI/Features/Search/Services/ConsoleSearchService.swift /Users/admin/builder/spi-builder-workspace/Sources/PulseUI/Features/Search/Services/ConsoleSearchSession.swift /Users/admin/builder/spi-builder-workspace/Sources/PulseUI/Features/Search/Services/ConsoleSearchTerm.swift /Users/admin/builder/spi-builder-workspace/Sources/PulseUI/Features/Search/Services/ConsoleSearchToken+Parsers.swift /Users/admin/builder/spi-builder-workspace/Sources/PulseUI/Features/Search/Services/ConsoleSearchToken.swift /Users/admin/builder/spi-builder-workspace/Sources/PulseUI/Features/Search/Views/ConsoleSearchDynamicSuggestionsListView.swift /Users/admin/builder/spi-builder-workspace/Sources/PulseUI/Features/Search/Views/ConsoleSearchEmptyResultsView.swift (in target 'PulseUI' from project 'Pulse')
SwiftCompile normal arm64_32 /Users/admin/builder/spi-builder-workspace/Sources/PulseUI/Features/Remote/RemoteLoggerSettingsView.swift (in target 'PulseUI' from project 'Pulse')
cd /Users/admin/builder/spi-builder-workspace/.swiftpm/xcode
SwiftCompile normal arm64_32 /Users/admin/builder/spi-builder-workspace/Sources/PulseUI/Features/Remote/RemoteLoggerSettingsViewModel.swift (in target 'PulseUI' from project 'Pulse')
cd /Users/admin/builder/spi-builder-workspace/.swiftpm/xcode
SwiftCompile normal arm64_32 /Users/admin/builder/spi-builder-workspace/Sources/PulseUI/Features/Search/ConsoleSearchListContentView.swift (in target 'PulseUI' from project 'Pulse')
cd /Users/admin/builder/spi-builder-workspace/.swiftpm/xcode
SwiftCompile normal arm64_32 /Users/admin/builder/spi-builder-workspace/Sources/PulseUI/Features/Search/ConsoleSearchViewModel.swift (in target 'PulseUI' from project 'Pulse')
cd /Users/admin/builder/spi-builder-workspace/.swiftpm/xcode
SwiftCompile normal arm64_32 /Users/admin/builder/spi-builder-workspace/Sources/PulseUI/Features/Search/Services/ConsoleNetworkSearchSuggestionsService.swift (in target 'PulseUI' from project 'Pulse')
cd /Users/admin/builder/spi-builder-workspace/.swiftpm/xcode
SwiftCompile normal arm64_32 /Users/admin/builder/spi-builder-workspace/Sources/PulseUI/Features/Search/Services/ConsoleSearchMatcher.swift (in target 'PulseUI' from project 'Pulse')
cd /Users/admin/builder/spi-builder-workspace/.swiftpm/xcode
SwiftCompile normal arm64_32 /Users/admin/builder/spi-builder-workspace/Sources/PulseUI/Features/Search/Services/ConsoleSearchOccurrence.swift (in target 'PulseUI' from project 'Pulse')
cd /Users/admin/builder/spi-builder-workspace/.swiftpm/xcode
SwiftCompile normal arm64_32 /Users/admin/builder/spi-builder-workspace/Sources/PulseUI/Features/Search/Services/ConsoleSearchRecentSearchesStore.swift (in target 'PulseUI' from project 'Pulse')
cd /Users/admin/builder/spi-builder-workspace/.swiftpm/xcode
SwiftCompile normal arm64_32 /Users/admin/builder/spi-builder-workspace/Sources/PulseUI/Features/Search/Services/ConsoleSearchScope.swift (in target 'PulseUI' from project 'Pulse')
cd /Users/admin/builder/spi-builder-workspace/.swiftpm/xcode
SwiftCompile normal arm64_32 /Users/admin/builder/spi-builder-workspace/Sources/PulseUI/Features/Search/Services/ConsoleSearchService.swift (in target 'PulseUI' from project 'Pulse')
cd /Users/admin/builder/spi-builder-workspace/.swiftpm/xcode
SwiftCompile normal arm64_32 /Users/admin/builder/spi-builder-workspace/Sources/PulseUI/Features/Search/Services/ConsoleSearchSession.swift (in target 'PulseUI' from project 'Pulse')
cd /Users/admin/builder/spi-builder-workspace/.swiftpm/xcode
SwiftCompile normal arm64_32 /Users/admin/builder/spi-builder-workspace/Sources/PulseUI/Features/Search/Services/ConsoleSearchTerm.swift (in target 'PulseUI' from project 'Pulse')
cd /Users/admin/builder/spi-builder-workspace/.swiftpm/xcode
SwiftCompile normal arm64_32 /Users/admin/builder/spi-builder-workspace/Sources/PulseUI/Features/Search/Services/ConsoleSearchToken+Parsers.swift (in target 'PulseUI' from project 'Pulse')
cd /Users/admin/builder/spi-builder-workspace/.swiftpm/xcode
SwiftCompile normal arm64_32 /Users/admin/builder/spi-builder-workspace/Sources/PulseUI/Features/Search/Services/ConsoleSearchToken.swift (in target 'PulseUI' from project 'Pulse')
cd /Users/admin/builder/spi-builder-workspace/.swiftpm/xcode
SwiftCompile normal arm64_32 /Users/admin/builder/spi-builder-workspace/Sources/PulseUI/Features/Search/Views/ConsoleSearchDynamicSuggestionsListView.swift (in target 'PulseUI' from project 'Pulse')
cd /Users/admin/builder/spi-builder-workspace/.swiftpm/xcode
SwiftCompile normal arm64_32 /Users/admin/builder/spi-builder-workspace/Sources/PulseUI/Features/Search/Views/ConsoleSearchEmptyResultsView.swift (in target 'PulseUI' from project 'Pulse')
cd /Users/admin/builder/spi-builder-workspace/.swiftpm/xcode
SwiftMergeGeneratedHeaders /Users/admin/builder/spi-builder-workspace/.derivedData/Build/Intermediates.noindex/GeneratedModuleMaps-watchos/PulseUI-Swift.h /Users/admin/builder/spi-builder-workspace/.derivedData/Build/Intermediates.noindex/Pulse.build/Debug-watchos/PulseUI.build/Objects-normal/arm64/PulseUI-Swift.h /Users/admin/builder/spi-builder-workspace/.derivedData/Build/Intermediates.noindex/Pulse.build/Debug-watchos/PulseUI.build/Objects-normal/arm64_32/PulseUI-Swift.h (in target 'PulseUI' from project 'Pulse')
cd /Users/admin/builder/spi-builder-workspace
builtin-swiftHeaderTool -arch arm64 /Users/admin/builder/spi-builder-workspace/.derivedData/Build/Intermediates.noindex/Pulse.build/Debug-watchos/PulseUI.build/Objects-normal/arm64/PulseUI-Swift.h -arch arm64_32 /Users/admin/builder/spi-builder-workspace/.derivedData/Build/Intermediates.noindex/Pulse.build/Debug-watchos/PulseUI.build/Objects-normal/arm64_32/PulseUI-Swift.h -o /Users/admin/builder/spi-builder-workspace/.derivedData/Build/Intermediates.noindex/GeneratedModuleMaps-watchos/PulseUI-Swift.h
SwiftDriverJobDiscovery normal arm64_32 Compiling ConsoleSearchContentTypeCell.swift, ConsoleSearchDurationCell.swift, ConsoleSearchHTTPMethodCell.swift, ConsoleSearchLogLevelsCell.swift, ConsoleSearchRequestSizeCell.swift, ConsoleSearchRequestStateCell.swift, ConsoleSearchResponseSizeCell.swift, ConsoleSearchResponseSourceCell.swift, ConsoleSearchStatusCodeCell.swift, ConsoleSearchTaskTypeCell.swift, ConsoleSearchTimePeriodCell.swift, ConsoleSearchToggleCell.swift, ConsoleFilterViewModel.swift, ConsoleFiltersView.swift, ConsoleRecentFiltersStore.swift, ConsoleRecentFiltersView.swift, ConsoleCustomFilter.swift (in target 'PulseUI' from project 'Pulse')
Copy /Users/admin/builder/spi-builder-workspace/.derivedData/Build/Products/Debug-watchos/PulseUI.swiftmodule/arm64_32-apple-watchos.swiftmodule /Users/admin/builder/spi-builder-workspace/.derivedData/Build/Intermediates.noindex/Pulse.build/Debug-watchos/PulseUI.build/Objects-normal/arm64_32/PulseUI.swiftmodule (in target 'PulseUI' from project 'Pulse')
cd /Users/admin/builder/spi-builder-workspace
builtin-copy -exclude .DS_Store -exclude CVS -exclude .svn -exclude .git -exclude .hg -resolve-src-symlinks -rename /Users/admin/builder/spi-builder-workspace/.derivedData/Build/Intermediates.noindex/Pulse.build/Debug-watchos/PulseUI.build/Objects-normal/arm64_32/PulseUI.swiftmodule /Users/admin/builder/spi-builder-workspace/.derivedData/Build/Products/Debug-watchos/PulseUI.swiftmodule/arm64_32-apple-watchos.swiftmodule
Copy /Users/admin/builder/spi-builder-workspace/.derivedData/Build/Products/Debug-watchos/PulseUI.swiftmodule/arm64_32-apple-watchos.swiftdoc /Users/admin/builder/spi-builder-workspace/.derivedData/Build/Intermediates.noindex/Pulse.build/Debug-watchos/PulseUI.build/Objects-normal/arm64_32/PulseUI.swiftdoc (in target 'PulseUI' from project 'Pulse')
cd /Users/admin/builder/spi-builder-workspace
builtin-copy -exclude .DS_Store -exclude CVS -exclude .svn -exclude .git -exclude .hg -resolve-src-symlinks -rename /Users/admin/builder/spi-builder-workspace/.derivedData/Build/Intermediates.noindex/Pulse.build/Debug-watchos/PulseUI.build/Objects-normal/arm64_32/PulseUI.swiftdoc /Users/admin/builder/spi-builder-workspace/.derivedData/Build/Products/Debug-watchos/PulseUI.swiftmodule/arm64_32-apple-watchos.swiftdoc
Copy /Users/admin/builder/spi-builder-workspace/.derivedData/Build/Products/Debug-watchos/PulseUI.swiftmodule/arm64_32-apple-watchos.abi.json /Users/admin/builder/spi-builder-workspace/.derivedData/Build/Intermediates.noindex/Pulse.build/Debug-watchos/PulseUI.build/Objects-normal/arm64_32/PulseUI.abi.json (in target 'PulseUI' from project 'Pulse')
cd /Users/admin/builder/spi-builder-workspace
builtin-copy -exclude .DS_Store -exclude CVS -exclude .svn -exclude .git -exclude .hg -resolve-src-symlinks -rename /Users/admin/builder/spi-builder-workspace/.derivedData/Build/Intermediates.noindex/Pulse.build/Debug-watchos/PulseUI.build/Objects-normal/arm64_32/PulseUI.abi.json /Users/admin/builder/spi-builder-workspace/.derivedData/Build/Products/Debug-watchos/PulseUI.swiftmodule/arm64_32-apple-watchos.abi.json
Copy /Users/admin/builder/spi-builder-workspace/.derivedData/Build/Products/Debug-watchos/PulseUI.swiftmodule/arm64-apple-watchos.swiftmodule /Users/admin/builder/spi-builder-workspace/.derivedData/Build/Intermediates.noindex/Pulse.build/Debug-watchos/PulseUI.build/Objects-normal/arm64/PulseUI.swiftmodule (in target 'PulseUI' from project 'Pulse')
cd /Users/admin/builder/spi-builder-workspace
builtin-copy -exclude .DS_Store -exclude CVS -exclude .svn -exclude .git -exclude .hg -resolve-src-symlinks -rename /Users/admin/builder/spi-builder-workspace/.derivedData/Build/Intermediates.noindex/Pulse.build/Debug-watchos/PulseUI.build/Objects-normal/arm64/PulseUI.swiftmodule /Users/admin/builder/spi-builder-workspace/.derivedData/Build/Products/Debug-watchos/PulseUI.swiftmodule/arm64-apple-watchos.swiftmodule
Copy /Users/admin/builder/spi-builder-workspace/.derivedData/Build/Products/Debug-watchos/PulseUI.swiftmodule/arm64-apple-watchos.swiftdoc /Users/admin/builder/spi-builder-workspace/.derivedData/Build/Intermediates.noindex/Pulse.build/Debug-watchos/PulseUI.build/Objects-normal/arm64/PulseUI.swiftdoc (in target 'PulseUI' from project 'Pulse')
cd /Users/admin/builder/spi-builder-workspace
builtin-copy -exclude .DS_Store -exclude CVS -exclude .svn -exclude .git -exclude .hg -resolve-src-symlinks -rename /Users/admin/builder/spi-builder-workspace/.derivedData/Build/Intermediates.noindex/Pulse.build/Debug-watchos/PulseUI.build/Objects-normal/arm64/PulseUI.swiftdoc /Users/admin/builder/spi-builder-workspace/.derivedData/Build/Products/Debug-watchos/PulseUI.swiftmodule/arm64-apple-watchos.swiftdoc
Copy /Users/admin/builder/spi-builder-workspace/.derivedData/Build/Products/Debug-watchos/PulseUI.swiftmodule/arm64-apple-watchos.abi.json /Users/admin/builder/spi-builder-workspace/.derivedData/Build/Intermediates.noindex/Pulse.build/Debug-watchos/PulseUI.build/Objects-normal/arm64/PulseUI.abi.json (in target 'PulseUI' from project 'Pulse')
cd /Users/admin/builder/spi-builder-workspace
builtin-copy -exclude .DS_Store -exclude CVS -exclude .svn -exclude .git -exclude .hg -resolve-src-symlinks -rename /Users/admin/builder/spi-builder-workspace/.derivedData/Build/Intermediates.noindex/Pulse.build/Debug-watchos/PulseUI.build/Objects-normal/arm64/PulseUI.abi.json /Users/admin/builder/spi-builder-workspace/.derivedData/Build/Products/Debug-watchos/PulseUI.swiftmodule/arm64-apple-watchos.abi.json
Copy /Users/admin/builder/spi-builder-workspace/.derivedData/Build/Products/Debug-watchos/PulseUI.swiftmodule/Project/arm64_32-apple-watchos.swiftsourceinfo /Users/admin/builder/spi-builder-workspace/.derivedData/Build/Intermediates.noindex/Pulse.build/Debug-watchos/PulseUI.build/Objects-normal/arm64_32/PulseUI.swiftsourceinfo (in target 'PulseUI' from project 'Pulse')
cd /Users/admin/builder/spi-builder-workspace
builtin-copy -exclude .DS_Store -exclude CVS -exclude .svn -exclude .git -exclude .hg -resolve-src-symlinks -rename /Users/admin/builder/spi-builder-workspace/.derivedData/Build/Intermediates.noindex/Pulse.build/Debug-watchos/PulseUI.build/Objects-normal/arm64_32/PulseUI.swiftsourceinfo /Users/admin/builder/spi-builder-workspace/.derivedData/Build/Products/Debug-watchos/PulseUI.swiftmodule/Project/arm64_32-apple-watchos.swiftsourceinfo
Copy /Users/admin/builder/spi-builder-workspace/.derivedData/Build/Products/Debug-watchos/PulseUI.swiftmodule/Project/arm64-apple-watchos.swiftsourceinfo /Users/admin/builder/spi-builder-workspace/.derivedData/Build/Intermediates.noindex/Pulse.build/Debug-watchos/PulseUI.build/Objects-normal/arm64/PulseUI.swiftsourceinfo (in target 'PulseUI' from project 'Pulse')
cd /Users/admin/builder/spi-builder-workspace
builtin-copy -exclude .DS_Store -exclude CVS -exclude .svn -exclude .git -exclude .hg -resolve-src-symlinks -rename /Users/admin/builder/spi-builder-workspace/.derivedData/Build/Intermediates.noindex/Pulse.build/Debug-watchos/PulseUI.build/Objects-normal/arm64/PulseUI.swiftsourceinfo /Users/admin/builder/spi-builder-workspace/.derivedData/Build/Products/Debug-watchos/PulseUI.swiftmodule/Project/arm64-apple-watchos.swiftsourceinfo
SwiftCompile normal arm64_32 Compiling\ UXKit.swift,\ UserSettings.swift,\ ValuesRange.swift,\ MockStore.swift,\ MockTask.swift,\ PulseDemoView.swift,\ Checkbox.swift,\ ContextMenus.swift,\ DateRangePicker.swift,\ ImageViewer.swift,\ InfoRow.swift,\ KeyValueSectionViewModel.swift,\ LoggerStoreSizeChart.swift,\ NetworkInspectorMetricsView.swift,\ NetworkInspectorTransactionView.swift,\ NetworkInspectorTransferInfoView.swift /Users/admin/builder/spi-builder-workspace/Sources/PulseUI/Helpers/UXKit.swift /Users/admin/builder/spi-builder-workspace/Sources/PulseUI/Helpers/UserSettings.swift /Users/admin/builder/spi-builder-workspace/Sources/PulseUI/Helpers/ValuesRange.swift /Users/admin/builder/spi-builder-workspace/Sources/PulseUI/Mocks/MockStore.swift /Users/admin/builder/spi-builder-workspace/Sources/PulseUI/Mocks/MockTask.swift /Users/admin/builder/spi-builder-workspace/Sources/PulseUI/Mocks/PulseDemoView.swift /Users/admin/builder/spi-builder-workspace/Sources/PulseUI/Views/Checkbox.swift /Users/admin/builder/spi-builder-workspace/Sources/PulseUI/Views/ContextMenus.swift /Users/admin/builder/spi-builder-workspace/Sources/PulseUI/Views/DateRangePicker.swift /Users/admin/builder/spi-builder-workspace/Sources/PulseUI/Views/ImageViewer.swift /Users/admin/builder/spi-builder-workspace/Sources/PulseUI/Views/InfoRow.swift /Users/admin/builder/spi-builder-workspace/Sources/PulseUI/Views/KeyValueSectionViewModel.swift /Users/admin/builder/spi-builder-workspace/Sources/PulseUI/Views/LoggerStoreSizeChart.swift /Users/admin/builder/spi-builder-workspace/Sources/PulseUI/Views/Metrics/NetworkInspectorMetricsView.swift /Users/admin/builder/spi-builder-workspace/Sources/PulseUI/Views/Metrics/NetworkInspectorTransactionView.swift /Users/admin/builder/spi-builder-workspace/Sources/PulseUI/Views/Metrics/NetworkInspectorTransferInfoView.swift (in target 'PulseUI' from project 'Pulse')
SwiftCompile normal arm64_32 /Users/admin/builder/spi-builder-workspace/Sources/PulseUI/Helpers/UXKit.swift (in target 'PulseUI' from project 'Pulse')
cd /Users/admin/builder/spi-builder-workspace/.swiftpm/xcode
SwiftCompile normal arm64_32 /Users/admin/builder/spi-builder-workspace/Sources/PulseUI/Helpers/UserSettings.swift (in target 'PulseUI' from project 'Pulse')
cd /Users/admin/builder/spi-builder-workspace/.swiftpm/xcode
SwiftCompile normal arm64_32 /Users/admin/builder/spi-builder-workspace/Sources/PulseUI/Helpers/ValuesRange.swift (in target 'PulseUI' from project 'Pulse')
cd /Users/admin/builder/spi-builder-workspace/.swiftpm/xcode
SwiftCompile normal arm64_32 /Users/admin/builder/spi-builder-workspace/Sources/PulseUI/Mocks/MockStore.swift (in target 'PulseUI' from project 'Pulse')
cd /Users/admin/builder/spi-builder-workspace/.swiftpm/xcode
SwiftCompile normal arm64_32 /Users/admin/builder/spi-builder-workspace/Sources/PulseUI/Mocks/MockTask.swift (in target 'PulseUI' from project 'Pulse')
cd /Users/admin/builder/spi-builder-workspace/.swiftpm/xcode
SwiftCompile normal arm64_32 /Users/admin/builder/spi-builder-workspace/Sources/PulseUI/Mocks/PulseDemoView.swift (in target 'PulseUI' from project 'Pulse')
cd /Users/admin/builder/spi-builder-workspace/.swiftpm/xcode
SwiftCompile normal arm64_32 /Users/admin/builder/spi-builder-workspace/Sources/PulseUI/Views/Checkbox.swift (in target 'PulseUI' from project 'Pulse')
cd /Users/admin/builder/spi-builder-workspace/.swiftpm/xcode
SwiftCompile normal arm64_32 /Users/admin/builder/spi-builder-workspace/Sources/PulseUI/Views/ContextMenus.swift (in target 'PulseUI' from project 'Pulse')
cd /Users/admin/builder/spi-builder-workspace/.swiftpm/xcode
SwiftCompile normal arm64_32 /Users/admin/builder/spi-builder-workspace/Sources/PulseUI/Views/DateRangePicker.swift (in target 'PulseUI' from project 'Pulse')
cd /Users/admin/builder/spi-builder-workspace/.swiftpm/xcode
SwiftCompile normal arm64_32 /Users/admin/builder/spi-builder-workspace/Sources/PulseUI/Views/ImageViewer.swift (in target 'PulseUI' from project 'Pulse')
cd /Users/admin/builder/spi-builder-workspace/.swiftpm/xcode
SwiftCompile normal arm64_32 /Users/admin/builder/spi-builder-workspace/Sources/PulseUI/Views/InfoRow.swift (in target 'PulseUI' from project 'Pulse')
cd /Users/admin/builder/spi-builder-workspace/.swiftpm/xcode
SwiftCompile normal arm64_32 /Users/admin/builder/spi-builder-workspace/Sources/PulseUI/Views/KeyValueSectionViewModel.swift (in target 'PulseUI' from project 'Pulse')
cd /Users/admin/builder/spi-builder-workspace/.swiftpm/xcode
SwiftCompile normal arm64_32 /Users/admin/builder/spi-builder-workspace/Sources/PulseUI/Views/LoggerStoreSizeChart.swift (in target 'PulseUI' from project 'Pulse')
cd /Users/admin/builder/spi-builder-workspace/.swiftpm/xcode
SwiftCompile normal arm64_32 /Users/admin/builder/spi-builder-workspace/Sources/PulseUI/Views/Metrics/NetworkInspectorMetricsView.swift (in target 'PulseUI' from project 'Pulse')
cd /Users/admin/builder/spi-builder-workspace/.swiftpm/xcode
SwiftCompile normal arm64_32 /Users/admin/builder/spi-builder-workspace/Sources/PulseUI/Views/Metrics/NetworkInspectorTransactionView.swift (in target 'PulseUI' from project 'Pulse')
cd /Users/admin/builder/spi-builder-workspace/.swiftpm/xcode
SwiftCompile normal arm64_32 /Users/admin/builder/spi-builder-workspace/Sources/PulseUI/Views/Metrics/NetworkInspectorTransferInfoView.swift (in target 'PulseUI' from project 'Pulse')
cd /Users/admin/builder/spi-builder-workspace/.swiftpm/xcode
SwiftCompile normal arm64_32 Compiling\ NetworkRequestInfoCell.swift,\ NetworkRequestStatusCell.swift,\ NetworkRequestStatusSectionView.swift,\ NetworkResponseBodyCell.swift,\ NetworkDetailsView.swift,\ NetworkInspectorRequestBodyView.swift,\ NetworkInspectorResponseBodyView.swift,\ NetworkInspectorView-shared.swift,\ NetworkInspectorView-tvos.swift,\ NetworkInspectorView-watchos.swift,\ NetworkInspectorView.swift,\ ConsoleMessageDetailsView.swift,\ ConsoleMessageMetadataView.swift,\ RemoteLoggerEnterPasswordView.swift,\ RemoteLoggerErrorView.swift,\ RemoteLoggerSelectedDeviceView.swift /Users/admin/builder/spi-builder-workspace/Sources/PulseUI/Features/Inspector/Cells/NetworkRequestInfoCell.swift /Users/admin/builder/spi-builder-workspace/Sources/PulseUI/Features/Inspector/Cells/NetworkRequestStatusCell.swift /Users/admin/builder/spi-builder-workspace/Sources/PulseUI/Features/Inspector/Cells/NetworkRequestStatusSectionView.swift /Users/admin/builder/spi-builder-workspace/Sources/PulseUI/Features/Inspector/Cells/NetworkResponseBodyCell.swift /Users/admin/builder/spi-builder-workspace/Sources/PulseUI/Features/Inspector/NetworkDetailsView.swift /Users/admin/builder/spi-builder-workspace/Sources/PulseUI/Features/Inspector/NetworkInspectorRequestBodyView.swift /Users/admin/builder/spi-builder-workspace/Sources/PulseUI/Features/Inspector/NetworkInspectorResponseBodyView.swift /Users/admin/builder/spi-builder-workspace/Sources/PulseUI/Features/Inspector/NetworkInspectorView-shared.swift /Users/admin/builder/spi-builder-workspace/Sources/PulseUI/Features/Inspector/NetworkInspectorView-tvos.swift /Users/admin/builder/spi-builder-workspace/Sources/PulseUI/Features/Inspector/NetworkInspectorView-watchos.swift /Users/admin/builder/spi-builder-workspace/Sources/PulseUI/Features/Inspector/NetworkInspectorView.swift /Users/admin/builder/spi-builder-workspace/Sources/PulseUI/Features/MessageDetails/ConsoleMessageDetailsView.swift /Users/admin/builder/spi-builder-workspace/Sources/PulseUI/Features/MessageDetails/ConsoleMessageMetadataView.swift /Users/admin/builder/spi-builder-workspace/Sources/PulseUI/Features/Remote/RemoteLoggerEnterPasswordView.swift /Users/admin/builder/spi-builder-workspace/Sources/PulseUI/Features/Remote/RemoteLoggerErrorView.swift /Users/admin/builder/spi-builder-workspace/Sources/PulseUI/Features/Remote/RemoteLoggerSelectedDeviceView.swift (in target 'PulseUI' from project 'Pulse')
SwiftDriverJobDiscovery normal arm64 Compiling NetworkRequestInfoCell.swift, NetworkRequestStatusCell.swift, NetworkRequestStatusSectionView.swift, NetworkResponseBodyCell.swift, NetworkDetailsView.swift, NetworkInspectorRequestBodyView.swift, NetworkInspectorResponseBodyView.swift, NetworkInspectorView-shared.swift, NetworkInspectorView-tvos.swift, NetworkInspectorView-watchos.swift, NetworkInspectorView.swift, ConsoleMessageDetailsView.swift, ConsoleMessageMetadataView.swift, RemoteLoggerEnterPasswordView.swift, RemoteLoggerErrorView.swift, RemoteLoggerSelectedDeviceView.swift (in target 'PulseUI' from project 'Pulse')
SwiftCompile normal arm64 Compiling\ HARDocument.swift,\ HTTPMethod.swift,\ LoggerStoreIndex.swift,\ ManagedObjectsCountObserver.swift,\ ManagedObjectsObserver.swift,\ Regex.swift,\ ShareItems.swift,\ ShareStoreTask.swift,\ StatusLabelViewModel.swift,\ StringSearchOptions.swift,\ TextHelper.swift,\ TextRenderer.swift,\ TextRendererHTML.swift,\ TextRendererJSON.swift,\ TextUtilities.swift,\ UIKit+Extensions.swift /Users/admin/builder/spi-builder-workspace/Sources/PulseUI/Helpers/HARDocument.swift /Users/admin/builder/spi-builder-workspace/Sources/PulseUI/Helpers/HTTPMethod.swift /Users/admin/builder/spi-builder-workspace/Sources/PulseUI/Helpers/LoggerStoreIndex.swift /Users/admin/builder/spi-builder-workspace/Sources/PulseUI/Helpers/ManagedObjectsCountObserver.swift /Users/admin/builder/spi-builder-workspace/Sources/PulseUI/Helpers/ManagedObjectsObserver.swift /Users/admin/builder/spi-builder-workspace/Sources/PulseUI/Helpers/Regex.swift /Users/admin/builder/spi-builder-workspace/Sources/PulseUI/Helpers/ShareItems.swift /Users/admin/builder/spi-builder-workspace/Sources/PulseUI/Helpers/ShareStoreTask.swift /Users/admin/builder/spi-builder-workspace/Sources/PulseUI/Helpers/StatusLabelViewModel.swift /Users/admin/builder/spi-builder-workspace/Sources/PulseUI/Helpers/StringSearchOptions.swift /Users/admin/builder/spi-builder-workspace/Sources/PulseUI/Helpers/TextHelper.swift /Users/admin/builder/spi-builder-workspace/Sources/PulseUI/Helpers/TextRenderer.swift /Users/admin/builder/spi-builder-workspace/Sources/PulseUI/Helpers/TextRendererHTML.swift /Users/admin/builder/spi-builder-workspace/Sources/PulseUI/Helpers/TextRendererJSON.swift /Users/admin/builder/spi-builder-workspace/Sources/PulseUI/Helpers/TextUtilities.swift /Users/admin/builder/spi-builder-workspace/Sources/PulseUI/Helpers/UIKit+Extensions.swift (in target 'PulseUI' from project 'Pulse')
Command SwiftCompile failed with a nonzero exit code
** BUILD FAILED **
The following build commands failed:
SwiftCompile normal arm64_32 Compiling\ Foundation+Extensions.swift,\ NSAttributedString+Extensions.swift,\ Pulse+Extensions.swift,\ SwiftUI+Extensions.swift,\ ConsoleDelegate.swift,\ ConsoleEnvironment.swift,\ ConsoleView-ios.swift,\ ConsoleView-tvos.swift,\ ConsoleView-watchos.swift,\ ConsoleView.swift,\ CollapsedSectionsCache.swift,\ ConsoleDataSource.swift,\ ConsoleListContentView.swift,\ ConsoleListOptions.swift,\ ConsoleListView.swift,\ ConsoleListViewModel.swift,\ PredicateOptions.swift /Users/admin/builder/spi-builder-workspace/Sources/PulseUI/Extensions/Foundation+Extensions.swift /Users/admin/builder/spi-builder-workspace/Sources/PulseUI/Extensions/NSAttributedString+Extensions.swift /Users/admin/builder/spi-builder-workspace/Sources/PulseUI/Extensions/Pulse+Extensions.swift /Users/admin/builder/spi-builder-workspace/Sources/PulseUI/Extensions/SwiftUI+Extensions.swift /Users/admin/builder/spi-builder-workspace/Sources/PulseUI/Features/Console/ConsoleDelegate.swift /Users/admin/builder/spi-builder-workspace/Sources/PulseUI/Features/Console/ConsoleEnvironment.swift /Users/admin/builder/spi-builder-workspace/Sources/PulseUI/Features/Console/ConsoleView-ios.swift /Users/admin/builder/spi-builder-workspace/Sources/PulseUI/Features/Console/ConsoleView-tvos.swift /Users/admin/builder/spi-builder-workspace/Sources/PulseUI/Features/Console/ConsoleView-watchos.swift /Users/admin/builder/spi-builder-workspace/Sources/PulseUI/Features/Console/ConsoleView.swift /Users/admin/builder/spi-builder-workspace/Sources/PulseUI/Features/Console/List/CollapsedSectionsCache.swift /Users/admin/builder/spi-builder-workspace/Sources/PulseUI/Features/Console/List/ConsoleDataSource.swift /Users/admin/builder/spi-builder-workspace/Sources/PulseUI/Features/Console/List/ConsoleListContentView.swift /Users/admin/builder/spi-builder-workspace/Sources/PulseUI/Features/Console/List/ConsoleListOptions.swift /Users/admin/builder/spi-builder-workspace/Sources/PulseUI/Features/Console/List/ConsoleListView.swift /Users/admin/builder/spi-builder-workspace/Sources/PulseUI/Features/Console/List/ConsoleListViewModel.swift /Users/admin/builder/spi-builder-workspace/Sources/PulseUI/Features/Console/List/PredicateOptions.swift (in target 'PulseUI' from project 'Pulse')
SwiftCompile normal arm64_32 /Users/admin/builder/spi-builder-workspace/Sources/PulseUI/Extensions/SwiftUI+Extensions.swift (in target 'PulseUI' from project 'Pulse')
SwiftCompile normal arm64 Compiling\ HARDocument.swift,\ HTTPMethod.swift,\ LoggerStoreIndex.swift,\ ManagedObjectsCountObserver.swift,\ ManagedObjectsObserver.swift,\ Regex.swift,\ ShareItems.swift,\ ShareStoreTask.swift,\ StatusLabelViewModel.swift,\ StringSearchOptions.swift,\ TextHelper.swift,\ TextRenderer.swift,\ TextRendererHTML.swift,\ TextRendererJSON.swift,\ TextUtilities.swift,\ UIKit+Extensions.swift /Users/admin/builder/spi-builder-workspace/Sources/PulseUI/Helpers/HARDocument.swift /Users/admin/builder/spi-builder-workspace/Sources/PulseUI/Helpers/HTTPMethod.swift /Users/admin/builder/spi-builder-workspace/Sources/PulseUI/Helpers/LoggerStoreIndex.swift /Users/admin/builder/spi-builder-workspace/Sources/PulseUI/Helpers/ManagedObjectsCountObserver.swift /Users/admin/builder/spi-builder-workspace/Sources/PulseUI/Helpers/ManagedObjectsObserver.swift /Users/admin/builder/spi-builder-workspace/Sources/PulseUI/Helpers/Regex.swift /Users/admin/builder/spi-builder-workspace/Sources/PulseUI/Helpers/ShareItems.swift /Users/admin/builder/spi-builder-workspace/Sources/PulseUI/Helpers/ShareStoreTask.swift /Users/admin/builder/spi-builder-workspace/Sources/PulseUI/Helpers/StatusLabelViewModel.swift /Users/admin/builder/spi-builder-workspace/Sources/PulseUI/Helpers/StringSearchOptions.swift /Users/admin/builder/spi-builder-workspace/Sources/PulseUI/Helpers/TextHelper.swift /Users/admin/builder/spi-builder-workspace/Sources/PulseUI/Helpers/TextRenderer.swift /Users/admin/builder/spi-builder-workspace/Sources/PulseUI/Helpers/TextRendererHTML.swift /Users/admin/builder/spi-builder-workspace/Sources/PulseUI/Helpers/TextRendererJSON.swift /Users/admin/builder/spi-builder-workspace/Sources/PulseUI/Helpers/TextUtilities.swift /Users/admin/builder/spi-builder-workspace/Sources/PulseUI/Helpers/UIKit+Extensions.swift (in target 'PulseUI' from project 'Pulse')
Building workspace spi-builder-workspace with scheme Pulse-Package
(4 failures)
Command line invocation:
/Applications/Xcode-16.3.0.app/Contents/Developer/usr/bin/xcodebuild -IDEClonedSourcePackagesDirPathOverride=/Users/admin/builder/spi-builder-workspace/.dependencies -resolvePackageDependencies
Resolve Package Graph
Resolved source packages:
Pulse: /Users/admin/builder/spi-builder-workspace
resolved source packages: Pulse
{
"dependencies" : [
],
"manifest_display_name" : "Pulse",
"name" : "Pulse",
"path" : "/Users/admin/builder/spi-builder-workspace",
"platforms" : [
{
"name" : "ios",
"version" : "15.0"
},
{
"name" : "tvos",
"version" : "15.0"
},
{
"name" : "macos",
"version" : "13.0"
},
{
"name" : "watchos",
"version" : "9.0"
},
{
"name" : "visionos",
"version" : "1.0"
}
],
"products" : [
{
"name" : "Pulse",
"targets" : [
"Pulse"
],
"type" : {
"library" : [
"automatic"
]
}
},
{
"name" : "PulseProxy",
"targets" : [
"PulseProxy"
],
"type" : {
"library" : [
"automatic"
]
}
},
{
"name" : "PulseUI",
"targets" : [
"PulseUI"
],
"type" : {
"library" : [
"automatic"
]
}
}
],
"targets" : [
{
"c99name" : "PulseUI",
"module_type" : "SwiftTarget",
"name" : "PulseUI",
"path" : "Sources/PulseUI",
"product_memberships" : [
"PulseUI"
],
"sources" : [
"Extensions/Foundation+Extensions.swift",
"Extensions/NSAttributedString+Extensions.swift",
"Extensions/Pulse+Extensions.swift",
"Extensions/SwiftUI+Extensions.swift",
"Features/Console/ConsoleDelegate.swift",
"Features/Console/ConsoleEnvironment.swift",
"Features/Console/ConsoleView-ios.swift",
"Features/Console/ConsoleView-tvos.swift",
"Features/Console/ConsoleView-watchos.swift",
"Features/Console/ConsoleView.swift",
"Features/Console/List/CollapsedSectionsCache.swift",
"Features/Console/List/ConsoleDataSource.swift",
"Features/Console/List/ConsoleListContentView.swift",
"Features/Console/List/ConsoleListOptions.swift",
"Features/Console/List/ConsoleListView.swift",
"Features/Console/List/ConsoleListViewModel.swift",
"Features/Console/List/PredicateOptions.swift",
"Features/Console/Views/ConsoleContextMenu.swift",
"Features/Console/Views/ConsoleEntityCell.swift",
"Features/Console/Views/ConsoleHelperViews.swift",
"Features/Console/Views/ConsoleListDisplaySettings.swift",
"Features/Console/Views/ConsoleMessageCell.swift",
"Features/Console/Views/ConsoleNavigationTitleView.swift",
"Features/Console/Views/ConsoleRouterView.swift",
"Features/Console/Views/ConsoleTaskCell.swift",
"Features/Console/Views/ConsoleToolbarView.swift",
"Features/FileViewer/FileViewer.swift",
"Features/FileViewer/FileViewerViewModel.swift",
"Features/FileViewer/RichTextView/RichTextView-tvos.swift",
"Features/FileViewer/RichTextView/RichTextView-watchos.swift",
"Features/FileViewer/RichTextView/RichTextView.swift",
"Features/FileViewer/RichTextView/RichTextViewModel.swift",
"Features/FileViewer/RichTextView/RichTextViewSearchToobar-ios.swift",
"Features/FileViewer/RichTextView/WrappedTextView.swift",
"Features/Filters/Cells/ConsoleSearchContentTypeCell.swift",
"Features/Filters/Cells/ConsoleSearchDurationCell.swift",
"Features/Filters/Cells/ConsoleSearchHTTPMethodCell.swift",
"Features/Filters/Cells/ConsoleSearchLogLevelsCell.swift",
"Features/Filters/Cells/ConsoleSearchRequestSizeCell.swift",
"Features/Filters/Cells/ConsoleSearchRequestStateCell.swift",
"Features/Filters/Cells/ConsoleSearchResponseSizeCell.swift",
"Features/Filters/Cells/ConsoleSearchResponseSourceCell.swift",
"Features/Filters/Cells/ConsoleSearchStatusCodeCell.swift",
"Features/Filters/Cells/ConsoleSearchTaskTypeCell.swift",
"Features/Filters/Cells/ConsoleSearchTimePeriodCell.swift",
"Features/Filters/Cells/ConsoleSearchToggleCell.swift",
"Features/Filters/ConsoleFilterViewModel.swift",
"Features/Filters/ConsoleFiltersView.swift",
"Features/Filters/ConsoleRecentFiltersStore.swift",
"Features/Filters/ConsoleRecentFiltersView.swift",
"Features/Filters/Predicates/ConsoleCustomFilter.swift",
"Features/Filters/Predicates/ConsoleFilters+Predicates.swift",
"Features/Filters/Predicates/ConsoleFilters.swift",
"Features/Filters/Views/ConsoleCustomFilterEditSheet.swift",
"Features/Filters/Views/ConsoleDomainsSelectionView.swift",
"Features/Filters/Views/ConsoleLabelsSelectionView.swift",
"Features/Filters/Views/ConsoleSearchCustomFiltersSection.swift",
"Features/Filters/Views/ConsoleSearchListSelectionView.swift",
"Features/Filters/Views/ConsoleSearchSectionHeader.swift",
"Features/Filters/Views/ConsoleSection.swift",
"Features/Filters/Views/ConsoleSessionsPickerView.swift",
"Features/Inspector/Cells/NetworkCURLCell.swift",
"Features/Inspector/Cells/NetworkCookiesCell.swift",
"Features/Inspector/Cells/NetworkHeadersCell.swift",
"Features/Inspector/Cells/NetworkMenuCell.swift",
"Features/Inspector/Cells/NetworkMetricsCell.swift",
"Features/Inspector/Cells/NetworkRequestBodyCell.swift",
"Features/Inspector/Cells/NetworkRequestInfoCell.swift",
"Features/Inspector/Cells/NetworkRequestStatusCell.swift",
"Features/Inspector/Cells/NetworkRequestStatusSectionView.swift",
"Features/Inspector/Cells/NetworkResponseBodyCell.swift",
"Features/Inspector/NetworkDetailsView.swift",
"Features/Inspector/NetworkInspectorRequestBodyView.swift",
"Features/Inspector/NetworkInspectorResponseBodyView.swift",
"Features/Inspector/NetworkInspectorView-shared.swift",
"Features/Inspector/NetworkInspectorView-tvos.swift",
"Features/Inspector/NetworkInspectorView-watchos.swift",
"Features/Inspector/NetworkInspectorView.swift",
"Features/MessageDetails/ConsoleMessageDetailsView.swift",
"Features/MessageDetails/ConsoleMessageMetadataView.swift",
"Features/Remote/RemoteLoggerEnterPasswordView.swift",
"Features/Remote/RemoteLoggerErrorView.swift",
"Features/Remote/RemoteLoggerSelectedDeviceView.swift",
"Features/Remote/RemoteLoggerSettingsView.swift",
"Features/Remote/RemoteLoggerSettingsViewModel.swift",
"Features/Search/ConsoleSearchListContentView.swift",
"Features/Search/ConsoleSearchViewModel.swift",
"Features/Search/Services/ConsoleNetworkSearchSuggestionsService.swift",
"Features/Search/Services/ConsoleSearchMatcher.swift",
"Features/Search/Services/ConsoleSearchOccurrence.swift",
"Features/Search/Services/ConsoleSearchRecentSearchesStore.swift",
"Features/Search/Services/ConsoleSearchScope.swift",
"Features/Search/Services/ConsoleSearchService.swift",
"Features/Search/Services/ConsoleSearchSession.swift",
"Features/Search/Services/ConsoleSearchTerm.swift",
"Features/Search/Services/ConsoleSearchToken+Parsers.swift",
"Features/Search/Services/ConsoleSearchToken.swift",
"Features/Search/Views/ConsoleSearchDynamicSuggestionsListView.swift",
"Features/Search/Views/ConsoleSearchEmptyResultsView.swift",
"Features/Search/Views/ConsoleSearchOptionsSheet.swift",
"Features/Search/Views/ConsoleSearchResultsSectionView.swift",
"Features/Search/Views/ConsoleSearchSuggestionView.swift",
"Features/Sessions/SessionListView.swift",
"Features/Sessions/SessionPickerView.swift",
"Features/Sessions/SessionPreviewView.swift",
"Features/Sessions/SessionsView-watchos.swift",
"Features/Sessions/SessionsView.swift",
"Features/Settings/SettingsView-ios.swift",
"Features/Settings/SettingsView-macos.swift",
"Features/Settings/SettingsView-tvos.swift",
"Features/Settings/SettingsView-watchos.swift",
"Features/Settings/StoreDetailsView.swift",
"Helpers/DecodingErrorsPreviews.swift",
"Helpers/FileViewModelContext.swift",
"Helpers/Formatters.swift",
"Helpers/HARDocument.swift",
"Helpers/HTTPMethod.swift",
"Helpers/LoggerStoreIndex.swift",
"Helpers/ManagedObjectsCountObserver.swift",
"Helpers/ManagedObjectsObserver.swift",
"Helpers/Regex.swift",
"Helpers/ShareItems.swift",
"Helpers/ShareStoreTask.swift",
"Helpers/StatusLabelViewModel.swift",
"Helpers/StringSearchOptions.swift",
"Helpers/TextHelper.swift",
"Helpers/TextRenderer.swift",
"Helpers/TextRendererHTML.swift",
"Helpers/TextRendererJSON.swift",
"Helpers/TextUtilities.swift",
"Helpers/UIKit+Extensions.swift",
"Helpers/UXKit.swift",
"Helpers/UserSettings.swift",
"Helpers/ValuesRange.swift",
"Mocks/MockStore.swift",
"Mocks/MockTask.swift",
"Mocks/PulseDemoView.swift",
"Views/Checkbox.swift",
"Views/ContextMenus.swift",
"Views/DateRangePicker.swift",
"Views/ImageViewer.swift",
"Views/InfoRow.swift",
"Views/KeyValueSectionViewModel.swift",
"Views/LoggerStoreSizeChart.swift",
"Views/Metrics/NetworkInspectorMetricsView.swift",
"Views/Metrics/NetworkInspectorTransactionView.swift",
"Views/Metrics/NetworkInspectorTransferInfoView.swift",
"Views/Metrics/TimingViewModel+Metrics.swift",
"Views/PDFRepresentedView.swift",
"Views/PlaceholderView.swift",
"Views/PulseUI+UIKit.swift",
"Views/RangePicker.swift",
"Views/SectionHeaderView.swift",
"Views/ShareStoreView.swift",
"Views/ShareStoreViewModel.swift",
"Views/ShareView.swift",
"Views/SpinnerView.swift",
"Views/StringSearchCompactOptionsView.swift",
"Views/SuggestionPills.swift",
"Views/TextView.swift",
"Views/TimingView.swift",
"Views/ToolbarPill.swift",
"Views/WebView.swift"
],
"target_dependencies" : [
"Pulse"
],
"type" : "library"
},
{
"c99name" : "PulseProxy",
"module_type" : "SwiftTarget",
"name" : "PulseProxy",
"path" : "Sources/PulseProxy",
"product_memberships" : [
"PulseProxy"
],
"sources" : [
"URLSessionSwizzler.swift"
],
"target_dependencies" : [
"Pulse"
],
"type" : "library"
},
{
"c99name" : "PulseObjCHelpers",
"module_type" : "ClangTarget",
"name" : "PulseObjCHelpers",
"path" : "Sources/PulseObjCHelpers",
"product_memberships" : [
"Pulse",
"PulseProxy",
"PulseUI"
],
"sources" : [
"PulseObjCHelpers.m"
],
"type" : "library"
},
{
"c99name" : "Pulse",
"module_type" : "SwiftTarget",
"name" : "Pulse",
"path" : "Sources/Pulse",
"product_memberships" : [
"Pulse",
"PulseProxy",
"PulseUI"
],
"sources" : [
"Helpers/CoreData+Extensions.swift",
"Helpers/Helpers.swift",
"Helpers/ImageProcessor.swift",
"Helpers/Keychain.swift",
"Helpers/LoggerSession.swift",
"Helpers/Mutex.swift",
"Helpers/PulseDocument.swift",
"Helpers/Regex.swift",
"LoggerStore/LoggerStore+Configuration.swift",
"LoggerStore/LoggerStore+Entities.swift",
"LoggerStore/LoggerStore+Event.swift",
"LoggerStore/LoggerStore+Info.swift",
"LoggerStore/LoggerStore+Level.swift",
"LoggerStore/LoggerStore+Model.swift",
"LoggerStore/LoggerStore+Version.swift",
"LoggerStore/LoggerStore.swift",
"LoggerStore/LoggerStoreProtocol.swift",
"NetworkDebugger/MockingURLProtocol.swift",
"NetworkDebugger/NetworkDebugger.swift",
"NetworkLogger/NetworkLogger+Entities.swift",
"NetworkLogger/NetworkLogger+Redacting.swift",
"NetworkLogger/NetworkLogger.swift",
"RemoteLogger/RemoteLogger-Connection.swift",
"RemoteLogger/RemoteLogger-Protocol.swift",
"RemoteLogger/RemoteLogger.swift",
"URLSessionProxy/URLSessionProtocol.swift",
"URLSessionProxy/URLSessionProxy.swift",
"URLSessionProxy/URLSessionProxyDelegate+AutomaticRegistration.swift",
"URLSessionProxy/URLSessionProxyDelegate.swift"
],
"target_dependencies" : [
"PulseObjCHelpers"
],
"type" : "library"
}
],
"tools_version" : "5.10"
}
{
"workspace" : {
"name" : "spi-builder-workspace",
"schemes" : [
"Pulse",
"Pulse-Package",
"PulseProxy",
"PulseUI"
]
}
}
Running build ...
env DEVELOPER_DIR=/Applications/Xcode-16.3.0.app xcrun xcodebuild -IDEClonedSourcePackagesDirPathOverride=$PWD/.dependencies -skipMacroValidation -skipPackagePluginValidation -derivedDataPath $PWD/.derivedData build -scheme Pulse-Package -destination generic/platform=watchOS
Command line invocation:
/Applications/Xcode-16.3.0.app/Contents/Developer/usr/bin/xcodebuild -IDEClonedSourcePackagesDirPathOverride=/Users/admin/builder/spi-builder-workspace/.dependencies -skipMacroValidation -skipPackagePluginValidation -derivedDataPath /Users/admin/builder/spi-builder-workspace/.derivedData build -scheme Pulse-Package -destination generic/platform=watchOS
Resolve Package Graph
Resolved source packages:
Pulse: /Users/admin/builder/spi-builder-workspace
ComputePackagePrebuildTargetDependencyGraph
Prepare packages
CreateBuildRequest
SendProjectDescription
CreateBuildOperation
ComputeTargetDependencyGraph
note: Building targets in dependency order
note: Target dependency graph (7 targets)
Target 'PulseUI' in project 'Pulse'
➜ Explicit dependency on target 'PulseUI' in project 'Pulse'
➜ Explicit dependency on target 'PulseObjCHelpers' in project 'Pulse'
➜ Explicit dependency on target 'Pulse' in project 'Pulse'
Target 'PulseUI' in project 'Pulse'
➜ Explicit dependency on target 'PulseObjCHelpers' in project 'Pulse'
➜ Explicit dependency on target 'Pulse' in project 'Pulse'
Target 'PulseProxy' in project 'Pulse'
➜ Explicit dependency on target 'PulseProxy' in project 'Pulse'
➜ Explicit dependency on target 'PulseObjCHelpers' in project 'Pulse'
➜ Explicit dependency on target 'Pulse' in project 'Pulse'
Target 'PulseProxy' in project 'Pulse'
➜ Explicit dependency on target 'PulseObjCHelpers' in project 'Pulse'
➜ Explicit dependency on target 'Pulse' in project 'Pulse'
Target 'Pulse' in project 'Pulse'
➜ Explicit dependency on target 'Pulse' in project 'Pulse'
➜ Explicit dependency on target 'PulseObjCHelpers' in project 'Pulse'
Target 'Pulse' in project 'Pulse'
➜ Explicit dependency on target 'PulseObjCHelpers' in project 'Pulse'
Target 'PulseObjCHelpers' in project 'Pulse' (no dependencies)
GatherProvisioningInputs
CreateBuildDescription
ExecuteExternalTool /Applications/Xcode-16.3.0.app/Contents/Developer/Toolchains/XcodeDefault.xctoolchain/usr/bin/clang -v -E -dM -arch arm64 -isysroot /Applications/Xcode-16.3.0.app/Contents/Developer/Platforms/WatchOS.platform/Developer/SDKs/WatchOS11.4.sdk -x objective-c -c /dev/null
ExecuteExternalTool /Applications/Xcode-16.3.0.app/Contents/Developer/Toolchains/XcodeDefault.xctoolchain/usr/bin/swiftc --version
ExecuteExternalTool /Applications/Xcode-16.3.0.app/Contents/Developer/Toolchains/XcodeDefault.xctoolchain/usr/bin/clang -v -E -dM -isysroot /Applications/Xcode-16.3.0.app/Contents/Developer/Platforms/WatchOS.platform/Developer/SDKs/WatchOS11.4.sdk -x c -c /dev/null
ExecuteExternalTool /Applications/Xcode-16.3.0.app/Contents/Developer/Toolchains/XcodeDefault.xctoolchain/usr/bin/ld -version_details
ExecuteExternalTool /Applications/Xcode-16.3.0.app/Contents/Developer/Toolchains/XcodeDefault.xctoolchain/usr/bin/clang -v -E -dM -arch arm64 -isysroot /Applications/Xcode-16.3.0.app/Contents/Developer/Platforms/WatchOS.platform/Developer/SDKs/WatchOS11.4.sdk -x c -c /dev/null
ExecuteExternalTool /Applications/Xcode-16.3.0.app/Contents/Developer/Toolchains/XcodeDefault.xctoolchain/usr/bin/clang -v -E -dM -arch arm64_32 -isysroot /Applications/Xcode-16.3.0.app/Contents/Developer/Platforms/WatchOS.platform/Developer/SDKs/WatchOS11.4.sdk -x objective-c -c /dev/null
ExecuteExternalTool /Applications/Xcode-16.3.0.app/Contents/Developer/Toolchains/XcodeDefault.xctoolchain/usr/bin/clang -v -E -dM -arch arm64_32 -isysroot /Applications/Xcode-16.3.0.app/Contents/Developer/Platforms/WatchOS.platform/Developer/SDKs/WatchOS11.4.sdk -x c -c /dev/null
ReadFileContents /Applications/Xcode-16.3.0.app/Contents/Developer/Toolchains/XcodeDefault.xctoolchain/usr/share/docc/features.json
Build description signature: 90ab3f347c1f1c0e7a110a8bb20af57e
Build description path: /Users/admin/builder/spi-builder-workspace/.derivedData/Build/Intermediates.noindex/XCBuildData/90ab3f347c1f1c0e7a110a8bb20af57e.xcbuilddata
ClangStatCache /Applications/Xcode-16.3.0.app/Contents/Developer/Toolchains/XcodeDefault.xctoolchain/usr/bin/clang-stat-cache /Applications/Xcode-16.3.0.app/Contents/Developer/Platforms/WatchOS.platform/Developer/SDKs/WatchOS11.4.sdk /Users/admin/builder/spi-builder-workspace/.derivedData/SDKStatCaches.noindex/watchos11.4-22T246-43efb940ff07ba2497b70ec94253f576.sdkstatcache
cd /Users/admin/builder/spi-builder-workspace/.swiftpm/xcode
/Applications/Xcode-16.3.0.app/Contents/Developer/Toolchains/XcodeDefault.xctoolchain/usr/bin/clang-stat-cache /Applications/Xcode-16.3.0.app/Contents/Developer/Platforms/WatchOS.platform/Developer/SDKs/WatchOS11.4.sdk -o /Users/admin/builder/spi-builder-workspace/.derivedData/SDKStatCaches.noindex/watchos11.4-22T246-43efb940ff07ba2497b70ec94253f576.sdkstatcache
SwiftDriver Pulse normal arm64 com.apple.xcode.tools.swift.compiler (in target 'Pulse' from project 'Pulse')
cd /Users/admin/builder/spi-builder-workspace/.swiftpm/xcode
builtin-SwiftDriver -- /Applications/Xcode-16.3.0.app/Contents/Developer/Toolchains/XcodeDefault.xctoolchain/usr/bin/swiftc -module-name Pulse -Onone -enforce-exclusivity\=checked @/Users/admin/builder/spi-builder-workspace/.derivedData/Build/Intermediates.noindex/Pulse.build/Debug-watchos/Pulse.build/Objects-normal/arm64/Pulse.SwiftFileList -DSWIFT_PACKAGE -DDEBUG -Xcc -fmodule-map-file\=/Users/admin/builder/spi-builder-workspace/.derivedData/Build/Intermediates.noindex/GeneratedModuleMaps-watchos/PulseObjCHelpers.modulemap -DXcode -plugin-path /Applications/Xcode-16.3.0.app/Contents/Developer/Toolchains/XcodeDefault.xctoolchain/usr/lib/swift/host/plugins/testing -enable-experimental-feature DebugDescriptionMacro -sdk /Applications/Xcode-16.3.0.app/Contents/Developer/Platforms/WatchOS.platform/Developer/SDKs/WatchOS11.4.sdk -target arm64-apple-watchos9.0 -g -module-cache-path /Users/admin/builder/spi-builder-workspace/.derivedData/ModuleCache.noindex -Xfrontend -serialize-debugging-options -enable-testing -index-store-path /Users/admin/builder/spi-builder-workspace/.derivedData/Index.noindex/DataStore -swift-version 5 -I /Users/admin/builder/spi-builder-workspace/.derivedData/Build/Products/Debug-watchos -I /Applications/Xcode-16.3.0.app/Contents/Developer/Platforms/WatchOS.platform/Developer/usr/lib -F /Users/admin/builder/spi-builder-workspace/.derivedData/Build/Products/Debug-watchos/PackageFrameworks -F /Users/admin/builder/spi-builder-workspace/.derivedData/Build/Products/Debug-watchos -F /Applications/Xcode-16.3.0.app/Contents/Developer/Platforms/WatchOS.platform/Developer/Library/Frameworks -F /Applications/Xcode-16.3.0.app/Contents/Developer/Platforms/WatchOS.platform/Developer/SDKs/WatchOS11.4.sdk/Developer/Library/Frameworks -c -j10 -enable-batch-mode -incremental -Xcc -ivfsstatcache -Xcc /Users/admin/builder/spi-builder-workspace/.derivedData/SDKStatCaches.noindex/watchos11.4-22T246-43efb940ff07ba2497b70ec94253f576.sdkstatcache -output-file-map /Users/admin/builder/spi-builder-workspace/.derivedData/Build/Intermediates.noindex/Pulse.build/Debug-watchos/Pulse.build/Objects-normal/arm64/Pulse-OutputFileMap.json -use-frontend-parseable-output -save-temps -no-color-diagnostics -serialize-diagnostics -emit-dependencies -emit-module -emit-module-path /Users/admin/builder/spi-builder-workspace/.derivedData/Build/Intermediates.noindex/Pulse.build/Debug-watchos/Pulse.build/Objects-normal/arm64/Pulse.swiftmodule -validate-clang-modules-once -clang-build-session-file /Users/admin/builder/spi-builder-workspace/.derivedData/ModuleCache.noindex/Session.modulevalidation -package-name spi_builder_workspace -Xcc -I/Users/admin/builder/spi-builder-workspace/.derivedData/Build/Intermediates.noindex/Pulse.build/Debug-watchos/Pulse.build/swift-overrides.hmap -emit-const-values -Xfrontend -const-gather-protocols-file -Xfrontend /Users/admin/builder/spi-builder-workspace/.derivedData/Build/Intermediates.noindex/Pulse.build/Debug-watchos/Pulse.build/Objects-normal/arm64/Pulse_const_extract_protocols.json -Xcc -I/Users/admin/builder/spi-builder-workspace/Sources/PulseObjCHelpers/include -Xcc -I/Users/admin/builder/spi-builder-workspace/.derivedData/Build/Products/Debug-watchos/include -Xcc -I/Users/admin/builder/spi-builder-workspace/.derivedData/Build/Intermediates.noindex/Pulse.build/Debug-watchos/Pulse.build/DerivedSources-normal/arm64 -Xcc -I/Users/admin/builder/spi-builder-workspace/.derivedData/Build/Intermediates.noindex/Pulse.build/Debug-watchos/Pulse.build/DerivedSources/arm64 -Xcc -I/Users/admin/builder/spi-builder-workspace/.derivedData/Build/Intermediates.noindex/Pulse.build/Debug-watchos/Pulse.build/DerivedSources -Xcc -DSWIFT_PACKAGE -Xcc -DDEBUG\=1 -emit-objc-header -emit-objc-header-path /Users/admin/builder/spi-builder-workspace/.derivedData/Build/Intermediates.noindex/Pulse.build/Debug-watchos/Pulse.build/Objects-normal/arm64/Pulse-Swift.h -working-directory /Users/admin/builder/spi-builder-workspace/.swiftpm/xcode -experimental-emit-module-separately -disable-cmo
SwiftDriver Pulse normal arm64_32 com.apple.xcode.tools.swift.compiler (in target 'Pulse' from project 'Pulse')
cd /Users/admin/builder/spi-builder-workspace/.swiftpm/xcode
builtin-SwiftDriver -- /Applications/Xcode-16.3.0.app/Contents/Developer/Toolchains/XcodeDefault.xctoolchain/usr/bin/swiftc -module-name Pulse -Onone -enforce-exclusivity\=checked @/Users/admin/builder/spi-builder-workspace/.derivedData/Build/Intermediates.noindex/Pulse.build/Debug-watchos/Pulse.build/Objects-normal/arm64_32/Pulse.SwiftFileList -DSWIFT_PACKAGE -DDEBUG -Xcc -fmodule-map-file\=/Users/admin/builder/spi-builder-workspace/.derivedData/Build/Intermediates.noindex/GeneratedModuleMaps-watchos/PulseObjCHelpers.modulemap -DXcode -plugin-path /Applications/Xcode-16.3.0.app/Contents/Developer/Toolchains/XcodeDefault.xctoolchain/usr/lib/swift/host/plugins/testing -enable-experimental-feature DebugDescriptionMacro -sdk /Applications/Xcode-16.3.0.app/Contents/Developer/Platforms/WatchOS.platform/Developer/SDKs/WatchOS11.4.sdk -target arm64_32-apple-watchos9.0 -g -module-cache-path /Users/admin/builder/spi-builder-workspace/.derivedData/ModuleCache.noindex -Xfrontend -serialize-debugging-options -enable-testing -index-store-path /Users/admin/builder/spi-builder-workspace/.derivedData/Index.noindex/DataStore -swift-version 5 -I /Users/admin/builder/spi-builder-workspace/.derivedData/Build/Products/Debug-watchos -I /Applications/Xcode-16.3.0.app/Contents/Developer/Platforms/WatchOS.platform/Developer/usr/lib -F /Users/admin/builder/spi-builder-workspace/.derivedData/Build/Products/Debug-watchos/PackageFrameworks -F /Users/admin/builder/spi-builder-workspace/.derivedData/Build/Products/Debug-watchos -F /Applications/Xcode-16.3.0.app/Contents/Developer/Platforms/WatchOS.platform/Developer/Library/Frameworks -F /Applications/Xcode-16.3.0.app/Contents/Developer/Platforms/WatchOS.platform/Developer/SDKs/WatchOS11.4.sdk/Developer/Library/Frameworks -c -j10 -enable-batch-mode -incremental -Xcc -ivfsstatcache -Xcc /Users/admin/builder/spi-builder-workspace/.derivedData/SDKStatCaches.noindex/watchos11.4-22T246-43efb940ff07ba2497b70ec94253f576.sdkstatcache -output-file-map /Users/admin/builder/spi-builder-workspace/.derivedData/Build/Intermediates.noindex/Pulse.build/Debug-watchos/Pulse.build/Objects-normal/arm64_32/Pulse-OutputFileMap.json -use-frontend-parseable-output -save-temps -no-color-diagnostics -serialize-diagnostics -emit-dependencies -emit-module -emit-module-path /Users/admin/builder/spi-builder-workspace/.derivedData/Build/Intermediates.noindex/Pulse.build/Debug-watchos/Pulse.build/Objects-normal/arm64_32/Pulse.swiftmodule -validate-clang-modules-once -clang-build-session-file /Users/admin/builder/spi-builder-workspace/.derivedData/ModuleCache.noindex/Session.modulevalidation -package-name spi_builder_workspace -Xcc -I/Users/admin/builder/spi-builder-workspace/.derivedData/Build/Intermediates.noindex/Pulse.build/Debug-watchos/Pulse.build/swift-overrides.hmap -emit-const-values -Xfrontend -const-gather-protocols-file -Xfrontend /Users/admin/builder/spi-builder-workspace/.derivedData/Build/Intermediates.noindex/Pulse.build/Debug-watchos/Pulse.build/Objects-normal/arm64_32/Pulse_const_extract_protocols.json -Xcc -I/Users/admin/builder/spi-builder-workspace/Sources/PulseObjCHelpers/include -Xcc -I/Users/admin/builder/spi-builder-workspace/.derivedData/Build/Products/Debug-watchos/include -Xcc -I/Users/admin/builder/spi-builder-workspace/.derivedData/Build/Intermediates.noindex/Pulse.build/Debug-watchos/Pulse.build/DerivedSources-normal/arm64_32 -Xcc -I/Users/admin/builder/spi-builder-workspace/.derivedData/Build/Intermediates.noindex/Pulse.build/Debug-watchos/Pulse.build/DerivedSources/arm64_32 -Xcc -I/Users/admin/builder/spi-builder-workspace/.derivedData/Build/Intermediates.noindex/Pulse.build/Debug-watchos/Pulse.build/DerivedSources -Xcc -DSWIFT_PACKAGE -Xcc -DDEBUG\=1 -emit-objc-header -emit-objc-header-path /Users/admin/builder/spi-builder-workspace/.derivedData/Build/Intermediates.noindex/Pulse.build/Debug-watchos/Pulse.build/Objects-normal/arm64_32/Pulse-Swift.h -working-directory /Users/admin/builder/spi-builder-workspace/.swiftpm/xcode -experimental-emit-module-separately -disable-cmo
RegisterExecutionPolicyException /Users/admin/builder/spi-builder-workspace/.derivedData/Build/Products/Debug-watchos/PulseObjCHelpers.o (in target 'PulseObjCHelpers' from project 'Pulse')
cd /Users/admin/builder/spi-builder-workspace
builtin-RegisterExecutionPolicyException /Users/admin/builder/spi-builder-workspace/.derivedData/Build/Products/Debug-watchos/PulseObjCHelpers.o
SwiftCompile normal arm64_32 Compiling\ Keychain.swift,\ LoggerSession.swift,\ Mutex.swift /Users/admin/builder/spi-builder-workspace/Sources/Pulse/Helpers/Keychain.swift /Users/admin/builder/spi-builder-workspace/Sources/Pulse/Helpers/LoggerSession.swift /Users/admin/builder/spi-builder-workspace/Sources/Pulse/Helpers/Mutex.swift (in target 'Pulse' from project 'Pulse')
SwiftCompile normal arm64_32 /Users/admin/builder/spi-builder-workspace/Sources/Pulse/Helpers/Keychain.swift (in target 'Pulse' from project 'Pulse')
cd /Users/admin/builder/spi-builder-workspace/.swiftpm/xcode
SwiftCompile normal arm64_32 /Users/admin/builder/spi-builder-workspace/Sources/Pulse/Helpers/LoggerSession.swift (in target 'Pulse' from project 'Pulse')
cd /Users/admin/builder/spi-builder-workspace/.swiftpm/xcode
SwiftCompile normal arm64_32 /Users/admin/builder/spi-builder-workspace/Sources/Pulse/Helpers/Mutex.swift (in target 'Pulse' from project 'Pulse')
cd /Users/admin/builder/spi-builder-workspace/.swiftpm/xcode
SwiftCompile normal arm64_32 Compiling\ PulseDocument.swift,\ Regex.swift,\ LoggerStore+Configuration.swift /Users/admin/builder/spi-builder-workspace/Sources/Pulse/Helpers/PulseDocument.swift /Users/admin/builder/spi-builder-workspace/Sources/Pulse/Helpers/Regex.swift /Users/admin/builder/spi-builder-workspace/Sources/Pulse/LoggerStore/LoggerStore+Configuration.swift (in target 'Pulse' from project 'Pulse')
SwiftCompile normal arm64_32 /Users/admin/builder/spi-builder-workspace/Sources/Pulse/Helpers/PulseDocument.swift (in target 'Pulse' from project 'Pulse')
cd /Users/admin/builder/spi-builder-workspace/.swiftpm/xcode
SwiftCompile normal arm64_32 /Users/admin/builder/spi-builder-workspace/Sources/Pulse/Helpers/Regex.swift (in target 'Pulse' from project 'Pulse')
cd /Users/admin/builder/spi-builder-workspace/.swiftpm/xcode
SwiftCompile normal arm64_32 /Users/admin/builder/spi-builder-workspace/Sources/Pulse/LoggerStore/LoggerStore+Configuration.swift (in target 'Pulse' from project 'Pulse')
cd /Users/admin/builder/spi-builder-workspace/.swiftpm/xcode
SwiftCompile normal arm64_32 Compiling\ URLSessionProxyDelegate+AutomaticRegistration.swift,\ URLSessionProxyDelegate.swift /Users/admin/builder/spi-builder-workspace/Sources/Pulse/URLSessionProxy/URLSessionProxyDelegate+AutomaticRegistration.swift /Users/admin/builder/spi-builder-workspace/Sources/Pulse/URLSessionProxy/URLSessionProxyDelegate.swift (in target 'Pulse' from project 'Pulse')
SwiftCompile normal arm64_32 /Users/admin/builder/spi-builder-workspace/Sources/Pulse/URLSessionProxy/URLSessionProxyDelegate+AutomaticRegistration.swift (in target 'Pulse' from project 'Pulse')
cd /Users/admin/builder/spi-builder-workspace/.swiftpm/xcode
SwiftCompile normal arm64_32 /Users/admin/builder/spi-builder-workspace/Sources/Pulse/URLSessionProxy/URLSessionProxyDelegate.swift (in target 'Pulse' from project 'Pulse')
cd /Users/admin/builder/spi-builder-workspace/.swiftpm/xcode
SwiftCompile normal arm64_32 Compiling\ LoggerStore+Level.swift,\ LoggerStore+Model.swift,\ LoggerStore+Version.swift /Users/admin/builder/spi-builder-workspace/Sources/Pulse/LoggerStore/LoggerStore+Level.swift /Users/admin/builder/spi-builder-workspace/Sources/Pulse/LoggerStore/LoggerStore+Model.swift /Users/admin/builder/spi-builder-workspace/Sources/Pulse/LoggerStore/LoggerStore+Version.swift (in target 'Pulse' from project 'Pulse')
SwiftCompile normal arm64_32 /Users/admin/builder/spi-builder-workspace/Sources/Pulse/LoggerStore/LoggerStore+Level.swift (in target 'Pulse' from project 'Pulse')
cd /Users/admin/builder/spi-builder-workspace/.swiftpm/xcode
SwiftCompile normal arm64_32 /Users/admin/builder/spi-builder-workspace/Sources/Pulse/LoggerStore/LoggerStore+Model.swift (in target 'Pulse' from project 'Pulse')
cd /Users/admin/builder/spi-builder-workspace/.swiftpm/xcode
SwiftCompile normal arm64_32 /Users/admin/builder/spi-builder-workspace/Sources/Pulse/LoggerStore/LoggerStore+Version.swift (in target 'Pulse' from project 'Pulse')
cd /Users/admin/builder/spi-builder-workspace/.swiftpm/xcode
SwiftCompile normal arm64_32 Compiling\ NetworkLogger.swift,\ RemoteLogger-Connection.swift,\ RemoteLogger-Protocol.swift /Users/admin/builder/spi-builder-workspace/Sources/Pulse/NetworkLogger/NetworkLogger.swift /Users/admin/builder/spi-builder-workspace/Sources/Pulse/RemoteLogger/RemoteLogger-Connection.swift /Users/admin/builder/spi-builder-workspace/Sources/Pulse/RemoteLogger/RemoteLogger-Protocol.swift (in target 'Pulse' from project 'Pulse')
SwiftCompile normal arm64_32 /Users/admin/builder/spi-builder-workspace/Sources/Pulse/NetworkLogger/NetworkLogger.swift (in target 'Pulse' from project 'Pulse')
cd /Users/admin/builder/spi-builder-workspace/.swiftpm/xcode
SwiftCompile normal arm64_32 /Users/admin/builder/spi-builder-workspace/Sources/Pulse/RemoteLogger/RemoteLogger-Connection.swift (in target 'Pulse' from project 'Pulse')
cd /Users/admin/builder/spi-builder-workspace/.swiftpm/xcode
SwiftCompile normal arm64_32 /Users/admin/builder/spi-builder-workspace/Sources/Pulse/RemoteLogger/RemoteLogger-Protocol.swift (in target 'Pulse' from project 'Pulse')
cd /Users/admin/builder/spi-builder-workspace/.swiftpm/xcode
SwiftCompile normal arm64_32 Compiling\ RemoteLogger.swift,\ URLSessionProtocol.swift,\ URLSessionProxy.swift /Users/admin/builder/spi-builder-workspace/Sources/Pulse/RemoteLogger/RemoteLogger.swift /Users/admin/builder/spi-builder-workspace/Sources/Pulse/URLSessionProxy/URLSessionProtocol.swift /Users/admin/builder/spi-builder-workspace/Sources/Pulse/URLSessionProxy/URLSessionProxy.swift (in target 'Pulse' from project 'Pulse')
SwiftCompile normal arm64_32 /Users/admin/builder/spi-builder-workspace/Sources/Pulse/RemoteLogger/RemoteLogger.swift (in target 'Pulse' from project 'Pulse')
cd /Users/admin/builder/spi-builder-workspace/.swiftpm/xcode
SwiftCompile normal arm64_32 /Users/admin/builder/spi-builder-workspace/Sources/Pulse/URLSessionProxy/URLSessionProtocol.swift (in target 'Pulse' from project 'Pulse')
cd /Users/admin/builder/spi-builder-workspace/.swiftpm/xcode
SwiftCompile normal arm64_32 /Users/admin/builder/spi-builder-workspace/Sources/Pulse/URLSessionProxy/URLSessionProxy.swift (in target 'Pulse' from project 'Pulse')
cd /Users/admin/builder/spi-builder-workspace/.swiftpm/xcode
SwiftCompile normal arm64_32 Compiling\ LoggerStore.swift,\ LoggerStoreProtocol.swift,\ MockingURLProtocol.swift /Users/admin/builder/spi-builder-workspace/Sources/Pulse/LoggerStore/LoggerStore.swift /Users/admin/builder/spi-builder-workspace/Sources/Pulse/LoggerStore/LoggerStoreProtocol.swift /Users/admin/builder/spi-builder-workspace/Sources/Pulse/NetworkDebugger/MockingURLProtocol.swift (in target 'Pulse' from project 'Pulse')
SwiftCompile normal arm64_32 /Users/admin/builder/spi-builder-workspace/Sources/Pulse/LoggerStore/LoggerStore.swift (in target 'Pulse' from project 'Pulse')
cd /Users/admin/builder/spi-builder-workspace/.swiftpm/xcode
SwiftCompile normal arm64_32 /Users/admin/builder/spi-builder-workspace/Sources/Pulse/LoggerStore/LoggerStoreProtocol.swift (in target 'Pulse' from project 'Pulse')
cd /Users/admin/builder/spi-builder-workspace/.swiftpm/xcode
SwiftCompile normal arm64_32 /Users/admin/builder/spi-builder-workspace/Sources/Pulse/NetworkDebugger/MockingURLProtocol.swift (in target 'Pulse' from project 'Pulse')
cd /Users/admin/builder/spi-builder-workspace/.swiftpm/xcode
SwiftCompile normal arm64_32 Compiling\ CoreData+Extensions.swift,\ Helpers.swift,\ ImageProcessor.swift /Users/admin/builder/spi-builder-workspace/Sources/Pulse/Helpers/CoreData+Extensions.swift /Users/admin/builder/spi-builder-workspace/Sources/Pulse/Helpers/Helpers.swift /Users/admin/builder/spi-builder-workspace/Sources/Pulse/Helpers/ImageProcessor.swift (in target 'Pulse' from project 'Pulse')
SwiftCompile normal arm64_32 /Users/admin/builder/spi-builder-workspace/Sources/Pulse/Helpers/CoreData+Extensions.swift (in target 'Pulse' from project 'Pulse')
cd /Users/admin/builder/spi-builder-workspace/.swiftpm/xcode
SwiftCompile normal arm64_32 /Users/admin/builder/spi-builder-workspace/Sources/Pulse/Helpers/Helpers.swift (in target 'Pulse' from project 'Pulse')
cd /Users/admin/builder/spi-builder-workspace/.swiftpm/xcode
SwiftCompile normal arm64_32 /Users/admin/builder/spi-builder-workspace/Sources/Pulse/Helpers/ImageProcessor.swift (in target 'Pulse' from project 'Pulse')
cd /Users/admin/builder/spi-builder-workspace/.swiftpm/xcode
SwiftEmitModule normal arm64_32 Emitting\ module\ for\ Pulse (in target 'Pulse' from project 'Pulse')
EmitSwiftModule normal arm64_32 (in target 'Pulse' from project 'Pulse')
cd /Users/admin/builder/spi-builder-workspace/.swiftpm/xcode
SwiftCompile normal arm64_32 Compiling\ LoggerStore+Entities.swift,\ LoggerStore+Event.swift,\ LoggerStore+Info.swift /Users/admin/builder/spi-builder-workspace/Sources/Pulse/LoggerStore/LoggerStore+Entities.swift /Users/admin/builder/spi-builder-workspace/Sources/Pulse/LoggerStore/LoggerStore+Event.swift /Users/admin/builder/spi-builder-workspace/Sources/Pulse/LoggerStore/LoggerStore+Info.swift (in target 'Pulse' from project 'Pulse')
SwiftCompile normal arm64_32 /Users/admin/builder/spi-builder-workspace/Sources/Pulse/LoggerStore/LoggerStore+Entities.swift (in target 'Pulse' from project 'Pulse')
cd /Users/admin/builder/spi-builder-workspace/.swiftpm/xcode
SwiftCompile normal arm64_32 /Users/admin/builder/spi-builder-workspace/Sources/Pulse/LoggerStore/LoggerStore+Event.swift (in target 'Pulse' from project 'Pulse')
cd /Users/admin/builder/spi-builder-workspace/.swiftpm/xcode
SwiftCompile normal arm64_32 /Users/admin/builder/spi-builder-workspace/Sources/Pulse/LoggerStore/LoggerStore+Info.swift (in target 'Pulse' from project 'Pulse')
cd /Users/admin/builder/spi-builder-workspace/.swiftpm/xcode
SwiftEmitModule normal arm64 Emitting\ module\ for\ Pulse (in target 'Pulse' from project 'Pulse')
EmitSwiftModule normal arm64 (in target 'Pulse' from project 'Pulse')
cd /Users/admin/builder/spi-builder-workspace/.swiftpm/xcode
SwiftDriverJobDiscovery normal arm64_32 Compiling Keychain.swift, LoggerSession.swift, Mutex.swift (in target 'Pulse' from project 'Pulse')
SwiftCompile normal arm64 Compiling\ RemoteLogger.swift,\ URLSessionProtocol.swift,\ URLSessionProxy.swift /Users/admin/builder/spi-builder-workspace/Sources/Pulse/RemoteLogger/RemoteLogger.swift /Users/admin/builder/spi-builder-workspace/Sources/Pulse/URLSessionProxy/URLSessionProtocol.swift /Users/admin/builder/spi-builder-workspace/Sources/Pulse/URLSessionProxy/URLSessionProxy.swift (in target 'Pulse' from project 'Pulse')
SwiftCompile normal arm64 /Users/admin/builder/spi-builder-workspace/Sources/Pulse/RemoteLogger/RemoteLogger.swift (in target 'Pulse' from project 'Pulse')
cd /Users/admin/builder/spi-builder-workspace/.swiftpm/xcode
SwiftCompile normal arm64 /Users/admin/builder/spi-builder-workspace/Sources/Pulse/URLSessionProxy/URLSessionProtocol.swift (in target 'Pulse' from project 'Pulse')
cd /Users/admin/builder/spi-builder-workspace/.swiftpm/xcode
SwiftCompile normal arm64 /Users/admin/builder/spi-builder-workspace/Sources/Pulse/URLSessionProxy/URLSessionProxy.swift (in target 'Pulse' from project 'Pulse')
cd /Users/admin/builder/spi-builder-workspace/.swiftpm/xcode
SwiftDriverJobDiscovery normal arm64_32 Compiling URLSessionProxyDelegate+AutomaticRegistration.swift, URLSessionProxyDelegate.swift (in target 'Pulse' from project 'Pulse')
SwiftCompile normal arm64 Compiling\ URLSessionProxyDelegate+AutomaticRegistration.swift,\ URLSessionProxyDelegate.swift /Users/admin/builder/spi-builder-workspace/Sources/Pulse/URLSessionProxy/URLSessionProxyDelegate+AutomaticRegistration.swift /Users/admin/builder/spi-builder-workspace/Sources/Pulse/URLSessionProxy/URLSessionProxyDelegate.swift (in target 'Pulse' from project 'Pulse')
SwiftCompile normal arm64 /Users/admin/builder/spi-builder-workspace/Sources/Pulse/URLSessionProxy/URLSessionProxyDelegate+AutomaticRegistration.swift (in target 'Pulse' from project 'Pulse')
cd /Users/admin/builder/spi-builder-workspace/.swiftpm/xcode
SwiftCompile normal arm64 /Users/admin/builder/spi-builder-workspace/Sources/Pulse/URLSessionProxy/URLSessionProxyDelegate.swift (in target 'Pulse' from project 'Pulse')
cd /Users/admin/builder/spi-builder-workspace/.swiftpm/xcode
SwiftDriverJobDiscovery normal arm64_32 Compiling LoggerStore+Level.swift, LoggerStore+Model.swift, LoggerStore+Version.swift (in target 'Pulse' from project 'Pulse')
SwiftCompile normal arm64 Compiling\ Keychain.swift,\ LoggerSession.swift,\ Mutex.swift /Users/admin/builder/spi-builder-workspace/Sources/Pulse/Helpers/Keychain.swift /Users/admin/builder/spi-builder-workspace/Sources/Pulse/Helpers/LoggerSession.swift /Users/admin/builder/spi-builder-workspace/Sources/Pulse/Helpers/Mutex.swift (in target 'Pulse' from project 'Pulse')
SwiftCompile normal arm64 /Users/admin/builder/spi-builder-workspace/Sources/Pulse/Helpers/Keychain.swift (in target 'Pulse' from project 'Pulse')
cd /Users/admin/builder/spi-builder-workspace/.swiftpm/xcode
SwiftCompile normal arm64 /Users/admin/builder/spi-builder-workspace/Sources/Pulse/Helpers/LoggerSession.swift (in target 'Pulse' from project 'Pulse')
cd /Users/admin/builder/spi-builder-workspace/.swiftpm/xcode
SwiftCompile normal arm64 /Users/admin/builder/spi-builder-workspace/Sources/Pulse/Helpers/Mutex.swift (in target 'Pulse' from project 'Pulse')
cd /Users/admin/builder/spi-builder-workspace/.swiftpm/xcode
SwiftDriverJobDiscovery normal arm64_32 Compiling PulseDocument.swift, Regex.swift, LoggerStore+Configuration.swift (in target 'Pulse' from project 'Pulse')
SwiftCompile normal arm64 Compiling\ CoreData+Extensions.swift,\ Helpers.swift,\ ImageProcessor.swift /Users/admin/builder/spi-builder-workspace/Sources/Pulse/Helpers/CoreData+Extensions.swift /Users/admin/builder/spi-builder-workspace/Sources/Pulse/Helpers/Helpers.swift /Users/admin/builder/spi-builder-workspace/Sources/Pulse/Helpers/ImageProcessor.swift (in target 'Pulse' from project 'Pulse')
SwiftCompile normal arm64 /Users/admin/builder/spi-builder-workspace/Sources/Pulse/Helpers/CoreData+Extensions.swift (in target 'Pulse' from project 'Pulse')
cd /Users/admin/builder/spi-builder-workspace/.swiftpm/xcode
SwiftCompile normal arm64 /Users/admin/builder/spi-builder-workspace/Sources/Pulse/Helpers/Helpers.swift (in target 'Pulse' from project 'Pulse')
cd /Users/admin/builder/spi-builder-workspace/.swiftpm/xcode
SwiftCompile normal arm64 /Users/admin/builder/spi-builder-workspace/Sources/Pulse/Helpers/ImageProcessor.swift (in target 'Pulse' from project 'Pulse')
cd /Users/admin/builder/spi-builder-workspace/.swiftpm/xcode
SwiftDriverJobDiscovery normal arm64_32 Compiling CoreData+Extensions.swift, Helpers.swift, ImageProcessor.swift (in target 'Pulse' from project 'Pulse')
SwiftCompile normal arm64 Compiling\ NetworkDebugger.swift,\ NetworkLogger+Entities.swift,\ NetworkLogger+Redacting.swift /Users/admin/builder/spi-builder-workspace/Sources/Pulse/NetworkDebugger/NetworkDebugger.swift /Users/admin/builder/spi-builder-workspace/Sources/Pulse/NetworkLogger/NetworkLogger+Entities.swift /Users/admin/builder/spi-builder-workspace/Sources/Pulse/NetworkLogger/NetworkLogger+Redacting.swift (in target 'Pulse' from project 'Pulse')
SwiftCompile normal arm64 /Users/admin/builder/spi-builder-workspace/Sources/Pulse/NetworkDebugger/NetworkDebugger.swift (in target 'Pulse' from project 'Pulse')
cd /Users/admin/builder/spi-builder-workspace/.swiftpm/xcode
SwiftCompile normal arm64 /Users/admin/builder/spi-builder-workspace/Sources/Pulse/NetworkLogger/NetworkLogger+Entities.swift (in target 'Pulse' from project 'Pulse')
cd /Users/admin/builder/spi-builder-workspace/.swiftpm/xcode
SwiftCompile normal arm64 /Users/admin/builder/spi-builder-workspace/Sources/Pulse/NetworkLogger/NetworkLogger+Redacting.swift (in target 'Pulse' from project 'Pulse')
cd /Users/admin/builder/spi-builder-workspace/.swiftpm/xcode
SwiftDriverJobDiscovery normal arm64_32 Emitting module for Pulse (in target 'Pulse' from project 'Pulse')
SwiftDriver\ Compilation\ Requirements Pulse normal arm64_32 com.apple.xcode.tools.swift.compiler (in target 'Pulse' from project 'Pulse')
cd /Users/admin/builder/spi-builder-workspace/.swiftpm/xcode
builtin-Swift-Compilation-Requirements -- /Applications/Xcode-16.3.0.app/Contents/Developer/Toolchains/XcodeDefault.xctoolchain/usr/bin/swiftc -module-name Pulse -Onone -enforce-exclusivity\=checked @/Users/admin/builder/spi-builder-workspace/.derivedData/Build/Intermediates.noindex/Pulse.build/Debug-watchos/Pulse.build/Objects-normal/arm64_32/Pulse.SwiftFileList -DSWIFT_PACKAGE -DDEBUG -Xcc -fmodule-map-file\=/Users/admin/builder/spi-builder-workspace/.derivedData/Build/Intermediates.noindex/GeneratedModuleMaps-watchos/PulseObjCHelpers.modulemap -DXcode -plugin-path /Applications/Xcode-16.3.0.app/Contents/Developer/Toolchains/XcodeDefault.xctoolchain/usr/lib/swift/host/plugins/testing -enable-experimental-feature DebugDescriptionMacro -sdk /Applications/Xcode-16.3.0.app/Contents/Developer/Platforms/WatchOS.platform/Developer/SDKs/WatchOS11.4.sdk -target arm64_32-apple-watchos9.0 -g -module-cache-path /Users/admin/builder/spi-builder-workspace/.derivedData/ModuleCache.noindex -Xfrontend -serialize-debugging-options -enable-testing -index-store-path /Users/admin/builder/spi-builder-workspace/.derivedData/Index.noindex/DataStore -swift-version 5 -I /Users/admin/builder/spi-builder-workspace/.derivedData/Build/Products/Debug-watchos -I /Applications/Xcode-16.3.0.app/Contents/Developer/Platforms/WatchOS.platform/Developer/usr/lib -F /Users/admin/builder/spi-builder-workspace/.derivedData/Build/Products/Debug-watchos/PackageFrameworks -F /Users/admin/builder/spi-builder-workspace/.derivedData/Build/Products/Debug-watchos -F /Applications/Xcode-16.3.0.app/Contents/Developer/Platforms/WatchOS.platform/Developer/Library/Frameworks -F /Applications/Xcode-16.3.0.app/Contents/Developer/Platforms/WatchOS.platform/Developer/SDKs/WatchOS11.4.sdk/Developer/Library/Frameworks -c -j10 -enable-batch-mode -incremental -Xcc -ivfsstatcache -Xcc /Users/admin/builder/spi-builder-workspace/.derivedData/SDKStatCaches.noindex/watchos11.4-22T246-43efb940ff07ba2497b70ec94253f576.sdkstatcache -output-file-map /Users/admin/builder/spi-builder-workspace/.derivedData/Build/Intermediates.noindex/Pulse.build/Debug-watchos/Pulse.build/Objects-normal/arm64_32/Pulse-OutputFileMap.json -use-frontend-parseable-output -save-temps -no-color-diagnostics -serialize-diagnostics -emit-dependencies -emit-module -emit-module-path /Users/admin/builder/spi-builder-workspace/.derivedData/Build/Intermediates.noindex/Pulse.build/Debug-watchos/Pulse.build/Objects-normal/arm64_32/Pulse.swiftmodule -validate-clang-modules-once -clang-build-session-file /Users/admin/builder/spi-builder-workspace/.derivedData/ModuleCache.noindex/Session.modulevalidation -package-name spi_builder_workspace -Xcc -I/Users/admin/builder/spi-builder-workspace/.derivedData/Build/Intermediates.noindex/Pulse.build/Debug-watchos/Pulse.build/swift-overrides.hmap -emit-const-values -Xfrontend -const-gather-protocols-file -Xfrontend /Users/admin/builder/spi-builder-workspace/.derivedData/Build/Intermediates.noindex/Pulse.build/Debug-watchos/Pulse.build/Objects-normal/arm64_32/Pulse_const_extract_protocols.json -Xcc -I/Users/admin/builder/spi-builder-workspace/Sources/PulseObjCHelpers/include -Xcc -I/Users/admin/builder/spi-builder-workspace/.derivedData/Build/Products/Debug-watchos/include -Xcc -I/Users/admin/builder/spi-builder-workspace/.derivedData/Build/Intermediates.noindex/Pulse.build/Debug-watchos/Pulse.build/DerivedSources-normal/arm64_32 -Xcc -I/Users/admin/builder/spi-builder-workspace/.derivedData/Build/Intermediates.noindex/Pulse.build/Debug-watchos/Pulse.build/DerivedSources/arm64_32 -Xcc -I/Users/admin/builder/spi-builder-workspace/.derivedData/Build/Intermediates.noindex/Pulse.build/Debug-watchos/Pulse.build/DerivedSources -Xcc -DSWIFT_PACKAGE -Xcc -DDEBUG\=1 -emit-objc-header -emit-objc-header-path /Users/admin/builder/spi-builder-workspace/.derivedData/Build/Intermediates.noindex/Pulse.build/Debug-watchos/Pulse.build/Objects-normal/arm64_32/Pulse-Swift.h -working-directory /Users/admin/builder/spi-builder-workspace/.swiftpm/xcode -experimental-emit-module-separately -disable-cmo
SwiftDriverJobDiscovery normal arm64 Compiling URLSessionProxyDelegate+AutomaticRegistration.swift, URLSessionProxyDelegate.swift (in target 'Pulse' from project 'Pulse')
SwiftCompile normal arm64 Compiling\ LoggerStore+Level.swift,\ LoggerStore+Model.swift,\ LoggerStore+Version.swift /Users/admin/builder/spi-builder-workspace/Sources/Pulse/LoggerStore/LoggerStore+Level.swift /Users/admin/builder/spi-builder-workspace/Sources/Pulse/LoggerStore/LoggerStore+Model.swift /Users/admin/builder/spi-builder-workspace/Sources/Pulse/LoggerStore/LoggerStore+Version.swift (in target 'Pulse' from project 'Pulse')
SwiftCompile normal arm64 /Users/admin/builder/spi-builder-workspace/Sources/Pulse/LoggerStore/LoggerStore+Level.swift (in target 'Pulse' from project 'Pulse')
cd /Users/admin/builder/spi-builder-workspace/.swiftpm/xcode
SwiftCompile normal arm64 /Users/admin/builder/spi-builder-workspace/Sources/Pulse/LoggerStore/LoggerStore+Model.swift (in target 'Pulse' from project 'Pulse')
cd /Users/admin/builder/spi-builder-workspace/.swiftpm/xcode
SwiftCompile normal arm64 /Users/admin/builder/spi-builder-workspace/Sources/Pulse/LoggerStore/LoggerStore+Version.swift (in target 'Pulse' from project 'Pulse')
cd /Users/admin/builder/spi-builder-workspace/.swiftpm/xcode
Copy /Users/admin/builder/spi-builder-workspace/.derivedData/Build/Products/Debug-watchos/Pulse.swiftmodule/arm64_32-apple-watchos.swiftmodule /Users/admin/builder/spi-builder-workspace/.derivedData/Build/Intermediates.noindex/Pulse.build/Debug-watchos/Pulse.build/Objects-normal/arm64_32/Pulse.swiftmodule (in target 'Pulse' from project 'Pulse')
cd /Users/admin/builder/spi-builder-workspace
builtin-copy -exclude .DS_Store -exclude CVS -exclude .svn -exclude .git -exclude .hg -resolve-src-symlinks -rename /Users/admin/builder/spi-builder-workspace/.derivedData/Build/Intermediates.noindex/Pulse.build/Debug-watchos/Pulse.build/Objects-normal/arm64_32/Pulse.swiftmodule /Users/admin/builder/spi-builder-workspace/.derivedData/Build/Products/Debug-watchos/Pulse.swiftmodule/arm64_32-apple-watchos.swiftmodule
SwiftDriverJobDiscovery normal arm64 Compiling Keychain.swift, LoggerSession.swift, Mutex.swift (in target 'Pulse' from project 'Pulse')
Copy /Users/admin/builder/spi-builder-workspace/.derivedData/Build/Products/Debug-watchos/Pulse.swiftmodule/arm64_32-apple-watchos.abi.json /Users/admin/builder/spi-builder-workspace/.derivedData/Build/Intermediates.noindex/Pulse.build/Debug-watchos/Pulse.build/Objects-normal/arm64_32/Pulse.abi.json (in target 'Pulse' from project 'Pulse')
cd /Users/admin/builder/spi-builder-workspace
builtin-copy -exclude .DS_Store -exclude CVS -exclude .svn -exclude .git -exclude .hg -resolve-src-symlinks -rename /Users/admin/builder/spi-builder-workspace/.derivedData/Build/Intermediates.noindex/Pulse.build/Debug-watchos/Pulse.build/Objects-normal/arm64_32/Pulse.abi.json /Users/admin/builder/spi-builder-workspace/.derivedData/Build/Products/Debug-watchos/Pulse.swiftmodule/arm64_32-apple-watchos.abi.json
SwiftCompile normal arm64 Compiling\ NetworkLogger.swift,\ RemoteLogger-Connection.swift,\ RemoteLogger-Protocol.swift /Users/admin/builder/spi-builder-workspace/Sources/Pulse/NetworkLogger/NetworkLogger.swift /Users/admin/builder/spi-builder-workspace/Sources/Pulse/RemoteLogger/RemoteLogger-Connection.swift /Users/admin/builder/spi-builder-workspace/Sources/Pulse/RemoteLogger/RemoteLogger-Protocol.swift (in target 'Pulse' from project 'Pulse')
SwiftCompile normal arm64 /Users/admin/builder/spi-builder-workspace/Sources/Pulse/NetworkLogger/NetworkLogger.swift (in target 'Pulse' from project 'Pulse')
cd /Users/admin/builder/spi-builder-workspace/.swiftpm/xcode
SwiftCompile normal arm64 /Users/admin/builder/spi-builder-workspace/Sources/Pulse/RemoteLogger/RemoteLogger-Connection.swift (in target 'Pulse' from project 'Pulse')
cd /Users/admin/builder/spi-builder-workspace/.swiftpm/xcode
SwiftCompile normal arm64 /Users/admin/builder/spi-builder-workspace/Sources/Pulse/RemoteLogger/RemoteLogger-Protocol.swift (in target 'Pulse' from project 'Pulse')
cd /Users/admin/builder/spi-builder-workspace/.swiftpm/xcode
SwiftCompile normal arm64_32 Compiling\ NetworkDebugger.swift,\ NetworkLogger+Entities.swift,\ NetworkLogger+Redacting.swift /Users/admin/builder/spi-builder-workspace/Sources/Pulse/NetworkDebugger/NetworkDebugger.swift /Users/admin/builder/spi-builder-workspace/Sources/Pulse/NetworkLogger/NetworkLogger+Entities.swift /Users/admin/builder/spi-builder-workspace/Sources/Pulse/NetworkLogger/NetworkLogger+Redacting.swift (in target 'Pulse' from project 'Pulse')
SwiftCompile normal arm64_32 /Users/admin/builder/spi-builder-workspace/Sources/Pulse/NetworkDebugger/NetworkDebugger.swift (in target 'Pulse' from project 'Pulse')
cd /Users/admin/builder/spi-builder-workspace/.swiftpm/xcode
SwiftCompile normal arm64_32 /Users/admin/builder/spi-builder-workspace/Sources/Pulse/NetworkLogger/NetworkLogger+Entities.swift (in target 'Pulse' from project 'Pulse')
cd /Users/admin/builder/spi-builder-workspace/.swiftpm/xcode
SwiftCompile normal arm64_32 /Users/admin/builder/spi-builder-workspace/Sources/Pulse/NetworkLogger/NetworkLogger+Redacting.swift (in target 'Pulse' from project 'Pulse')
cd /Users/admin/builder/spi-builder-workspace/.swiftpm/xcode
SwiftDriverJobDiscovery normal arm64_32 Compiling LoggerStore+Entities.swift, LoggerStore+Event.swift, LoggerStore+Info.swift (in target 'Pulse' from project 'Pulse')
SwiftCompile normal arm64 Compiling\ LoggerStore.swift,\ LoggerStoreProtocol.swift,\ MockingURLProtocol.swift /Users/admin/builder/spi-builder-workspace/Sources/Pulse/LoggerStore/LoggerStore.swift /Users/admin/builder/spi-builder-workspace/Sources/Pulse/LoggerStore/LoggerStoreProtocol.swift /Users/admin/builder/spi-builder-workspace/Sources/Pulse/NetworkDebugger/MockingURLProtocol.swift (in target 'Pulse' from project 'Pulse')
SwiftCompile normal arm64 /Users/admin/builder/spi-builder-workspace/Sources/Pulse/LoggerStore/LoggerStore.swift (in target 'Pulse' from project 'Pulse')
cd /Users/admin/builder/spi-builder-workspace/.swiftpm/xcode
SwiftCompile normal arm64 /Users/admin/builder/spi-builder-workspace/Sources/Pulse/LoggerStore/LoggerStoreProtocol.swift (in target 'Pulse' from project 'Pulse')
cd /Users/admin/builder/spi-builder-workspace/.swiftpm/xcode
SwiftCompile normal arm64 /Users/admin/builder/spi-builder-workspace/Sources/Pulse/NetworkDebugger/MockingURLProtocol.swift (in target 'Pulse' from project 'Pulse')
cd /Users/admin/builder/spi-builder-workspace/.swiftpm/xcode
SwiftDriverJobDiscovery normal arm64_32 Compiling RemoteLogger.swift, URLSessionProtocol.swift, URLSessionProxy.swift (in target 'Pulse' from project 'Pulse')
SwiftCompile normal arm64 Compiling\ LoggerStore+Entities.swift,\ LoggerStore+Event.swift,\ LoggerStore+Info.swift /Users/admin/builder/spi-builder-workspace/Sources/Pulse/LoggerStore/LoggerStore+Entities.swift /Users/admin/builder/spi-builder-workspace/Sources/Pulse/LoggerStore/LoggerStore+Event.swift /Users/admin/builder/spi-builder-workspace/Sources/Pulse/LoggerStore/LoggerStore+Info.swift (in target 'Pulse' from project 'Pulse')
SwiftCompile normal arm64 /Users/admin/builder/spi-builder-workspace/Sources/Pulse/LoggerStore/LoggerStore+Entities.swift (in target 'Pulse' from project 'Pulse')
cd /Users/admin/builder/spi-builder-workspace/.swiftpm/xcode
SwiftCompile normal arm64 /Users/admin/builder/spi-builder-workspace/Sources/Pulse/LoggerStore/LoggerStore+Event.swift (in target 'Pulse' from project 'Pulse')
cd /Users/admin/builder/spi-builder-workspace/.swiftpm/xcode
SwiftCompile normal arm64 /Users/admin/builder/spi-builder-workspace/Sources/Pulse/LoggerStore/LoggerStore+Info.swift (in target 'Pulse' from project 'Pulse')
cd /Users/admin/builder/spi-builder-workspace/.swiftpm/xcode
SwiftDriverJobDiscovery normal arm64 Compiling CoreData+Extensions.swift, Helpers.swift, ImageProcessor.swift (in target 'Pulse' from project 'Pulse')
SwiftCompile normal arm64 Compiling\ PulseDocument.swift,\ Regex.swift,\ LoggerStore+Configuration.swift /Users/admin/builder/spi-builder-workspace/Sources/Pulse/Helpers/PulseDocument.swift /Users/admin/builder/spi-builder-workspace/Sources/Pulse/Helpers/Regex.swift /Users/admin/builder/spi-builder-workspace/Sources/Pulse/LoggerStore/LoggerStore+Configuration.swift (in target 'Pulse' from project 'Pulse')
SwiftCompile normal arm64 /Users/admin/builder/spi-builder-workspace/Sources/Pulse/Helpers/PulseDocument.swift (in target 'Pulse' from project 'Pulse')
cd /Users/admin/builder/spi-builder-workspace/.swiftpm/xcode
SwiftCompile normal arm64 /Users/admin/builder/spi-builder-workspace/Sources/Pulse/Helpers/Regex.swift (in target 'Pulse' from project 'Pulse')
cd /Users/admin/builder/spi-builder-workspace/.swiftpm/xcode
SwiftCompile normal arm64 /Users/admin/builder/spi-builder-workspace/Sources/Pulse/LoggerStore/LoggerStore+Configuration.swift (in target 'Pulse' from project 'Pulse')
cd /Users/admin/builder/spi-builder-workspace/.swiftpm/xcode
SwiftDriverJobDiscovery normal arm64 Emitting module for Pulse (in target 'Pulse' from project 'Pulse')
SwiftDriver\ Compilation\ Requirements Pulse normal arm64 com.apple.xcode.tools.swift.compiler (in target 'Pulse' from project 'Pulse')
cd /Users/admin/builder/spi-builder-workspace/.swiftpm/xcode
builtin-Swift-Compilation-Requirements -- /Applications/Xcode-16.3.0.app/Contents/Developer/Toolchains/XcodeDefault.xctoolchain/usr/bin/swiftc -module-name Pulse -Onone -enforce-exclusivity\=checked @/Users/admin/builder/spi-builder-workspace/.derivedData/Build/Intermediates.noindex/Pulse.build/Debug-watchos/Pulse.build/Objects-normal/arm64/Pulse.SwiftFileList -DSWIFT_PACKAGE -DDEBUG -Xcc -fmodule-map-file\=/Users/admin/builder/spi-builder-workspace/.derivedData/Build/Intermediates.noindex/GeneratedModuleMaps-watchos/PulseObjCHelpers.modulemap -DXcode -plugin-path /Applications/Xcode-16.3.0.app/Contents/Developer/Toolchains/XcodeDefault.xctoolchain/usr/lib/swift/host/plugins/testing -enable-experimental-feature DebugDescriptionMacro -sdk /Applications/Xcode-16.3.0.app/Contents/Developer/Platforms/WatchOS.platform/Developer/SDKs/WatchOS11.4.sdk -target arm64-apple-watchos9.0 -g -module-cache-path /Users/admin/builder/spi-builder-workspace/.derivedData/ModuleCache.noindex -Xfrontend -serialize-debugging-options -enable-testing -index-store-path /Users/admin/builder/spi-builder-workspace/.derivedData/Index.noindex/DataStore -swift-version 5 -I /Users/admin/builder/spi-builder-workspace/.derivedData/Build/Products/Debug-watchos -I /Applications/Xcode-16.3.0.app/Contents/Developer/Platforms/WatchOS.platform/Developer/usr/lib -F /Users/admin/builder/spi-builder-workspace/.derivedData/Build/Products/Debug-watchos/PackageFrameworks -F /Users/admin/builder/spi-builder-workspace/.derivedData/Build/Products/Debug-watchos -F /Applications/Xcode-16.3.0.app/Contents/Developer/Platforms/WatchOS.platform/Developer/Library/Frameworks -F /Applications/Xcode-16.3.0.app/Contents/Developer/Platforms/WatchOS.platform/Developer/SDKs/WatchOS11.4.sdk/Developer/Library/Frameworks -c -j10 -enable-batch-mode -incremental -Xcc -ivfsstatcache -Xcc /Users/admin/builder/spi-builder-workspace/.derivedData/SDKStatCaches.noindex/watchos11.4-22T246-43efb940ff07ba2497b70ec94253f576.sdkstatcache -output-file-map /Users/admin/builder/spi-builder-workspace/.derivedData/Build/Intermediates.noindex/Pulse.build/Debug-watchos/Pulse.build/Objects-normal/arm64/Pulse-OutputFileMap.json -use-frontend-parseable-output -save-temps -no-color-diagnostics -serialize-diagnostics -emit-dependencies -emit-module -emit-module-path /Users/admin/builder/spi-builder-workspace/.derivedData/Build/Intermediates.noindex/Pulse.build/Debug-watchos/Pulse.build/Objects-normal/arm64/Pulse.swiftmodule -validate-clang-modules-once -clang-build-session-file /Users/admin/builder/spi-builder-workspace/.derivedData/ModuleCache.noindex/Session.modulevalidation -package-name spi_builder_workspace -Xcc -I/Users/admin/builder/spi-builder-workspace/.derivedData/Build/Intermediates.noindex/Pulse.build/Debug-watchos/Pulse.build/swift-overrides.hmap -emit-const-values -Xfrontend -const-gather-protocols-file -Xfrontend /Users/admin/builder/spi-builder-workspace/.derivedData/Build/Intermediates.noindex/Pulse.build/Debug-watchos/Pulse.build/Objects-normal/arm64/Pulse_const_extract_protocols.json -Xcc -I/Users/admin/builder/spi-builder-workspace/Sources/PulseObjCHelpers/include -Xcc -I/Users/admin/builder/spi-builder-workspace/.derivedData/Build/Products/Debug-watchos/include -Xcc -I/Users/admin/builder/spi-builder-workspace/.derivedData/Build/Intermediates.noindex/Pulse.build/Debug-watchos/Pulse.build/DerivedSources-normal/arm64 -Xcc -I/Users/admin/builder/spi-builder-workspace/.derivedData/Build/Intermediates.noindex/Pulse.build/Debug-watchos/Pulse.build/DerivedSources/arm64 -Xcc -I/Users/admin/builder/spi-builder-workspace/.derivedData/Build/Intermediates.noindex/Pulse.build/Debug-watchos/Pulse.build/DerivedSources -Xcc -DSWIFT_PACKAGE -Xcc -DDEBUG\=1 -emit-objc-header -emit-objc-header-path /Users/admin/builder/spi-builder-workspace/.derivedData/Build/Intermediates.noindex/Pulse.build/Debug-watchos/Pulse.build/Objects-normal/arm64/Pulse-Swift.h -working-directory /Users/admin/builder/spi-builder-workspace/.swiftpm/xcode -experimental-emit-module-separately -disable-cmo
SwiftDriverJobDiscovery normal arm64 Compiling LoggerStore+Level.swift, LoggerStore+Model.swift, LoggerStore+Version.swift (in target 'Pulse' from project 'Pulse')
SwiftDriverJobDiscovery normal arm64_32 Compiling NetworkLogger.swift, RemoteLogger-Connection.swift, RemoteLogger-Protocol.swift (in target 'Pulse' from project 'Pulse')
Copy /Users/admin/builder/spi-builder-workspace/.derivedData/Build/Products/Debug-watchos/Pulse.swiftmodule/arm64-apple-watchos.swiftmodule /Users/admin/builder/spi-builder-workspace/.derivedData/Build/Intermediates.noindex/Pulse.build/Debug-watchos/Pulse.build/Objects-normal/arm64/Pulse.swiftmodule (in target 'Pulse' from project 'Pulse')
cd /Users/admin/builder/spi-builder-workspace
builtin-copy -exclude .DS_Store -exclude CVS -exclude .svn -exclude .git -exclude .hg -resolve-src-symlinks -rename /Users/admin/builder/spi-builder-workspace/.derivedData/Build/Intermediates.noindex/Pulse.build/Debug-watchos/Pulse.build/Objects-normal/arm64/Pulse.swiftmodule /Users/admin/builder/spi-builder-workspace/.derivedData/Build/Products/Debug-watchos/Pulse.swiftmodule/arm64-apple-watchos.swiftmodule
Copy /Users/admin/builder/spi-builder-workspace/.derivedData/Build/Products/Debug-watchos/Pulse.swiftmodule/arm64-apple-watchos.abi.json /Users/admin/builder/spi-builder-workspace/.derivedData/Build/Intermediates.noindex/Pulse.build/Debug-watchos/Pulse.build/Objects-normal/arm64/Pulse.abi.json (in target 'Pulse' from project 'Pulse')
cd /Users/admin/builder/spi-builder-workspace
builtin-copy -exclude .DS_Store -exclude CVS -exclude .svn -exclude .git -exclude .hg -resolve-src-symlinks -rename /Users/admin/builder/spi-builder-workspace/.derivedData/Build/Intermediates.noindex/Pulse.build/Debug-watchos/Pulse.build/Objects-normal/arm64/Pulse.abi.json /Users/admin/builder/spi-builder-workspace/.derivedData/Build/Products/Debug-watchos/Pulse.swiftmodule/arm64-apple-watchos.abi.json
SwiftDriver PulseUI normal arm64 com.apple.xcode.tools.swift.compiler (in target 'PulseUI' from project 'Pulse')
cd /Users/admin/builder/spi-builder-workspace/.swiftpm/xcode
builtin-SwiftDriver -- /Applications/Xcode-16.3.0.app/Contents/Developer/Toolchains/XcodeDefault.xctoolchain/usr/bin/swiftc -module-name PulseUI -Onone -enforce-exclusivity\=checked @/Users/admin/builder/spi-builder-workspace/.derivedData/Build/Intermediates.noindex/Pulse.build/Debug-watchos/PulseUI.build/Objects-normal/arm64/PulseUI.SwiftFileList -DSWIFT_PACKAGE -DDEBUG -Xcc -fmodule-map-file\=/Users/admin/builder/spi-builder-workspace/.derivedData/Build/Intermediates.noindex/GeneratedModuleMaps-watchos/PulseObjCHelpers.modulemap -DXcode -plugin-path /Applications/Xcode-16.3.0.app/Contents/Developer/Toolchains/XcodeDefault.xctoolchain/usr/lib/swift/host/plugins/testing -enable-experimental-feature DebugDescriptionMacro -sdk /Applications/Xcode-16.3.0.app/Contents/Developer/Platforms/WatchOS.platform/Developer/SDKs/WatchOS11.4.sdk -target arm64-apple-watchos9.0 -g -module-cache-path /Users/admin/builder/spi-builder-workspace/.derivedData/ModuleCache.noindex -Xfrontend -serialize-debugging-options -enable-testing -index-store-path /Users/admin/builder/spi-builder-workspace/.derivedData/Index.noindex/DataStore -swift-version 5 -I /Users/admin/builder/spi-builder-workspace/.derivedData/Build/Products/Debug-watchos -I /Applications/Xcode-16.3.0.app/Contents/Developer/Platforms/WatchOS.platform/Developer/usr/lib -F /Users/admin/builder/spi-builder-workspace/.derivedData/Build/Products/Debug-watchos/PackageFrameworks -F /Users/admin/builder/spi-builder-workspace/.derivedData/Build/Products/Debug-watchos/PackageFrameworks -F /Users/admin/builder/spi-builder-workspace/.derivedData/Build/Products/Debug-watchos -F /Applications/Xcode-16.3.0.app/Contents/Developer/Platforms/WatchOS.platform/Developer/Library/Frameworks -F /Applications/Xcode-16.3.0.app/Contents/Developer/Platforms/WatchOS.platform/Developer/SDKs/WatchOS11.4.sdk/Developer/Library/Frameworks -c -j10 -enable-batch-mode -incremental -Xcc -ivfsstatcache -Xcc /Users/admin/builder/spi-builder-workspace/.derivedData/SDKStatCaches.noindex/watchos11.4-22T246-43efb940ff07ba2497b70ec94253f576.sdkstatcache -output-file-map /Users/admin/builder/spi-builder-workspace/.derivedData/Build/Intermediates.noindex/Pulse.build/Debug-watchos/PulseUI.build/Objects-normal/arm64/PulseUI-OutputFileMap.json -use-frontend-parseable-output -save-temps -no-color-diagnostics -serialize-diagnostics -emit-dependencies -emit-module -emit-module-path /Users/admin/builder/spi-builder-workspace/.derivedData/Build/Intermediates.noindex/Pulse.build/Debug-watchos/PulseUI.build/Objects-normal/arm64/PulseUI.swiftmodule -validate-clang-modules-once -clang-build-session-file /Users/admin/builder/spi-builder-workspace/.derivedData/ModuleCache.noindex/Session.modulevalidation -package-name spi_builder_workspace -Xcc -I/Users/admin/builder/spi-builder-workspace/.derivedData/Build/Intermediates.noindex/Pulse.build/Debug-watchos/PulseUI.build/swift-overrides.hmap -emit-const-values -Xfrontend -const-gather-protocols-file -Xfrontend /Users/admin/builder/spi-builder-workspace/.derivedData/Build/Intermediates.noindex/Pulse.build/Debug-watchos/PulseUI.build/Objects-normal/arm64/PulseUI_const_extract_protocols.json -Xcc -I/Users/admin/builder/spi-builder-workspace/Sources/PulseObjCHelpers/include -Xcc -I/Users/admin/builder/spi-builder-workspace/.derivedData/Build/Products/Debug-watchos/include -Xcc -I/Users/admin/builder/spi-builder-workspace/.derivedData/Build/Intermediates.noindex/Pulse.build/Debug-watchos/PulseUI.build/DerivedSources-normal/arm64 -Xcc -I/Users/admin/builder/spi-builder-workspace/.derivedData/Build/Intermediates.noindex/Pulse.build/Debug-watchos/PulseUI.build/DerivedSources/arm64 -Xcc -I/Users/admin/builder/spi-builder-workspace/.derivedData/Build/Intermediates.noindex/Pulse.build/Debug-watchos/PulseUI.build/DerivedSources -Xcc -DSWIFT_PACKAGE -Xcc -DDEBUG\=1 -emit-objc-header -emit-objc-header-path /Users/admin/builder/spi-builder-workspace/.derivedData/Build/Intermediates.noindex/Pulse.build/Debug-watchos/PulseUI.build/Objects-normal/arm64/PulseUI-Swift.h -working-directory /Users/admin/builder/spi-builder-workspace/.swiftpm/xcode -experimental-emit-module-separately -disable-cmo
SwiftDriver PulseUI normal arm64_32 com.apple.xcode.tools.swift.compiler (in target 'PulseUI' from project 'Pulse')
cd /Users/admin/builder/spi-builder-workspace/.swiftpm/xcode
builtin-SwiftDriver -- /Applications/Xcode-16.3.0.app/Contents/Developer/Toolchains/XcodeDefault.xctoolchain/usr/bin/swiftc -module-name PulseUI -Onone -enforce-exclusivity\=checked @/Users/admin/builder/spi-builder-workspace/.derivedData/Build/Intermediates.noindex/Pulse.build/Debug-watchos/PulseUI.build/Objects-normal/arm64_32/PulseUI.SwiftFileList -DSWIFT_PACKAGE -DDEBUG -Xcc -fmodule-map-file\=/Users/admin/builder/spi-builder-workspace/.derivedData/Build/Intermediates.noindex/GeneratedModuleMaps-watchos/PulseObjCHelpers.modulemap -DXcode -plugin-path /Applications/Xcode-16.3.0.app/Contents/Developer/Toolchains/XcodeDefault.xctoolchain/usr/lib/swift/host/plugins/testing -enable-experimental-feature DebugDescriptionMacro -sdk /Applications/Xcode-16.3.0.app/Contents/Developer/Platforms/WatchOS.platform/Developer/SDKs/WatchOS11.4.sdk -target arm64_32-apple-watchos9.0 -g -module-cache-path /Users/admin/builder/spi-builder-workspace/.derivedData/ModuleCache.noindex -Xfrontend -serialize-debugging-options -enable-testing -index-store-path /Users/admin/builder/spi-builder-workspace/.derivedData/Index.noindex/DataStore -swift-version 5 -I /Users/admin/builder/spi-builder-workspace/.derivedData/Build/Products/Debug-watchos -I /Applications/Xcode-16.3.0.app/Contents/Developer/Platforms/WatchOS.platform/Developer/usr/lib -F /Users/admin/builder/spi-builder-workspace/.derivedData/Build/Products/Debug-watchos/PackageFrameworks -F /Users/admin/builder/spi-builder-workspace/.derivedData/Build/Products/Debug-watchos/PackageFrameworks -F /Users/admin/builder/spi-builder-workspace/.derivedData/Build/Products/Debug-watchos -F /Applications/Xcode-16.3.0.app/Contents/Developer/Platforms/WatchOS.platform/Developer/Library/Frameworks -F /Applications/Xcode-16.3.0.app/Contents/Developer/Platforms/WatchOS.platform/Developer/SDKs/WatchOS11.4.sdk/Developer/Library/Frameworks -c -j10 -enable-batch-mode -incremental -Xcc -ivfsstatcache -Xcc /Users/admin/builder/spi-builder-workspace/.derivedData/SDKStatCaches.noindex/watchos11.4-22T246-43efb940ff07ba2497b70ec94253f576.sdkstatcache -output-file-map /Users/admin/builder/spi-builder-workspace/.derivedData/Build/Intermediates.noindex/Pulse.build/Debug-watchos/PulseUI.build/Objects-normal/arm64_32/PulseUI-OutputFileMap.json -use-frontend-parseable-output -save-temps -no-color-diagnostics -serialize-diagnostics -emit-dependencies -emit-module -emit-module-path /Users/admin/builder/spi-builder-workspace/.derivedData/Build/Intermediates.noindex/Pulse.build/Debug-watchos/PulseUI.build/Objects-normal/arm64_32/PulseUI.swiftmodule -validate-clang-modules-once -clang-build-session-file /Users/admin/builder/spi-builder-workspace/.derivedData/ModuleCache.noindex/Session.modulevalidation -package-name spi_builder_workspace -Xcc -I/Users/admin/builder/spi-builder-workspace/.derivedData/Build/Intermediates.noindex/Pulse.build/Debug-watchos/PulseUI.build/swift-overrides.hmap -emit-const-values -Xfrontend -const-gather-protocols-file -Xfrontend /Users/admin/builder/spi-builder-workspace/.derivedData/Build/Intermediates.noindex/Pulse.build/Debug-watchos/PulseUI.build/Objects-normal/arm64_32/PulseUI_const_extract_protocols.json -Xcc -I/Users/admin/builder/spi-builder-workspace/Sources/PulseObjCHelpers/include -Xcc -I/Users/admin/builder/spi-builder-workspace/.derivedData/Build/Products/Debug-watchos/include -Xcc -I/Users/admin/builder/spi-builder-workspace/.derivedData/Build/Intermediates.noindex/Pulse.build/Debug-watchos/PulseUI.build/DerivedSources-normal/arm64_32 -Xcc -I/Users/admin/builder/spi-builder-workspace/.derivedData/Build/Intermediates.noindex/Pulse.build/Debug-watchos/PulseUI.build/DerivedSources/arm64_32 -Xcc -I/Users/admin/builder/spi-builder-workspace/.derivedData/Build/Intermediates.noindex/Pulse.build/Debug-watchos/PulseUI.build/DerivedSources -Xcc -DSWIFT_PACKAGE -Xcc -DDEBUG\=1 -emit-objc-header -emit-objc-header-path /Users/admin/builder/spi-builder-workspace/.derivedData/Build/Intermediates.noindex/Pulse.build/Debug-watchos/PulseUI.build/Objects-normal/arm64_32/PulseUI-Swift.h -working-directory /Users/admin/builder/spi-builder-workspace/.swiftpm/xcode -experimental-emit-module-separately -disable-cmo
SwiftDriver PulseProxy normal arm64_32 com.apple.xcode.tools.swift.compiler (in target 'PulseProxy' from project 'Pulse')
cd /Users/admin/builder/spi-builder-workspace/.swiftpm/xcode
builtin-SwiftDriver -- /Applications/Xcode-16.3.0.app/Contents/Developer/Toolchains/XcodeDefault.xctoolchain/usr/bin/swiftc -module-name PulseProxy -Onone -enforce-exclusivity\=checked @/Users/admin/builder/spi-builder-workspace/.derivedData/Build/Intermediates.noindex/Pulse.build/Debug-watchos/PulseProxy.build/Objects-normal/arm64_32/PulseProxy.SwiftFileList -DSWIFT_PACKAGE -DDEBUG -Xcc -fmodule-map-file\=/Users/admin/builder/spi-builder-workspace/.derivedData/Build/Intermediates.noindex/GeneratedModuleMaps-watchos/PulseObjCHelpers.modulemap -DXcode -plugin-path /Applications/Xcode-16.3.0.app/Contents/Developer/Toolchains/XcodeDefault.xctoolchain/usr/lib/swift/host/plugins/testing -enable-experimental-feature DebugDescriptionMacro -sdk /Applications/Xcode-16.3.0.app/Contents/Developer/Platforms/WatchOS.platform/Developer/SDKs/WatchOS11.4.sdk -target arm64_32-apple-watchos9.0 -g -module-cache-path /Users/admin/builder/spi-builder-workspace/.derivedData/ModuleCache.noindex -Xfrontend -serialize-debugging-options -enable-testing -index-store-path /Users/admin/builder/spi-builder-workspace/.derivedData/Index.noindex/DataStore -swift-version 5 -I /Users/admin/builder/spi-builder-workspace/.derivedData/Build/Products/Debug-watchos -I /Applications/Xcode-16.3.0.app/Contents/Developer/Platforms/WatchOS.platform/Developer/usr/lib -F /Users/admin/builder/spi-builder-workspace/.derivedData/Build/Products/Debug-watchos/PackageFrameworks -F /Users/admin/builder/spi-builder-workspace/.derivedData/Build/Products/Debug-watchos/PackageFrameworks -F /Users/admin/builder/spi-builder-workspace/.derivedData/Build/Products/Debug-watchos -F /Applications/Xcode-16.3.0.app/Contents/Developer/Platforms/WatchOS.platform/Developer/Library/Frameworks -F /Applications/Xcode-16.3.0.app/Contents/Developer/Platforms/WatchOS.platform/Developer/SDKs/WatchOS11.4.sdk/Developer/Library/Frameworks -parse-as-library -c -j10 -enable-batch-mode -incremental -Xcc -ivfsstatcache -Xcc /Users/admin/builder/spi-builder-workspace/.derivedData/SDKStatCaches.noindex/watchos11.4-22T246-43efb940ff07ba2497b70ec94253f576.sdkstatcache -output-file-map /Users/admin/builder/spi-builder-workspace/.derivedData/Build/Intermediates.noindex/Pulse.build/Debug-watchos/PulseProxy.build/Objects-normal/arm64_32/PulseProxy-OutputFileMap.json -use-frontend-parseable-output -save-temps -no-color-diagnostics -serialize-diagnostics -emit-dependencies -emit-module -emit-module-path /Users/admin/builder/spi-builder-workspace/.derivedData/Build/Intermediates.noindex/Pulse.build/Debug-watchos/PulseProxy.build/Objects-normal/arm64_32/PulseProxy.swiftmodule -validate-clang-modules-once -clang-build-session-file /Users/admin/builder/spi-builder-workspace/.derivedData/ModuleCache.noindex/Session.modulevalidation -package-name spi_builder_workspace -Xcc -I/Users/admin/builder/spi-builder-workspace/.derivedData/Build/Intermediates.noindex/Pulse.build/Debug-watchos/PulseProxy.build/swift-overrides.hmap -emit-const-values -Xfrontend -const-gather-protocols-file -Xfrontend /Users/admin/builder/spi-builder-workspace/.derivedData/Build/Intermediates.noindex/Pulse.build/Debug-watchos/PulseProxy.build/Objects-normal/arm64_32/PulseProxy_const_extract_protocols.json -Xcc -I/Users/admin/builder/spi-builder-workspace/Sources/PulseObjCHelpers/include -Xcc -I/Users/admin/builder/spi-builder-workspace/.derivedData/Build/Products/Debug-watchos/include -Xcc -I/Users/admin/builder/spi-builder-workspace/.derivedData/Build/Intermediates.noindex/Pulse.build/Debug-watchos/PulseProxy.build/DerivedSources-normal/arm64_32 -Xcc -I/Users/admin/builder/spi-builder-workspace/.derivedData/Build/Intermediates.noindex/Pulse.build/Debug-watchos/PulseProxy.build/DerivedSources/arm64_32 -Xcc -I/Users/admin/builder/spi-builder-workspace/.derivedData/Build/Intermediates.noindex/Pulse.build/Debug-watchos/PulseProxy.build/DerivedSources -Xcc -DSWIFT_PACKAGE -Xcc -DDEBUG\=1 -emit-objc-header -emit-objc-header-path /Users/admin/builder/spi-builder-workspace/.derivedData/Build/Intermediates.noindex/Pulse.build/Debug-watchos/PulseProxy.build/Objects-normal/arm64_32/PulseProxy-Swift.h -working-directory /Users/admin/builder/spi-builder-workspace/.swiftpm/xcode -experimental-emit-module-separately -disable-cmo
SwiftDriverJobDiscovery normal arm64 Compiling RemoteLogger.swift, URLSessionProtocol.swift, URLSessionProxy.swift (in target 'Pulse' from project 'Pulse')
SwiftDriver PulseProxy normal arm64 com.apple.xcode.tools.swift.compiler (in target 'PulseProxy' from project 'Pulse')
cd /Users/admin/builder/spi-builder-workspace/.swiftpm/xcode
builtin-SwiftDriver -- /Applications/Xcode-16.3.0.app/Contents/Developer/Toolchains/XcodeDefault.xctoolchain/usr/bin/swiftc -module-name PulseProxy -Onone -enforce-exclusivity\=checked @/Users/admin/builder/spi-builder-workspace/.derivedData/Build/Intermediates.noindex/Pulse.build/Debug-watchos/PulseProxy.build/Objects-normal/arm64/PulseProxy.SwiftFileList -DSWIFT_PACKAGE -DDEBUG -Xcc -fmodule-map-file\=/Users/admin/builder/spi-builder-workspace/.derivedData/Build/Intermediates.noindex/GeneratedModuleMaps-watchos/PulseObjCHelpers.modulemap -DXcode -plugin-path /Applications/Xcode-16.3.0.app/Contents/Developer/Toolchains/XcodeDefault.xctoolchain/usr/lib/swift/host/plugins/testing -enable-experimental-feature DebugDescriptionMacro -sdk /Applications/Xcode-16.3.0.app/Contents/Developer/Platforms/WatchOS.platform/Developer/SDKs/WatchOS11.4.sdk -target arm64-apple-watchos9.0 -g -module-cache-path /Users/admin/builder/spi-builder-workspace/.derivedData/ModuleCache.noindex -Xfrontend -serialize-debugging-options -enable-testing -index-store-path /Users/admin/builder/spi-builder-workspace/.derivedData/Index.noindex/DataStore -swift-version 5 -I /Users/admin/builder/spi-builder-workspace/.derivedData/Build/Products/Debug-watchos -I /Applications/Xcode-16.3.0.app/Contents/Developer/Platforms/WatchOS.platform/Developer/usr/lib -F /Users/admin/builder/spi-builder-workspace/.derivedData/Build/Products/Debug-watchos/PackageFrameworks -F /Users/admin/builder/spi-builder-workspace/.derivedData/Build/Products/Debug-watchos/PackageFrameworks -F /Users/admin/builder/spi-builder-workspace/.derivedData/Build/Products/Debug-watchos -F /Applications/Xcode-16.3.0.app/Contents/Developer/Platforms/WatchOS.platform/Developer/Library/Frameworks -F /Applications/Xcode-16.3.0.app/Contents/Developer/Platforms/WatchOS.platform/Developer/SDKs/WatchOS11.4.sdk/Developer/Library/Frameworks -parse-as-library -c -j10 -enable-batch-mode -incremental -Xcc -ivfsstatcache -Xcc /Users/admin/builder/spi-builder-workspace/.derivedData/SDKStatCaches.noindex/watchos11.4-22T246-43efb940ff07ba2497b70ec94253f576.sdkstatcache -output-file-map /Users/admin/builder/spi-builder-workspace/.derivedData/Build/Intermediates.noindex/Pulse.build/Debug-watchos/PulseProxy.build/Objects-normal/arm64/PulseProxy-OutputFileMap.json -use-frontend-parseable-output -save-temps -no-color-diagnostics -serialize-diagnostics -emit-dependencies -emit-module -emit-module-path /Users/admin/builder/spi-builder-workspace/.derivedData/Build/Intermediates.noindex/Pulse.build/Debug-watchos/PulseProxy.build/Objects-normal/arm64/PulseProxy.swiftmodule -validate-clang-modules-once -clang-build-session-file /Users/admin/builder/spi-builder-workspace/.derivedData/ModuleCache.noindex/Session.modulevalidation -package-name spi_builder_workspace -Xcc -I/Users/admin/builder/spi-builder-workspace/.derivedData/Build/Intermediates.noindex/Pulse.build/Debug-watchos/PulseProxy.build/swift-overrides.hmap -emit-const-values -Xfrontend -const-gather-protocols-file -Xfrontend /Users/admin/builder/spi-builder-workspace/.derivedData/Build/Intermediates.noindex/Pulse.build/Debug-watchos/PulseProxy.build/Objects-normal/arm64/PulseProxy_const_extract_protocols.json -Xcc -I/Users/admin/builder/spi-builder-workspace/Sources/PulseObjCHelpers/include -Xcc -I/Users/admin/builder/spi-builder-workspace/.derivedData/Build/Products/Debug-watchos/include -Xcc -I/Users/admin/builder/spi-builder-workspace/.derivedData/Build/Intermediates.noindex/Pulse.build/Debug-watchos/PulseProxy.build/DerivedSources-normal/arm64 -Xcc -I/Users/admin/builder/spi-builder-workspace/.derivedData/Build/Intermediates.noindex/Pulse.build/Debug-watchos/PulseProxy.build/DerivedSources/arm64 -Xcc -I/Users/admin/builder/spi-builder-workspace/.derivedData/Build/Intermediates.noindex/Pulse.build/Debug-watchos/PulseProxy.build/DerivedSources -Xcc -DSWIFT_PACKAGE -Xcc -DDEBUG\=1 -emit-objc-header -emit-objc-header-path /Users/admin/builder/spi-builder-workspace/.derivedData/Build/Intermediates.noindex/Pulse.build/Debug-watchos/PulseProxy.build/Objects-normal/arm64/PulseProxy-Swift.h -working-directory /Users/admin/builder/spi-builder-workspace/.swiftpm/xcode -experimental-emit-module-separately -disable-cmo
SwiftEmitModule normal arm64_32 Emitting\ module\ for\ PulseProxy (in target 'PulseProxy' from project 'Pulse')
SwiftCompile normal arm64_32 /Users/admin/builder/spi-builder-workspace/Sources/PulseProxy/URLSessionSwizzler.swift (in target 'PulseProxy' from project 'Pulse')
cd /Users/admin/builder/spi-builder-workspace/.swiftpm/xcode
SwiftEmitModule normal arm64 Emitting\ module\ for\ PulseProxy (in target 'PulseProxy' from project 'Pulse')
SwiftCompile normal arm64 /Users/admin/builder/spi-builder-workspace/Sources/PulseProxy/URLSessionSwizzler.swift (in target 'PulseProxy' from project 'Pulse')
cd /Users/admin/builder/spi-builder-workspace/.swiftpm/xcode
SwiftCompile normal arm64_32 Compiling\ URLSessionSwizzler.swift /Users/admin/builder/spi-builder-workspace/Sources/PulseProxy/URLSessionSwizzler.swift (in target 'PulseProxy' from project 'Pulse')
SwiftCompile normal arm64_32 /Users/admin/builder/spi-builder-workspace/Sources/PulseProxy/URLSessionSwizzler.swift (in target 'PulseProxy' from project 'Pulse')
cd /Users/admin/builder/spi-builder-workspace/.swiftpm/xcode
SwiftEmitModule normal arm64_32 Emitting\ module\ for\ PulseUI (in target 'PulseUI' from project 'Pulse')
EmitSwiftModule normal arm64_32 (in target 'PulseUI' from project 'Pulse')
cd /Users/admin/builder/spi-builder-workspace/.swiftpm/xcode
SwiftDriverJobDiscovery normal arm64_32 Compiling LoggerStore.swift, LoggerStoreProtocol.swift, MockingURLProtocol.swift (in target 'Pulse' from project 'Pulse')
SwiftEmitModule normal arm64 Emitting\ module\ for\ PulseUI (in target 'PulseUI' from project 'Pulse')
EmitSwiftModule normal arm64 (in target 'PulseUI' from project 'Pulse')
cd /Users/admin/builder/spi-builder-workspace/.swiftpm/xcode
SwiftDriverJobDiscovery normal arm64 Compiling PulseDocument.swift, Regex.swift, LoggerStore+Configuration.swift (in target 'Pulse' from project 'Pulse')
SwiftCompile normal arm64 Compiling\ UXKit.swift,\ UserSettings.swift,\ ValuesRange.swift,\ MockStore.swift,\ MockTask.swift,\ PulseDemoView.swift,\ Checkbox.swift,\ ContextMenus.swift,\ DateRangePicker.swift,\ ImageViewer.swift,\ InfoRow.swift,\ KeyValueSectionViewModel.swift,\ LoggerStoreSizeChart.swift,\ NetworkInspectorMetricsView.swift,\ NetworkInspectorTransactionView.swift,\ NetworkInspectorTransferInfoView.swift /Users/admin/builder/spi-builder-workspace/Sources/PulseUI/Helpers/UXKit.swift /Users/admin/builder/spi-builder-workspace/Sources/PulseUI/Helpers/UserSettings.swift /Users/admin/builder/spi-builder-workspace/Sources/PulseUI/Helpers/ValuesRange.swift /Users/admin/builder/spi-builder-workspace/Sources/PulseUI/Mocks/MockStore.swift /Users/admin/builder/spi-builder-workspace/Sources/PulseUI/Mocks/MockTask.swift /Users/admin/builder/spi-builder-workspace/Sources/PulseUI/Mocks/PulseDemoView.swift /Users/admin/builder/spi-builder-workspace/Sources/PulseUI/Views/Checkbox.swift /Users/admin/builder/spi-builder-workspace/Sources/PulseUI/Views/ContextMenus.swift /Users/admin/builder/spi-builder-workspace/Sources/PulseUI/Views/DateRangePicker.swift /Users/admin/builder/spi-builder-workspace/Sources/PulseUI/Views/ImageViewer.swift /Users/admin/builder/spi-builder-workspace/Sources/PulseUI/Views/InfoRow.swift /Users/admin/builder/spi-builder-workspace/Sources/PulseUI/Views/KeyValueSectionViewModel.swift /Users/admin/builder/spi-builder-workspace/Sources/PulseUI/Views/LoggerStoreSizeChart.swift /Users/admin/builder/spi-builder-workspace/Sources/PulseUI/Views/Metrics/NetworkInspectorMetricsView.swift /Users/admin/builder/spi-builder-workspace/Sources/PulseUI/Views/Metrics/NetworkInspectorTransactionView.swift /Users/admin/builder/spi-builder-workspace/Sources/PulseUI/Views/Metrics/NetworkInspectorTransferInfoView.swift (in target 'PulseUI' from project 'Pulse')
SwiftCompile normal arm64 /Users/admin/builder/spi-builder-workspace/Sources/PulseUI/Helpers/UXKit.swift (in target 'PulseUI' from project 'Pulse')
cd /Users/admin/builder/spi-builder-workspace/.swiftpm/xcode
SwiftCompile normal arm64 /Users/admin/builder/spi-builder-workspace/Sources/PulseUI/Helpers/UserSettings.swift (in target 'PulseUI' from project 'Pulse')
cd /Users/admin/builder/spi-builder-workspace/.swiftpm/xcode
SwiftCompile normal arm64 /Users/admin/builder/spi-builder-workspace/Sources/PulseUI/Helpers/ValuesRange.swift (in target 'PulseUI' from project 'Pulse')
cd /Users/admin/builder/spi-builder-workspace/.swiftpm/xcode
SwiftCompile normal arm64 /Users/admin/builder/spi-builder-workspace/Sources/PulseUI/Mocks/MockStore.swift (in target 'PulseUI' from project 'Pulse')
cd /Users/admin/builder/spi-builder-workspace/.swiftpm/xcode
SwiftCompile normal arm64 /Users/admin/builder/spi-builder-workspace/Sources/PulseUI/Mocks/MockTask.swift (in target 'PulseUI' from project 'Pulse')
cd /Users/admin/builder/spi-builder-workspace/.swiftpm/xcode
SwiftCompile normal arm64 /Users/admin/builder/spi-builder-workspace/Sources/PulseUI/Mocks/PulseDemoView.swift (in target 'PulseUI' from project 'Pulse')
cd /Users/admin/builder/spi-builder-workspace/.swiftpm/xcode
SwiftCompile normal arm64 /Users/admin/builder/spi-builder-workspace/Sources/PulseUI/Views/Checkbox.swift (in target 'PulseUI' from project 'Pulse')
cd /Users/admin/builder/spi-builder-workspace/.swiftpm/xcode
SwiftCompile normal arm64 /Users/admin/builder/spi-builder-workspace/Sources/PulseUI/Views/ContextMenus.swift (in target 'PulseUI' from project 'Pulse')
cd /Users/admin/builder/spi-builder-workspace/.swiftpm/xcode
SwiftCompile normal arm64 /Users/admin/builder/spi-builder-workspace/Sources/PulseUI/Views/DateRangePicker.swift (in target 'PulseUI' from project 'Pulse')
cd /Users/admin/builder/spi-builder-workspace/.swiftpm/xcode
SwiftCompile normal arm64 /Users/admin/builder/spi-builder-workspace/Sources/PulseUI/Views/ImageViewer.swift (in target 'PulseUI' from project 'Pulse')
cd /Users/admin/builder/spi-builder-workspace/.swiftpm/xcode
SwiftCompile normal arm64 /Users/admin/builder/spi-builder-workspace/Sources/PulseUI/Views/InfoRow.swift (in target 'PulseUI' from project 'Pulse')
cd /Users/admin/builder/spi-builder-workspace/.swiftpm/xcode
SwiftCompile normal arm64 /Users/admin/builder/spi-builder-workspace/Sources/PulseUI/Views/KeyValueSectionViewModel.swift (in target 'PulseUI' from project 'Pulse')
cd /Users/admin/builder/spi-builder-workspace/.swiftpm/xcode
SwiftCompile normal arm64 /Users/admin/builder/spi-builder-workspace/Sources/PulseUI/Views/LoggerStoreSizeChart.swift (in target 'PulseUI' from project 'Pulse')
cd /Users/admin/builder/spi-builder-workspace/.swiftpm/xcode
SwiftCompile normal arm64 /Users/admin/builder/spi-builder-workspace/Sources/PulseUI/Views/Metrics/NetworkInspectorMetricsView.swift (in target 'PulseUI' from project 'Pulse')
cd /Users/admin/builder/spi-builder-workspace/.swiftpm/xcode
SwiftCompile normal arm64 /Users/admin/builder/spi-builder-workspace/Sources/PulseUI/Views/Metrics/NetworkInspectorTransactionView.swift (in target 'PulseUI' from project 'Pulse')
cd /Users/admin/builder/spi-builder-workspace/.swiftpm/xcode
SwiftCompile normal arm64 /Users/admin/builder/spi-builder-workspace/Sources/PulseUI/Views/Metrics/NetworkInspectorTransferInfoView.swift (in target 'PulseUI' from project 'Pulse')
cd /Users/admin/builder/spi-builder-workspace/.swiftpm/xcode
SwiftDriverJobDiscovery normal arm64_32 Emitting module for PulseProxy (in target 'PulseProxy' from project 'Pulse')
SwiftDriver\ Compilation\ Requirements PulseProxy normal arm64_32 com.apple.xcode.tools.swift.compiler (in target 'PulseProxy' from project 'Pulse')
cd /Users/admin/builder/spi-builder-workspace/.swiftpm/xcode
builtin-Swift-Compilation-Requirements -- /Applications/Xcode-16.3.0.app/Contents/Developer/Toolchains/XcodeDefault.xctoolchain/usr/bin/swiftc -module-name PulseProxy -Onone -enforce-exclusivity\=checked @/Users/admin/builder/spi-builder-workspace/.derivedData/Build/Intermediates.noindex/Pulse.build/Debug-watchos/PulseProxy.build/Objects-normal/arm64_32/PulseProxy.SwiftFileList -DSWIFT_PACKAGE -DDEBUG -Xcc -fmodule-map-file\=/Users/admin/builder/spi-builder-workspace/.derivedData/Build/Intermediates.noindex/GeneratedModuleMaps-watchos/PulseObjCHelpers.modulemap -DXcode -plugin-path /Applications/Xcode-16.3.0.app/Contents/Developer/Toolchains/XcodeDefault.xctoolchain/usr/lib/swift/host/plugins/testing -enable-experimental-feature DebugDescriptionMacro -sdk /Applications/Xcode-16.3.0.app/Contents/Developer/Platforms/WatchOS.platform/Developer/SDKs/WatchOS11.4.sdk -target arm64_32-apple-watchos9.0 -g -module-cache-path /Users/admin/builder/spi-builder-workspace/.derivedData/ModuleCache.noindex -Xfrontend -serialize-debugging-options -enable-testing -index-store-path /Users/admin/builder/spi-builder-workspace/.derivedData/Index.noindex/DataStore -swift-version 5 -I /Users/admin/builder/spi-builder-workspace/.derivedData/Build/Products/Debug-watchos -I /Applications/Xcode-16.3.0.app/Contents/Developer/Platforms/WatchOS.platform/Developer/usr/lib -F /Users/admin/builder/spi-builder-workspace/.derivedData/Build/Products/Debug-watchos/PackageFrameworks -F /Users/admin/builder/spi-builder-workspace/.derivedData/Build/Products/Debug-watchos/PackageFrameworks -F /Users/admin/builder/spi-builder-workspace/.derivedData/Build/Products/Debug-watchos -F /Applications/Xcode-16.3.0.app/Contents/Developer/Platforms/WatchOS.platform/Developer/Library/Frameworks -F /Applications/Xcode-16.3.0.app/Contents/Developer/Platforms/WatchOS.platform/Developer/SDKs/WatchOS11.4.sdk/Developer/Library/Frameworks -parse-as-library -c -j10 -enable-batch-mode -incremental -Xcc -ivfsstatcache -Xcc /Users/admin/builder/spi-builder-workspace/.derivedData/SDKStatCaches.noindex/watchos11.4-22T246-43efb940ff07ba2497b70ec94253f576.sdkstatcache -output-file-map /Users/admin/builder/spi-builder-workspace/.derivedData/Build/Intermediates.noindex/Pulse.build/Debug-watchos/PulseProxy.build/Objects-normal/arm64_32/PulseProxy-OutputFileMap.json -use-frontend-parseable-output -save-temps -no-color-diagnostics -serialize-diagnostics -emit-dependencies -emit-module -emit-module-path /Users/admin/builder/spi-builder-workspace/.derivedData/Build/Intermediates.noindex/Pulse.build/Debug-watchos/PulseProxy.build/Objects-normal/arm64_32/PulseProxy.swiftmodule -validate-clang-modules-once -clang-build-session-file /Users/admin/builder/spi-builder-workspace/.derivedData/ModuleCache.noindex/Session.modulevalidation -package-name spi_builder_workspace -Xcc -I/Users/admin/builder/spi-builder-workspace/.derivedData/Build/Intermediates.noindex/Pulse.build/Debug-watchos/PulseProxy.build/swift-overrides.hmap -emit-const-values -Xfrontend -const-gather-protocols-file -Xfrontend /Users/admin/builder/spi-builder-workspace/.derivedData/Build/Intermediates.noindex/Pulse.build/Debug-watchos/PulseProxy.build/Objects-normal/arm64_32/PulseProxy_const_extract_protocols.json -Xcc -I/Users/admin/builder/spi-builder-workspace/Sources/PulseObjCHelpers/include -Xcc -I/Users/admin/builder/spi-builder-workspace/.derivedData/Build/Products/Debug-watchos/include -Xcc -I/Users/admin/builder/spi-builder-workspace/.derivedData/Build/Intermediates.noindex/Pulse.build/Debug-watchos/PulseProxy.build/DerivedSources-normal/arm64_32 -Xcc -I/Users/admin/builder/spi-builder-workspace/.derivedData/Build/Intermediates.noindex/Pulse.build/Debug-watchos/PulseProxy.build/DerivedSources/arm64_32 -Xcc -I/Users/admin/builder/spi-builder-workspace/.derivedData/Build/Intermediates.noindex/Pulse.build/Debug-watchos/PulseProxy.build/DerivedSources -Xcc -DSWIFT_PACKAGE -Xcc -DDEBUG\=1 -emit-objc-header -emit-objc-header-path /Users/admin/builder/spi-builder-workspace/.derivedData/Build/Intermediates.noindex/Pulse.build/Debug-watchos/PulseProxy.build/Objects-normal/arm64_32/PulseProxy-Swift.h -working-directory /Users/admin/builder/spi-builder-workspace/.swiftpm/xcode -experimental-emit-module-separately -disable-cmo
SwiftDriverJobDiscovery normal arm64 Emitting module for PulseProxy (in target 'PulseProxy' from project 'Pulse')
SwiftCompile normal arm64 Compiling\ Foundation+Extensions.swift,\ NSAttributedString+Extensions.swift,\ Pulse+Extensions.swift,\ SwiftUI+Extensions.swift,\ ConsoleDelegate.swift,\ ConsoleEnvironment.swift,\ ConsoleView-ios.swift,\ ConsoleView-tvos.swift,\ ConsoleView-watchos.swift,\ ConsoleView.swift,\ CollapsedSectionsCache.swift,\ ConsoleDataSource.swift,\ ConsoleListContentView.swift,\ ConsoleListOptions.swift,\ ConsoleListView.swift,\ ConsoleListViewModel.swift,\ PredicateOptions.swift /Users/admin/builder/spi-builder-workspace/Sources/PulseUI/Extensions/Foundation+Extensions.swift /Users/admin/builder/spi-builder-workspace/Sources/PulseUI/Extensions/NSAttributedString+Extensions.swift /Users/admin/builder/spi-builder-workspace/Sources/PulseUI/Extensions/Pulse+Extensions.swift /Users/admin/builder/spi-builder-workspace/Sources/PulseUI/Extensions/SwiftUI+Extensions.swift /Users/admin/builder/spi-builder-workspace/Sources/PulseUI/Features/Console/ConsoleDelegate.swift /Users/admin/builder/spi-builder-workspace/Sources/PulseUI/Features/Console/ConsoleEnvironment.swift /Users/admin/builder/spi-builder-workspace/Sources/PulseUI/Features/Console/ConsoleView-ios.swift /Users/admin/builder/spi-builder-workspace/Sources/PulseUI/Features/Console/ConsoleView-tvos.swift /Users/admin/builder/spi-builder-workspace/Sources/PulseUI/Features/Console/ConsoleView-watchos.swift /Users/admin/builder/spi-builder-workspace/Sources/PulseUI/Features/Console/ConsoleView.swift /Users/admin/builder/spi-builder-workspace/Sources/PulseUI/Features/Console/List/CollapsedSectionsCache.swift /Users/admin/builder/spi-builder-workspace/Sources/PulseUI/Features/Console/List/ConsoleDataSource.swift /Users/admin/builder/spi-builder-workspace/Sources/PulseUI/Features/Console/List/ConsoleListContentView.swift /Users/admin/builder/spi-builder-workspace/Sources/PulseUI/Features/Console/List/ConsoleListOptions.swift /Users/admin/builder/spi-builder-workspace/Sources/PulseUI/Features/Console/List/ConsoleListView.swift /Users/admin/builder/spi-builder-workspace/Sources/PulseUI/Features/Console/List/ConsoleListViewModel.swift /Users/admin/builder/spi-builder-workspace/Sources/PulseUI/Features/Console/List/PredicateOptions.swift (in target 'PulseUI' from project 'Pulse')
Failed frontend command:
/Applications/Xcode-16.3.0.app/Contents/Developer/Toolchains/XcodeDefault.xctoolchain/usr/bin/swift-frontend -frontend -c -filelist /Users/admin/builder/spi-builder-workspace/.derivedData/Build/Intermediates.noindex/Pulse.build/Debug-watchos/PulseUI.build/Objects-normal/arm64/sources-1 -primary-file /Users/admin/builder/spi-builder-workspace/Sources/PulseUI/Extensions/Foundation+Extensions.swift -primary-file /Users/admin/builder/spi-builder-workspace/Sources/PulseUI/Extensions/NSAttributedString+Extensions.swift -primary-file /Users/admin/builder/spi-builder-workspace/Sources/PulseUI/Extensions/Pulse+Extensions.swift -primary-file /Users/admin/builder/spi-builder-workspace/Sources/PulseUI/Extensions/SwiftUI+Extensions.swift -primary-file /Users/admin/builder/spi-builder-workspace/Sources/PulseUI/Features/Console/ConsoleDelegate.swift -primary-file /Users/admin/builder/spi-builder-workspace/Sources/PulseUI/Features/Console/ConsoleEnvironment.swift -primary-file /Users/admin/builder/spi-builder-workspace/Sources/PulseUI/Features/Console/ConsoleView-ios.swift -primary-file /Users/admin/builder/spi-builder-workspace/Sources/PulseUI/Features/Console/ConsoleView-tvos.swift -primary-file /Users/admin/builder/spi-builder-workspace/Sources/PulseUI/Features/Console/ConsoleView-watchos.swift -primary-file /Users/admin/builder/spi-builder-workspace/Sources/PulseUI/Features/Console/ConsoleView.swift -primary-file /Users/admin/builder/spi-builder-workspace/Sources/PulseUI/Features/Console/List/CollapsedSectionsCache.swift -primary-file /Users/admin/builder/spi-builder-workspace/Sources/PulseUI/Features/Console/List/ConsoleDataSource.swift -primary-file /Users/admin/builder/spi-builder-workspace/Sources/PulseUI/Features/Console/List/ConsoleListContentView.swift -primary-file /Users/admin/builder/spi-builder-workspace/Sources/PulseUI/Features/Console/List/ConsoleListOptions.swift -primary-file /Users/admin/builder/spi-builder-workspace/Sources/PulseUI/Features/Console/List/ConsoleListView.swift -primary-file /Users/admin/builder/spi-builder-workspace/Sources/PulseUI/Features/Console/List/ConsoleListViewModel.swift -primary-file /Users/admin/builder/spi-builder-workspace/Sources/PulseUI/Features/Console/List/PredicateOptions.swift -supplementary-output-file-map /Users/admin/builder/spi-builder-workspace/.derivedData/Build/Intermediates.noindex/Pulse.build/Debug-watchos/PulseUI.build/Objects-normal/arm64/supplementaryOutputs-43 -target arm64-apple-watchos9.0 -Xllvm -aarch64-use-tbi -enable-objc-interop -stack-check -sdk /Applications/Xcode-16.3.0.app/Contents/Developer/Platforms/WatchOS.platform/Developer/SDKs/WatchOS11.4.sdk -I /Users/admin/builder/spi-builder-workspace/.derivedData/Build/Products/Debug-watchos -I /Applications/Xcode-16.3.0.app/Contents/Developer/Platforms/WatchOS.platform/Developer/usr/lib -F /Users/admin/builder/spi-builder-workspace/.derivedData/Build/Products/Debug-watchos/PackageFrameworks -F /Users/admin/builder/spi-builder-workspace/.derivedData/Build/Products/Debug-watchos/PackageFrameworks -F /Users/admin/builder/spi-builder-workspace/.derivedData/Build/Products/Debug-watchos -F /Applications/Xcode-16.3.0.app/Contents/Developer/Platforms/WatchOS.platform/Developer/Library/Frameworks -F /Applications/Xcode-16.3.0.app/Contents/Developer/Platforms/WatchOS.platform/Developer/SDKs/WatchOS11.4.sdk/Developer/Library/Frameworks -no-color-diagnostics -enable-testing -g -debug-info-format\=dwarf -dwarf-version\=4 -module-cache-path /Users/admin/builder/spi-builder-workspace/.derivedData/ModuleCache.noindex -swift-version 5 -enforce-exclusivity\=checked -Onone -D SWIFT_PACKAGE -D DEBUG -D Xcode -serialize-debugging-options -const-gather-protocols-file /Users/admin/builder/spi-builder-workspace/.derivedData/Build/Intermediates.noindex/Pulse.build/Debug-watchos/PulseUI.build/Objects-normal/arm64/PulseUI_const_extract_protocols.json -enable-experimental-feature DebugDescriptionMacro -empty-abi-descriptor -plugin-path /Applications/Xcode-16.3.0.app/Contents/Developer/Toolchains/XcodeDefault.xctoolchain/usr/lib/swift/host/plugins/testing -validate-clang-modules-once -clang-build-session-file /Users/admin/builder/spi-builder-workspace/.derivedData/ModuleCache.noindex/Session.modulevalidation -Xcc -working-directory -Xcc /Users/admin/builder/spi-builder-workspace/.swiftpm/xcode -resource-dir /Applications/Xcode-16.3.0.app/Contents/Developer/Toolchains/XcodeDefault.xctoolchain/usr/lib/swift -enable-anonymous-context-mangled-names -file-compilation-dir /Users/admin/builder/spi-builder-workspace/.swiftpm/xcode -Xcc -fmodule-map-file\=/Users/admin/builder/spi-builder-workspace/.derivedData/Build/Intermediates.noindex/GeneratedModuleMaps-watchos/PulseObjCHelpers.modulemap -Xcc -ivfsstatcache -Xcc /Users/admin/builder/spi-builder-workspace/.derivedData/SDKStatCaches.noindex/watchos11.4-22T246-43efb940ff07ba2497b70ec94253f576.sdkstatcache -Xcc -I/Users/admin/builder/spi-builder-workspace/.derivedData/Build/Intermediates.noindex/Pulse.build/Debug-watchos/PulseUI.build/swift-overrides.hmap -Xcc -I/Users/admin/builder/spi-builder-workspace/Sources/PulseObjCHelpers/include -Xcc -I/Users/admin/builder/spi-builder-workspace/.derivedData/Build/Products/Debug-watchos/include -Xcc -I/Users/admin/builder/spi-builder-workspace/.derivedData/Build/Intermediates.noindex/Pulse.build/Debug-watchos/PulseUI.build/DerivedSources-normal/arm64 -Xcc -I/Users/admin/builder/spi-builder-workspace/.derivedData/Build/Intermediates.noindex/Pulse.build/Debug-watchos/PulseUI.build/DerivedSources/arm64 -Xcc -I/Users/admin/builder/spi-builder-workspace/.derivedData/Build/Intermediates.noindex/Pulse.build/Debug-watchos/PulseUI.build/DerivedSources -Xcc -DSWIFT_PACKAGE -Xcc -DDEBUG\=1 -module-name PulseUI -package-name spi_builder_workspace -frontend-parseable-output -disable-clang-spi -target-sdk-version 11.4 -target-sdk-name watchos11.4 -external-plugin-path /Applications/Xcode-16.3.0.app/Contents/Developer/Platforms/WatchOS.platform/Developer/usr/lib/swift/host/plugins\#/Applications/Xcode-16.3.0.app/Contents/Developer/Platforms/WatchOS.platform/Developer/usr/bin/swift-plugin-server -external-plugin-path /Applications/Xcode-16.3.0.app/Contents/Developer/Platforms/WatchOS.platform/Developer/usr/local/lib/swift/host/plugins\#/Applications/Xcode-16.3.0.app/Contents/Developer/Platforms/WatchOS.platform/Developer/usr/bin/swift-plugin-server -in-process-plugin-server-path /Applications/Xcode-16.3.0.app/Contents/Developer/Toolchains/XcodeDefault.xctoolchain/usr/lib/swift/host/libSwiftInProcPluginServer.dylib -plugin-path /Applications/Xcode-16.3.0.app/Contents/Developer/Toolchains/XcodeDefault.xctoolchain/usr/lib/swift/host/plugins -plugin-path /Applications/Xcode-16.3.0.app/Contents/Developer/Toolchains/XcodeDefault.xctoolchain/usr/local/lib/swift/host/plugins -o /Users/admin/builder/spi-builder-workspace/.derivedData/Build/Intermediates.noindex/Pulse.build/Debug-watchos/PulseUI.build/Objects-normal/arm64/Foundation+Extensions.o -o /Users/admin/builder/spi-builder-workspace/.derivedData/Build/Intermediates.noindex/Pulse.build/Debug-watchos/PulseUI.build/Objects-normal/arm64/NSAttributedString+Extensions.o -o /Users/admin/builder/spi-builder-workspace/.derivedData/Build/Intermediates.noindex/Pulse.build/Debug-watchos/PulseUI.build/Objects-normal/arm64/Pulse+Extensions.o -o /Users/admin/builder/spi-builder-workspace/.derivedData/Build/Intermediates.noindex/Pulse.build/Debug-watchos/PulseUI.build/Objects-normal/arm64/SwiftUI+Extensions.o -o /Users/admin/builder/spi-builder-workspace/.derivedData/Build/Intermediates.noindex/Pulse.build/Debug-watchos/PulseUI.build/Objects-normal/arm64/ConsoleDelegate.o -o /Users/admin/builder/spi-builder-workspace/.derivedData/Build/Intermediates.noindex/Pulse.build/Debug-watchos/PulseUI.build/Objects-normal/arm64/ConsoleEnvironment.o -o /Users/admin/builder/spi-builder-workspace/.derivedData/Build/Intermediates.noindex/Pulse.build/Debug-watchos/PulseUI.build/Objects-normal/arm64/ConsoleView-ios.o -o /Users/admin/builder/spi-builder-workspace/.derivedData/Build/Intermediates.noindex/Pulse.build/Debug-watchos/PulseUI.build/Objects-normal/arm64/ConsoleView-tvos.o -o /Users/admin/builder/spi-builder-workspace/.derivedData/Build/Intermediates.noindex/Pulse.build/Debug-watchos/PulseUI.build/Objects-normal/arm64/ConsoleView-watchos.o -o /Users/admin/builder/spi-builder-workspace/.derivedData/Build/Intermediates.noindex/Pulse.build/Debug-watchos/PulseUI.build/Objects-normal/arm64/ConsoleView.o -o /Users/admin/builder/spi-builder-workspace/.derivedData/Build/Intermediates.noindex/Pulse.build/Debug-watchos/PulseUI.build/Objects-normal/arm64/CollapsedSectionsCache.o -o /Users/admin/builder/spi-builder-workspace/.derivedData/Build/Intermediates.noindex/Pulse.build/Debug-watchos/PulseUI.build/Objects-normal/arm64/ConsoleDataSource.o -o /Users/admin/builder/spi-builder-workspace/.derivedData/Build/Intermediates.noindex/Pulse.build/Debug-watchos/PulseUI.build/Objects-normal/arm64/ConsoleListContentView.o -o /Users/admin/builder/spi-builder-workspace/.derivedData/Build/Intermediates.noindex/Pulse.build/Debug-watchos/PulseUI.build/Objects-normal/arm64/ConsoleListOptions.o -o /Users/admin/builder/spi-builder-workspace/.derivedData/Build/Intermediates.noindex/Pulse.build/Debug-watchos/PulseUI.build/Objects-normal/arm64/ConsoleListView.o -o /Users/admin/builder/spi-builder-workspace/.derivedData/Build/Intermediates.noindex/Pulse.build/Debug-watchos/PulseUI.build/Objects-normal/arm64/ConsoleListViewModel.o -o /Users/admin/builder/spi-builder-workspace/.derivedData/Build/Intermediates.noindex/Pulse.build/Debug-watchos/PulseUI.build/Objects-normal/arm64/PredicateOptions.o -index-unit-output-path /Pulse.build/Debug-watchos/PulseUI.build/Objects-normal/arm64/Foundation+Extensions.o -index-unit-output-path /Pulse.build/Debug-watchos/PulseUI.build/Objects-normal/arm64/NSAttributedString+Extensions.o -index-unit-output-path /Pulse.build/Debug-watchos/PulseUI.build/Objects-normal/arm64/Pulse+Extensions.o -index-unit-output-path /Pulse.build/Debug-watchos/PulseUI.build/Objects-normal/arm64/SwiftUI+Extensions.o -index-unit-output-path /Pulse.build/Debug-watchos/PulseUI.build/Objects-normal/arm64/ConsoleDelegate.o -index-unit-output-path /Pulse.build/Debug-watchos/PulseUI.build/Objects-normal/arm64/ConsoleEnvironment.o -index-unit-output-path /Pulse.build/Debug-watchos/PulseUI.build/Objects-normal/arm64/ConsoleView-ios.o -index-unit-output-path /Pulse.build/Debug-watchos/PulseUI.build/Objects-normal/arm64/ConsoleView-tvos.o -index-unit-output-path /Pulse.build/Debug-watchos/PulseUI.build/Objects-normal/arm64/ConsoleView-watchos.o -index-unit-output-path /Pulse.build/Debug-watchos/PulseUI.build/Objects-normal/arm64/ConsoleView.o -index-unit-output-path /Pulse.build/Debug-watchos/PulseUI.build/Objects-normal/arm64/CollapsedSectionsCache.o -index-unit-output-path /Pulse.build/Debug-watchos/PulseUI.build/Objects-normal/arm64/ConsoleDataSource.o -index-unit-output-path /Pulse.build/Debug-watchos/PulseUI.build/Objects-normal/arm64/ConsoleListContentView.o -index-unit-output-path /Pulse.build/Debug-watchos/PulseUI.build/Objects-normal/arm64/ConsoleListOptions.o -index-unit-output-path /Pulse.build/Debug-watchos/PulseUI.build/Objects-normal/arm64/ConsoleListView.o -index-unit-output-path /Pulse.build/Debug-watchos/PulseUI.build/Objects-normal/arm64/ConsoleListViewModel.o -index-unit-output-path /Pulse.build/Debug-watchos/PulseUI.build/Objects-normal/arm64/PredicateOptions.o -index-store-path /Users/admin/builder/spi-builder-workspace/.derivedData/Index.noindex/DataStore -index-system-modules
SwiftCompile normal arm64 /Users/admin/builder/spi-builder-workspace/Sources/PulseUI/Extensions/Foundation+Extensions.swift (in target 'PulseUI' from project 'Pulse')
cd /Users/admin/builder/spi-builder-workspace/.swiftpm/xcode
SwiftCompile normal arm64 /Users/admin/builder/spi-builder-workspace/Sources/PulseUI/Extensions/NSAttributedString+Extensions.swift (in target 'PulseUI' from project 'Pulse')
cd /Users/admin/builder/spi-builder-workspace/.swiftpm/xcode
SwiftCompile normal arm64 /Users/admin/builder/spi-builder-workspace/Sources/PulseUI/Extensions/Pulse+Extensions.swift (in target 'PulseUI' from project 'Pulse')
cd /Users/admin/builder/spi-builder-workspace/.swiftpm/xcode
SwiftCompile normal arm64 /Users/admin/builder/spi-builder-workspace/Sources/PulseUI/Extensions/SwiftUI+Extensions.swift (in target 'PulseUI' from project 'Pulse')
cd /Users/admin/builder/spi-builder-workspace/.swiftpm/xcode
/Users/admin/builder/spi-builder-workspace/Sources/PulseUI/Extensions/SwiftUI+Extensions.swift:88:20: error: missing argument for parameter #1 in call
Button(role: ButtonRole(role), action: action)
^
<#LocalizedStringKey#>,
SwiftUI.Button.init:2:36: note: 'init(_:role:action:)' declared here
@preconcurrency nonisolated public init(_ titleKey: LocalizedStringKey, role: ButtonRole?, action: @escaping @MainActor () -> Void)}
^
/Users/admin/builder/spi-builder-workspace/Sources/PulseUI/Extensions/SwiftUI+Extensions.swift:116:30: error: type 'ButtonRole' has no member 'close'
case .close: self = .close
~^~~~~
/Users/admin/builder/spi-builder-workspace/Sources/PulseUI/Extensions/SwiftUI+Extensions.swift:117:32: error: type 'ButtonRole' has no member 'confirm'
case .confirm: self = .confirm
~^~~~~~~
SwiftCompile normal arm64 /Users/admin/builder/spi-builder-workspace/Sources/PulseUI/Features/Console/ConsoleDelegate.swift (in target 'PulseUI' from project 'Pulse')
cd /Users/admin/builder/spi-builder-workspace/.swiftpm/xcode
SwiftCompile normal arm64 /Users/admin/builder/spi-builder-workspace/Sources/PulseUI/Features/Console/ConsoleEnvironment.swift (in target 'PulseUI' from project 'Pulse')
cd /Users/admin/builder/spi-builder-workspace/.swiftpm/xcode
SwiftCompile normal arm64 /Users/admin/builder/spi-builder-workspace/Sources/PulseUI/Features/Console/ConsoleView-ios.swift (in target 'PulseUI' from project 'Pulse')
cd /Users/admin/builder/spi-builder-workspace/.swiftpm/xcode
SwiftCompile normal arm64 /Users/admin/builder/spi-builder-workspace/Sources/PulseUI/Features/Console/ConsoleView-tvos.swift (in target 'PulseUI' from project 'Pulse')
cd /Users/admin/builder/spi-builder-workspace/.swiftpm/xcode
SwiftCompile normal arm64 /Users/admin/builder/spi-builder-workspace/Sources/PulseUI/Features/Console/ConsoleView-watchos.swift (in target 'PulseUI' from project 'Pulse')
cd /Users/admin/builder/spi-builder-workspace/.swiftpm/xcode
SwiftCompile normal arm64 /Users/admin/builder/spi-builder-workspace/Sources/PulseUI/Features/Console/ConsoleView.swift (in target 'PulseUI' from project 'Pulse')
cd /Users/admin/builder/spi-builder-workspace/.swiftpm/xcode
SwiftCompile normal arm64 /Users/admin/builder/spi-builder-workspace/Sources/PulseUI/Features/Console/List/CollapsedSectionsCache.swift (in target 'PulseUI' from project 'Pulse')
cd /Users/admin/builder/spi-builder-workspace/.swiftpm/xcode
SwiftCompile normal arm64 /Users/admin/builder/spi-builder-workspace/Sources/PulseUI/Features/Console/List/ConsoleDataSource.swift (in target 'PulseUI' from project 'Pulse')
cd /Users/admin/builder/spi-builder-workspace/.swiftpm/xcode
SwiftCompile normal arm64 /Users/admin/builder/spi-builder-workspace/Sources/PulseUI/Features/Console/List/ConsoleListContentView.swift (in target 'PulseUI' from project 'Pulse')
cd /Users/admin/builder/spi-builder-workspace/.swiftpm/xcode
SwiftCompile normal arm64 /Users/admin/builder/spi-builder-workspace/Sources/PulseUI/Features/Console/List/ConsoleListOptions.swift (in target 'PulseUI' from project 'Pulse')
cd /Users/admin/builder/spi-builder-workspace/.swiftpm/xcode
SwiftCompile normal arm64 /Users/admin/builder/spi-builder-workspace/Sources/PulseUI/Features/Console/List/ConsoleListView.swift (in target 'PulseUI' from project 'Pulse')
cd /Users/admin/builder/spi-builder-workspace/.swiftpm/xcode
SwiftCompile normal arm64 /Users/admin/builder/spi-builder-workspace/Sources/PulseUI/Features/Console/List/ConsoleListViewModel.swift (in target 'PulseUI' from project 'Pulse')
cd /Users/admin/builder/spi-builder-workspace/.swiftpm/xcode
SwiftCompile normal arm64 /Users/admin/builder/spi-builder-workspace/Sources/PulseUI/Features/Console/List/PredicateOptions.swift (in target 'PulseUI' from project 'Pulse')
cd /Users/admin/builder/spi-builder-workspace/.swiftpm/xcode
SwiftDriver\ Compilation\ Requirements PulseProxy normal arm64 com.apple.xcode.tools.swift.compiler (in target 'PulseProxy' from project 'Pulse')
cd /Users/admin/builder/spi-builder-workspace/.swiftpm/xcode
builtin-Swift-Compilation-Requirements -- /Applications/Xcode-16.3.0.app/Contents/Developer/Toolchains/XcodeDefault.xctoolchain/usr/bin/swiftc -module-name PulseProxy -Onone -enforce-exclusivity\=checked @/Users/admin/builder/spi-builder-workspace/.derivedData/Build/Intermediates.noindex/Pulse.build/Debug-watchos/PulseProxy.build/Objects-normal/arm64/PulseProxy.SwiftFileList -DSWIFT_PACKAGE -DDEBUG -Xcc -fmodule-map-file\=/Users/admin/builder/spi-builder-workspace/.derivedData/Build/Intermediates.noindex/GeneratedModuleMaps-watchos/PulseObjCHelpers.modulemap -DXcode -plugin-path /Applications/Xcode-16.3.0.app/Contents/Developer/Toolchains/XcodeDefault.xctoolchain/usr/lib/swift/host/plugins/testing -enable-experimental-feature DebugDescriptionMacro -sdk /Applications/Xcode-16.3.0.app/Contents/Developer/Platforms/WatchOS.platform/Developer/SDKs/WatchOS11.4.sdk -target arm64-apple-watchos9.0 -g -module-cache-path /Users/admin/builder/spi-builder-workspace/.derivedData/ModuleCache.noindex -Xfrontend -serialize-debugging-options -enable-testing -index-store-path /Users/admin/builder/spi-builder-workspace/.derivedData/Index.noindex/DataStore -swift-version 5 -I /Users/admin/builder/spi-builder-workspace/.derivedData/Build/Products/Debug-watchos -I /Applications/Xcode-16.3.0.app/Contents/Developer/Platforms/WatchOS.platform/Developer/usr/lib -F /Users/admin/builder/spi-builder-workspace/.derivedData/Build/Products/Debug-watchos/PackageFrameworks -F /Users/admin/builder/spi-builder-workspace/.derivedData/Build/Products/Debug-watchos/PackageFrameworks -F /Users/admin/builder/spi-builder-workspace/.derivedData/Build/Products/Debug-watchos -F /Applications/Xcode-16.3.0.app/Contents/Developer/Platforms/WatchOS.platform/Developer/Library/Frameworks -F /Applications/Xcode-16.3.0.app/Contents/Developer/Platforms/WatchOS.platform/Developer/SDKs/WatchOS11.4.sdk/Developer/Library/Frameworks -parse-as-library -c -j10 -enable-batch-mode -incremental -Xcc -ivfsstatcache -Xcc /Users/admin/builder/spi-builder-workspace/.derivedData/SDKStatCaches.noindex/watchos11.4-22T246-43efb940ff07ba2497b70ec94253f576.sdkstatcache -output-file-map /Users/admin/builder/spi-builder-workspace/.derivedData/Build/Intermediates.noindex/Pulse.build/Debug-watchos/PulseProxy.build/Objects-normal/arm64/PulseProxy-OutputFileMap.json -use-frontend-parseable-output -save-temps -no-color-diagnostics -serialize-diagnostics -emit-dependencies -emit-module -emit-module-path /Users/admin/builder/spi-builder-workspace/.derivedData/Build/Intermediates.noindex/Pulse.build/Debug-watchos/PulseProxy.build/Objects-normal/arm64/PulseProxy.swiftmodule -validate-clang-modules-once -clang-build-session-file /Users/admin/builder/spi-builder-workspace/.derivedData/ModuleCache.noindex/Session.modulevalidation -package-name spi_builder_workspace -Xcc -I/Users/admin/builder/spi-builder-workspace/.derivedData/Build/Intermediates.noindex/Pulse.build/Debug-watchos/PulseProxy.build/swift-overrides.hmap -emit-const-values -Xfrontend -const-gather-protocols-file -Xfrontend /Users/admin/builder/spi-builder-workspace/.derivedData/Build/Intermediates.noindex/Pulse.build/Debug-watchos/PulseProxy.build/Objects-normal/arm64/PulseProxy_const_extract_protocols.json -Xcc -I/Users/admin/builder/spi-builder-workspace/Sources/PulseObjCHelpers/include -Xcc -I/Users/admin/builder/spi-builder-workspace/.derivedData/Build/Products/Debug-watchos/include -Xcc -I/Users/admin/builder/spi-builder-workspace/.derivedData/Build/Intermediates.noindex/Pulse.build/Debug-watchos/PulseProxy.build/DerivedSources-normal/arm64 -Xcc -I/Users/admin/builder/spi-builder-workspace/.derivedData/Build/Intermediates.noindex/Pulse.build/Debug-watchos/PulseProxy.build/DerivedSources/arm64 -Xcc -I/Users/admin/builder/spi-builder-workspace/.derivedData/Build/Intermediates.noindex/Pulse.build/Debug-watchos/PulseProxy.build/DerivedSources -Xcc -DSWIFT_PACKAGE -Xcc -DDEBUG\=1 -emit-objc-header -emit-objc-header-path /Users/admin/builder/spi-builder-workspace/.derivedData/Build/Intermediates.noindex/Pulse.build/Debug-watchos/PulseProxy.build/Objects-normal/arm64/PulseProxy-Swift.h -working-directory /Users/admin/builder/spi-builder-workspace/.swiftpm/xcode -experimental-emit-module-separately -disable-cmo
SwiftDriverJobDiscovery normal arm64_32 Compiling URLSessionSwizzler.swift (in target 'PulseProxy' from project 'Pulse')
Copy /Users/admin/builder/spi-builder-workspace/.derivedData/Build/Products/Debug-watchos/PulseProxy.swiftmodule/arm64_32-apple-watchos.abi.json /Users/admin/builder/spi-builder-workspace/.derivedData/Build/Intermediates.noindex/Pulse.build/Debug-watchos/PulseProxy.build/Objects-normal/arm64_32/PulseProxy.abi.json (in target 'PulseProxy' from project 'Pulse')
cd /Users/admin/builder/spi-builder-workspace
builtin-copy -exclude .DS_Store -exclude CVS -exclude .svn -exclude .git -exclude .hg -resolve-src-symlinks -rename /Users/admin/builder/spi-builder-workspace/.derivedData/Build/Intermediates.noindex/Pulse.build/Debug-watchos/PulseProxy.build/Objects-normal/arm64_32/PulseProxy.abi.json /Users/admin/builder/spi-builder-workspace/.derivedData/Build/Products/Debug-watchos/PulseProxy.swiftmodule/arm64_32-apple-watchos.abi.json
Copy /Users/admin/builder/spi-builder-workspace/.derivedData/Build/Products/Debug-watchos/PulseProxy.swiftmodule/arm64-apple-watchos.abi.json /Users/admin/builder/spi-builder-workspace/.derivedData/Build/Intermediates.noindex/Pulse.build/Debug-watchos/PulseProxy.build/Objects-normal/arm64/PulseProxy.abi.json (in target 'PulseProxy' from project 'Pulse')
cd /Users/admin/builder/spi-builder-workspace
builtin-copy -exclude .DS_Store -exclude CVS -exclude .svn -exclude .git -exclude .hg -resolve-src-symlinks -rename /Users/admin/builder/spi-builder-workspace/.derivedData/Build/Intermediates.noindex/Pulse.build/Debug-watchos/PulseProxy.build/Objects-normal/arm64/PulseProxy.abi.json /Users/admin/builder/spi-builder-workspace/.derivedData/Build/Products/Debug-watchos/PulseProxy.swiftmodule/arm64-apple-watchos.abi.json
SwiftCompile normal arm64_32 Compiling\ ConsoleFilters+Predicates.swift,\ ConsoleFilters.swift,\ ConsoleCustomFilterEditSheet.swift,\ ConsoleDomainsSelectionView.swift,\ ConsoleLabelsSelectionView.swift,\ ConsoleSearchCustomFiltersSection.swift,\ ConsoleSearchListSelectionView.swift,\ ConsoleSearchSectionHeader.swift,\ ConsoleSection.swift,\ ConsoleSessionsPickerView.swift,\ NetworkCURLCell.swift,\ NetworkCookiesCell.swift,\ NetworkHeadersCell.swift,\ NetworkMenuCell.swift,\ NetworkMetricsCell.swift,\ NetworkRequestBodyCell.swift /Users/admin/builder/spi-builder-workspace/Sources/PulseUI/Features/Filters/Predicates/ConsoleFilters+Predicates.swift /Users/admin/builder/spi-builder-workspace/Sources/PulseUI/Features/Filters/Predicates/ConsoleFilters.swift /Users/admin/builder/spi-builder-workspace/Sources/PulseUI/Features/Filters/Views/ConsoleCustomFilterEditSheet.swift /Users/admin/builder/spi-builder-workspace/Sources/PulseUI/Features/Filters/Views/ConsoleDomainsSelectionView.swift /Users/admin/builder/spi-builder-workspace/Sources/PulseUI/Features/Filters/Views/ConsoleLabelsSelectionView.swift /Users/admin/builder/spi-builder-workspace/Sources/PulseUI/Features/Filters/Views/ConsoleSearchCustomFiltersSection.swift /Users/admin/builder/spi-builder-workspace/Sources/PulseUI/Features/Filters/Views/ConsoleSearchListSelectionView.swift /Users/admin/builder/spi-builder-workspace/Sources/PulseUI/Features/Filters/Views/ConsoleSearchSectionHeader.swift /Users/admin/builder/spi-builder-workspace/Sources/PulseUI/Features/Filters/Views/ConsoleSection.swift /Users/admin/builder/spi-builder-workspace/Sources/PulseUI/Features/Filters/Views/ConsoleSessionsPickerView.swift /Users/admin/builder/spi-builder-workspace/Sources/PulseUI/Features/Inspector/Cells/NetworkCURLCell.swift /Users/admin/builder/spi-builder-workspace/Sources/PulseUI/Features/Inspector/Cells/NetworkCookiesCell.swift /Users/admin/builder/spi-builder-workspace/Sources/PulseUI/Features/Inspector/Cells/NetworkHeadersCell.swift /Users/admin/builder/spi-builder-workspace/Sources/PulseUI/Features/Inspector/Cells/NetworkMenuCell.swift /Users/admin/builder/spi-builder-workspace/Sources/PulseUI/Features/Inspector/Cells/NetworkMetricsCell.swift /Users/admin/builder/spi-builder-workspace/Sources/PulseUI/Features/Inspector/Cells/NetworkRequestBodyCell.swift (in target 'PulseUI' from project 'Pulse')
SwiftCompile normal arm64_32 /Users/admin/builder/spi-builder-workspace/Sources/PulseUI/Features/Filters/Predicates/ConsoleFilters+Predicates.swift (in target 'PulseUI' from project 'Pulse')
cd /Users/admin/builder/spi-builder-workspace/.swiftpm/xcode
SwiftCompile normal arm64_32 /Users/admin/builder/spi-builder-workspace/Sources/PulseUI/Features/Filters/Predicates/ConsoleFilters.swift (in target 'PulseUI' from project 'Pulse')
cd /Users/admin/builder/spi-builder-workspace/.swiftpm/xcode
SwiftCompile normal arm64_32 /Users/admin/builder/spi-builder-workspace/Sources/PulseUI/Features/Filters/Views/ConsoleCustomFilterEditSheet.swift (in target 'PulseUI' from project 'Pulse')
cd /Users/admin/builder/spi-builder-workspace/.swiftpm/xcode
SwiftCompile normal arm64_32 /Users/admin/builder/spi-builder-workspace/Sources/PulseUI/Features/Filters/Views/ConsoleDomainsSelectionView.swift (in target 'PulseUI' from project 'Pulse')
cd /Users/admin/builder/spi-builder-workspace/.swiftpm/xcode
SwiftCompile normal arm64_32 /Users/admin/builder/spi-builder-workspace/Sources/PulseUI/Features/Filters/Views/ConsoleLabelsSelectionView.swift (in target 'PulseUI' from project 'Pulse')
cd /Users/admin/builder/spi-builder-workspace/.swiftpm/xcode
SwiftCompile normal arm64_32 /Users/admin/builder/spi-builder-workspace/Sources/PulseUI/Features/Filters/Views/ConsoleSearchCustomFiltersSection.swift (in target 'PulseUI' from project 'Pulse')
cd /Users/admin/builder/spi-builder-workspace/.swiftpm/xcode
SwiftCompile normal arm64_32 /Users/admin/builder/spi-builder-workspace/Sources/PulseUI/Features/Filters/Views/ConsoleSearchListSelectionView.swift (in target 'PulseUI' from project 'Pulse')
cd /Users/admin/builder/spi-builder-workspace/.swiftpm/xcode
SwiftCompile normal arm64_32 /Users/admin/builder/spi-builder-workspace/Sources/PulseUI/Features/Filters/Views/ConsoleSearchSectionHeader.swift (in target 'PulseUI' from project 'Pulse')
cd /Users/admin/builder/spi-builder-workspace/.swiftpm/xcode
SwiftCompile normal arm64_32 /Users/admin/builder/spi-builder-workspace/Sources/PulseUI/Features/Filters/Views/ConsoleSection.swift (in target 'PulseUI' from project 'Pulse')
cd /Users/admin/builder/spi-builder-workspace/.swiftpm/xcode
SwiftCompile normal arm64_32 /Users/admin/builder/spi-builder-workspace/Sources/PulseUI/Features/Filters/Views/ConsoleSessionsPickerView.swift (in target 'PulseUI' from project 'Pulse')
cd /Users/admin/builder/spi-builder-workspace/.swiftpm/xcode
SwiftCompile normal arm64_32 /Users/admin/builder/spi-builder-workspace/Sources/PulseUI/Features/Inspector/Cells/NetworkCURLCell.swift (in target 'PulseUI' from project 'Pulse')
cd /Users/admin/builder/spi-builder-workspace/.swiftpm/xcode
SwiftCompile normal arm64_32 /Users/admin/builder/spi-builder-workspace/Sources/PulseUI/Features/Inspector/Cells/NetworkCookiesCell.swift (in target 'PulseUI' from project 'Pulse')
cd /Users/admin/builder/spi-builder-workspace/.swiftpm/xcode
SwiftCompile normal arm64_32 /Users/admin/builder/spi-builder-workspace/Sources/PulseUI/Features/Inspector/Cells/NetworkHeadersCell.swift (in target 'PulseUI' from project 'Pulse')
cd /Users/admin/builder/spi-builder-workspace/.swiftpm/xcode
SwiftCompile normal arm64_32 /Users/admin/builder/spi-builder-workspace/Sources/PulseUI/Features/Inspector/Cells/NetworkMenuCell.swift (in target 'PulseUI' from project 'Pulse')
cd /Users/admin/builder/spi-builder-workspace/.swiftpm/xcode
SwiftCompile normal arm64_32 /Users/admin/builder/spi-builder-workspace/Sources/PulseUI/Features/Inspector/Cells/NetworkMetricsCell.swift (in target 'PulseUI' from project 'Pulse')
cd /Users/admin/builder/spi-builder-workspace/.swiftpm/xcode
SwiftCompile normal arm64_32 /Users/admin/builder/spi-builder-workspace/Sources/PulseUI/Features/Inspector/Cells/NetworkRequestBodyCell.swift (in target 'PulseUI' from project 'Pulse')
cd /Users/admin/builder/spi-builder-workspace/.swiftpm/xcode
SwiftCompile normal arm64_32 Compiling\ ConsoleSearchOptionsSheet.swift,\ ConsoleSearchResultsSectionView.swift,\ ConsoleSearchSuggestionView.swift,\ SessionListView.swift,\ SessionPickerView.swift,\ SessionPreviewView.swift,\ SessionsView-watchos.swift,\ SessionsView.swift,\ SettingsView-ios.swift,\ SettingsView-macos.swift,\ SettingsView-tvos.swift,\ SettingsView-watchos.swift,\ StoreDetailsView.swift,\ DecodingErrorsPreviews.swift,\ FileViewModelContext.swift,\ Formatters.swift /Users/admin/builder/spi-builder-workspace/Sources/PulseUI/Features/Search/Views/ConsoleSearchOptionsSheet.swift /Users/admin/builder/spi-builder-workspace/Sources/PulseUI/Features/Search/Views/ConsoleSearchResultsSectionView.swift /Users/admin/builder/spi-builder-workspace/Sources/PulseUI/Features/Search/Views/ConsoleSearchSuggestionView.swift /Users/admin/builder/spi-builder-workspace/Sources/PulseUI/Features/Sessions/SessionListView.swift /Users/admin/builder/spi-builder-workspace/Sources/PulseUI/Features/Sessions/SessionPickerView.swift /Users/admin/builder/spi-builder-workspace/Sources/PulseUI/Features/Sessions/SessionPreviewView.swift /Users/admin/builder/spi-builder-workspace/Sources/PulseUI/Features/Sessions/SessionsView-watchos.swift /Users/admin/builder/spi-builder-workspace/Sources/PulseUI/Features/Sessions/SessionsView.swift /Users/admin/builder/spi-builder-workspace/Sources/PulseUI/Features/Settings/SettingsView-ios.swift /Users/admin/builder/spi-builder-workspace/Sources/PulseUI/Features/Settings/SettingsView-macos.swift /Users/admin/builder/spi-builder-workspace/Sources/PulseUI/Features/Settings/SettingsView-tvos.swift /Users/admin/builder/spi-builder-workspace/Sources/PulseUI/Features/Settings/SettingsView-watchos.swift /Users/admin/builder/spi-builder-workspace/Sources/PulseUI/Features/Settings/StoreDetailsView.swift /Users/admin/builder/spi-builder-workspace/Sources/PulseUI/Helpers/DecodingErrorsPreviews.swift /Users/admin/builder/spi-builder-workspace/Sources/PulseUI/Helpers/FileViewModelContext.swift /Users/admin/builder/spi-builder-workspace/Sources/PulseUI/Helpers/Formatters.swift (in target 'PulseUI' from project 'Pulse')
SwiftCompile normal arm64_32 /Users/admin/builder/spi-builder-workspace/Sources/PulseUI/Features/Search/Views/ConsoleSearchOptionsSheet.swift (in target 'PulseUI' from project 'Pulse')
cd /Users/admin/builder/spi-builder-workspace/.swiftpm/xcode
SwiftCompile normal arm64_32 /Users/admin/builder/spi-builder-workspace/Sources/PulseUI/Features/Search/Views/ConsoleSearchResultsSectionView.swift (in target 'PulseUI' from project 'Pulse')
cd /Users/admin/builder/spi-builder-workspace/.swiftpm/xcode
SwiftCompile normal arm64_32 /Users/admin/builder/spi-builder-workspace/Sources/PulseUI/Features/Search/Views/ConsoleSearchSuggestionView.swift (in target 'PulseUI' from project 'Pulse')
cd /Users/admin/builder/spi-builder-workspace/.swiftpm/xcode
SwiftCompile normal arm64_32 /Users/admin/builder/spi-builder-workspace/Sources/PulseUI/Features/Sessions/SessionListView.swift (in target 'PulseUI' from project 'Pulse')
cd /Users/admin/builder/spi-builder-workspace/.swiftpm/xcode
SwiftCompile normal arm64_32 /Users/admin/builder/spi-builder-workspace/Sources/PulseUI/Features/Sessions/SessionPickerView.swift (in target 'PulseUI' from project 'Pulse')
cd /Users/admin/builder/spi-builder-workspace/.swiftpm/xcode
SwiftCompile normal arm64_32 /Users/admin/builder/spi-builder-workspace/Sources/PulseUI/Features/Sessions/SessionPreviewView.swift (in target 'PulseUI' from project 'Pulse')
cd /Users/admin/builder/spi-builder-workspace/.swiftpm/xcode
SwiftCompile normal arm64_32 /Users/admin/builder/spi-builder-workspace/Sources/PulseUI/Features/Sessions/SessionsView-watchos.swift (in target 'PulseUI' from project 'Pulse')
cd /Users/admin/builder/spi-builder-workspace/.swiftpm/xcode
SwiftCompile normal arm64_32 /Users/admin/builder/spi-builder-workspace/Sources/PulseUI/Features/Sessions/SessionsView.swift (in target 'PulseUI' from project 'Pulse')
cd /Users/admin/builder/spi-builder-workspace/.swiftpm/xcode
SwiftCompile normal arm64_32 /Users/admin/builder/spi-builder-workspace/Sources/PulseUI/Features/Settings/SettingsView-ios.swift (in target 'PulseUI' from project 'Pulse')
cd /Users/admin/builder/spi-builder-workspace/.swiftpm/xcode
SwiftCompile normal arm64_32 /Users/admin/builder/spi-builder-workspace/Sources/PulseUI/Features/Settings/SettingsView-macos.swift (in target 'PulseUI' from project 'Pulse')
cd /Users/admin/builder/spi-builder-workspace/.swiftpm/xcode
SwiftCompile normal arm64_32 /Users/admin/builder/spi-builder-workspace/Sources/PulseUI/Features/Settings/SettingsView-tvos.swift (in target 'PulseUI' from project 'Pulse')
cd /Users/admin/builder/spi-builder-workspace/.swiftpm/xcode
SwiftCompile normal arm64_32 /Users/admin/builder/spi-builder-workspace/Sources/PulseUI/Features/Settings/SettingsView-watchos.swift (in target 'PulseUI' from project 'Pulse')
cd /Users/admin/builder/spi-builder-workspace/.swiftpm/xcode
SwiftCompile normal arm64_32 /Users/admin/builder/spi-builder-workspace/Sources/PulseUI/Features/Settings/StoreDetailsView.swift (in target 'PulseUI' from project 'Pulse')
cd /Users/admin/builder/spi-builder-workspace/.swiftpm/xcode
SwiftCompile normal arm64_32 /Users/admin/builder/spi-builder-workspace/Sources/PulseUI/Helpers/DecodingErrorsPreviews.swift (in target 'PulseUI' from project 'Pulse')
cd /Users/admin/builder/spi-builder-workspace/.swiftpm/xcode
SwiftCompile normal arm64_32 /Users/admin/builder/spi-builder-workspace/Sources/PulseUI/Helpers/FileViewModelContext.swift (in target 'PulseUI' from project 'Pulse')
cd /Users/admin/builder/spi-builder-workspace/.swiftpm/xcode
SwiftCompile normal arm64_32 /Users/admin/builder/spi-builder-workspace/Sources/PulseUI/Helpers/Formatters.swift (in target 'PulseUI' from project 'Pulse')
cd /Users/admin/builder/spi-builder-workspace/.swiftpm/xcode
SwiftDriverJobDiscovery normal arm64 Compiling LoggerStore+Entities.swift, LoggerStore+Event.swift, LoggerStore+Info.swift (in target 'Pulse' from project 'Pulse')
SwiftCompile normal arm64 Compiling\ RemoteLoggerSettingsView.swift,\ RemoteLoggerSettingsViewModel.swift,\ ConsoleSearchListContentView.swift,\ ConsoleSearchViewModel.swift,\ ConsoleNetworkSearchSuggestionsService.swift,\ ConsoleSearchMatcher.swift,\ ConsoleSearchOccurrence.swift,\ ConsoleSearchRecentSearchesStore.swift,\ ConsoleSearchScope.swift,\ ConsoleSearchService.swift,\ ConsoleSearchSession.swift,\ ConsoleSearchTerm.swift,\ ConsoleSearchToken+Parsers.swift,\ ConsoleSearchToken.swift,\ ConsoleSearchDynamicSuggestionsListView.swift,\ ConsoleSearchEmptyResultsView.swift /Users/admin/builder/spi-builder-workspace/Sources/PulseUI/Features/Remote/RemoteLoggerSettingsView.swift /Users/admin/builder/spi-builder-workspace/Sources/PulseUI/Features/Remote/RemoteLoggerSettingsViewModel.swift /Users/admin/builder/spi-builder-workspace/Sources/PulseUI/Features/Search/ConsoleSearchListContentView.swift /Users/admin/builder/spi-builder-workspace/Sources/PulseUI/Features/Search/ConsoleSearchViewModel.swift /Users/admin/builder/spi-builder-workspace/Sources/PulseUI/Features/Search/Services/ConsoleNetworkSearchSuggestionsService.swift /Users/admin/builder/spi-builder-workspace/Sources/PulseUI/Features/Search/Services/ConsoleSearchMatcher.swift /Users/admin/builder/spi-builder-workspace/Sources/PulseUI/Features/Search/Services/ConsoleSearchOccurrence.swift /Users/admin/builder/spi-builder-workspace/Sources/PulseUI/Features/Search/Services/ConsoleSearchRecentSearchesStore.swift /Users/admin/builder/spi-builder-workspace/Sources/PulseUI/Features/Search/Services/ConsoleSearchScope.swift /Users/admin/builder/spi-builder-workspace/Sources/PulseUI/Features/Search/Services/ConsoleSearchService.swift /Users/admin/builder/spi-builder-workspace/Sources/PulseUI/Features/Search/Services/ConsoleSearchSession.swift /Users/admin/builder/spi-builder-workspace/Sources/PulseUI/Features/Search/Services/ConsoleSearchTerm.swift /Users/admin/builder/spi-builder-workspace/Sources/PulseUI/Features/Search/Services/ConsoleSearchToken+Parsers.swift /Users/admin/builder/spi-builder-workspace/Sources/PulseUI/Features/Search/Services/ConsoleSearchToken.swift /Users/admin/builder/spi-builder-workspace/Sources/PulseUI/Features/Search/Views/ConsoleSearchDynamicSuggestionsListView.swift /Users/admin/builder/spi-builder-workspace/Sources/PulseUI/Features/Search/Views/ConsoleSearchEmptyResultsView.swift (in target 'PulseUI' from project 'Pulse')
SwiftCompile normal arm64 /Users/admin/builder/spi-builder-workspace/Sources/PulseUI/Features/Remote/RemoteLoggerSettingsView.swift (in target 'PulseUI' from project 'Pulse')
cd /Users/admin/builder/spi-builder-workspace/.swiftpm/xcode
SwiftCompile normal arm64 /Users/admin/builder/spi-builder-workspace/Sources/PulseUI/Features/Remote/RemoteLoggerSettingsViewModel.swift (in target 'PulseUI' from project 'Pulse')
cd /Users/admin/builder/spi-builder-workspace/.swiftpm/xcode
SwiftCompile normal arm64 /Users/admin/builder/spi-builder-workspace/Sources/PulseUI/Features/Search/ConsoleSearchListContentView.swift (in target 'PulseUI' from project 'Pulse')
cd /Users/admin/builder/spi-builder-workspace/.swiftpm/xcode
SwiftCompile normal arm64 /Users/admin/builder/spi-builder-workspace/Sources/PulseUI/Features/Search/ConsoleSearchViewModel.swift (in target 'PulseUI' from project 'Pulse')
cd /Users/admin/builder/spi-builder-workspace/.swiftpm/xcode
SwiftCompile normal arm64 /Users/admin/builder/spi-builder-workspace/Sources/PulseUI/Features/Search/Services/ConsoleNetworkSearchSuggestionsService.swift (in target 'PulseUI' from project 'Pulse')
cd /Users/admin/builder/spi-builder-workspace/.swiftpm/xcode
SwiftCompile normal arm64 /Users/admin/builder/spi-builder-workspace/Sources/PulseUI/Features/Search/Services/ConsoleSearchMatcher.swift (in target 'PulseUI' from project 'Pulse')
cd /Users/admin/builder/spi-builder-workspace/.swiftpm/xcode
SwiftCompile normal arm64 /Users/admin/builder/spi-builder-workspace/Sources/PulseUI/Features/Search/Services/ConsoleSearchOccurrence.swift (in target 'PulseUI' from project 'Pulse')
cd /Users/admin/builder/spi-builder-workspace/.swiftpm/xcode
SwiftCompile normal arm64 /Users/admin/builder/spi-builder-workspace/Sources/PulseUI/Features/Search/Services/ConsoleSearchRecentSearchesStore.swift (in target 'PulseUI' from project 'Pulse')
cd /Users/admin/builder/spi-builder-workspace/.swiftpm/xcode
SwiftCompile normal arm64 /Users/admin/builder/spi-builder-workspace/Sources/PulseUI/Features/Search/Services/ConsoleSearchScope.swift (in target 'PulseUI' from project 'Pulse')
cd /Users/admin/builder/spi-builder-workspace/.swiftpm/xcode
SwiftCompile normal arm64 /Users/admin/builder/spi-builder-workspace/Sources/PulseUI/Features/Search/Services/ConsoleSearchService.swift (in target 'PulseUI' from project 'Pulse')
cd /Users/admin/builder/spi-builder-workspace/.swiftpm/xcode
SwiftCompile normal arm64 /Users/admin/builder/spi-builder-workspace/Sources/PulseUI/Features/Search/Services/ConsoleSearchSession.swift (in target 'PulseUI' from project 'Pulse')
cd /Users/admin/builder/spi-builder-workspace/.swiftpm/xcode
SwiftCompile normal arm64 /Users/admin/builder/spi-builder-workspace/Sources/PulseUI/Features/Search/Services/ConsoleSearchTerm.swift (in target 'PulseUI' from project 'Pulse')
cd /Users/admin/builder/spi-builder-workspace/.swiftpm/xcode
SwiftCompile normal arm64 /Users/admin/builder/spi-builder-workspace/Sources/PulseUI/Features/Search/Services/ConsoleSearchToken+Parsers.swift (in target 'PulseUI' from project 'Pulse')
cd /Users/admin/builder/spi-builder-workspace/.swiftpm/xcode
SwiftCompile normal arm64 /Users/admin/builder/spi-builder-workspace/Sources/PulseUI/Features/Search/Services/ConsoleSearchToken.swift (in target 'PulseUI' from project 'Pulse')
cd /Users/admin/builder/spi-builder-workspace/.swiftpm/xcode
SwiftCompile normal arm64 /Users/admin/builder/spi-builder-workspace/Sources/PulseUI/Features/Search/Views/ConsoleSearchDynamicSuggestionsListView.swift (in target 'PulseUI' from project 'Pulse')
cd /Users/admin/builder/spi-builder-workspace/.swiftpm/xcode
SwiftCompile normal arm64 /Users/admin/builder/spi-builder-workspace/Sources/PulseUI/Features/Search/Views/ConsoleSearchEmptyResultsView.swift (in target 'PulseUI' from project 'Pulse')
cd /Users/admin/builder/spi-builder-workspace/.swiftpm/xcode
SwiftDriverJobDiscovery normal arm64 Compiling NetworkLogger.swift, RemoteLogger-Connection.swift, RemoteLogger-Protocol.swift (in target 'Pulse' from project 'Pulse')
SwiftCompile normal arm64 Compiling\ TimingViewModel+Metrics.swift,\ PDFRepresentedView.swift,\ PlaceholderView.swift,\ PulseUI+UIKit.swift,\ RangePicker.swift,\ SectionHeaderView.swift,\ ShareStoreView.swift,\ ShareStoreViewModel.swift,\ ShareView.swift,\ SpinnerView.swift,\ StringSearchCompactOptionsView.swift,\ SuggestionPills.swift,\ TextView.swift,\ TimingView.swift,\ ToolbarPill.swift,\ WebView.swift /Users/admin/builder/spi-builder-workspace/Sources/PulseUI/Views/Metrics/TimingViewModel+Metrics.swift /Users/admin/builder/spi-builder-workspace/Sources/PulseUI/Views/PDFRepresentedView.swift /Users/admin/builder/spi-builder-workspace/Sources/PulseUI/Views/PlaceholderView.swift /Users/admin/builder/spi-builder-workspace/Sources/PulseUI/Views/PulseUI+UIKit.swift /Users/admin/builder/spi-builder-workspace/Sources/PulseUI/Views/RangePicker.swift /Users/admin/builder/spi-builder-workspace/Sources/PulseUI/Views/SectionHeaderView.swift /Users/admin/builder/spi-builder-workspace/Sources/PulseUI/Views/ShareStoreView.swift /Users/admin/builder/spi-builder-workspace/Sources/PulseUI/Views/ShareStoreViewModel.swift /Users/admin/builder/spi-builder-workspace/Sources/PulseUI/Views/ShareView.swift /Users/admin/builder/spi-builder-workspace/Sources/PulseUI/Views/SpinnerView.swift /Users/admin/builder/spi-builder-workspace/Sources/PulseUI/Views/StringSearchCompactOptionsView.swift /Users/admin/builder/spi-builder-workspace/Sources/PulseUI/Views/SuggestionPills.swift /Users/admin/builder/spi-builder-workspace/Sources/PulseUI/Views/TextView.swift /Users/admin/builder/spi-builder-workspace/Sources/PulseUI/Views/TimingView.swift /Users/admin/builder/spi-builder-workspace/Sources/PulseUI/Views/ToolbarPill.swift /Users/admin/builder/spi-builder-workspace/Sources/PulseUI/Views/WebView.swift (in target 'PulseUI' from project 'Pulse')
SwiftCompile normal arm64 /Users/admin/builder/spi-builder-workspace/Sources/PulseUI/Views/Metrics/TimingViewModel+Metrics.swift (in target 'PulseUI' from project 'Pulse')
cd /Users/admin/builder/spi-builder-workspace/.swiftpm/xcode
SwiftCompile normal arm64 /Users/admin/builder/spi-builder-workspace/Sources/PulseUI/Views/PDFRepresentedView.swift (in target 'PulseUI' from project 'Pulse')
cd /Users/admin/builder/spi-builder-workspace/.swiftpm/xcode
SwiftCompile normal arm64 /Users/admin/builder/spi-builder-workspace/Sources/PulseUI/Views/PlaceholderView.swift (in target 'PulseUI' from project 'Pulse')
cd /Users/admin/builder/spi-builder-workspace/.swiftpm/xcode
SwiftCompile normal arm64 /Users/admin/builder/spi-builder-workspace/Sources/PulseUI/Views/PulseUI+UIKit.swift (in target 'PulseUI' from project 'Pulse')
cd /Users/admin/builder/spi-builder-workspace/.swiftpm/xcode
SwiftCompile normal arm64 /Users/admin/builder/spi-builder-workspace/Sources/PulseUI/Views/RangePicker.swift (in target 'PulseUI' from project 'Pulse')
cd /Users/admin/builder/spi-builder-workspace/.swiftpm/xcode
SwiftCompile normal arm64 /Users/admin/builder/spi-builder-workspace/Sources/PulseUI/Views/SectionHeaderView.swift (in target 'PulseUI' from project 'Pulse')
cd /Users/admin/builder/spi-builder-workspace/.swiftpm/xcode
SwiftCompile normal arm64 /Users/admin/builder/spi-builder-workspace/Sources/PulseUI/Views/ShareStoreView.swift (in target 'PulseUI' from project 'Pulse')
cd /Users/admin/builder/spi-builder-workspace/.swiftpm/xcode
SwiftCompile normal arm64 /Users/admin/builder/spi-builder-workspace/Sources/PulseUI/Views/ShareStoreViewModel.swift (in target 'PulseUI' from project 'Pulse')
cd /Users/admin/builder/spi-builder-workspace/.swiftpm/xcode
SwiftCompile normal arm64 /Users/admin/builder/spi-builder-workspace/Sources/PulseUI/Views/ShareView.swift (in target 'PulseUI' from project 'Pulse')
cd /Users/admin/builder/spi-builder-workspace/.swiftpm/xcode
SwiftCompile normal arm64 /Users/admin/builder/spi-builder-workspace/Sources/PulseUI/Views/SpinnerView.swift (in target 'PulseUI' from project 'Pulse')
cd /Users/admin/builder/spi-builder-workspace/.swiftpm/xcode
SwiftCompile normal arm64 /Users/admin/builder/spi-builder-workspace/Sources/PulseUI/Views/StringSearchCompactOptionsView.swift (in target 'PulseUI' from project 'Pulse')
cd /Users/admin/builder/spi-builder-workspace/.swiftpm/xcode
SwiftCompile normal arm64 /Users/admin/builder/spi-builder-workspace/Sources/PulseUI/Views/SuggestionPills.swift (in target 'PulseUI' from project 'Pulse')
cd /Users/admin/builder/spi-builder-workspace/.swiftpm/xcode
SwiftCompile normal arm64 /Users/admin/builder/spi-builder-workspace/Sources/PulseUI/Views/TextView.swift (in target 'PulseUI' from project 'Pulse')
cd /Users/admin/builder/spi-builder-workspace/.swiftpm/xcode
SwiftCompile normal arm64 /Users/admin/builder/spi-builder-workspace/Sources/PulseUI/Views/TimingView.swift (in target 'PulseUI' from project 'Pulse')
cd /Users/admin/builder/spi-builder-workspace/.swiftpm/xcode
SwiftCompile normal arm64 /Users/admin/builder/spi-builder-workspace/Sources/PulseUI/Views/ToolbarPill.swift (in target 'PulseUI' from project 'Pulse')
cd /Users/admin/builder/spi-builder-workspace/.swiftpm/xcode
SwiftCompile normal arm64 /Users/admin/builder/spi-builder-workspace/Sources/PulseUI/Views/WebView.swift (in target 'PulseUI' from project 'Pulse')
cd /Users/admin/builder/spi-builder-workspace/.swiftpm/xcode
SwiftDriverJobDiscovery normal arm64 Compiling NetworkDebugger.swift, NetworkLogger+Entities.swift, NetworkLogger+Redacting.swift (in target 'Pulse' from project 'Pulse')
SwiftCompile normal arm64 Compiling\ ConsoleSearchContentTypeCell.swift,\ ConsoleSearchDurationCell.swift,\ ConsoleSearchHTTPMethodCell.swift,\ ConsoleSearchLogLevelsCell.swift,\ ConsoleSearchRequestSizeCell.swift,\ ConsoleSearchRequestStateCell.swift,\ ConsoleSearchResponseSizeCell.swift,\ ConsoleSearchResponseSourceCell.swift,\ ConsoleSearchStatusCodeCell.swift,\ ConsoleSearchTaskTypeCell.swift,\ ConsoleSearchTimePeriodCell.swift,\ ConsoleSearchToggleCell.swift,\ ConsoleFilterViewModel.swift,\ ConsoleFiltersView.swift,\ ConsoleRecentFiltersStore.swift,\ ConsoleRecentFiltersView.swift,\ ConsoleCustomFilter.swift /Users/admin/builder/spi-builder-workspace/Sources/PulseUI/Features/Filters/Cells/ConsoleSearchContentTypeCell.swift /Users/admin/builder/spi-builder-workspace/Sources/PulseUI/Features/Filters/Cells/ConsoleSearchDurationCell.swift /Users/admin/builder/spi-builder-workspace/Sources/PulseUI/Features/Filters/Cells/ConsoleSearchHTTPMethodCell.swift /Users/admin/builder/spi-builder-workspace/Sources/PulseUI/Features/Filters/Cells/ConsoleSearchLogLevelsCell.swift /Users/admin/builder/spi-builder-workspace/Sources/PulseUI/Features/Filters/Cells/ConsoleSearchRequestSizeCell.swift /Users/admin/builder/spi-builder-workspace/Sources/PulseUI/Features/Filters/Cells/ConsoleSearchRequestStateCell.swift /Users/admin/builder/spi-builder-workspace/Sources/PulseUI/Features/Filters/Cells/ConsoleSearchResponseSizeCell.swift /Users/admin/builder/spi-builder-workspace/Sources/PulseUI/Features/Filters/Cells/ConsoleSearchResponseSourceCell.swift /Users/admin/builder/spi-builder-workspace/Sources/PulseUI/Features/Filters/Cells/ConsoleSearchStatusCodeCell.swift /Users/admin/builder/spi-builder-workspace/Sources/PulseUI/Features/Filters/Cells/ConsoleSearchTaskTypeCell.swift /Users/admin/builder/spi-builder-workspace/Sources/PulseUI/Features/Filters/Cells/ConsoleSearchTimePeriodCell.swift /Users/admin/builder/spi-builder-workspace/Sources/PulseUI/Features/Filters/Cells/ConsoleSearchToggleCell.swift /Users/admin/builder/spi-builder-workspace/Sources/PulseUI/Features/Filters/ConsoleFilterViewModel.swift /Users/admin/builder/spi-builder-workspace/Sources/PulseUI/Features/Filters/ConsoleFiltersView.swift /Users/admin/builder/spi-builder-workspace/Sources/PulseUI/Features/Filters/ConsoleRecentFiltersStore.swift /Users/admin/builder/spi-builder-workspace/Sources/PulseUI/Features/Filters/ConsoleRecentFiltersView.swift /Users/admin/builder/spi-builder-workspace/Sources/PulseUI/Features/Filters/Predicates/ConsoleCustomFilter.swift (in target 'PulseUI' from project 'Pulse')
SwiftCompile normal arm64 /Users/admin/builder/spi-builder-workspace/Sources/PulseUI/Features/Filters/Cells/ConsoleSearchContentTypeCell.swift (in target 'PulseUI' from project 'Pulse')
cd /Users/admin/builder/spi-builder-workspace/.swiftpm/xcode
SwiftCompile normal arm64 /Users/admin/builder/spi-builder-workspace/Sources/PulseUI/Features/Filters/Cells/ConsoleSearchDurationCell.swift (in target 'PulseUI' from project 'Pulse')
cd /Users/admin/builder/spi-builder-workspace/.swiftpm/xcode
SwiftCompile normal arm64 /Users/admin/builder/spi-builder-workspace/Sources/PulseUI/Features/Filters/Cells/ConsoleSearchHTTPMethodCell.swift (in target 'PulseUI' from project 'Pulse')
cd /Users/admin/builder/spi-builder-workspace/.swiftpm/xcode
SwiftCompile normal arm64 /Users/admin/builder/spi-builder-workspace/Sources/PulseUI/Features/Filters/Cells/ConsoleSearchLogLevelsCell.swift (in target 'PulseUI' from project 'Pulse')
cd /Users/admin/builder/spi-builder-workspace/.swiftpm/xcode
SwiftCompile normal arm64 /Users/admin/builder/spi-builder-workspace/Sources/PulseUI/Features/Filters/Cells/ConsoleSearchRequestSizeCell.swift (in target 'PulseUI' from project 'Pulse')
cd /Users/admin/builder/spi-builder-workspace/.swiftpm/xcode
SwiftCompile normal arm64 /Users/admin/builder/spi-builder-workspace/Sources/PulseUI/Features/Filters/Cells/ConsoleSearchRequestStateCell.swift (in target 'PulseUI' from project 'Pulse')
cd /Users/admin/builder/spi-builder-workspace/.swiftpm/xcode
SwiftCompile normal arm64 /Users/admin/builder/spi-builder-workspace/Sources/PulseUI/Features/Filters/Cells/ConsoleSearchResponseSizeCell.swift (in target 'PulseUI' from project 'Pulse')
cd /Users/admin/builder/spi-builder-workspace/.swiftpm/xcode
SwiftCompile normal arm64 /Users/admin/builder/spi-builder-workspace/Sources/PulseUI/Features/Filters/Cells/ConsoleSearchResponseSourceCell.swift (in target 'PulseUI' from project 'Pulse')
cd /Users/admin/builder/spi-builder-workspace/.swiftpm/xcode
SwiftCompile normal arm64 /Users/admin/builder/spi-builder-workspace/Sources/PulseUI/Features/Filters/Cells/ConsoleSearchStatusCodeCell.swift (in target 'PulseUI' from project 'Pulse')
cd /Users/admin/builder/spi-builder-workspace/.swiftpm/xcode
SwiftCompile normal arm64 /Users/admin/builder/spi-builder-workspace/Sources/PulseUI/Features/Filters/Cells/ConsoleSearchTaskTypeCell.swift (in target 'PulseUI' from project 'Pulse')
cd /Users/admin/builder/spi-builder-workspace/.swiftpm/xcode
SwiftCompile normal arm64 /Users/admin/builder/spi-builder-workspace/Sources/PulseUI/Features/Filters/Cells/ConsoleSearchTimePeriodCell.swift (in target 'PulseUI' from project 'Pulse')
cd /Users/admin/builder/spi-builder-workspace/.swiftpm/xcode
SwiftCompile normal arm64 /Users/admin/builder/spi-builder-workspace/Sources/PulseUI/Features/Filters/Cells/ConsoleSearchToggleCell.swift (in target 'PulseUI' from project 'Pulse')
cd /Users/admin/builder/spi-builder-workspace/.swiftpm/xcode
SwiftCompile normal arm64 /Users/admin/builder/spi-builder-workspace/Sources/PulseUI/Features/Filters/ConsoleFilterViewModel.swift (in target 'PulseUI' from project 'Pulse')
cd /Users/admin/builder/spi-builder-workspace/.swiftpm/xcode
SwiftCompile normal arm64 /Users/admin/builder/spi-builder-workspace/Sources/PulseUI/Features/Filters/ConsoleFiltersView.swift (in target 'PulseUI' from project 'Pulse')
cd /Users/admin/builder/spi-builder-workspace/.swiftpm/xcode
SwiftCompile normal arm64 /Users/admin/builder/spi-builder-workspace/Sources/PulseUI/Features/Filters/ConsoleRecentFiltersStore.swift (in target 'PulseUI' from project 'Pulse')
cd /Users/admin/builder/spi-builder-workspace/.swiftpm/xcode
SwiftCompile normal arm64 /Users/admin/builder/spi-builder-workspace/Sources/PulseUI/Features/Filters/ConsoleRecentFiltersView.swift (in target 'PulseUI' from project 'Pulse')
cd /Users/admin/builder/spi-builder-workspace/.swiftpm/xcode
SwiftCompile normal arm64 /Users/admin/builder/spi-builder-workspace/Sources/PulseUI/Features/Filters/Predicates/ConsoleCustomFilter.swift (in target 'PulseUI' from project 'Pulse')
cd /Users/admin/builder/spi-builder-workspace/.swiftpm/xcode
SwiftDriverJobDiscovery normal arm64_32 Compiling NetworkDebugger.swift, NetworkLogger+Entities.swift, NetworkLogger+Redacting.swift (in target 'Pulse' from project 'Pulse')
SwiftCompile normal arm64_32 Compiling\ HARDocument.swift,\ HTTPMethod.swift,\ LoggerStoreIndex.swift,\ ManagedObjectsCountObserver.swift,\ ManagedObjectsObserver.swift,\ Regex.swift,\ ShareItems.swift,\ ShareStoreTask.swift,\ StatusLabelViewModel.swift,\ StringSearchOptions.swift,\ TextHelper.swift,\ TextRenderer.swift,\ TextRendererHTML.swift,\ TextRendererJSON.swift,\ TextUtilities.swift,\ UIKit+Extensions.swift /Users/admin/builder/spi-builder-workspace/Sources/PulseUI/Helpers/HARDocument.swift /Users/admin/builder/spi-builder-workspace/Sources/PulseUI/Helpers/HTTPMethod.swift /Users/admin/builder/spi-builder-workspace/Sources/PulseUI/Helpers/LoggerStoreIndex.swift /Users/admin/builder/spi-builder-workspace/Sources/PulseUI/Helpers/ManagedObjectsCountObserver.swift /Users/admin/builder/spi-builder-workspace/Sources/PulseUI/Helpers/ManagedObjectsObserver.swift /Users/admin/builder/spi-builder-workspace/Sources/PulseUI/Helpers/Regex.swift /Users/admin/builder/spi-builder-workspace/Sources/PulseUI/Helpers/ShareItems.swift /Users/admin/builder/spi-builder-workspace/Sources/PulseUI/Helpers/ShareStoreTask.swift /Users/admin/builder/spi-builder-workspace/Sources/PulseUI/Helpers/StatusLabelViewModel.swift /Users/admin/builder/spi-builder-workspace/Sources/PulseUI/Helpers/StringSearchOptions.swift /Users/admin/builder/spi-builder-workspace/Sources/PulseUI/Helpers/TextHelper.swift /Users/admin/builder/spi-builder-workspace/Sources/PulseUI/Helpers/TextRenderer.swift /Users/admin/builder/spi-builder-workspace/Sources/PulseUI/Helpers/TextRendererHTML.swift /Users/admin/builder/spi-builder-workspace/Sources/PulseUI/Helpers/TextRendererJSON.swift /Users/admin/builder/spi-builder-workspace/Sources/PulseUI/Helpers/TextUtilities.swift /Users/admin/builder/spi-builder-workspace/Sources/PulseUI/Helpers/UIKit+Extensions.swift (in target 'PulseUI' from project 'Pulse')
SwiftCompile normal arm64_32 /Users/admin/builder/spi-builder-workspace/Sources/PulseUI/Helpers/HARDocument.swift (in target 'PulseUI' from project 'Pulse')
cd /Users/admin/builder/spi-builder-workspace/.swiftpm/xcode
SwiftCompile normal arm64_32 /Users/admin/builder/spi-builder-workspace/Sources/PulseUI/Helpers/HTTPMethod.swift (in target 'PulseUI' from project 'Pulse')
cd /Users/admin/builder/spi-builder-workspace/.swiftpm/xcode
SwiftCompile normal arm64_32 /Users/admin/builder/spi-builder-workspace/Sources/PulseUI/Helpers/LoggerStoreIndex.swift (in target 'PulseUI' from project 'Pulse')
cd /Users/admin/builder/spi-builder-workspace/.swiftpm/xcode
SwiftCompile normal arm64_32 /Users/admin/builder/spi-builder-workspace/Sources/PulseUI/Helpers/ManagedObjectsCountObserver.swift (in target 'PulseUI' from project 'Pulse')
cd /Users/admin/builder/spi-builder-workspace/.swiftpm/xcode
SwiftCompile normal arm64_32 /Users/admin/builder/spi-builder-workspace/Sources/PulseUI/Helpers/ManagedObjectsObserver.swift (in target 'PulseUI' from project 'Pulse')
cd /Users/admin/builder/spi-builder-workspace/.swiftpm/xcode
SwiftCompile normal arm64_32 /Users/admin/builder/spi-builder-workspace/Sources/PulseUI/Helpers/Regex.swift (in target 'PulseUI' from project 'Pulse')
cd /Users/admin/builder/spi-builder-workspace/.swiftpm/xcode
SwiftCompile normal arm64_32 /Users/admin/builder/spi-builder-workspace/Sources/PulseUI/Helpers/ShareItems.swift (in target 'PulseUI' from project 'Pulse')
cd /Users/admin/builder/spi-builder-workspace/.swiftpm/xcode
SwiftCompile normal arm64_32 /Users/admin/builder/spi-builder-workspace/Sources/PulseUI/Helpers/ShareStoreTask.swift (in target 'PulseUI' from project 'Pulse')
cd /Users/admin/builder/spi-builder-workspace/.swiftpm/xcode
SwiftCompile normal arm64_32 /Users/admin/builder/spi-builder-workspace/Sources/PulseUI/Helpers/StatusLabelViewModel.swift (in target 'PulseUI' from project 'Pulse')
cd /Users/admin/builder/spi-builder-workspace/.swiftpm/xcode
SwiftCompile normal arm64_32 /Users/admin/builder/spi-builder-workspace/Sources/PulseUI/Helpers/StringSearchOptions.swift (in target 'PulseUI' from project 'Pulse')
cd /Users/admin/builder/spi-builder-workspace/.swiftpm/xcode
SwiftCompile normal arm64_32 /Users/admin/builder/spi-builder-workspace/Sources/PulseUI/Helpers/TextHelper.swift (in target 'PulseUI' from project 'Pulse')
cd /Users/admin/builder/spi-builder-workspace/.swiftpm/xcode
SwiftCompile normal arm64_32 /Users/admin/builder/spi-builder-workspace/Sources/PulseUI/Helpers/TextRenderer.swift (in target 'PulseUI' from project 'Pulse')
cd /Users/admin/builder/spi-builder-workspace/.swiftpm/xcode
SwiftCompile normal arm64_32 /Users/admin/builder/spi-builder-workspace/Sources/PulseUI/Helpers/TextRendererHTML.swift (in target 'PulseUI' from project 'Pulse')
cd /Users/admin/builder/spi-builder-workspace/.swiftpm/xcode
SwiftCompile normal arm64_32 /Users/admin/builder/spi-builder-workspace/Sources/PulseUI/Helpers/TextRendererJSON.swift (in target 'PulseUI' from project 'Pulse')
cd /Users/admin/builder/spi-builder-workspace/.swiftpm/xcode
SwiftCompile normal arm64_32 /Users/admin/builder/spi-builder-workspace/Sources/PulseUI/Helpers/TextUtilities.swift (in target 'PulseUI' from project 'Pulse')
cd /Users/admin/builder/spi-builder-workspace/.swiftpm/xcode
SwiftCompile normal arm64_32 /Users/admin/builder/spi-builder-workspace/Sources/PulseUI/Helpers/UIKit+Extensions.swift (in target 'PulseUI' from project 'Pulse')
cd /Users/admin/builder/spi-builder-workspace/.swiftpm/xcode
SwiftDriverJobDiscovery normal arm64 Compiling LoggerStore.swift, LoggerStoreProtocol.swift, MockingURLProtocol.swift (in target 'Pulse' from project 'Pulse')
SwiftCompile normal arm64_32 Compiling\ UXKit.swift,\ UserSettings.swift,\ ValuesRange.swift,\ MockStore.swift,\ MockTask.swift,\ PulseDemoView.swift,\ Checkbox.swift,\ ContextMenus.swift,\ DateRangePicker.swift,\ ImageViewer.swift,\ InfoRow.swift,\ KeyValueSectionViewModel.swift,\ LoggerStoreSizeChart.swift,\ NetworkInspectorMetricsView.swift,\ NetworkInspectorTransactionView.swift,\ NetworkInspectorTransferInfoView.swift /Users/admin/builder/spi-builder-workspace/Sources/PulseUI/Helpers/UXKit.swift /Users/admin/builder/spi-builder-workspace/Sources/PulseUI/Helpers/UserSettings.swift /Users/admin/builder/spi-builder-workspace/Sources/PulseUI/Helpers/ValuesRange.swift /Users/admin/builder/spi-builder-workspace/Sources/PulseUI/Mocks/MockStore.swift /Users/admin/builder/spi-builder-workspace/Sources/PulseUI/Mocks/MockTask.swift /Users/admin/builder/spi-builder-workspace/Sources/PulseUI/Mocks/PulseDemoView.swift /Users/admin/builder/spi-builder-workspace/Sources/PulseUI/Views/Checkbox.swift /Users/admin/builder/spi-builder-workspace/Sources/PulseUI/Views/ContextMenus.swift /Users/admin/builder/spi-builder-workspace/Sources/PulseUI/Views/DateRangePicker.swift /Users/admin/builder/spi-builder-workspace/Sources/PulseUI/Views/ImageViewer.swift /Users/admin/builder/spi-builder-workspace/Sources/PulseUI/Views/InfoRow.swift /Users/admin/builder/spi-builder-workspace/Sources/PulseUI/Views/KeyValueSectionViewModel.swift /Users/admin/builder/spi-builder-workspace/Sources/PulseUI/Views/LoggerStoreSizeChart.swift /Users/admin/builder/spi-builder-workspace/Sources/PulseUI/Views/Metrics/NetworkInspectorMetricsView.swift /Users/admin/builder/spi-builder-workspace/Sources/PulseUI/Views/Metrics/NetworkInspectorTransactionView.swift /Users/admin/builder/spi-builder-workspace/Sources/PulseUI/Views/Metrics/NetworkInspectorTransferInfoView.swift (in target 'PulseUI' from project 'Pulse')
Command SwiftCompile failed with a nonzero exit code
** BUILD FAILED **
The following build commands failed:
SwiftCompile normal arm64 Compiling\ Foundation+Extensions.swift,\ NSAttributedString+Extensions.swift,\ Pulse+Extensions.swift,\ SwiftUI+Extensions.swift,\ ConsoleDelegate.swift,\ ConsoleEnvironment.swift,\ ConsoleView-ios.swift,\ ConsoleView-tvos.swift,\ ConsoleView-watchos.swift,\ ConsoleView.swift,\ CollapsedSectionsCache.swift,\ ConsoleDataSource.swift,\ ConsoleListContentView.swift,\ ConsoleListOptions.swift,\ ConsoleListView.swift,\ ConsoleListViewModel.swift,\ PredicateOptions.swift /Users/admin/builder/spi-builder-workspace/Sources/PulseUI/Extensions/Foundation+Extensions.swift /Users/admin/builder/spi-builder-workspace/Sources/PulseUI/Extensions/NSAttributedString+Extensions.swift /Users/admin/builder/spi-builder-workspace/Sources/PulseUI/Extensions/Pulse+Extensions.swift /Users/admin/builder/spi-builder-workspace/Sources/PulseUI/Extensions/SwiftUI+Extensions.swift /Users/admin/builder/spi-builder-workspace/Sources/PulseUI/Features/Console/ConsoleDelegate.swift /Users/admin/builder/spi-builder-workspace/Sources/PulseUI/Features/Console/ConsoleEnvironment.swift /Users/admin/builder/spi-builder-workspace/Sources/PulseUI/Features/Console/ConsoleView-ios.swift /Users/admin/builder/spi-builder-workspace/Sources/PulseUI/Features/Console/ConsoleView-tvos.swift /Users/admin/builder/spi-builder-workspace/Sources/PulseUI/Features/Console/ConsoleView-watchos.swift /Users/admin/builder/spi-builder-workspace/Sources/PulseUI/Features/Console/ConsoleView.swift /Users/admin/builder/spi-builder-workspace/Sources/PulseUI/Features/Console/List/CollapsedSectionsCache.swift /Users/admin/builder/spi-builder-workspace/Sources/PulseUI/Features/Console/List/ConsoleDataSource.swift /Users/admin/builder/spi-builder-workspace/Sources/PulseUI/Features/Console/List/ConsoleListContentView.swift /Users/admin/builder/spi-builder-workspace/Sources/PulseUI/Features/Console/List/ConsoleListOptions.swift /Users/admin/builder/spi-builder-workspace/Sources/PulseUI/Features/Console/List/ConsoleListView.swift /Users/admin/builder/spi-builder-workspace/Sources/PulseUI/Features/Console/List/ConsoleListViewModel.swift /Users/admin/builder/spi-builder-workspace/Sources/PulseUI/Features/Console/List/PredicateOptions.swift (in target 'PulseUI' from project 'Pulse')
SwiftCompile normal arm64 /Users/admin/builder/spi-builder-workspace/Sources/PulseUI/Extensions/SwiftUI+Extensions.swift (in target 'PulseUI' from project 'Pulse')
SwiftCompile normal arm64_32 Compiling\ UXKit.swift,\ UserSettings.swift,\ ValuesRange.swift,\ MockStore.swift,\ MockTask.swift,\ PulseDemoView.swift,\ Checkbox.swift,\ ContextMenus.swift,\ DateRangePicker.swift,\ ImageViewer.swift,\ InfoRow.swift,\ KeyValueSectionViewModel.swift,\ LoggerStoreSizeChart.swift,\ NetworkInspectorMetricsView.swift,\ NetworkInspectorTransactionView.swift,\ NetworkInspectorTransferInfoView.swift /Users/admin/builder/spi-builder-workspace/Sources/PulseUI/Helpers/UXKit.swift /Users/admin/builder/spi-builder-workspace/Sources/PulseUI/Helpers/UserSettings.swift /Users/admin/builder/spi-builder-workspace/Sources/PulseUI/Helpers/ValuesRange.swift /Users/admin/builder/spi-builder-workspace/Sources/PulseUI/Mocks/MockStore.swift /Users/admin/builder/spi-builder-workspace/Sources/PulseUI/Mocks/MockTask.swift /Users/admin/builder/spi-builder-workspace/Sources/PulseUI/Mocks/PulseDemoView.swift /Users/admin/builder/spi-builder-workspace/Sources/PulseUI/Views/Checkbox.swift /Users/admin/builder/spi-builder-workspace/Sources/PulseUI/Views/ContextMenus.swift /Users/admin/builder/spi-builder-workspace/Sources/PulseUI/Views/DateRangePicker.swift /Users/admin/builder/spi-builder-workspace/Sources/PulseUI/Views/ImageViewer.swift /Users/admin/builder/spi-builder-workspace/Sources/PulseUI/Views/InfoRow.swift /Users/admin/builder/spi-builder-workspace/Sources/PulseUI/Views/KeyValueSectionViewModel.swift /Users/admin/builder/spi-builder-workspace/Sources/PulseUI/Views/LoggerStoreSizeChart.swift /Users/admin/builder/spi-builder-workspace/Sources/PulseUI/Views/Metrics/NetworkInspectorMetricsView.swift /Users/admin/builder/spi-builder-workspace/Sources/PulseUI/Views/Metrics/NetworkInspectorTransactionView.swift /Users/admin/builder/spi-builder-workspace/Sources/PulseUI/Views/Metrics/NetworkInspectorTransferInfoView.swift (in target 'PulseUI' from project 'Pulse')
Building workspace spi-builder-workspace with scheme Pulse-Package
(4 failures)
BUILD FAILURE 6.1 watchOS