The Swift Package Index logo.Swift Package Index

Build Information

Failed to build FocusEntity, reference main (3e08b2), with Swift 6.4 for macOS (Xcode) using Xcode 27.0 on 22 Sep 2026 13:10:18 UTC.

Build Command

env DEVELOPER_DIR=/Applications/Xcode-27.0.0-Release.Candidate.app xcrun xcodebuild -IDEClonedSourcePackagesDirPathOverride=$PWD/.dependencies -skipMacroValidation -skipPackagePluginValidation -derivedDataPath $PWD/.derivedData build -scheme FocusEntity -destination platform=macOS,arch=arm64

Build Log

========================================
RunAll
========================================
Builder version: 5.1.0
Interrupt handler set up.
========================================
Checkout
========================================
Clone URL: https://github.com/maxxfrazer/FocusEntity.git
Reference: main
Initialized empty Git repository in /Users/admin/builder/spi-builder-workspace/.git/
From https://github.com/maxxfrazer/FocusEntity
 * branch            main       -> FETCH_HEAD
 * [new branch]      main       -> origin/main
HEAD is now at 3e08b26 Merge pull request #51 from Brian-Co/fix-import-ios-26
Cloned https://github.com/maxxfrazer/FocusEntity.git
Revision (git rev-parse @):
3e08b26f863957113f4d0b2d45cf6dfbd1a41333
SPI manifest file found: $PWD/.spi.yml
SUCCESS checkout https://github.com/maxxfrazer/FocusEntity.git at main
========================================
Build
========================================
Selected platform:         macosXcodebuild
Swift version:             6.4
Building package at path:  $PWD
https://github.com/maxxfrazer/FocusEntity.git
Command line invocation:
    /Applications/Xcode-27.0.0-Release.Candidate.app/Contents/Developer/usr/bin/xcodebuild -IDEClonedSourcePackagesDirPathOverride=/Users/admin/builder/spi-builder-workspace/.dependencies -resolvePackageDependencies
Resolve Package Graph
Resolve Package Graph
Resolved source packages:
  FocusEntity: /Users/admin/builder/spi-builder-workspace
resolved source packages: FocusEntity
2026-09-22 09:09:28.562 xcodebuild[529:3039] [MT] IDERunDestination: Supported platforms for the buildables in the current scheme is empty.
{
  "dependencies" : [
  ],
  "manifest_display_name" : "FocusEntity",
  "name" : "FocusEntity",
  "path" : "/Users/admin/builder/spi-builder-workspace",
  "platforms" : [
    {
      "name" : "ios",
      "version" : "13.0"
    },
    {
      "name" : "macos",
      "version" : "10.15"
    }
  ],
  "products" : [
    {
      "name" : "FocusEntity",
      "targets" : [
        "FocusEntity"
      ],
      "type" : {
        "library" : [
          "automatic"
        ]
      }
    }
  ],
  "swift_languages_versions" : [
    "5"
  ],
  "targets" : [
    {
      "c99name" : "FocusEntity",
      "module_type" : "SwiftTarget",
      "name" : "FocusEntity",
      "path" : "Sources/FocusEntity",
      "product_memberships" : [
        "FocusEntity"
      ],
      "sources" : [
        "FocusEntity+Alignment.swift",
        "FocusEntity+Classic.swift",
        "FocusEntity+Colored.swift",
        "FocusEntity+Segment.swift",
        "FocusEntity.swift",
        "FocusEntityComponent.swift",
        "float4x4+Extension.swift"
      ],
      "type" : "library"
    }
  ],
  "tools_version" : "5.5"
}
{
  "workspace" : {
    "name" : "FocusEntity",
    "schemes" : [
      "FocusEntity"
    ]
  }
}
2026-09-22 09:10:04.170 xcodebuild[626:3939] [MT] IDERunDestination: Supported platforms for the buildables in the current scheme is empty.
Running build ...
env DEVELOPER_DIR=/Applications/Xcode-27.0.0-Release.Candidate.app xcrun xcodebuild -IDEClonedSourcePackagesDirPathOverride=$PWD/.dependencies -skipMacroValidation -skipPackagePluginValidation -derivedDataPath $PWD/.derivedData build -scheme FocusEntity -destination platform=macOS,arch=arm64
Command line invocation:
    /Applications/Xcode-27.0.0-Release.Candidate.app/Contents/Developer/usr/bin/xcodebuild -IDEClonedSourcePackagesDirPathOverride=/Users/admin/builder/spi-builder-workspace/.dependencies -skipMacroValidation -skipPackagePluginValidation -derivedDataPath /Users/admin/builder/spi-builder-workspace/.derivedData build -scheme FocusEntity -destination platform=macOS,arch=arm64
Resolve Package Graph
Resolved source packages:
  FocusEntity: /Users/admin/builder/spi-builder-workspace
ComputePackagePrebuildTargetDependencyGraph
Prepare packages
CreateBuildRequest
SendProjectDescription
CreateBuildOperation
ComputeTargetDependencyGraph
note: Building targets in dependency order
note: Target dependency graph (2 targets)
    Target 'FocusEntity-product' in project 'FocusEntity'
        ➜ Explicit dependency on target 'FocusEntity' in project 'FocusEntity'
    Target 'FocusEntity' in project 'FocusEntity' (no dependencies)
GatherProvisioningInputs
CreateBuildDescription
ExecuteExternalTool /Applications/Xcode-27.0.0-Release.Candidate.app/Contents/Developer/Toolchains/XcodeDefault.xctoolchain/usr/bin/clang -v -E -dM -isysroot /Applications/Xcode-27.0.0-Release.Candidate.app/Contents/Developer/Platforms/MacOSX.platform/Developer/SDKs/MacOSX27.0.sdk -x c -c /dev/null
ExecuteExternalTool /Applications/Xcode-27.0.0-Release.Candidate.app/Contents/Developer/Toolchains/XcodeDefault.xctoolchain/usr/bin/swiftc --version
ExecuteExternalTool /Applications/Xcode-27.0.0-Release.Candidate.app/Contents/Developer/Toolchains/XcodeDefault.xctoolchain/usr/bin/ld -version_details
ReadFileContents /Applications/Xcode-27.0.0-Release.Candidate.app/Contents/Developer/Toolchains/XcodeDefault.xctoolchain/usr/share/docc/features.json
Build description signature: 078c64f93aa6c54eee97aab967871485
Build description path: /Users/admin/builder/spi-builder-workspace/.derivedData/Build/Intermediates.noindex/XCBuildData/078c64f93aa6c54eee97aab967871485.xcbuilddata
CreateBuildDirectory /Users/admin/builder/spi-builder-workspace/.derivedData/ModuleCache.noindex
    cd /Users/admin/builder/spi-builder-workspace/.swiftpm/xcode
    builtin-create-build-directory /Users/admin/builder/spi-builder-workspace/.derivedData/ModuleCache.noindex
CreateBuildDirectory /Users/admin/builder/spi-builder-workspace/.derivedData/SDKExplicitPrecompiledModules
    cd /Users/admin/builder/spi-builder-workspace/.swiftpm/xcode
    builtin-create-build-directory /Users/admin/builder/spi-builder-workspace/.derivedData/SDKExplicitPrecompiledModules
CreateBuildDirectory /Users/admin/builder/spi-builder-workspace/.derivedData/CompilationCache.noindex
    cd /Users/admin/builder/spi-builder-workspace/.swiftpm/xcode
    builtin-create-build-directory /Users/admin/builder/spi-builder-workspace/.derivedData/CompilationCache.noindex
CreateBuildDirectory /Users/admin/builder/spi-builder-workspace/.derivedData/Build/Products
    cd /Users/admin/builder/spi-builder-workspace/.swiftpm/xcode
    builtin-create-build-directory /Users/admin/builder/spi-builder-workspace/.derivedData/Build/Products
CreateBuildDirectory /Users/admin/builder/spi-builder-workspace/.derivedData/Build/Intermediates.noindex
    cd /Users/admin/builder/spi-builder-workspace/.swiftpm/xcode
    builtin-create-build-directory /Users/admin/builder/spi-builder-workspace/.derivedData/Build/Intermediates.noindex
ClangStatCache /Applications/Xcode-27.0.0-Release.Candidate.app/Contents/Developer/Toolchains/XcodeDefault.xctoolchain/usr/bin/clang-stat-cache /Applications/Xcode-27.0.0-Release.Candidate.app/Contents/Developer/Platforms/MacOSX.platform/Developer/SDKs/MacOSX27.0.sdk /Users/admin/builder/spi-builder-workspace/.derivedData/SDKStatCaches.noindex/macosx27.0-26A425-e829b21a6f8c9b70876ba0858053c0446a22442a12e9d48fe1a705f55a1adfc4.sdkstatcache
    cd /Users/admin/builder/spi-builder-workspace/.swiftpm/xcode
    /Applications/Xcode-27.0.0-Release.Candidate.app/Contents/Developer/Toolchains/XcodeDefault.xctoolchain/usr/bin/clang-stat-cache /Applications/Xcode-27.0.0-Release.Candidate.app/Contents/Developer/Platforms/MacOSX.platform/Developer/SDKs/MacOSX27.0.sdk -o /Users/admin/builder/spi-builder-workspace/.derivedData/SDKStatCaches.noindex/macosx27.0-26A425-e829b21a6f8c9b70876ba0858053c0446a22442a12e9d48fe1a705f55a1adfc4.sdkstatcache
CreateBuildDirectory /Users/admin/builder/spi-builder-workspace/.derivedData/Build/Intermediates.noindex/PrecompiledHeaders
    cd /Users/admin/builder/spi-builder-workspace/.swiftpm/xcode
    builtin-create-build-directory /Users/admin/builder/spi-builder-workspace/.derivedData/Build/Intermediates.noindex/PrecompiledHeaders
CreateBuildDirectory /Users/admin/builder/spi-builder-workspace/.derivedData/Build/Intermediates.noindex/SwiftExplicitPrecompiledModules
    cd /Users/admin/builder/spi-builder-workspace/.swiftpm/xcode
    builtin-create-build-directory /Users/admin/builder/spi-builder-workspace/.derivedData/Build/Intermediates.noindex/SwiftExplicitPrecompiledModules
CreateBuildDirectory /Users/admin/builder/spi-builder-workspace/.derivedData/Build/Intermediates.noindex/ExplicitPrecompiledModules
    cd /Users/admin/builder/spi-builder-workspace/.swiftpm/xcode
    builtin-create-build-directory /Users/admin/builder/spi-builder-workspace/.derivedData/Build/Intermediates.noindex/ExplicitPrecompiledModules
CreateBuildDirectory /Users/admin/builder/spi-builder-workspace/.derivedData/Build/Products/Debug
    cd /Users/admin/builder/spi-builder-workspace/.swiftpm/xcode
    builtin-create-build-directory /Users/admin/builder/spi-builder-workspace/.derivedData/Build/Products/Debug
CreateBuildDirectory /Users/admin/builder/spi-builder-workspace/.derivedData/Build/Intermediates.noindex/EagerLinkingTBDs/Debug
    cd /Users/admin/builder/spi-builder-workspace/.swiftpm/xcode
    builtin-create-build-directory /Users/admin/builder/spi-builder-workspace/.derivedData/Build/Intermediates.noindex/EagerLinkingTBDs/Debug
CreateBuildDirectory /Users/admin/builder/spi-builder-workspace/.derivedData/Build/Products/Debug/PackageFrameworks
    cd /Users/admin/builder/spi-builder-workspace/.swiftpm/xcode
    builtin-create-build-directory /Users/admin/builder/spi-builder-workspace/.derivedData/Build/Products/Debug/PackageFrameworks
WriteAuxiliaryFile /Users/admin/builder/spi-builder-workspace/.derivedData/Build/Intermediates.noindex/FocusEntity.build/Debug/FocusEntity-t.build/FocusEntity.DependencyMetadataFileList (in target 'FocusEntity' from project 'FocusEntity')
    cd /Users/admin/builder/spi-builder-workspace
    write-file /Users/admin/builder/spi-builder-workspace/.derivedData/Build/Intermediates.noindex/FocusEntity.build/Debug/FocusEntity-t.build/FocusEntity.DependencyMetadataFileList
WriteAuxiliaryFile /Users/admin/builder/spi-builder-workspace/.derivedData/Build/Intermediates.noindex/FocusEntity.build/Debug/FocusEntity-t.build/FocusEntity.DependencyStaticMetadataFileList (in target 'FocusEntity' from project 'FocusEntity')
    cd /Users/admin/builder/spi-builder-workspace
    write-file /Users/admin/builder/spi-builder-workspace/.derivedData/Build/Intermediates.noindex/FocusEntity.build/Debug/FocusEntity-t.build/FocusEntity.DependencyStaticMetadataFileList
WriteAuxiliaryFile /Users/admin/builder/spi-builder-workspace/.derivedData/Build/Intermediates.noindex/FocusEntity.build/Debug/FocusEntity-t.build/FocusEntity.modulemap (in target 'FocusEntity' from project 'FocusEntity')
    cd /Users/admin/builder/spi-builder-workspace
    write-file /Users/admin/builder/spi-builder-workspace/.derivedData/Build/Intermediates.noindex/FocusEntity.build/Debug/FocusEntity-t.build/FocusEntity.modulemap
WriteAuxiliaryFile /Users/admin/builder/spi-builder-workspace/.derivedData/Build/Intermediates.noindex/FocusEntity.build/Debug/FocusEntity-t.build/Objects-normal/arm64/FocusEntity.SwiftFileList (in target 'FocusEntity' from project 'FocusEntity')
    cd /Users/admin/builder/spi-builder-workspace
    write-file /Users/admin/builder/spi-builder-workspace/.derivedData/Build/Intermediates.noindex/FocusEntity.build/Debug/FocusEntity-t.build/Objects-normal/arm64/FocusEntity.SwiftFileList
WriteAuxiliaryFile /Users/admin/builder/spi-builder-workspace/.derivedData/Build/Intermediates.noindex/FocusEntity.build/Debug/FocusEntity-t.build/Objects-normal/arm64/FocusEntity_const_extract_protocols.json (in target 'FocusEntity' from project 'FocusEntity')
    cd /Users/admin/builder/spi-builder-workspace
    write-file /Users/admin/builder/spi-builder-workspace/.derivedData/Build/Intermediates.noindex/FocusEntity.build/Debug/FocusEntity-t.build/Objects-normal/arm64/FocusEntity_const_extract_protocols.json
WriteAuxiliaryFile /Users/admin/builder/spi-builder-workspace/.derivedData/Build/Intermediates.noindex/FocusEntity.build/Debug/FocusEntity-t.build/Objects-normal/arm64/FocusEntity.SwiftConstValuesFileList (in target 'FocusEntity' from project 'FocusEntity')
    cd /Users/admin/builder/spi-builder-workspace
    write-file /Users/admin/builder/spi-builder-workspace/.derivedData/Build/Intermediates.noindex/FocusEntity.build/Debug/FocusEntity-t.build/Objects-normal/arm64/FocusEntity.SwiftConstValuesFileList
WriteAuxiliaryFile /Users/admin/builder/spi-builder-workspace/.derivedData/Build/Intermediates.noindex/FocusEntity.build/Debug/FocusEntity-t.build/Objects-normal/arm64/FocusEntity.LinkFileList (in target 'FocusEntity' from project 'FocusEntity')
    cd /Users/admin/builder/spi-builder-workspace
    write-file /Users/admin/builder/spi-builder-workspace/.derivedData/Build/Intermediates.noindex/FocusEntity.build/Debug/FocusEntity-t.build/Objects-normal/arm64/FocusEntity.LinkFileList
WriteAuxiliaryFile /Users/admin/builder/spi-builder-workspace/.derivedData/Build/Intermediates.noindex/FocusEntity.build/Debug/FocusEntity-t.build/Objects-normal/arm64/FocusEntity-OutputFileMap.json (in target 'FocusEntity' from project 'FocusEntity')
    cd /Users/admin/builder/spi-builder-workspace
    write-file /Users/admin/builder/spi-builder-workspace/.derivedData/Build/Intermediates.noindex/FocusEntity.build/Debug/FocusEntity-t.build/Objects-normal/arm64/FocusEntity-OutputFileMap.json
Copy /Users/admin/builder/spi-builder-workspace/.derivedData/Build/Intermediates.noindex/GeneratedModuleMaps/FocusEntity.modulemap /Users/admin/builder/spi-builder-workspace/.derivedData/Build/Intermediates.noindex/FocusEntity.build/Debug/FocusEntity-t.build/FocusEntity.modulemap (in target 'FocusEntity' from project 'FocusEntity')
    cd /Users/admin/builder/spi-builder-workspace
    builtin-copy -exclude .DS_Store -exclude CVS -exclude .svn -exclude .git -exclude .hg -resolve-src-symlinks /Users/admin/builder/spi-builder-workspace/.derivedData/Build/Intermediates.noindex/FocusEntity.build/Debug/FocusEntity-t.build/FocusEntity.modulemap /Users/admin/builder/spi-builder-workspace/.derivedData/Build/Intermediates.noindex/GeneratedModuleMaps
SwiftDriver FocusEntity normal arm64 com.apple.xcode.tools.swift.compiler (in target 'FocusEntity' from project 'FocusEntity')
    cd /Users/admin/builder/spi-builder-workspace/.swiftpm/xcode
    builtin-SwiftDriver -- /Applications/Xcode-27.0.0-Release.Candidate.app/Contents/Developer/Toolchains/XcodeDefault.xctoolchain/usr/bin/swiftc -parse-as-library -module-name FocusEntity -Onone @/Users/admin/builder/spi-builder-workspace/.derivedData/Build/Intermediates.noindex/FocusEntity.build/Debug/FocusEntity-t.build/Objects-normal/arm64/FocusEntity.SwiftFileList -DSWIFT_PACKAGE -DDEBUG -DSWIFT_MODULE_RESOURCE_BUNDLE_UNAVAILABLE -DXcode -plugin-path /Applications/Xcode-27.0.0-Release.Candidate.app/Contents/Developer/Toolchains/XcodeDefault.xctoolchain/usr/lib/swift/host/plugins/testing -enable-experimental-feature DebugDescriptionMacro -sdk /Applications/Xcode-27.0.0-Release.Candidate.app/Contents/Developer/Platforms/MacOSX.platform/Developer/SDKs/MacOSX27.0.sdk -target arm64-apple-macos12.0 -g -module-cache-path /Users/admin/builder/spi-builder-workspace/.derivedData/ModuleCache.noindex -Xfrontend -serialize-debugging-options -enable-testing -index-store-path /Users/admin/builder/spi-builder-workspace/.derivedData/Index.noindex/DataStore -Xcc -D_LIBCPP_HARDENING_MODE\=_LIBCPP_HARDENING_MODE_DEBUG -swift-version 5 -I /Users/admin/builder/spi-builder-workspace/.derivedData/Build/Products/Debug -Isystem /Applications/Xcode-27.0.0-Release.Candidate.app/Contents/Developer/Platforms/MacOSX.platform/Developer/usr/lib -F /Users/admin/builder/spi-builder-workspace/.derivedData/Build/Products/Debug -F /Applications/Xcode-27.0.0-Release.Candidate.app/Contents/Developer/Platforms/MacOSX.platform/Developer/Library/Frameworks -c -j10 -enable-batch-mode -incremental -Xcc -ivfsstatcache -Xcc /Users/admin/builder/spi-builder-workspace/.derivedData/SDKStatCaches.noindex/macosx27.0-26A425-e829b21a6f8c9b70876ba0858053c0446a22442a12e9d48fe1a705f55a1adfc4.sdkstatcache -output-file-map /Users/admin/builder/spi-builder-workspace/.derivedData/Build/Intermediates.noindex/FocusEntity.build/Debug/FocusEntity-t.build/Objects-normal/arm64/FocusEntity-OutputFileMap.json -save-temps -no-color-diagnostics -explicit-module-build -module-cache-path /Users/admin/builder/spi-builder-workspace/.derivedData/Build/Intermediates.noindex/SwiftExplicitPrecompiledModules -clang-scanner-module-cache-path /Users/admin/builder/spi-builder-workspace/.derivedData/ModuleCache.noindex -sdk-module-cache-path /Users/admin/builder/spi-builder-workspace/.derivedData/SDKExplicitPrecompiledModules -emit-dependencies -emit-module -emit-module-path /Users/admin/builder/spi-builder-workspace/.derivedData/Build/Intermediates.noindex/FocusEntity.build/Debug/FocusEntity-t.build/Objects-normal/arm64/FocusEntity.swiftmodule -serialize-diagnostics -dependency-scan-serialize-diagnostics-path /Users/admin/builder/spi-builder-workspace/.derivedData/Build/Intermediates.noindex/FocusEntity.build/Debug/FocusEntity-t.build/Objects-normal/arm64/FocusEntity-dependency-scan.dia -validate-clang-modules-once -clang-build-session-file /Users/admin/builder/spi-builder-workspace/.derivedData/ModuleCache.noindex/Session.modulevalidation -Xcc -fmodules-prune-interval\=86400 -Xcc -fmodules-prune-after\=345600 -emit-const-values -const-gather-protocols-list /Users/admin/builder/spi-builder-workspace/.derivedData/Build/Intermediates.noindex/FocusEntity.build/Debug/FocusEntity-t.build/Objects-normal/arm64/FocusEntity_const_extract_protocols.json -Xcc -I/Users/admin/builder/spi-builder-workspace/.derivedData/Build/Products/Debug/include -Xcc -I/Users/admin/builder/spi-builder-workspace/.derivedData/Build/Intermediates.noindex/FocusEntity.build/Debug/FocusEntity-t.build/DerivedSources-normal/arm64 -Xcc -I/Users/admin/builder/spi-builder-workspace/.derivedData/Build/Intermediates.noindex/FocusEntity.build/Debug/FocusEntity-t.build/DerivedSources/arm64 -Xcc -I/Users/admin/builder/spi-builder-workspace/.derivedData/Build/Intermediates.noindex/FocusEntity.build/Debug/FocusEntity-t.build/DerivedSources -Xcc -DSWIFT_PACKAGE -Xcc -DDEBUG\=1 -emit-objc-header -emit-objc-header-path /Users/admin/builder/spi-builder-workspace/.derivedData/Build/Intermediates.noindex/FocusEntity.build/Debug/FocusEntity-t.build/Objects-normal/arm64/FocusEntity-Swift.h -working-directory /Users/admin/builder/spi-builder-workspace/.swiftpm/xcode -experimental-emit-module-separately -disable-cmo
/Users/admin/builder/spi-builder-workspace/Sources/FocusEntity/FocusEntity.swift:16:10: warning: FocusEntity: This package is only fully available with physical iOS devices (in target 'FocusEntity' from project 'FocusEntity')
SwiftExplicitDependencyGeneratePcm arm64 /Users/admin/builder/spi-builder-workspace/.derivedData/SDKExplicitPrecompiledModules/_Builtin_stdarg-7CFWA9OSW5N24E7PG4ZOCF1VH.pcm
SwiftExplicitDependencyGeneratePcm arm64 /Users/admin/builder/spi-builder-workspace/.derivedData/SDKExplicitPrecompiledModules/GroupActivities-C1TVJRHPBSO352OH9Y2XWU0VY.pcm
SwiftExplicitDependencyGeneratePcm arm64 /Users/admin/builder/spi-builder-workspace/.derivedData/SDKExplicitPrecompiledModules/DeveloperToolsSupport-13SNQ6N57G3DOS3KQA7V91OE7.pcm
SwiftExplicitDependencyGeneratePcm arm64 /Users/admin/builder/spi-builder-workspace/.derivedData/SDKExplicitPrecompiledModules/_Builtin_stdbool-KYV2HKP8IKLKMKQS9DGA2GUQ.pcm
SwiftExplicitDependencyGeneratePcm arm64 /Users/admin/builder/spi-builder-workspace/.derivedData/SDKExplicitPrecompiledModules/_Builtin_float-105CRCDRP90FQCQO5ZX1LHV7H.pcm
SwiftExplicitDependencyGeneratePcm arm64 /Users/admin/builder/spi-builder-workspace/.derivedData/SDKExplicitPrecompiledModules/RealityCoreTextureProcessing-EPFF09CBEJS4NUVAW1W7GETNQ.pcm
SwiftExplicitDependencyGeneratePcm arm64 /Users/admin/builder/spi-builder-workspace/.derivedData/SDKExplicitPrecompiledModules/ptrauth-2W92ZJRLNJU99RJUQGGJG3OC3.pcm
SwiftExplicitDependencyGeneratePcm arm64 /Users/admin/builder/spi-builder-workspace/.derivedData/SDKExplicitPrecompiledModules/_AvailabilityInternal-CJTV5E7EL3MWRA437DUFPBVN2.pcm
SwiftExplicitDependencyGeneratePcm arm64 /Users/admin/builder/spi-builder-workspace/.derivedData/SDKExplicitPrecompiledModules/_SwiftConcurrencyShims-BLUUWKI6AGMD7TJ4RGYS7DP6T.pcm
SwiftExplicitDependencyGeneratePcm arm64 /Users/admin/builder/spi-builder-workspace/.derivedData/SDKExplicitPrecompiledModules/ShaderGraph-5XCR4C0MGT2LF5AP8M8GZQBR0.pcm
SwiftExplicitDependencyGeneratePcm arm64 /Users/admin/builder/spi-builder-workspace/.derivedData/SDKExplicitPrecompiledModules/SwiftShims-C4V0DQ62WSTCYBYGILXXGQNO3.pcm
SwiftExplicitDependencyGeneratePcm arm64 /Users/admin/builder/spi-builder-workspace/.derivedData/SDKExplicitPrecompiledModules/_Builtin_stddef-3GI9GOKXSW3QCTFOI1USFLDZO.pcm
SwiftExplicitDependencyGeneratePcm arm64 /Users/admin/builder/spi-builder-workspace/.derivedData/SDKExplicitPrecompiledModules/ptrcheck-DHLCBWKPNUZOYTPJ1J3QVTCXK.pcm
SwiftExplicitDependencyGeneratePcm arm64 /Users/admin/builder/spi-builder-workspace/.derivedData/SDKExplicitPrecompiledModules/_DarwinFoundation1-7PRJIG163YE9KSKYA3BS35ZZP.pcm
SwiftExplicitDependencyGeneratePcm arm64 /Users/admin/builder/spi-builder-workspace/.derivedData/SDKExplicitPrecompiledModules/_DarwinFoundation2-94WUUGE4H5R03OWXE0QFZX1DN.pcm
SwiftExplicitDependencyGeneratePcm arm64 /Users/admin/builder/spi-builder-workspace/.derivedData/SDKExplicitPrecompiledModules/_Builtin_limits-AXGUGXBFPC0I7QDLJFB0K341Y.pcm
SwiftExplicitDependencyGeneratePcm arm64 /Users/admin/builder/spi-builder-workspace/.derivedData/SDKExplicitPrecompiledModules/string_h-10WPXBF3YFYMX5HUAW06LSABR.pcm
SwiftExplicitDependencyGeneratePcm arm64 /Users/admin/builder/spi-builder-workspace/.derivedData/SDKExplicitPrecompiledModules/_Builtin_stdint-22CBBOK8BNSF0UELDCAXSHGB.pcm
SwiftExplicitDependencyGeneratePcm arm64 /Users/admin/builder/spi-builder-workspace/.derivedData/SDKExplicitPrecompiledModules/_Builtin_tgmath-52XE6HC8DWOG6S7B5QAI046D1.pcm
SwiftExplicitDependencyGeneratePcm arm64 /Users/admin/builder/spi-builder-workspace/.derivedData/SDKExplicitPrecompiledModules/sys_types-F4RNCN6UR5R5OWTLTOUM7TN3E.pcm
SwiftExplicitDependencyGeneratePcm arm64 /Users/admin/builder/spi-builder-workspace/.derivedData/SDKExplicitPrecompiledModules/_Builtin_intrinsics-4O6R03GTH5FLWSHEUBP0Z3GZ2.pcm
SwiftExplicitDependencyGeneratePcm arm64 /Users/admin/builder/spi-builder-workspace/.derivedData/SDKExplicitPrecompiledModules/libDER-5RCYOD0PCUUY2UGMBNE9LI8N9.pcm
SwiftExplicitDependencyGeneratePcm arm64 /Users/admin/builder/spi-builder-workspace/.derivedData/SDKExplicitPrecompiledModules/_Builtin_stdatomic-8LN7S35C6I48KJOCW7VPXX04X.pcm
SwiftExplicitDependencyGeneratePcm arm64 /Users/admin/builder/spi-builder-workspace/.derivedData/SDKExplicitPrecompiledModules/_DarwinFoundation3-32PO5Q4RCB6WXH5VFO3HA3AVS.pcm
SwiftExplicitDependencyGeneratePcm arm64 /Users/admin/builder/spi-builder-workspace/.derivedData/SDKExplicitPrecompiledModules/_Builtin_inttypes-1U6AP9A8AJ4G9WD98E9RHLGTJ.pcm
SwiftExplicitDependencyGeneratePcm arm64 /Users/admin/builder/spi-builder-workspace/.derivedData/SDKExplicitPrecompiledModules/Darwin-1RAAWNGKQM8YGHV0YJNNN5YDY.pcm
SwiftExplicitDependencyGeneratePcm arm64 /Users/admin/builder/spi-builder-workspace/.derivedData/SDKExplicitPrecompiledModules/simd-A9TKR8OE9APRJ1RNS7F0OBY4Q.pcm
SwiftExplicitDependencyGeneratePcm arm64 /Users/admin/builder/spi-builder-workspace/.derivedData/SDKExplicitPrecompiledModules/libkern-22MDXN9G35RPO3OLKX9B2PN16.pcm
SwiftExplicitDependencyGeneratePcm arm64 /Users/admin/builder/spi-builder-workspace/.derivedData/SDKExplicitPrecompiledModules/CUPS-45MNISAOHSEBD6VQA5G0MXN9H.pcm
SwiftExplicitDependencyGeneratePcm arm64 /Users/admin/builder/spi-builder-workspace/.derivedData/SDKExplicitPrecompiledModules/launch-2XAORMJNLLVS0OVKC1M0752GY.pcm
SwiftExplicitDependencyGeneratePcm arm64 /Users/admin/builder/spi-builder-workspace/.derivedData/SDKExplicitPrecompiledModules/MachO-AWTJ65TFR7TMST2NUE6ZCC1SL.pcm
SwiftExplicitDependencyGeneratePcm arm64 /Users/admin/builder/spi-builder-workspace/.derivedData/SDKExplicitPrecompiledModules/ObjectiveC-B89IQP2TC4CFSWOUMTUZRI1VZ.pcm
SwiftExplicitDependencyGeneratePcm arm64 /Users/admin/builder/spi-builder-workspace/.derivedData/SDKExplicitPrecompiledModules/Spatial-2JNOU2HNJ0Q174XCFCD0GCOUQ.pcm
SwiftExplicitDependencyGeneratePcm arm64 /Users/admin/builder/spi-builder-workspace/.derivedData/SDKExplicitPrecompiledModules/os_object-3KLCCI03OX6OQTLJ92KQH2KIO.pcm
SwiftExplicitDependencyGeneratePcm arm64 /Users/admin/builder/spi-builder-workspace/.derivedData/SDKExplicitPrecompiledModules/os_workgroup-10SJ5M8R2OB4BG1TPFL9SZMKV.pcm
SwiftExplicitDependencyGeneratePcm arm64 /Users/admin/builder/spi-builder-workspace/.derivedData/SDKExplicitPrecompiledModules/Dispatch-NAMWF9KN29KC7Z5OS3TTTAE8.pcm
SwiftExplicitDependencyGeneratePcm arm64 /Users/admin/builder/spi-builder-workspace/.derivedData/SDKExplicitPrecompiledModules/XPC-E1MSAZG4ZNL24S2WK6K6Y7GWW.pcm
SwiftExplicitDependencyGeneratePcm arm64 /Users/admin/builder/spi-builder-workspace/.derivedData/SDKExplicitPrecompiledModules/dnssd-5V92N9LLMCLZ0RRCJ1W0WH553.pcm
SwiftExplicitDependencyGeneratePcm arm64 /Users/admin/builder/spi-builder-workspace/.derivedData/SDKExplicitPrecompiledModules/CoreFoundation-4ZIITQ30SOGUQE8KJAB99ZV0Q.pcm
SwiftExplicitDependencyGeneratePcm arm64 /Users/admin/builder/spi-builder-workspace/.derivedData/SDKExplicitPrecompiledModules/os-BYOEVK2GEMB4Q8WWHGZGREA00.pcm
SwiftExplicitDependencyGeneratePcm arm64 /Users/admin/builder/spi-builder-workspace/.derivedData/SDKExplicitPrecompiledModules/IOKit-6H3X691EDBH124EYTC2PEOP5T.pcm
SwiftExplicitDependencyGeneratePcm arm64 /Users/admin/builder/spi-builder-workspace/.derivedData/SDKExplicitPrecompiledModules/ColorSync-BBCIZDDQ6O3QECFAWJQ6RU4ZJ.pcm
SwiftExplicitDependencyGeneratePcm arm64 /Users/admin/builder/spi-builder-workspace/.derivedData/SDKExplicitPrecompiledModules/CoreAudioTypes-EEH2XZ47XX4YM3FOOISUYVRQE.pcm
SwiftExplicitDependencyGeneratePcm arm64 /Users/admin/builder/spi-builder-workspace/.derivedData/SDKExplicitPrecompiledModules/CFNetwork-CVHS5CT20191MFYXQIEDWSRGJ.pcm
SwiftExplicitDependencyGeneratePcm arm64 /Users/admin/builder/spi-builder-workspace/.derivedData/SDKExplicitPrecompiledModules/Security-ESPJ7FP0YAY1EL3VXBGY9MCZ8.pcm
SwiftExplicitDependencyGeneratePcm arm64 /Users/admin/builder/spi-builder-workspace/.derivedData/SDKExplicitPrecompiledModules/CoreGraphics-5TRMNDB7ZP6FFMRNSZCWEOZMD.pcm
SwiftExplicitDependencyGeneratePcm arm64 /Users/admin/builder/spi-builder-workspace/.derivedData/SDKExplicitPrecompiledModules/DiskArbitration-ZNZZU7T0SYELB0DAR56WQF0R.pcm
SwiftExplicitDependencyGeneratePcm arm64 /Users/admin/builder/spi-builder-workspace/.derivedData/SDKExplicitPrecompiledModules/CoreServices-CGCGY0FOMEQGSNMO3HQSC09XU.pcm
SwiftExplicitDependencyGeneratePcm arm64 /Users/admin/builder/spi-builder-workspace/.derivedData/SDKExplicitPrecompiledModules/CoreText-C1WSF2HWGIKVJ2XHWBKXQBSEY.pcm
SwiftExplicitDependencyGeneratePcm arm64 /Users/admin/builder/spi-builder-workspace/.derivedData/SDKExplicitPrecompiledModules/ImageIO-88YNP2EU498GB5YXIFJ9ANNYW.pcm
SwiftExplicitDependencyGeneratePcm arm64 /Users/admin/builder/spi-builder-workspace/.derivedData/SDKExplicitPrecompiledModules/Foundation-44WR0NU86C67CV5BW8W1MGKNG.pcm
SwiftExplicitDependencyGeneratePcm arm64 /Users/admin/builder/spi-builder-workspace/.derivedData/SDKExplicitPrecompiledModules/Symbols-2NFSQR6R0R96WH1KKGBXW1J.pcm
SwiftExplicitDependencyGeneratePcm arm64 /Users/admin/builder/spi-builder-workspace/.derivedData/SDKExplicitPrecompiledModules/CoreTransferable-2HJ1Z8HJBPECRD89AVJ0X7S63.pcm
SwiftExplicitDependencyGeneratePcm arm64 /Users/admin/builder/spi-builder-workspace/.derivedData/SDKExplicitPrecompiledModules/ApplicationServices-ALXSS633FQY42UMJSLR6MNLSK.pcm
SwiftExplicitDependencyGeneratePcm arm64 /Users/admin/builder/spi-builder-workspace/.derivedData/SDKExplicitPrecompiledModules/IOSurface-1TUG4NQVIPJF59WSUNATZ447F.pcm
SwiftExplicitDependencyGeneratePcm arm64 /Users/admin/builder/spi-builder-workspace/.derivedData/SDKExplicitPrecompiledModules/Accessibility-6F38G4T85MOHD9AA2EH4U2PJS.pcm
SwiftExplicitDependencyGeneratePcm arm64 /Users/admin/builder/spi-builder-workspace/.derivedData/SDKExplicitPrecompiledModules/UniformTypeIdentifiers-5LG8RE3Q01MBLZVRR3FFHHL5H.pcm
SwiftExplicitDependencyGeneratePcm arm64 /Users/admin/builder/spi-builder-workspace/.derivedData/SDKExplicitPrecompiledModules/_LocationEssentials-CV55KC6C4HGASVU6279M2TPYS.pcm
SwiftExplicitDependencyGeneratePcm arm64 /Users/admin/builder/spi-builder-workspace/.derivedData/SDKExplicitPrecompiledModules/CoreAudio-8XPVZMQXZVBU162UQPW77JTL1.pcm
SwiftExplicitDependencyGeneratePcm arm64 /Users/admin/builder/spi-builder-workspace/.derivedData/SDKExplicitPrecompiledModules/LocalAuthentication-8T1JVW9JOJ0KH24ATQIF5OCZU.pcm
SwiftExplicitDependencyGeneratePcm arm64 /Users/admin/builder/spi-builder-workspace/.derivedData/SDKExplicitPrecompiledModules/CoreData-4EPJ39F9L3QQ9486B5AMG5G6J.pcm
SwiftExplicitDependencyGeneratePcm arm64 /Users/admin/builder/spi-builder-workspace/.derivedData/SDKExplicitPrecompiledModules/CoreMIDI-CCJ8M3Z4I36O80AMQH4ISET6O.pcm
SwiftExplicitDependencyGeneratePcm arm64 /Users/admin/builder/spi-builder-workspace/.derivedData/SDKExplicitPrecompiledModules/DataDetection-5GDUUWT6YIA10PE5D9A8SXWZ9.pcm
SwiftExplicitDependencyGeneratePcm arm64 /Users/admin/builder/spi-builder-workspace/.derivedData/SDKExplicitPrecompiledModules/OSLog-1GSRGGGEESVJH9OULZA91RAA3.pcm
SwiftExplicitDependencyGeneratePcm arm64 /Users/admin/builder/spi-builder-workspace/.derivedData/SDKExplicitPrecompiledModules/CoreLocation-6PHJES15W7TUABDNQ1VHCJETV.pcm
SwiftExplicitDependencyGeneratePcm arm64 /Users/admin/builder/spi-builder-workspace/.derivedData/SDKExplicitPrecompiledModules/Network-DNJ6CH9B8OJ51G462QPX58B5X.pcm
SwiftExplicitDependencyGeneratePcm arm64 /Users/admin/builder/spi-builder-workspace/.derivedData/SDKExplicitPrecompiledModules/Metal-KM8CI04R5X5OUWMGRMNZE4KP.pcm
SwiftExplicitDependencyGeneratePcm arm64 /Users/admin/builder/spi-builder-workspace/.derivedData/SDKExplicitPrecompiledModules/OpenGL-FXV81CD8YS42YTVJKJH1VLGA.pcm
SwiftExplicitDependencyGeneratePcm arm64 /Users/admin/builder/spi-builder-workspace/.derivedData/SDKExplicitPrecompiledModules/Carbon-2ONS33PR0M3OUK9U5ST5BLH43.pcm
SwiftExplicitDependencyGeneratePcm arm64 /Users/admin/builder/spi-builder-workspace/.derivedData/SDKExplicitPrecompiledModules/CoreMotion-33H6G10YF6B3HSOMFY62WZ9GP.pcm
SwiftExplicitDependencyGeneratePcm arm64 /Users/admin/builder/spi-builder-workspace/.derivedData/SDKExplicitPrecompiledModules/CloudKit-53XPJBX1NPEA06LS94ZVO1TCP.pcm
SwiftExplicitDependencyCompileModuleFromInterface arm64 /Users/admin/builder/spi-builder-workspace/.derivedData/SDKExplicitPrecompiledModules/RealityCoreDeformation-1PCRLRCRSBNYD.swiftmodule
SwiftExplicitDependencyGeneratePcm arm64 /Users/admin/builder/spi-builder-workspace/.derivedData/SDKExplicitPrecompiledModules/CoreVideo-11TKSDKW0L2K02H4B9ZHWLM3B.pcm
SwiftExplicitDependencyCompileModuleFromInterface arm64 /Users/admin/builder/spi-builder-workspace/.derivedData/SDKExplicitPrecompiledModules/ShaderGraph-L1AZM40HBP28.swiftmodule
SwiftExplicitDependencyCompileModuleFromInterface arm64 /Users/admin/builder/spi-builder-workspace/.derivedData/SDKExplicitPrecompiledModules/RealityCoreTextureProcessing-1QQXO7WQWIWIL.swiftmodule
SwiftExplicitDependencyGeneratePcm arm64 /Users/admin/builder/spi-builder-workspace/.derivedData/SDKExplicitPrecompiledModules/AudioToolbox-2T0MY057M2IF62UMRCVMCXBCW.pcm
SwiftExplicitDependencyGeneratePcm arm64 /Users/admin/builder/spi-builder-workspace/.derivedData/SDKExplicitPrecompiledModules/QuartzCore-AP21NXF3BYPWOG416U3DI6QME.pcm
SwiftExplicitDependencyGeneratePcm arm64 /Users/admin/builder/spi-builder-workspace/.derivedData/SDKExplicitPrecompiledModules/CoreMedia-699WGYGEEF2LGFEEGSCM9Y1UF.pcm
SwiftExplicitDependencyGeneratePcm arm64 /Users/admin/builder/spi-builder-workspace/.derivedData/SDKExplicitPrecompiledModules/ARKitCore-3YKSQ4CCFXZ8A2ZW15N4CNIGZ.pcm
SwiftExplicitDependencyGeneratePcm arm64 /Users/admin/builder/spi-builder-workspace/.derivedData/SDKExplicitPrecompiledModules/CoreImage-AKYY8VSFWQ6KIIXG3EQJ7PW5T.pcm
SwiftExplicitDependencyGeneratePcm arm64 /Users/admin/builder/spi-builder-workspace/.derivedData/SDKExplicitPrecompiledModules/SwiftUICore-ESLJM4CVIQEQNCRTK6KPAF1I7.pcm
SwiftExplicitDependencyGeneratePcm arm64 /Users/admin/builder/spi-builder-workspace/.derivedData/SDKExplicitPrecompiledModules/ARKit-3UWYGIG8TC9ANFAYXP1JPJ5L3.pcm
SwiftExplicitDependencyGeneratePcm arm64 /Users/admin/builder/spi-builder-workspace/.derivedData/SDKExplicitPrecompiledModules/MediaToolbox-A1FBUTL5IVSGB3TSM17GGXT7S.pcm
SwiftExplicitDependencyGeneratePcm arm64 /Users/admin/builder/spi-builder-workspace/.derivedData/SDKExplicitPrecompiledModules/AVFAudio-8O3YR1E0VTB07VYVVPNE7AW5O.pcm
SwiftExplicitDependencyGeneratePcm arm64 /Users/admin/builder/spi-builder-workspace/.derivedData/SDKExplicitPrecompiledModules/VideoToolbox-6IDX6DMGASVEDUVPEGSTLUE4G.pcm
SwiftExplicitDependencyCompileModuleFromInterface arm64 /Users/admin/builder/spi-builder-workspace/.derivedData/SDKExplicitPrecompiledModules/RealityCoreRenderer-1Z34JANOB6EEI.swiftmodule
SwiftExplicitDependencyGeneratePcm arm64 /Users/admin/builder/spi-builder-workspace/.derivedData/SDKExplicitPrecompiledModules/AppKit-C2WRQ26QXORUMMNQB0M8H4QYD.pcm
SwiftExplicitDependencyGeneratePcm arm64 /Users/admin/builder/spi-builder-workspace/.derivedData/SDKExplicitPrecompiledModules/AVFoundation-7AXUV20FGUWS4UKWN8IVZVM84.pcm
SwiftExplicitDependencyCompileModuleFromInterface arm64 /Users/admin/builder/spi-builder-workspace/.derivedData/SDKExplicitPrecompiledModules/RealityFoundationCloth-1G0UELXGDH1PY.swiftmodule
SwiftExplicitDependencyGeneratePcm arm64 /Users/admin/builder/spi-builder-workspace/.derivedData/SDKExplicitPrecompiledModules/Cocoa-C4EM04F55Q09X00LN45U96140.pcm
SwiftExplicitDependencyGeneratePcm arm64 /Users/admin/builder/spi-builder-workspace/.derivedData/SDKExplicitPrecompiledModules/GameController-E0DUYP067ZB6S721ZCOW2XBCS.pcm
SwiftExplicitDependencyGeneratePcm arm64 /Users/admin/builder/spi-builder-workspace/.derivedData/SDKExplicitPrecompiledModules/MultipeerConnectivity-3A13W67BB379V9V0RIXKUBVZP.pcm
SwiftEmitModule normal arm64 Emitting\ module\ for\ FocusEntity (in target 'FocusEntity' from project 'FocusEntity')
/Users/admin/builder/spi-builder-workspace/Sources/FocusEntity/FocusEntity.swift:16:10: warning: FocusEntity: This package is only fully available with physical iOS devices
 14 |
 15 | #if os(macOS) || targetEnvironment(simulator)
 16 | #warning("FocusEntity: This package is only fully available with physical iOS devices")
    |          `- warning: FocusEntity: This package is only fully available with physical iOS devices
 17 | #endif
 18 |
/Users/admin/builder/spi-builder-workspace/Sources/FocusEntity/FocusEntity+Alignment.swift:33:50: error: cannot find type 'ARRaycastResult' in scope
 31 |     #if canImport(ARKit)
 32 |     /// Update the transform of the focus square to be aligned with the camera.
 33 |     internal func updateTransform(raycastResult: ARRaycastResult) {
    |                                                  `- error: cannot find type 'ARRaycastResult' in scope
 34 |         self.updatePosition()
 35 |
/Users/admin/builder/spi-builder-workspace/Sources/FocusEntity/FocusEntity+Alignment.swift:41:54: error: cannot find type 'ARRaycastResult' in scope
 39 |     }
 40 |
 41 |     internal func updateAlignment(for raycastResult: ARRaycastResult) {
    |                                                      `- error: cannot find type 'ARRaycastResult' in scope
 42 |
 43 |         var targetAlignment = raycastResult.worldTransform.orientation
/Users/admin/builder/spi-builder-workspace/Sources/FocusEntity/FocusEntity+Alignment.swift:121:37: error: cannot find type 'ARRaycastResult' in scope
119 |     /// - Parameters:
120 |     /// - Returns: ARRaycastResult if an existing plane geometry or an estimated plane are found, otherwise nil.
121 |     internal func smartRaycast() -> ARRaycastResult? {
    |                                     `- error: cannot find type 'ARRaycastResult' in scope
122 |         // Perform the hit test.
123 |         guard let (camPos, camDir) = self.getCamVector() else {
/Users/admin/builder/spi-builder-workspace/Sources/FocusEntity/FocusEntity+Alignment.swift:167:48: error: cannot find type 'ARCamera' in scope
165 |      for a distance 1.5 m distance (estimated distance when looking at the floor).
166 |      */
167 |     internal func scaleBasedOnDistance(camera: ARCamera?) -> Float {
    |                                                `- error: cannot find type 'ARCamera' in scope
168 |         guard let camera = camera else { return 1.0 }
169 |
/Users/admin/builder/spi-builder-workspace/Sources/FocusEntity/FocusEntity.swift:40:27: error: cannot find type 'ARRaycastQuery' in scope
 38 |     }
 39 |     #if canImport(ARKit)
 40 |     var allowedRaycasts: [ARRaycastQuery.Target] {
    |                           `- error: cannot find type 'ARRaycastQuery' in scope
 41 |         get { self.focus.allowedRaycasts }
 42 |         set { self.focus.allowedRaycasts = newValue }
/Users/admin/builder/spi-builder-workspace/Sources/FocusEntity/FocusEntity.swift:76:23: error: cannot find type 'ARPlaneAnchor' in scope
 74 |     func focusEntity(
 75 |         _ focusEntity: FocusEntity,
 76 |         planeChanged: ARPlaneAnchor?,
    |                       `- error: cannot find type 'ARPlaneAnchor' in scope
 77 |         oldPlane: ARPlaneAnchor?
 78 |     )
/Users/admin/builder/spi-builder-workspace/Sources/FocusEntity/FocusEntity.swift:77:19: error: cannot find type 'ARPlaneAnchor' in scope
 75 |         _ focusEntity: FocusEntity,
 76 |         planeChanged: ARPlaneAnchor?,
 77 |         oldPlane: ARPlaneAnchor?
    |                   `- error: cannot find type 'ARPlaneAnchor' in scope
 78 |     )
 79 | }
/Users/admin/builder/spi-builder-workspace/Sources/FocusEntity/FocusEntity.swift:87:64: error: cannot find type 'ARPlaneAnchor' in scope
 85 |         _ focusEntity: FocusEntity, trackingUpdated trackingState: FocusEntity.State, oldState: FocusEntity.State? = nil
 86 |     ) {}
 87 |     func focusEntity(_ focusEntity: FocusEntity, planeChanged: ARPlaneAnchor?, oldPlane: ARPlaneAnchor?) {}
    |                                                                `- error: cannot find type 'ARPlaneAnchor' in scope
 88 | }
 89 |
/Users/admin/builder/spi-builder-workspace/Sources/FocusEntity/FocusEntity.swift:87:90: error: cannot find type 'ARPlaneAnchor' in scope
 85 |         _ focusEntity: FocusEntity, trackingUpdated trackingState: FocusEntity.State, oldState: FocusEntity.State? = nil
 86 |     ) {}
 87 |     func focusEntity(_ focusEntity: FocusEntity, planeChanged: ARPlaneAnchor?, oldPlane: ARPlaneAnchor?) {}
    |                                                                                          `- error: cannot find type 'ARPlaneAnchor' in scope
 88 | }
 89 |
/Users/admin/builder/spi-builder-workspace/Sources/FocusEntity/FocusEntity.swift:146:38: error: cannot find type 'ARRaycastResult' in scope
144 |         case initializing
145 |         #if canImport(ARKit)
146 |         case tracking(raycastResult: ARRaycastResult, camera: ARCamera?)
    |                                      `- error: cannot find type 'ARRaycastResult' in scope
147 |         #endif
148 |     }
/Users/admin/builder/spi-builder-workspace/Sources/FocusEntity/FocusEntity.swift:146:63: error: cannot find type 'ARCamera' in scope
144 |         case initializing
145 |         #if canImport(ARKit)
146 |         case tracking(raycastResult: ARRaycastResult, camera: ARCamera?)
    |                                                               `- error: cannot find type 'ARCamera' in scope
147 |         #endif
148 |     }
/Users/admin/builder/spi-builder-workspace/Sources/FocusEntity/FocusEntity.swift:143:17: error: type 'FocusEntity.State' does not conform to protocol 'Equatable'
141 |
142 |     // MARK: - Types
143 |     public enum State: Equatable {
    |                 |- error: type 'FocusEntity.State' does not conform to protocol 'Equatable'
    |                 `- note: add stubs for conformance
144 |         case initializing
145 |         #if canImport(ARKit)
146 |         case tracking(raycastResult: ARRaycastResult, camera: ARCamera?)
    |                                      |                        `- note: associated value type '_' does not conform to protocol 'Equatable', preventing synthesized conformance of 'FocusEntity.State' to 'Equatable'
    |                                      `- note: associated value type '_' does not conform to protocol 'Equatable', preventing synthesized conformance of 'FocusEntity.State' to 'Equatable'
147 |         #endif
148 |     }
Swift.==:1:24: note: candidate would match if 'FocusEntity.State' conformed to 'RawRepresentable'
1 | @inlinable public func == <T>(lhs: T, rhs: T) -> Bool where T : RawRepresentable, T.RawValue : Equatable
  |                        `- note: candidate would match if 'FocusEntity.State' conformed to 'RawRepresentable'
Swift.FloatingPoint.==:2:20: note: candidate would match if 'FocusEntity.State' conformed to 'FloatingPoint'
1 | protocol FloatingPoint {
2 | public static func == (lhs: Self, rhs: Self) -> Bool}
  |                    `- note: candidate would match if 'FocusEntity.State' conformed to 'FloatingPoint'
3 |
Swift.BinaryInteger.==:2:20: note: candidate would match if 'FocusEntity.State' conformed to 'BinaryInteger'
1 | protocol BinaryInteger {
2 | public static func == <Other>(lhs: Self, rhs: Other) -> Bool where Other : BinaryInteger}
  |                    `- note: candidate would match if 'FocusEntity.State' conformed to 'BinaryInteger'
3 |
Swift._Pointer.==:2:20: note: candidate would match if 'FocusEntity.State' conformed to '_Pointer'
1 | protocol _Pointer {
2 | public static func == (lhs: Self, rhs: Self) -> Bool}
  |                    `- note: candidate would match if 'FocusEntity.State' conformed to '_Pointer'
3 |
Swift._Pointer.==:2:31: note: candidate would match if 'FocusEntity.State' conformed to '_Pointer'
1 | protocol _Pointer {
2 | @inlinable public static func == <Other>(lhs: Self, rhs: Other) -> Bool where Other : _Pointer}
  |                               `- note: candidate would match if 'FocusEntity.State' conformed to '_Pointer'
3 |
Swift.Strideable.==:2:31: note: candidate would match if 'FocusEntity.State' conformed to 'Strideable'
1 | protocol Strideable {
2 | @inlinable public static func == (x: Self, y: Self) -> Bool}
  |                               `- note: candidate would match if 'FocusEntity.State' conformed to 'Strideable'
3 |
Swift.StringProtocol.==:2:31: note: candidate would match if 'FocusEntity.State' conformed to 'StringProtocol'
1 | protocol StringProtocol {
2 | @inlinable public static func == <RHS>(lhs: Self, rhs: RHS) -> Bool where RHS : StringProtocol}
  |                               `- note: candidate would match if 'FocusEntity.State' conformed to 'StringProtocol'
3 |
Swift.SIMD.==:2:20: note: candidate would match if 'FocusEntity.State' conformed to 'SIMD'
1 | protocol SIMD {
2 | public static func == (a: Self, b: Self) -> Bool}
  |                    `- note: candidate would match if 'FocusEntity.State' conformed to 'SIMD'
3 |
Foundation.AttributedStringProtocol.==:2:20: note: candidate would match if 'FocusEntity.State' conformed to 'AttributedStringProtocol'
1 | protocol AttributedStringProtocol {
2 | public static func == <RHS>(lhs: Self, rhs: RHS) -> Bool where RHS : AttributedStringProtocol}
  |                    `- note: candidate would match if 'FocusEntity.State' conformed to 'AttributedStringProtocol'
3 |
Foundation._BridgedStoredNSError.==:2:20: note: candidate would match if 'FocusEntity.State' conformed to '_BridgedStoredNSError'
1 | protocol _BridgedStoredNSError {
2 | public static func == (lhs: Self, rhs: Self) -> Bool}
  |                    `- note: candidate would match if 'FocusEntity.State' conformed to '_BridgedStoredNSError'
3 |
CoreFoundation._CFObject.==:2:20: note: candidate would match if 'FocusEntity.State' conformed to '_CFObject'
1 | protocol _CFObject {
2 | public static func == (left: Self, right: Self) -> Bool}
  |                    `- note: candidate would match if 'FocusEntity.State' conformed to '_CFObject'
3 |
Swift.Equatable.==:2:13: note: protocol requires function '==' with type '(borrowing FocusEntity.State, borrowing FocusEntity.State) -> Bool'
1 | protocol Equatable {
2 | static func == (lhs: borrowing Self, rhs: borrowing Self) -> Bool}
  |             `- note: protocol requires function '==' with type '(borrowing FocusEntity.State, borrowing FocusEntity.State) -> Bool'
3 |
/Users/admin/builder/spi-builder-workspace/Sources/FocusEntity/FocusEntity.swift:163:54: error: cannot find type 'ARRaycastResult' in scope
161 |
162 |     #if canImport(ARKit)
163 |     fileprivate func entityOffPlane(_ raycastResult: ARRaycastResult, _ camera: ARCamera?) {
    |                                                      `- error: cannot find type 'ARRaycastResult' in scope
164 |         self.onPlane = false
165 |         displayOffPlane(for: raycastResult)
/Users/admin/builder/spi-builder-workspace/Sources/FocusEntity/FocusEntity.swift:163:81: error: cannot find type 'ARCamera' in scope
161 |
162 |     #if canImport(ARKit)
163 |     fileprivate func entityOffPlane(_ raycastResult: ARRaycastResult, _ camera: ARCamera?) {
    |                                                                                 `- error: cannot find type 'ARCamera' in scope
164 |         self.onPlane = false
165 |         displayOffPlane(for: raycastResult)
/Users/admin/builder/spi-builder-workspace/Sources/FocusEntity/FocusEntity.swift:186:60: error: cannot find type 'ARPlaneAnchor' in scope
184 |                     self.anchoring = AnchoringComponent(.world(transform: Transform.identity.matrix))
185 |                 }
186 |                 let planeAnchor = raycastResult.anchor as? ARPlaneAnchor
    |                                                            `- error: cannot find type 'ARPlaneAnchor' in scope
187 |                 if let planeAnchor = planeAnchor {
188 |                     entityOnPlane(for: raycastResult, planeAnchor: planeAnchor)
/Users/admin/builder/spi-builder-workspace/Sources/FocusEntity/FocusEntity.swift:348:28: error: cannot find type 'ARRaycastResult' in scope
346 |     /// Called when a plane has been detected.
347 |     private func entityOnPlane(
348 |         for raycastResult: ARRaycastResult, planeAnchor: ARPlaneAnchor
    |                            `- error: cannot find type 'ARRaycastResult' in scope
349 |     ) {
350 |         self.onPlane = true
/Users/admin/builder/spi-builder-workspace/Sources/FocusEntity/FocusEntity.swift:348:58: error: cannot find type 'ARPlaneAnchor' in scope
346 |     /// Called when a plane has been detected.
347 |     private func entityOnPlane(
348 |         for raycastResult: ARRaycastResult, planeAnchor: ARPlaneAnchor
    |                                                          `- error: cannot find type 'ARPlaneAnchor' in scope
349 |     ) {
350 |         self.onPlane = true
/Users/admin/builder/spi-builder-workspace/Sources/FocusEntity/FocusEntity.swift:234:36: error: cannot find type 'ARPlaneAnchor' in scope
232 |     #if canImport(ARKit)
233 |     /// The focus square's current alignment.
234 |     internal var currentAlignment: ARPlaneAnchor.Alignment?
    |                                    `- error: cannot find type 'ARPlaneAnchor' in scope
235 |
236 |     /// The current plane anchor if the focus square is on a plane.
/Users/admin/builder/spi-builder-workspace/Sources/FocusEntity/FocusEntity.swift:237:50: error: cannot find type 'ARPlaneAnchor' in scope
235 |
236 |     /// The current plane anchor if the focus square is on a plane.
237 |     public internal(set) var currentPlaneAnchor: ARPlaneAnchor? {
    |                                                  `- error: cannot find type 'ARPlaneAnchor' in scope
238 |         didSet {
239 |             if (oldValue == nil && self.currentPlaneAnchor == nil) || (currentPlaneAnchor == oldValue) {
/Users/admin/builder/spi-builder-workspace/Sources/FocusEntity/FocusEntity.swift:242:39: error: incorrect argument labels in call (have '_:planeChanged:oldPlane:', expected '_:trackingUpdated:oldState:')
240 |                 return
241 |             }
242 |             self.delegate?.focusEntity(self, planeChanged: currentPlaneAnchor, oldPlane: oldValue)
    |                                       `- error: incorrect argument labels in call (have '_:planeChanged:oldPlane:', expected '_:trackingUpdated:oldState:')
243 |         }
244 |     }
/Users/admin/builder/spi-builder-workspace/Sources/FocusEntity/FocusEntity.swift:247:48: error: cannot find type 'ARPlaneAnchor' in scope
245 |
246 |     /// The focus square's most recent alignments.
247 |     internal var recentFocusEntityAlignments: [ARPlaneAnchor.Alignment] = []
    |                                                `- error: cannot find type 'ARPlaneAnchor' in scope
248 |     /// Previously visited plane anchors.
249 |     internal var anchorsOfVisitedPlanes: Set<ARAnchor> = []
/Users/admin/builder/spi-builder-workspace/Sources/FocusEntity/FocusEntity.swift:249:46: error: cannot find type 'ARAnchor' in scope
247 |     internal var recentFocusEntityAlignments: [ARPlaneAnchor.Alignment] = []
248 |     /// Previously visited plane anchors.
249 |     internal var anchorsOfVisitedPlanes: Set<ARAnchor> = []
    |                                              `- error: cannot find type 'ARAnchor' in scope
250 |     #endif
251 |     /// The focus square's most recent positions.
/Users/admin/builder/spi-builder-workspace/Sources/FocusEntity/FocusEntity.swift:333:53: error: cannot find type 'ARRaycastResult' in scope
331 |     #if canImport(ARKit)
332 |     /// Called when a surface has been detected.
333 |     private func displayOffPlane(for raycastResult: ARRaycastResult) {
    |                                                     `- error: cannot find type 'ARRaycastResult' in scope
334 |         self.stateChangedSetup()
335 |         let position = raycastResult.worldTransform.translation
/Users/admin/builder/spi-builder-workspace/Sources/FocusEntity/FocusEntityComponent.swift:15:9: warning: cannot use class 'NSColor' in a property declaration member of a type not marked '@_implementationOnly'; 'AppKit' was not imported by this file
 13 |
 14 | internal struct ClassicStyle {
 15 |     var color: Material.Color
    |         `- warning: cannot use class 'NSColor' in a property declaration member of a type not marked '@_implementationOnly'; 'AppKit' was not imported by this file
 16 | }
 17 |
/Applications/Xcode-27.0.0-Release.Candidate.app/Contents/Developer/Platforms/MacOSX.platform/Developer/SDKs/MacOSX27.0.sdk/System/Library/Frameworks/AppKit.framework/Headers/NSColor.h:77:12: note: class declared here
 75 |
 76 | NS_SWIFT_SENDABLE
 77 | @interface NSColor : NSObject <NSCopying, NSSecureCoding, NSPasteboardReading, NSPasteboardWriting>
    |            `- note: class declared here
 78 |
 79 | - (instancetype)init NS_DESIGNATED_INITIALIZER;
/Users/admin/builder/spi-builder-workspace/Sources/FocusEntity/FocusEntityComponent.swift:71:38: error: could not infer type of color literal
 69 |
 70 |     /// Default color of FocusEntity
 71 |     public static let defaultColor = #colorLiteral(red: 1, green: 0.8, blue: 0, alpha: 1)
    |                                      |- error: could not infer type of color literal
    |                                      `- note: import AppKit to use 'NSColor' as the default color literal type
 72 |     /// Default style of FocusEntity, using the FocusEntityComponent.Style.classic with the color FocusEntityComponent.defaultColor.
 73 |     public static let classic = FocusEntityComponent(style: .classic(color: FocusEntityComponent.defaultColor))
/Users/admin/builder/spi-builder-workspace/Sources/FocusEntity/FocusEntityComponent.swift:34:14: warning: cannot use class 'NSColor' in an associated value of a public or '@usableFromInline' enum; 'AppKit' was not imported by this file
 32 |         /// Default style of FocusEntity. Box that's open when not on a plane, closed when on one.
 33 |         /// - color: Color of the FocusEntity lines, default: `FocusEntityComponent.defaultColor`
 34 |         case classic(color: Material.Color = FocusEntityComponent.defaultColor)
    |              `- warning: cannot use class 'NSColor' in an associated value of a public or '@usableFromInline' enum; 'AppKit' was not imported by this file
 35 |         /// Style that changes based on state of the FocusEntity
 36 |         /// - onColor: Color when FocusEntity is tracking on a known surface.
/Applications/Xcode-27.0.0-Release.Candidate.app/Contents/Developer/Platforms/MacOSX.platform/Developer/SDKs/MacOSX27.0.sdk/System/Library/Frameworks/AppKit.framework/Headers/NSColor.h:77:12: note: class declared here
 75 |
 76 | NS_SWIFT_SENDABLE
 77 | @interface NSColor : NSObject <NSCopying, NSSecureCoding, NSPasteboardReading, NSPasteboardWriting>
    |            `- note: class declared here
 78 |
 79 | - (instancetype)init NS_DESIGNATED_INITIALIZER;
Failed frontend command:
SwiftCompile normal arm64 (in target 'FocusEntity' from project 'FocusEntity')
    cd /Users/admin/builder/spi-builder-workspace/.swiftpm/xcode

/Applications/Xcode-27.0.0-Release.Candidate.app/Contents/Developer/Toolchains/XcodeDefault.xctoolchain/usr/bin/swift-frontend -frontend -emit-module -experimental-skip-non-inlinable-function-bodies-without-types /Users/admin/builder/spi-builder-workspace/Sources/FocusEntity/FocusEntity+Alignment.swift /Users/admin/builder/spi-builder-workspace/Sources/FocusEntity/FocusEntity+Classic.swift /Users/admin/builder/spi-builder-workspace/Sources/FocusEntity/FocusEntity+Colored.swift /Users/admin/builder/spi-builder-workspace/Sources/FocusEntity/FocusEntity+Segment.swift /Users/admin/builder/spi-builder-workspace/Sources/FocusEntity/FocusEntity.swift /Users/admin/builder/spi-builder-workspace/Sources/FocusEntity/FocusEntityComponent.swift /Users/admin/builder/spi-builder-workspace/Sources/FocusEntity/float4x4+Extension.swift -target arm64-apple-macos12.0 -module-can-import-version ARKit 781.0.5.0 1.0.0 -module-can-import-version RealityKit 453.1.1 0 -disable-cross-import-overlay-search -swift-module-cross-import ARKit /Applications/Xcode-27.0.0-Release.Candidate.app/Contents/Developer/Platforms/MacOSX.platform/Developer/SDKs/MacOSX.sdk/System/Library/Frameworks/ARKit.framework/Modules/ARKit.swiftcrossimport/SwiftUI.swiftoverlay -swift-module-cross-import RealityKit /Applications/Xcode-27.0.0-Release.Candidate.app/Contents/Developer/Platforms/MacOSX.platform/Developer/SDKs/MacOSX27.0.sdk/System/Library/Frameworks/RealityKit.framework/Modules/RealityKit.swiftcrossimport/ComputeGraph.swiftoverlay -swift-module-cross-import RealityKit /Applications/Xcode-27.0.0-Release.Candidate.app/Contents/Developer/Platforms/MacOSX.platform/Developer/SDKs/MacOSX27.0.sdk/System/Library/Frameworks/RealityKit.framework/Modules/RealityKit.swiftcrossimport/SwiftUI.swiftoverlay -load-resolved-plugin /Applications/Xcode-27.0.0-Release.Candidate.app/Contents/Developer/Platforms/MacOSX.platform/Developer/usr/lib/swift/host/plugins/libFoundationMacros.dylib\#/Applications/Xcode-27.0.0-Release.Candidate.app/Contents/Developer/Platforms/MacOSX.platform/Developer/usr/bin/swift-plugin-server\#FoundationMacros -load-resolved-plugin /Applications/Xcode-27.0.0-Release.Candidate.app/Contents/Developer/Platforms/MacOSX.platform/Developer/usr/lib/swift/host/plugins/libObservationMacros.dylib\#/Applications/Xcode-27.0.0-Release.Candidate.app/Contents/Developer/Platforms/MacOSX.platform/Developer/usr/bin/swift-plugin-server\#ObservationMacros -load-resolved-plugin /Applications/Xcode-27.0.0-Release.Candidate.app/Contents/Developer/Platforms/MacOSX.platform/Developer/usr/lib/swift/host/plugins/libPreviewsMacros.dylib\#/Applications/Xcode-27.0.0-Release.Candidate.app/Contents/Developer/Platforms/MacOSX.platform/Developer/usr/bin/swift-plugin-server\#PreviewsMacros -load-resolved-plugin /Applications/Xcode-27.0.0-Release.Candidate.app/Contents/Developer/Platforms/MacOSX.platform/Developer/usr/lib/swift/host/plugins/libSwiftMacros.dylib\#/Applications/Xcode-27.0.0-Release.Candidate.app/Contents/Developer/Platforms/MacOSX.platform/Developer/usr/bin/swift-plugin-server\#SwiftMacros -load-resolved-plugin /Applications/Xcode-27.0.0-Release.Candidate.app/Contents/Developer/Platforms/MacOSX.platform/Developer/usr/lib/swift/host/plugins/libSwiftUIMacros.dylib\#/Applications/Xcode-27.0.0-Release.Candidate.app/Contents/Developer/Platforms/MacOSX.platform/Developer/usr/bin/swift-plugin-server\#SwiftUIMacros -disable-implicit-swift-modules -Xcc -fno-implicit-modules -Xcc -fno-implicit-module-maps -explicit-swift-module-map-file /Users/admin/builder/spi-builder-workspace/.derivedData/Build/Intermediates.noindex/FocusEntity.build/Debug/FocusEntity-t.build/Objects-normal/arm64/FocusEntity-dependencies-1.json -Xllvm -aarch64-use-tbi -enable-objc-interop -stack-check -sdk /Applications/Xcode-27.0.0-Release.Candidate.app/Contents/Developer/Platforms/MacOSX.platform/Developer/SDKs/MacOSX27.0.sdk -I /Users/admin/builder/spi-builder-workspace/.derivedData/Build/Products/Debug -Isystem /Applications/Xcode-27.0.0-Release.Candidate.app/Contents/Developer/Platforms/MacOSX.platform/Developer/usr/lib -F /Users/admin/builder/spi-builder-workspace/.derivedData/Build/Products/Debug -F /Applications/Xcode-27.0.0-Release.Candidate.app/Contents/Developer/Platforms/MacOSX.platform/Developer/Library/Frameworks -module-cache-path /Users/admin/builder/spi-builder-workspace/.derivedData/Build/Intermediates.noindex/SwiftExplicitPrecompiledModules -no-color-diagnostics -Xcc -fno-color-diagnostics -enable-testing -g -debug-info-format\=dwarf -dwarf-version\=4 -swift-version 5 -Onone -D SWIFT_PACKAGE -D DEBUG -D SWIFT_MODULE_RESOURCE_BUNDLE_UNAVAILABLE -D Xcode -serialize-debugging-options -enable-experimental-feature DebugDescriptionMacro -empty-abi-descriptor -validate-clang-modules-once -clang-build-session-file /Users/admin/builder/spi-builder-workspace/.derivedData/ModuleCache.noindex/Session.modulevalidation -Xcc -working-directory -Xcc /Users/admin/builder/spi-builder-workspace/.swiftpm/xcode -enable-anonymous-context-mangled-names -file-compilation-dir /Users/admin/builder/spi-builder-workspace/.swiftpm/xcode -Xcc -D_LIBCPP_HARDENING_MODE\=_LIBCPP_HARDENING_MODE_DEBUG -Xcc -ivfsstatcache -Xcc /Users/admin/builder/spi-builder-workspace/.derivedData/SDKStatCaches.noindex/macosx27.0-26A425-e829b21a6f8c9b70876ba0858053c0446a22442a12e9d48fe1a705f55a1adfc4.sdkstatcache -Xcc -fmodules-prune-interval\=86400 -Xcc -fmodules-prune-after\=345600 -Xcc -I/Users/admin/builder/spi-builder-workspace/.derivedData/Build/Products/Debug/include -Xcc -I/Users/admin/builder/spi-builder-workspace/.derivedData/Build/Intermediates.noindex/FocusEntity.build/Debug/FocusEntity-t.build/DerivedSources-normal/arm64 -Xcc -I/Users/admin/builder/spi-builder-workspace/.derivedData/Build/Intermediates.noindex/FocusEntity.build/Debug/FocusEntity-t.build/DerivedSources/arm64 -Xcc -I/Users/admin/builder/spi-builder-workspace/.derivedData/Build/Intermediates.noindex/FocusEntity.build/Debug/FocusEntity-t.build/DerivedSources -Xcc -DSWIFT_PACKAGE -Xcc -DDEBUG\=1 -no-auto-bridging-header-chaining -module-name FocusEntity -const-gather-protocols-file /Users/admin/builder/spi-builder-workspace/.derivedData/Build/Intermediates.noindex/FocusEntity.build/Debug/FocusEntity-t.build/Objects-normal/arm64/FocusEntity_const_extract_protocols.json -disable-clang-spi -clang-target arm64-apple-macos27.0 -target-sdk-version 27.0 -target-sdk-name macosx27.0 -in-process-plugin-server-path /Applications/Xcode-27.0.0-Release.Candidate.app/Contents/Developer/Toolchains/XcodeDefault.xctoolchain/usr/lib/swift/host/libSwiftInProcPluginServer.dylib -emit-module-doc-path /Users/admin/builder/spi-builder-workspace/.derivedData/Build/Intermediates.noindex/FocusEntity.build/Debug/FocusEntity-t.build/Objects-normal/arm64/FocusEntity.swiftdoc -emit-module-source-info-path /Users/admin/builder/spi-builder-workspace/.derivedData/Build/Intermediates.noindex/FocusEntity.build/Debug/FocusEntity-t.build/Objects-normal/arm64/FocusEntity.swiftsourceinfo -emit-objc-header-path /Users/admin/builder/spi-builder-workspace/.derivedData/Build/Intermediates.noindex/FocusEntity.build/Debug/FocusEntity-t.build/Objects-normal/arm64/FocusEntity-Swift.h -serialize-diagnostics-path /Users/admin/builder/spi-builder-workspace/.derivedData/Build/Intermediates.noindex/FocusEntity.build/Debug/FocusEntity-t.build/Objects-normal/arm64/FocusEntity-primary-emit-module.dia -emit-dependencies-path /Users/admin/builder/spi-builder-workspace/.derivedData/Build/Intermediates.noindex/FocusEntity.build/Debug/FocusEntity-t.build/Objects-normal/arm64/FocusEntity-primary-emit-module.d -parse-as-library -o /Users/admin/builder/spi-builder-workspace/.derivedData/Build/Intermediates.noindex/FocusEntity.build/Debug/FocusEntity-t.build/Objects-normal/arm64/FocusEntity.swiftmodule -emit-abi-descriptor-path /Users/admin/builder/spi-builder-workspace/.derivedData/Build/Intermediates.noindex/FocusEntity.build/Debug/FocusEntity-t.build/Objects-normal/arm64/FocusEntity.abi.json
SwiftCompile normal arm64 Compiling\ FocusEntity+Colored.swift /Users/admin/builder/spi-builder-workspace/Sources/FocusEntity/FocusEntity+Colored.swift (in target 'FocusEntity' from project 'FocusEntity')
SwiftCompile normal arm64 /Users/admin/builder/spi-builder-workspace/Sources/FocusEntity/FocusEntity+Colored.swift (in target 'FocusEntity' from project 'FocusEntity')
    cd /Users/admin/builder/spi-builder-workspace/.swiftpm/xcode
    builtin-SwiftPerFileCompile FocusEntity+Colored.swift
/Users/admin/builder/spi-builder-workspace/Sources/FocusEntity/FocusEntity.swift:146:38: error: cannot find type 'ARRaycastResult' in scope
144 |         case initializing
145 |         #if canImport(ARKit)
146 |         case tracking(raycastResult: ARRaycastResult, camera: ARCamera?)
    |                                      `- error: cannot find type 'ARRaycastResult' in scope
147 |         #endif
148 |     }
SwiftCompile normal arm64 Compiling\ FocusEntity+Alignment.swift /Users/admin/builder/spi-builder-workspace/Sources/FocusEntity/FocusEntity+Alignment.swift (in target 'FocusEntity' from project 'FocusEntity')
/Users/admin/builder/spi-builder-workspace/Sources/FocusEntity/FocusEntity+Alignment.swift:33:50: error: cannot find type 'ARRaycastResult' in scope
 31 |     #if canImport(ARKit)
 32 |     /// Update the transform of the focus square to be aligned with the camera.
 33 |     internal func updateTransform(raycastResult: ARRaycastResult) {
    |                                                  `- error: cannot find type 'ARRaycastResult' in scope
 34 |         self.updatePosition()
 35 |
/Users/admin/builder/spi-builder-workspace/Sources/FocusEntity/FocusEntity+Alignment.swift:41:54: error: cannot find type 'ARRaycastResult' in scope
 39 |     }
 40 |
 41 |     internal func updateAlignment(for raycastResult: ARRaycastResult) {
    |                                                      `- error: cannot find type 'ARRaycastResult' in scope
 42 |
 43 |         var targetAlignment = raycastResult.worldTransform.orientation
/Users/admin/builder/spi-builder-workspace/Sources/FocusEntity/FocusEntity+Alignment.swift:121:37: error: cannot find type 'ARRaycastResult' in scope
119 |     /// - Parameters:
120 |     /// - Returns: ARRaycastResult if an existing plane geometry or an estimated plane are found, otherwise nil.
121 |     internal func smartRaycast() -> ARRaycastResult? {
    |                                     `- error: cannot find type 'ARRaycastResult' in scope
122 |         // Perform the hit test.
123 |         guard let (camPos, camDir) = self.getCamVector() else {
/Users/admin/builder/spi-builder-workspace/Sources/FocusEntity/FocusEntity+Alignment.swift:167:48: error: cannot find type 'ARCamera' in scope
165 |      for a distance 1.5 m distance (estimated distance when looking at the floor).
166 |      */
167 |     internal func scaleBasedOnDistance(camera: ARCamera?) -> Float {
    |                                                `- error: cannot find type 'ARCamera' in scope
168 |         guard let camera = camera else { return 1.0 }
169 |
/Users/admin/builder/spi-builder-workspace/Sources/FocusEntity/FocusEntity+Alignment.swift:46:24: error: cannot find type 'ARPlaneAnchor' in scope
 44 |
 45 |         // Determine current alignment
 46 |         var alignment: ARPlaneAnchor.Alignment?
    |                        `- error: cannot find type 'ARPlaneAnchor' in scope
 47 |         if let planeAnchor = raycastResult.anchor as? ARPlaneAnchor {
 48 |             alignment = planeAnchor.alignment
/Users/admin/builder/spi-builder-workspace/Sources/FocusEntity/FocusEntity+Alignment.swift:47:55: error: cannot find type 'ARPlaneAnchor' in scope
 45 |         // Determine current alignment
 46 |         var alignment: ARPlaneAnchor.Alignment?
 47 |         if let planeAnchor = raycastResult.anchor as? ARPlaneAnchor {
    |                                                       `- error: cannot find type 'ARPlaneAnchor' in scope
 48 |             alignment = planeAnchor.alignment
 49 |             // Catching case when looking at ceiling
/Users/admin/builder/spi-builder-workspace/Sources/FocusEntity/FocusEntity.swift:247:48: error: cannot find type 'ARPlaneAnchor' in scope
245 |
246 |     /// The focus square's most recent alignments.
247 |     internal var recentFocusEntityAlignments: [ARPlaneAnchor.Alignment] = []
    |                                                `- error: cannot find type 'ARPlaneAnchor' in scope
248 |     /// Previously visited plane anchors.
249 |     internal var anchorsOfVisitedPlanes: Set<ARAnchor> = []
/Users/admin/builder/spi-builder-workspace/Sources/FocusEntity/FocusEntity+Alignment.swift:74:37: error: cannot find type 'ARPlaneAnchor' in scope
 72 |         if alignment == .horizontal && horizontalHistory > alignCount * 3/4 ||
 73 |             alignment == .vertical && verticalHistory > alignCount / 2 ||
 74 |             raycastResult.anchor is ARPlaneAnchor {
    |                                     `- error: cannot find type 'ARPlaneAnchor' in scope
 75 |             if alignment != self.currentAlignment ||
 76 |                 (alignment == .vertical && self.shouldContinueAlignAnim(to: targetAlignment)
/Users/admin/builder/spi-builder-workspace/Sources/FocusEntity/FocusEntity.swift:234:36: error: cannot find type 'ARPlaneAnchor' in scope
232 |     #if canImport(ARKit)
233 |     /// The focus square's current alignment.
234 |     internal var currentAlignment: ARPlaneAnchor.Alignment?
    |                                    `- error: cannot find type 'ARPlaneAnchor' in scope
235 |
236 |     /// The current plane anchor if the focus square is on a plane.
/Users/admin/builder/spi-builder-workspace/Sources/FocusEntity/FocusEntity.swift:40:27: error: cannot find type 'ARRaycastQuery' in scope
 38 |     }
 39 |     #if canImport(ARKit)
 40 |     var allowedRaycasts: [ARRaycastQuery.Target] {
    |                           `- error: cannot find type 'ARRaycastQuery' in scope
 41 |         get { self.focus.allowedRaycasts }
 42 |         set { self.focus.allowedRaycasts = newValue }
/Users/admin/builder/spi-builder-workspace/Sources/FocusEntity/FocusEntity+Alignment.swift:127:27: error: cannot find 'ARRaycastQuery' in scope
125 |         }
126 |         for target in self.allowedRaycasts {
127 |             let rcQuery = ARRaycastQuery(
    |                           `- error: cannot find 'ARRaycastQuery' in scope
128 |                 origin: camPos, direction: camDir,
129 |                 allowing: target, alignment: .any
SwiftCompile normal arm64 /Users/admin/builder/spi-builder-workspace/Sources/FocusEntity/FocusEntity+Alignment.swift (in target 'FocusEntity' from project 'FocusEntity')
    cd /Users/admin/builder/spi-builder-workspace/.swiftpm/xcode
    builtin-SwiftPerFileCompile FocusEntity+Alignment.swift
SwiftCompile normal arm64 Compiling\ FocusEntity+Segment.swift /Users/admin/builder/spi-builder-workspace/Sources/FocusEntity/FocusEntity+Segment.swift (in target 'FocusEntity' from project 'FocusEntity')
SwiftCompile normal arm64 /Users/admin/builder/spi-builder-workspace/Sources/FocusEntity/FocusEntity+Segment.swift (in target 'FocusEntity' from project 'FocusEntity')
    cd /Users/admin/builder/spi-builder-workspace/.swiftpm/xcode
    builtin-SwiftPerFileCompile FocusEntity+Segment.swift
SwiftCompile normal arm64 Compiling\ float4x4+Extension.swift /Users/admin/builder/spi-builder-workspace/Sources/FocusEntity/float4x4+Extension.swift (in target 'FocusEntity' from project 'FocusEntity')
SwiftCompile normal arm64 /Users/admin/builder/spi-builder-workspace/Sources/FocusEntity/float4x4+Extension.swift (in target 'FocusEntity' from project 'FocusEntity')
    cd /Users/admin/builder/spi-builder-workspace/.swiftpm/xcode
    builtin-SwiftPerFileCompile float4x4+Extension.swift
SwiftCompile normal arm64 Compiling\ FocusEntityComponent.swift /Users/admin/builder/spi-builder-workspace/Sources/FocusEntity/FocusEntityComponent.swift (in target 'FocusEntity' from project 'FocusEntity')
/Users/admin/builder/spi-builder-workspace/Sources/FocusEntity/FocusEntityComponent.swift:15:9: warning: cannot use class 'NSColor' in a property declaration member of a type not marked '@_implementationOnly'; 'AppKit' was not imported by this file
 13 |
 14 | internal struct ClassicStyle {
 15 |     var color: Material.Color
    |         `- warning: cannot use class 'NSColor' in a property declaration member of a type not marked '@_implementationOnly'; 'AppKit' was not imported by this file
 16 | }
 17 |
/Applications/Xcode-27.0.0-Release.Candidate.app/Contents/Developer/Platforms/MacOSX.platform/Developer/SDKs/MacOSX27.0.sdk/System/Library/Frameworks/AppKit.framework/Headers/NSColor.h:77:12: note: class declared here
 75 |
 76 | NS_SWIFT_SENDABLE
 77 | @interface NSColor : NSObject <NSCopying, NSSecureCoding, NSPasteboardReading, NSPasteboardWriting>
    |            `- note: class declared here
 78 |
 79 | - (instancetype)init NS_DESIGNATED_INITIALIZER;
/Users/admin/builder/spi-builder-workspace/Sources/FocusEntity/FocusEntityComponent.swift:71:38: error: could not infer type of color literal
 69 |
 70 |     /// Default color of FocusEntity
 71 |     public static let defaultColor = #colorLiteral(red: 1, green: 0.8, blue: 0, alpha: 1)
    |                                      |- error: could not infer type of color literal
    |                                      `- note: import AppKit to use 'NSColor' as the default color literal type
 72 |     /// Default style of FocusEntity, using the FocusEntityComponent.Style.classic with the color FocusEntityComponent.defaultColor.
 73 |     public static let classic = FocusEntityComponent(style: .classic(color: FocusEntityComponent.defaultColor))
SwiftCompile normal arm64 /Users/admin/builder/spi-builder-workspace/Sources/FocusEntity/FocusEntityComponent.swift (in target 'FocusEntity' from project 'FocusEntity')
    cd /Users/admin/builder/spi-builder-workspace/.swiftpm/xcode
    builtin-SwiftPerFileCompile FocusEntityComponent.swift
SwiftCompile normal arm64 Compiling\ FocusEntity+Classic.swift /Users/admin/builder/spi-builder-workspace/Sources/FocusEntity/FocusEntity+Classic.swift (in target 'FocusEntity' from project 'FocusEntity')
/Users/admin/builder/spi-builder-workspace/Sources/FocusEntity/FocusEntity.swift:146:38: error: cannot find type 'ARRaycastResult' in scope
144 |         case initializing
145 |         #if canImport(ARKit)
146 |         case tracking(raycastResult: ARRaycastResult, camera: ARCamera?)
    |                                      `- error: cannot find type 'ARRaycastResult' in scope
147 |         #endif
148 |     }
/Users/admin/builder/spi-builder-workspace/Sources/FocusEntity/FocusEntity.swift:146:63: error: cannot find type 'ARCamera' in scope
144 |         case initializing
145 |         #if canImport(ARKit)
146 |         case tracking(raycastResult: ARRaycastResult, camera: ARCamera?)
    |                                                               `- error: cannot find type 'ARCamera' in scope
147 |         #endif
148 |     }
/Users/admin/builder/spi-builder-workspace/Sources/FocusEntity/FocusEntity.swift:234:36: error: cannot find type 'ARPlaneAnchor' in scope
232 |     #if canImport(ARKit)
233 |     /// The focus square's current alignment.
234 |     internal var currentAlignment: ARPlaneAnchor.Alignment?
    |                                    `- error: cannot find type 'ARPlaneAnchor' in scope
235 |
236 |     /// The current plane anchor if the focus square is on a plane.
/Users/admin/builder/spi-builder-workspace/Sources/FocusEntity/FocusEntity.swift:237:50: error: cannot find type 'ARPlaneAnchor' in scope
235 |
236 |     /// The current plane anchor if the focus square is on a plane.
237 |     public internal(set) var currentPlaneAnchor: ARPlaneAnchor? {
    |                                                  `- error: cannot find type 'ARPlaneAnchor' in scope
238 |         didSet {
239 |             if (oldValue == nil && self.currentPlaneAnchor == nil) || (currentPlaneAnchor == oldValue) {
/Users/admin/builder/spi-builder-workspace/Sources/FocusEntity/FocusEntity.swift:247:48: error: cannot find type 'ARPlaneAnchor' in scope
245 |
246 |     /// The focus square's most recent alignments.
247 |     internal var recentFocusEntityAlignments: [ARPlaneAnchor.Alignment] = []
    |                                                `- error: cannot find type 'ARPlaneAnchor' in scope
248 |     /// Previously visited plane anchors.
249 |     internal var anchorsOfVisitedPlanes: Set<ARAnchor> = []
SwiftCompile normal arm64 /Users/admin/builder/spi-builder-workspace/Sources/FocusEntity/FocusEntity+Classic.swift (in target 'FocusEntity' from project 'FocusEntity')
    cd /Users/admin/builder/spi-builder-workspace/.swiftpm/xcode
    builtin-SwiftPerFileCompile FocusEntity+Classic.swift
SwiftCompile normal arm64 Compiling\ FocusEntity.swift /Users/admin/builder/spi-builder-workspace/Sources/FocusEntity/FocusEntity.swift (in target 'FocusEntity' from project 'FocusEntity')
/Users/admin/builder/spi-builder-workspace/Sources/FocusEntity/FocusEntity.swift:16:10: warning: FocusEntity: This package is only fully available with physical iOS devices
 14 |
 15 | #if os(macOS) || targetEnvironment(simulator)
 16 | #warning("FocusEntity: This package is only fully available with physical iOS devices")
    |          `- warning: FocusEntity: This package is only fully available with physical iOS devices
 17 | #endif
 18 |
/Users/admin/builder/spi-builder-workspace/Sources/FocusEntity/FocusEntity.swift:40:27: error: cannot find type 'ARRaycastQuery' in scope
 38 |     }
 39 |     #if canImport(ARKit)
 40 |     var allowedRaycasts: [ARRaycastQuery.Target] {
    |                           `- error: cannot find type 'ARRaycastQuery' in scope
 41 |         get { self.focus.allowedRaycasts }
 42 |         set { self.focus.allowedRaycasts = newValue }
/Users/admin/builder/spi-builder-workspace/Sources/FocusEntity/FocusEntity.swift:76:23: error: cannot find type 'ARPlaneAnchor' in scope
 74 |     func focusEntity(
 75 |         _ focusEntity: FocusEntity,
 76 |         planeChanged: ARPlaneAnchor?,
    |                       `- error: cannot find type 'ARPlaneAnchor' in scope
 77 |         oldPlane: ARPlaneAnchor?
 78 |     )
/Users/admin/builder/spi-builder-workspace/Sources/FocusEntity/FocusEntity.swift:77:19: error: cannot find type 'ARPlaneAnchor' in scope
 75 |         _ focusEntity: FocusEntity,
 76 |         planeChanged: ARPlaneAnchor?,
 77 |         oldPlane: ARPlaneAnchor?
    |                   `- error: cannot find type 'ARPlaneAnchor' in scope
 78 |     )
 79 | }
/Users/admin/builder/spi-builder-workspace/Sources/FocusEntity/FocusEntity.swift:87:64: error: cannot find type 'ARPlaneAnchor' in scope
 85 |         _ focusEntity: FocusEntity, trackingUpdated trackingState: FocusEntity.State, oldState: FocusEntity.State? = nil
 86 |     ) {}
 87 |     func focusEntity(_ focusEntity: FocusEntity, planeChanged: ARPlaneAnchor?, oldPlane: ARPlaneAnchor?) {}
    |                                                                `- error: cannot find type 'ARPlaneAnchor' in scope
 88 | }
 89 |
/Users/admin/builder/spi-builder-workspace/Sources/FocusEntity/FocusEntity.swift:87:90: error: cannot find type 'ARPlaneAnchor' in scope
 85 |         _ focusEntity: FocusEntity, trackingUpdated trackingState: FocusEntity.State, oldState: FocusEntity.State? = nil
 86 |     ) {}
 87 |     func focusEntity(_ focusEntity: FocusEntity, planeChanged: ARPlaneAnchor?, oldPlane: ARPlaneAnchor?) {}
    |                                                                                          `- error: cannot find type 'ARPlaneAnchor' in scope
 88 | }
 89 |
/Users/admin/builder/spi-builder-workspace/Sources/FocusEntity/FocusEntity.swift:146:38: error: cannot find type 'ARRaycastResult' in scope
144 |         case initializing
145 |         #if canImport(ARKit)
146 |         case tracking(raycastResult: ARRaycastResult, camera: ARCamera?)
    |                                      `- error: cannot find type 'ARRaycastResult' in scope
147 |         #endif
148 |     }
/Users/admin/builder/spi-builder-workspace/Sources/FocusEntity/FocusEntity.swift:146:63: error: cannot find type 'ARCamera' in scope
144 |         case initializing
145 |         #if canImport(ARKit)
146 |         case tracking(raycastResult: ARRaycastResult, camera: ARCamera?)
    |                                                               `- error: cannot find type 'ARCamera' in scope
147 |         #endif
148 |     }
/Users/admin/builder/spi-builder-workspace/Sources/FocusEntity/FocusEntity.swift:143:17: error: type 'FocusEntity.State' does not conform to protocol 'Equatable'
141 |
142 |     // MARK: - Types
143 |     public enum State: Equatable {
    |                 |- error: type 'FocusEntity.State' does not conform to protocol 'Equatable'
    |                 `- note: add stubs for conformance
144 |         case initializing
145 |         #if canImport(ARKit)
146 |         case tracking(raycastResult: ARRaycastResult, camera: ARCamera?)
    |                                      |                        `- note: associated value type '_' does not conform to protocol 'Equatable', preventing synthesized conformance of 'FocusEntity.State' to 'Equatable'
    |                                      `- note: associated value type '_' does not conform to protocol 'Equatable', preventing synthesized conformance of 'FocusEntity.State' to 'Equatable'
147 |         #endif
148 |     }
Swift.==:1:24: note: candidate would match if 'FocusEntity.State' conformed to 'RawRepresentable'
1 | @inlinable public func == <T>(lhs: T, rhs: T) -> Bool where T : RawRepresentable, T.RawValue : Equatable
  |                        `- note: candidate would match if 'FocusEntity.State' conformed to 'RawRepresentable'
Swift.FloatingPoint.==:2:20: note: candidate would match if 'FocusEntity.State' conformed to 'FloatingPoint'
1 | protocol FloatingPoint {
2 | public static func == (lhs: Self, rhs: Self) -> Bool}
  |                    `- note: candidate would match if 'FocusEntity.State' conformed to 'FloatingPoint'
3 |
Swift.BinaryInteger.==:2:20: note: candidate would match if 'FocusEntity.State' conformed to 'BinaryInteger'
1 | protocol BinaryInteger {
2 | public static func == <Other>(lhs: Self, rhs: Other) -> Bool where Other : BinaryInteger}
  |                    `- note: candidate would match if 'FocusEntity.State' conformed to 'BinaryInteger'
3 |
Swift._Pointer.==:2:20: note: candidate would match if 'FocusEntity.State' conformed to '_Pointer'
1 | protocol _Pointer {
2 | public static func == (lhs: Self, rhs: Self) -> Bool}
  |                    `- note: candidate would match if 'FocusEntity.State' conformed to '_Pointer'
3 |
Swift._Pointer.==:2:31: note: candidate would match if 'FocusEntity.State' conformed to '_Pointer'
1 | protocol _Pointer {
2 | @inlinable public static func == <Other>(lhs: Self, rhs: Other) -> Bool where Other : _Pointer}
  |                               `- note: candidate would match if 'FocusEntity.State' conformed to '_Pointer'
3 |
Swift.Strideable.==:2:31: note: candidate would match if 'FocusEntity.State' conformed to 'Strideable'
1 | protocol Strideable {
2 | @inlinable public static func == (x: Self, y: Self) -> Bool}
  |                               `- note: candidate would match if 'FocusEntity.State' conformed to 'Strideable'
3 |
Swift.StringProtocol.==:2:31: note: candidate would match if 'FocusEntity.State' conformed to 'StringProtocol'
1 | protocol StringProtocol {
2 | @inlinable public static func == <RHS>(lhs: Self, rhs: RHS) -> Bool where RHS : StringProtocol}
  |                               `- note: candidate would match if 'FocusEntity.State' conformed to 'StringProtocol'
3 |
Swift.SIMD.==:2:20: note: candidate would match if 'FocusEntity.State' conformed to 'SIMD'
1 | protocol SIMD {
2 | public static func == (a: Self, b: Self) -> Bool}
  |                    `- note: candidate would match if 'FocusEntity.State' conformed to 'SIMD'
3 |
Foundation.AttributedStringProtocol.==:2:20: note: candidate would match if 'FocusEntity.State' conformed to 'AttributedStringProtocol'
1 | protocol AttributedStringProtocol {
2 | public static func == <RHS>(lhs: Self, rhs: RHS) -> Bool where RHS : AttributedStringProtocol}
  |                    `- note: candidate would match if 'FocusEntity.State' conformed to 'AttributedStringProtocol'
3 |
Foundation._BridgedStoredNSError.==:2:20: note: candidate would match if 'FocusEntity.State' conformed to '_BridgedStoredNSError'
1 | protocol _BridgedStoredNSError {
2 | public static func == (lhs: Self, rhs: Self) -> Bool}
  |                    `- note: candidate would match if 'FocusEntity.State' conformed to '_BridgedStoredNSError'
3 |
CoreFoundation._CFObject.==:2:20: note: candidate would match if 'FocusEntity.State' conformed to '_CFObject'
1 | protocol _CFObject {
2 | public static func == (left: Self, right: Self) -> Bool}
  |                    `- note: candidate would match if 'FocusEntity.State' conformed to '_CFObject'
3 |
Swift.Equatable.==:2:13: note: protocol requires function '==' with type '(borrowing FocusEntity.State, borrowing FocusEntity.State) -> Bool'
1 | protocol Equatable {
2 | static func == (lhs: borrowing Self, rhs: borrowing Self) -> Bool}
  |             `- note: protocol requires function '==' with type '(borrowing FocusEntity.State, borrowing FocusEntity.State) -> Bool'
3 |
/Users/admin/builder/spi-builder-workspace/Sources/FocusEntity/FocusEntity.swift:163:54: error: cannot find type 'ARRaycastResult' in scope
161 |
162 |     #if canImport(ARKit)
163 |     fileprivate func entityOffPlane(_ raycastResult: ARRaycastResult, _ camera: ARCamera?) {
    |                                                      `- error: cannot find type 'ARRaycastResult' in scope
164 |         self.onPlane = false
165 |         displayOffPlane(for: raycastResult)
/Users/admin/builder/spi-builder-workspace/Sources/FocusEntity/FocusEntity.swift:163:81: error: cannot find type 'ARCamera' in scope
161 |
162 |     #if canImport(ARKit)
163 |     fileprivate func entityOffPlane(_ raycastResult: ARRaycastResult, _ camera: ARCamera?) {
    |                                                                                 `- error: cannot find type 'ARCamera' in scope
164 |         self.onPlane = false
165 |         displayOffPlane(for: raycastResult)
/Users/admin/builder/spi-builder-workspace/Sources/FocusEntity/FocusEntity.swift:186:60: error: cannot find type 'ARPlaneAnchor' in scope
184 |                     self.anchoring = AnchoringComponent(.world(transform: Transform.identity.matrix))
185 |                 }
186 |                 let planeAnchor = raycastResult.anchor as? ARPlaneAnchor
    |                                                            `- error: cannot find type 'ARPlaneAnchor' in scope
187 |                 if let planeAnchor = planeAnchor {
188 |                     entityOnPlane(for: raycastResult, planeAnchor: planeAnchor)
/Users/admin/builder/spi-builder-workspace/Sources/FocusEntity/FocusEntity.swift:348:28: error: cannot find type 'ARRaycastResult' in scope
346 |     /// Called when a plane has been detected.
347 |     private func entityOnPlane(
348 |         for raycastResult: ARRaycastResult, planeAnchor: ARPlaneAnchor
    |                            `- error: cannot find type 'ARRaycastResult' in scope
349 |     ) {
350 |         self.onPlane = true
/Users/admin/builder/spi-builder-workspace/Sources/FocusEntity/FocusEntity.swift:348:58: error: cannot find type 'ARPlaneAnchor' in scope
346 |     /// Called when a plane has been detected.
347 |     private func entityOnPlane(
348 |         for raycastResult: ARRaycastResult, planeAnchor: ARPlaneAnchor
    |                                                          `- error: cannot find type 'ARPlaneAnchor' in scope
349 |     ) {
350 |         self.onPlane = true
/Users/admin/builder/spi-builder-workspace/Sources/FocusEntity/FocusEntity+Alignment.swift:167:48: error: cannot find type 'ARCamera' in scope
165 |      for a distance 1.5 m distance (estimated distance when looking at the floor).
166 |      */
167 |     internal func scaleBasedOnDistance(camera: ARCamera?) -> Float {
    |                                                `- error: cannot find type 'ARCamera' in scope
168 |         guard let camera = camera else { return 1.0 }
169 |
/Users/admin/builder/spi-builder-workspace/Sources/FocusEntity/FocusEntity.swift:237:50: error: cannot find type 'ARPlaneAnchor' in scope
235 |
236 |     /// The current plane anchor if the focus square is on a plane.
237 |     public internal(set) var currentPlaneAnchor: ARPlaneAnchor? {
    |                                                  `- error: cannot find type 'ARPlaneAnchor' in scope
238 |         didSet {
239 |             if (oldValue == nil && self.currentPlaneAnchor == nil) || (currentPlaneAnchor == oldValue) {
/Users/admin/builder/spi-builder-workspace/Sources/FocusEntity/FocusEntity.swift:234:36: error: cannot find type 'ARPlaneAnchor' in scope
232 |     #if canImport(ARKit)
233 |     /// The focus square's current alignment.
234 |     internal var currentAlignment: ARPlaneAnchor.Alignment?
    |                                    `- error: cannot find type 'ARPlaneAnchor' in scope
235 |
236 |     /// The current plane anchor if the focus square is on a plane.
/Users/admin/builder/spi-builder-workspace/Sources/FocusEntity/FocusEntity.swift:242:39: error: incorrect argument labels in call (have '_:planeChanged:oldPlane:', expected '_:trackingUpdated:oldState:')
240 |                 return
241 |             }
242 |             self.delegate?.focusEntity(self, planeChanged: currentPlaneAnchor, oldPlane: oldValue)
    |                                       `- error: incorrect argument labels in call (have '_:planeChanged:oldPlane:', expected '_:trackingUpdated:oldState:')
243 |         }
244 |     }
/Users/admin/builder/spi-builder-workspace/Sources/FocusEntity/FocusEntity.swift:247:48: error: cannot find type 'ARPlaneAnchor' in scope
245 |
246 |     /// The focus square's most recent alignments.
247 |     internal var recentFocusEntityAlignments: [ARPlaneAnchor.Alignment] = []
    |                                                `- error: cannot find type 'ARPlaneAnchor' in scope
248 |     /// Previously visited plane anchors.
249 |     internal var anchorsOfVisitedPlanes: Set<ARAnchor> = []
/Users/admin/builder/spi-builder-workspace/Sources/FocusEntity/FocusEntity.swift:249:46: error: cannot find type 'ARAnchor' in scope
247 |     internal var recentFocusEntityAlignments: [ARPlaneAnchor.Alignment] = []
248 |     /// Previously visited plane anchors.
249 |     internal var anchorsOfVisitedPlanes: Set<ARAnchor> = []
    |                                              `- error: cannot find type 'ARAnchor' in scope
250 |     #endif
251 |     /// The focus square's most recent positions.
/Users/admin/builder/spi-builder-workspace/Sources/FocusEntity/FocusEntity.swift:333:53: error: cannot find type 'ARRaycastResult' in scope
331 |     #if canImport(ARKit)
332 |     /// Called when a surface has been detected.
333 |     private func displayOffPlane(for raycastResult: ARRaycastResult) {
    |                                                     `- error: cannot find type 'ARRaycastResult' in scope
334 |         self.stateChangedSetup()
335 |         let position = raycastResult.worldTransform.translation
/Users/admin/builder/spi-builder-workspace/Sources/FocusEntity/FocusEntityComponent.swift:71:38: error: could not infer type of color literal
 69 |
 70 |     /// Default color of FocusEntity
 71 |     public static let defaultColor = #colorLiteral(red: 1, green: 0.8, blue: 0, alpha: 1)
    |                                      |- error: could not infer type of color literal
    |                                      `- note: import AppKit to use 'NSColor' as the default color literal type
 72 |     /// Default style of FocusEntity, using the FocusEntityComponent.Style.classic with the color FocusEntityComponent.defaultColor.
 73 |     public static let classic = FocusEntityComponent(style: .classic(color: FocusEntityComponent.defaultColor))
/Users/admin/builder/spi-builder-workspace/Sources/FocusEntity/FocusEntity.swift:41:26: error: value of type 'FocusEntityComponent' has no member 'allowedRaycasts'
 39 |     #if canImport(ARKit)
 40 |     var allowedRaycasts: [ARRaycastQuery.Target] {
 41 |         get { self.focus.allowedRaycasts }
    |                          `- error: value of type 'FocusEntityComponent' has no member 'allowedRaycasts'
 42 |         set { self.focus.allowedRaycasts = newValue }
 43 |     }
/Users/admin/builder/spi-builder-workspace/Sources/FocusEntity/FocusEntity.swift:42:26: error: value of type 'FocusEntityComponent' has no member 'allowedRaycasts'
 40 |     var allowedRaycasts: [ARRaycastQuery.Target] {
 41 |         get { self.focus.allowedRaycasts }
 42 |         set { self.focus.allowedRaycasts = newValue }
    |                          `- error: value of type 'FocusEntityComponent' has no member 'allowedRaycasts'
 43 |     }
 44 |     #endif
/Users/admin/builder/spi-builder-workspace/Sources/FocusEntity/FocusEntity.swift:313:34: error: cannot infer contextual base in reference to member 'none'
311 |         self.onPlane = false
312 |         #if canImport(ARKit)
313 |         self.currentAlignment = .none
    |                                  `- error: cannot infer contextual base in reference to member 'none'
314 |         #endif
315 |         stateChangedSetup()
/Users/admin/builder/spi-builder-workspace/Sources/FocusEntity/FocusEntity+Alignment.swift:33:50: error: cannot find type 'ARRaycastResult' in scope
 31 |     #if canImport(ARKit)
 32 |     /// Update the transform of the focus square to be aligned with the camera.
 33 |     internal func updateTransform(raycastResult: ARRaycastResult) {
    |                                                  `- error: cannot find type 'ARRaycastResult' in scope
 34 |         self.updatePosition()
 35 |
/Users/admin/builder/spi-builder-workspace/Sources/FocusEntity/FocusEntity.swift:386:41: error: value of type 'ARView' has no member 'session'
384 |     public func updateFocusEntity(event: SceneEvents.Update? = nil) {
385 |         // Perform hit testing only when ARKit tracking is in a good state.
386 |         guard let camera = self.arView?.session.currentFrame?.camera,
    |                                         `- error: value of type 'ARView' has no member 'session'
387 |               case .normal = camera.trackingState,
388 |               let result = self.smartRaycast()
SwiftCompile normal arm64 (in target 'FocusEntity' from project 'FocusEntity')
    cd /Users/admin/builder/spi-builder-workspace/.swiftpm/xcode

PruneExplicitPrecompiledModules /Users/admin/builder/spi-builder-workspace/.derivedData/Build/Intermediates.noindex/ExplicitPrecompiledModules
PruneExplicitPrecompiledModules /Users/admin/builder/spi-builder-workspace/.derivedData/Build/Intermediates.noindex/SwiftExplicitPrecompiledModules
PruneExplicitPrecompiledModules /Users/admin/builder/spi-builder-workspace/.derivedData/SDKExplicitPrecompiledModules
2026-09-22 09:10:05.670 xcodebuild[627:3982] [MT] IDERunDestination: Supported platforms for the buildables in the current scheme is empty.
--- xcodebuild: WARNING: Using the first of multiple matching destinations:
{ platform:macOS, arch:arm64, id:af9768f96df4f2c4fff251d073a6445e7ca74bf1, name:My Mac }
{ platform:macOS, arch:arm64, variant:Mac Catalyst, id:af9768f96df4f2c4fff251d073a6445e7ca74bf1, name:My Mac }
{ platform:macOS, arch:arm64, variant:DriverKit, id:af9768f96df4f2c4fff251d073a6445e7ca74bf1, name:My Mac }
{ platform:macOS, arch:arm64, variant:Designed for [iPad,iPhone], id:af9768f96df4f2c4fff251d073a6445e7ca74bf1, name:My Mac }
** BUILD FAILED **
The following build commands failed:
	SwiftCompile normal arm64 (in target 'FocusEntity' from project 'FocusEntity')
	SwiftEmitModule normal arm64 Emitting\ module\ for\ FocusEntity (in target 'FocusEntity' from project 'FocusEntity')
	Building workspace FocusEntity with scheme FocusEntity
(3 failures)
Command line invocation:
    /Applications/Xcode-27.0.0-Release.Candidate.app/Contents/Developer/usr/bin/xcodebuild -IDEClonedSourcePackagesDirPathOverride=/Users/admin/builder/spi-builder-workspace/.dependencies -resolvePackageDependencies
Resolve Package Graph
Resolved source packages:
  FocusEntity: /Users/admin/builder/spi-builder-workspace
resolved source packages: FocusEntity
2026-09-22 09:10:15.203 xcodebuild[776:4672] [MT] IDERunDestination: Supported platforms for the buildables in the current scheme is empty.
{
  "dependencies" : [
  ],
  "manifest_display_name" : "FocusEntity",
  "name" : "FocusEntity",
  "path" : "/Users/admin/builder/spi-builder-workspace",
  "platforms" : [
    {
      "name" : "ios",
      "version" : "13.0"
    },
    {
      "name" : "macos",
      "version" : "10.15"
    }
  ],
  "products" : [
    {
      "name" : "FocusEntity",
      "targets" : [
        "FocusEntity"
      ],
      "type" : {
        "library" : [
          "automatic"
        ]
      }
    }
  ],
  "swift_languages_versions" : [
    "5"
  ],
  "targets" : [
    {
      "c99name" : "FocusEntity",
      "module_type" : "SwiftTarget",
      "name" : "FocusEntity",
      "path" : "Sources/FocusEntity",
      "product_memberships" : [
        "FocusEntity"
      ],
      "sources" : [
        "FocusEntity+Alignment.swift",
        "FocusEntity+Classic.swift",
        "FocusEntity+Colored.swift",
        "FocusEntity+Segment.swift",
        "FocusEntity.swift",
        "FocusEntityComponent.swift",
        "float4x4+Extension.swift"
      ],
      "type" : "library"
    }
  ],
  "tools_version" : "5.5"
}
{
  "workspace" : {
    "name" : "FocusEntity",
    "schemes" : [
      "FocusEntity"
    ]
  }
}
2026-09-22 09:10:16.457 xcodebuild[784:4748] [MT] IDERunDestination: Supported platforms for the buildables in the current scheme is empty.
Running build ...
env DEVELOPER_DIR=/Applications/Xcode-27.0.0-Release.Candidate.app xcrun xcodebuild -IDEClonedSourcePackagesDirPathOverride=$PWD/.dependencies -skipMacroValidation -skipPackagePluginValidation -derivedDataPath $PWD/.derivedData build -scheme FocusEntity -destination platform=macOS,arch=arm64
Command line invocation:
    /Applications/Xcode-27.0.0-Release.Candidate.app/Contents/Developer/usr/bin/xcodebuild -IDEClonedSourcePackagesDirPathOverride=/Users/admin/builder/spi-builder-workspace/.dependencies -skipMacroValidation -skipPackagePluginValidation -derivedDataPath /Users/admin/builder/spi-builder-workspace/.derivedData build -scheme FocusEntity -destination platform=macOS,arch=arm64
Resolve Package Graph
Resolved source packages:
  FocusEntity: /Users/admin/builder/spi-builder-workspace
ComputePackagePrebuildTargetDependencyGraph
Prepare packages
CreateBuildRequest
SendProjectDescription
CreateBuildOperation
ComputeTargetDependencyGraph
note: Building targets in dependency order
note: Target dependency graph (2 targets)
    Target 'FocusEntity-product' in project 'FocusEntity'
        ➜ Explicit dependency on target 'FocusEntity' in project 'FocusEntity'
    Target 'FocusEntity' in project 'FocusEntity' (no dependencies)
GatherProvisioningInputs
CreateBuildDescription
ClangStatCache /Applications/Xcode-27.0.0-Release.Candidate.app/Contents/Developer/Toolchains/XcodeDefault.xctoolchain/usr/bin/clang-stat-cache /Applications/Xcode-27.0.0-Release.Candidate.app/Contents/Developer/Platforms/MacOSX.platform/Developer/SDKs/MacOSX27.0.sdk /Users/admin/builder/spi-builder-workspace/.derivedData/SDKStatCaches.noindex/macosx27.0-26A425-e829b21a6f8c9b70876ba0858053c0446a22442a12e9d48fe1a705f55a1adfc4.sdkstatcache
    cd /Users/admin/builder/spi-builder-workspace/.swiftpm/xcode
    /Applications/Xcode-27.0.0-Release.Candidate.app/Contents/Developer/Toolchains/XcodeDefault.xctoolchain/usr/bin/clang-stat-cache /Applications/Xcode-27.0.0-Release.Candidate.app/Contents/Developer/Platforms/MacOSX.platform/Developer/SDKs/MacOSX27.0.sdk -o /Users/admin/builder/spi-builder-workspace/.derivedData/SDKStatCaches.noindex/macosx27.0-26A425-e829b21a6f8c9b70876ba0858053c0446a22442a12e9d48fe1a705f55a1adfc4.sdkstatcache
SwiftDriver FocusEntity normal arm64 com.apple.xcode.tools.swift.compiler (in target 'FocusEntity' from project 'FocusEntity')
    cd /Users/admin/builder/spi-builder-workspace/.swiftpm/xcode
    builtin-SwiftDriver -- /Applications/Xcode-27.0.0-Release.Candidate.app/Contents/Developer/Toolchains/XcodeDefault.xctoolchain/usr/bin/swiftc -parse-as-library -module-name FocusEntity -Onone @/Users/admin/builder/spi-builder-workspace/.derivedData/Build/Intermediates.noindex/FocusEntity.build/Debug/FocusEntity-t.build/Objects-normal/arm64/FocusEntity.SwiftFileList -DSWIFT_PACKAGE -DDEBUG -DSWIFT_MODULE_RESOURCE_BUNDLE_UNAVAILABLE -DXcode -plugin-path /Applications/Xcode-27.0.0-Release.Candidate.app/Contents/Developer/Toolchains/XcodeDefault.xctoolchain/usr/lib/swift/host/plugins/testing -enable-experimental-feature DebugDescriptionMacro -sdk /Applications/Xcode-27.0.0-Release.Candidate.app/Contents/Developer/Platforms/MacOSX.platform/Developer/SDKs/MacOSX27.0.sdk -target arm64-apple-macos12.0 -g -module-cache-path /Users/admin/builder/spi-builder-workspace/.derivedData/ModuleCache.noindex -Xfrontend -serialize-debugging-options -enable-testing -index-store-path /Users/admin/builder/spi-builder-workspace/.derivedData/Index.noindex/DataStore -Xcc -D_LIBCPP_HARDENING_MODE\=_LIBCPP_HARDENING_MODE_DEBUG -swift-version 5 -I /Users/admin/builder/spi-builder-workspace/.derivedData/Build/Products/Debug -Isystem /Applications/Xcode-27.0.0-Release.Candidate.app/Contents/Developer/Platforms/MacOSX.platform/Developer/usr/lib -F /Users/admin/builder/spi-builder-workspace/.derivedData/Build/Products/Debug -F /Applications/Xcode-27.0.0-Release.Candidate.app/Contents/Developer/Platforms/MacOSX.platform/Developer/Library/Frameworks -c -j10 -enable-batch-mode -incremental -Xcc -ivfsstatcache -Xcc /Users/admin/builder/spi-builder-workspace/.derivedData/SDKStatCaches.noindex/macosx27.0-26A425-e829b21a6f8c9b70876ba0858053c0446a22442a12e9d48fe1a705f55a1adfc4.sdkstatcache -output-file-map /Users/admin/builder/spi-builder-workspace/.derivedData/Build/Intermediates.noindex/FocusEntity.build/Debug/FocusEntity-t.build/Objects-normal/arm64/FocusEntity-OutputFileMap.json -save-temps -no-color-diagnostics -explicit-module-build -module-cache-path /Users/admin/builder/spi-builder-workspace/.derivedData/Build/Intermediates.noindex/SwiftExplicitPrecompiledModules -clang-scanner-module-cache-path /Users/admin/builder/spi-builder-workspace/.derivedData/ModuleCache.noindex -sdk-module-cache-path /Users/admin/builder/spi-builder-workspace/.derivedData/SDKExplicitPrecompiledModules -emit-dependencies -emit-module -emit-module-path /Users/admin/builder/spi-builder-workspace/.derivedData/Build/Intermediates.noindex/FocusEntity.build/Debug/FocusEntity-t.build/Objects-normal/arm64/FocusEntity.swiftmodule -serialize-diagnostics -dependency-scan-serialize-diagnostics-path /Users/admin/builder/spi-builder-workspace/.derivedData/Build/Intermediates.noindex/FocusEntity.build/Debug/FocusEntity-t.build/Objects-normal/arm64/FocusEntity-dependency-scan.dia -validate-clang-modules-once -clang-build-session-file /Users/admin/builder/spi-builder-workspace/.derivedData/ModuleCache.noindex/Session.modulevalidation -Xcc -fmodules-prune-interval\=86400 -Xcc -fmodules-prune-after\=345600 -emit-const-values -const-gather-protocols-list /Users/admin/builder/spi-builder-workspace/.derivedData/Build/Intermediates.noindex/FocusEntity.build/Debug/FocusEntity-t.build/Objects-normal/arm64/FocusEntity_const_extract_protocols.json -Xcc -I/Users/admin/builder/spi-builder-workspace/.derivedData/Build/Products/Debug/include -Xcc -I/Users/admin/builder/spi-builder-workspace/.derivedData/Build/Intermediates.noindex/FocusEntity.build/Debug/FocusEntity-t.build/DerivedSources-normal/arm64 -Xcc -I/Users/admin/builder/spi-builder-workspace/.derivedData/Build/Intermediates.noindex/FocusEntity.build/Debug/FocusEntity-t.build/DerivedSources/arm64 -Xcc -I/Users/admin/builder/spi-builder-workspace/.derivedData/Build/Intermediates.noindex/FocusEntity.build/Debug/FocusEntity-t.build/DerivedSources -Xcc -DSWIFT_PACKAGE -Xcc -DDEBUG\=1 -emit-objc-header -emit-objc-header-path /Users/admin/builder/spi-builder-workspace/.derivedData/Build/Intermediates.noindex/FocusEntity.build/Debug/FocusEntity-t.build/Objects-normal/arm64/FocusEntity-Swift.h -working-directory /Users/admin/builder/spi-builder-workspace/.swiftpm/xcode -experimental-emit-module-separately -disable-cmo
/Users/admin/builder/spi-builder-workspace/Sources/FocusEntity/FocusEntity.swift:16:10: warning: FocusEntity: This package is only fully available with physical iOS devices (in target 'FocusEntity' from project 'FocusEntity')
SwiftCompile normal arm64 Compiling\ FocusEntity+Classic.swift /Users/admin/builder/spi-builder-workspace/Sources/FocusEntity/FocusEntity+Classic.swift (in target 'FocusEntity' from project 'FocusEntity')
SwiftCompile normal arm64 /Users/admin/builder/spi-builder-workspace/Sources/FocusEntity/FocusEntity+Classic.swift (in target 'FocusEntity' from project 'FocusEntity')
    cd /Users/admin/builder/spi-builder-workspace/.swiftpm/xcode
    builtin-SwiftPerFileCompile FocusEntity+Classic.swift
/Users/admin/builder/spi-builder-workspace/Sources/FocusEntity/FocusEntity.swift:146:38: error: cannot find type 'ARRaycastResult' in scope
144 |         case initializing
145 |         #if canImport(ARKit)
146 |         case tracking(raycastResult: ARRaycastResult, camera: ARCamera?)
    |                                      `- error: cannot find type 'ARRaycastResult' in scope
147 |         #endif
148 |     }
/Users/admin/builder/spi-builder-workspace/Sources/FocusEntity/FocusEntity.swift:146:63: error: cannot find type 'ARCamera' in scope
144 |         case initializing
145 |         #if canImport(ARKit)
146 |         case tracking(raycastResult: ARRaycastResult, camera: ARCamera?)
    |                                                               `- error: cannot find type 'ARCamera' in scope
147 |         #endif
148 |     }
/Users/admin/builder/spi-builder-workspace/Sources/FocusEntity/FocusEntity.swift:234:36: error: cannot find type 'ARPlaneAnchor' in scope
232 |     #if canImport(ARKit)
233 |     /// The focus square's current alignment.
234 |     internal var currentAlignment: ARPlaneAnchor.Alignment?
    |                                    `- error: cannot find type 'ARPlaneAnchor' in scope
235 |
236 |     /// The current plane anchor if the focus square is on a plane.
/Users/admin/builder/spi-builder-workspace/Sources/FocusEntity/FocusEntity.swift:237:50: error: cannot find type 'ARPlaneAnchor' in scope
235 |
236 |     /// The current plane anchor if the focus square is on a plane.
237 |     public internal(set) var currentPlaneAnchor: ARPlaneAnchor? {
    |                                                  `- error: cannot find type 'ARPlaneAnchor' in scope
238 |         didSet {
239 |             if (oldValue == nil && self.currentPlaneAnchor == nil) || (currentPlaneAnchor == oldValue) {
/Users/admin/builder/spi-builder-workspace/Sources/FocusEntity/FocusEntity.swift:247:48: error: cannot find type 'ARPlaneAnchor' in scope
245 |
246 |     /// The focus square's most recent alignments.
247 |     internal var recentFocusEntityAlignments: [ARPlaneAnchor.Alignment] = []
    |                                                `- error: cannot find type 'ARPlaneAnchor' in scope
248 |     /// Previously visited plane anchors.
249 |     internal var anchorsOfVisitedPlanes: Set<ARAnchor> = []
SwiftCompile normal arm64 Compiling\ FocusEntity+Segment.swift /Users/admin/builder/spi-builder-workspace/Sources/FocusEntity/FocusEntity+Segment.swift (in target 'FocusEntity' from project 'FocusEntity')
SwiftCompile normal arm64 /Users/admin/builder/spi-builder-workspace/Sources/FocusEntity/FocusEntity+Segment.swift (in target 'FocusEntity' from project 'FocusEntity')
    cd /Users/admin/builder/spi-builder-workspace/.swiftpm/xcode
    builtin-SwiftPerFileCompile FocusEntity+Segment.swift
SwiftCompile normal arm64 Compiling\ FocusEntity+Alignment.swift /Users/admin/builder/spi-builder-workspace/Sources/FocusEntity/FocusEntity+Alignment.swift (in target 'FocusEntity' from project 'FocusEntity')
SwiftCompile normal arm64 /Users/admin/builder/spi-builder-workspace/Sources/FocusEntity/FocusEntity+Alignment.swift (in target 'FocusEntity' from project 'FocusEntity')
    cd /Users/admin/builder/spi-builder-workspace/.swiftpm/xcode
    builtin-SwiftPerFileCompile FocusEntity+Alignment.swift
/Users/admin/builder/spi-builder-workspace/Sources/FocusEntity/FocusEntity+Alignment.swift:33:50: error: cannot find type 'ARRaycastResult' in scope
 31 |     #if canImport(ARKit)
 32 |     /// Update the transform of the focus square to be aligned with the camera.
 33 |     internal func updateTransform(raycastResult: ARRaycastResult) {
    |                                                  `- error: cannot find type 'ARRaycastResult' in scope
 34 |         self.updatePosition()
 35 |
/Users/admin/builder/spi-builder-workspace/Sources/FocusEntity/FocusEntity+Alignment.swift:41:54: error: cannot find type 'ARRaycastResult' in scope
 39 |     }
 40 |
 41 |     internal func updateAlignment(for raycastResult: ARRaycastResult) {
    |                                                      `- error: cannot find type 'ARRaycastResult' in scope
 42 |
 43 |         var targetAlignment = raycastResult.worldTransform.orientation
/Users/admin/builder/spi-builder-workspace/Sources/FocusEntity/FocusEntity+Alignment.swift:121:37: error: cannot find type 'ARRaycastResult' in scope
119 |     /// - Parameters:
120 |     /// - Returns: ARRaycastResult if an existing plane geometry or an estimated plane are found, otherwise nil.
121 |     internal func smartRaycast() -> ARRaycastResult? {
    |                                     `- error: cannot find type 'ARRaycastResult' in scope
122 |         // Perform the hit test.
123 |         guard let (camPos, camDir) = self.getCamVector() else {
/Users/admin/builder/spi-builder-workspace/Sources/FocusEntity/FocusEntity+Alignment.swift:167:48: error: cannot find type 'ARCamera' in scope
165 |      for a distance 1.5 m distance (estimated distance when looking at the floor).
166 |      */
167 |     internal func scaleBasedOnDistance(camera: ARCamera?) -> Float {
    |                                                `- error: cannot find type 'ARCamera' in scope
168 |         guard let camera = camera else { return 1.0 }
169 |
/Users/admin/builder/spi-builder-workspace/Sources/FocusEntity/FocusEntity+Alignment.swift:46:24: error: cannot find type 'ARPlaneAnchor' in scope
 44 |
 45 |         // Determine current alignment
 46 |         var alignment: ARPlaneAnchor.Alignment?
    |                        `- error: cannot find type 'ARPlaneAnchor' in scope
 47 |         if let planeAnchor = raycastResult.anchor as? ARPlaneAnchor {
 48 |             alignment = planeAnchor.alignment
/Users/admin/builder/spi-builder-workspace/Sources/FocusEntity/FocusEntity+Alignment.swift:47:55: error: cannot find type 'ARPlaneAnchor' in scope
 45 |         // Determine current alignment
 46 |         var alignment: ARPlaneAnchor.Alignment?
 47 |         if let planeAnchor = raycastResult.anchor as? ARPlaneAnchor {
    |                                                       `- error: cannot find type 'ARPlaneAnchor' in scope
 48 |             alignment = planeAnchor.alignment
 49 |             // Catching case when looking at ceiling
/Users/admin/builder/spi-builder-workspace/Sources/FocusEntity/FocusEntity.swift:247:48: error: cannot find type 'ARPlaneAnchor' in scope
245 |
246 |     /// The focus square's most recent alignments.
247 |     internal var recentFocusEntityAlignments: [ARPlaneAnchor.Alignment] = []
    |                                                `- error: cannot find type 'ARPlaneAnchor' in scope
248 |     /// Previously visited plane anchors.
249 |     internal var anchorsOfVisitedPlanes: Set<ARAnchor> = []
/Users/admin/builder/spi-builder-workspace/Sources/FocusEntity/FocusEntity+Alignment.swift:74:37: error: cannot find type 'ARPlaneAnchor' in scope
 72 |         if alignment == .horizontal && horizontalHistory > alignCount * 3/4 ||
 73 |             alignment == .vertical && verticalHistory > alignCount / 2 ||
 74 |             raycastResult.anchor is ARPlaneAnchor {
    |                                     `- error: cannot find type 'ARPlaneAnchor' in scope
 75 |             if alignment != self.currentAlignment ||
 76 |                 (alignment == .vertical && self.shouldContinueAlignAnim(to: targetAlignment)
/Users/admin/builder/spi-builder-workspace/Sources/FocusEntity/FocusEntity.swift:234:36: error: cannot find type 'ARPlaneAnchor' in scope
232 |     #if canImport(ARKit)
233 |     /// The focus square's current alignment.
234 |     internal var currentAlignment: ARPlaneAnchor.Alignment?
    |                                    `- error: cannot find type 'ARPlaneAnchor' in scope
235 |
236 |     /// The current plane anchor if the focus square is on a plane.
/Users/admin/builder/spi-builder-workspace/Sources/FocusEntity/FocusEntity.swift:40:27: error: cannot find type 'ARRaycastQuery' in scope
 38 |     }
 39 |     #if canImport(ARKit)
 40 |     var allowedRaycasts: [ARRaycastQuery.Target] {
    |                           `- error: cannot find type 'ARRaycastQuery' in scope
 41 |         get { self.focus.allowedRaycasts }
 42 |         set { self.focus.allowedRaycasts = newValue }
/Users/admin/builder/spi-builder-workspace/Sources/FocusEntity/FocusEntity+Alignment.swift:127:27: error: cannot find 'ARRaycastQuery' in scope
125 |         }
126 |         for target in self.allowedRaycasts {
127 |             let rcQuery = ARRaycastQuery(
    |                           `- error: cannot find 'ARRaycastQuery' in scope
128 |                 origin: camPos, direction: camDir,
129 |                 allowing: target, alignment: .any
SwiftCompile normal arm64 Compiling\ FocusEntity+Colored.swift /Users/admin/builder/spi-builder-workspace/Sources/FocusEntity/FocusEntity+Colored.swift (in target 'FocusEntity' from project 'FocusEntity')
/Users/admin/builder/spi-builder-workspace/Sources/FocusEntity/FocusEntity.swift:146:38: error: cannot find type 'ARRaycastResult' in scope
144 |         case initializing
145 |         #if canImport(ARKit)
146 |         case tracking(raycastResult: ARRaycastResult, camera: ARCamera?)
    |                                      `- error: cannot find type 'ARRaycastResult' in scope
147 |         #endif
148 |     }
SwiftCompile normal arm64 /Users/admin/builder/spi-builder-workspace/Sources/FocusEntity/FocusEntity+Colored.swift (in target 'FocusEntity' from project 'FocusEntity')
    cd /Users/admin/builder/spi-builder-workspace/.swiftpm/xcode
    builtin-SwiftPerFileCompile FocusEntity+Colored.swift
SwiftCompile normal arm64 Compiling\ float4x4+Extension.swift /Users/admin/builder/spi-builder-workspace/Sources/FocusEntity/float4x4+Extension.swift (in target 'FocusEntity' from project 'FocusEntity')
SwiftCompile normal arm64 /Users/admin/builder/spi-builder-workspace/Sources/FocusEntity/float4x4+Extension.swift (in target 'FocusEntity' from project 'FocusEntity')
    cd /Users/admin/builder/spi-builder-workspace/.swiftpm/xcode
    builtin-SwiftPerFileCompile float4x4+Extension.swift
SwiftCompile normal arm64 Compiling\ FocusEntity.swift /Users/admin/builder/spi-builder-workspace/Sources/FocusEntity/FocusEntity.swift (in target 'FocusEntity' from project 'FocusEntity')
/Users/admin/builder/spi-builder-workspace/Sources/FocusEntity/FocusEntity.swift:16:10: warning: FocusEntity: This package is only fully available with physical iOS devices
 14 |
 15 | #if os(macOS) || targetEnvironment(simulator)
 16 | #warning("FocusEntity: This package is only fully available with physical iOS devices")
    |          `- warning: FocusEntity: This package is only fully available with physical iOS devices
 17 | #endif
 18 |
/Users/admin/builder/spi-builder-workspace/Sources/FocusEntity/FocusEntity.swift:40:27: error: cannot find type 'ARRaycastQuery' in scope
 38 |     }
 39 |     #if canImport(ARKit)
 40 |     var allowedRaycasts: [ARRaycastQuery.Target] {
    |                           `- error: cannot find type 'ARRaycastQuery' in scope
 41 |         get { self.focus.allowedRaycasts }
 42 |         set { self.focus.allowedRaycasts = newValue }
/Users/admin/builder/spi-builder-workspace/Sources/FocusEntity/FocusEntity.swift:76:23: error: cannot find type 'ARPlaneAnchor' in scope
 74 |     func focusEntity(
 75 |         _ focusEntity: FocusEntity,
 76 |         planeChanged: ARPlaneAnchor?,
    |                       `- error: cannot find type 'ARPlaneAnchor' in scope
 77 |         oldPlane: ARPlaneAnchor?
 78 |     )
/Users/admin/builder/spi-builder-workspace/Sources/FocusEntity/FocusEntity.swift:77:19: error: cannot find type 'ARPlaneAnchor' in scope
 75 |         _ focusEntity: FocusEntity,
 76 |         planeChanged: ARPlaneAnchor?,
 77 |         oldPlane: ARPlaneAnchor?
    |                   `- error: cannot find type 'ARPlaneAnchor' in scope
 78 |     )
 79 | }
/Users/admin/builder/spi-builder-workspace/Sources/FocusEntity/FocusEntity.swift:87:64: error: cannot find type 'ARPlaneAnchor' in scope
 85 |         _ focusEntity: FocusEntity, trackingUpdated trackingState: FocusEntity.State, oldState: FocusEntity.State? = nil
 86 |     ) {}
 87 |     func focusEntity(_ focusEntity: FocusEntity, planeChanged: ARPlaneAnchor?, oldPlane: ARPlaneAnchor?) {}
    |                                                                `- error: cannot find type 'ARPlaneAnchor' in scope
 88 | }
 89 |
/Users/admin/builder/spi-builder-workspace/Sources/FocusEntity/FocusEntity.swift:87:90: error: cannot find type 'ARPlaneAnchor' in scope
 85 |         _ focusEntity: FocusEntity, trackingUpdated trackingState: FocusEntity.State, oldState: FocusEntity.State? = nil
 86 |     ) {}
 87 |     func focusEntity(_ focusEntity: FocusEntity, planeChanged: ARPlaneAnchor?, oldPlane: ARPlaneAnchor?) {}
    |                                                                                          `- error: cannot find type 'ARPlaneAnchor' in scope
 88 | }
 89 |
/Users/admin/builder/spi-builder-workspace/Sources/FocusEntity/FocusEntity.swift:146:38: error: cannot find type 'ARRaycastResult' in scope
144 |         case initializing
145 |         #if canImport(ARKit)
146 |         case tracking(raycastResult: ARRaycastResult, camera: ARCamera?)
    |                                      `- error: cannot find type 'ARRaycastResult' in scope
147 |         #endif
148 |     }
/Users/admin/builder/spi-builder-workspace/Sources/FocusEntity/FocusEntity.swift:146:63: error: cannot find type 'ARCamera' in scope
144 |         case initializing
145 |         #if canImport(ARKit)
146 |         case tracking(raycastResult: ARRaycastResult, camera: ARCamera?)
    |                                                               `- error: cannot find type 'ARCamera' in scope
147 |         #endif
148 |     }
/Users/admin/builder/spi-builder-workspace/Sources/FocusEntity/FocusEntity.swift:143:17: error: type 'FocusEntity.State' does not conform to protocol 'Equatable'
141 |
142 |     // MARK: - Types
143 |     public enum State: Equatable {
    |                 |- error: type 'FocusEntity.State' does not conform to protocol 'Equatable'
    |                 `- note: add stubs for conformance
144 |         case initializing
145 |         #if canImport(ARKit)
146 |         case tracking(raycastResult: ARRaycastResult, camera: ARCamera?)
    |                                      |                        `- note: associated value type '_' does not conform to protocol 'Equatable', preventing synthesized conformance of 'FocusEntity.State' to 'Equatable'
    |                                      `- note: associated value type '_' does not conform to protocol 'Equatable', preventing synthesized conformance of 'FocusEntity.State' to 'Equatable'
147 |         #endif
148 |     }
Swift.==:1:24: note: candidate would match if 'FocusEntity.State' conformed to 'RawRepresentable'
1 | @inlinable public func == <T>(lhs: T, rhs: T) -> Bool where T : RawRepresentable, T.RawValue : Equatable
  |                        `- note: candidate would match if 'FocusEntity.State' conformed to 'RawRepresentable'
Swift.FloatingPoint.==:2:20: note: candidate would match if 'FocusEntity.State' conformed to 'FloatingPoint'
1 | protocol FloatingPoint {
2 | public static func == (lhs: Self, rhs: Self) -> Bool}
  |                    `- note: candidate would match if 'FocusEntity.State' conformed to 'FloatingPoint'
3 |
Swift.BinaryInteger.==:2:20: note: candidate would match if 'FocusEntity.State' conformed to 'BinaryInteger'
1 | protocol BinaryInteger {
2 | public static func == <Other>(lhs: Self, rhs: Other) -> Bool where Other : BinaryInteger}
  |                    `- note: candidate would match if 'FocusEntity.State' conformed to 'BinaryInteger'
3 |
Swift._Pointer.==:2:20: note: candidate would match if 'FocusEntity.State' conformed to '_Pointer'
1 | protocol _Pointer {
2 | public static func == (lhs: Self, rhs: Self) -> Bool}
  |                    `- note: candidate would match if 'FocusEntity.State' conformed to '_Pointer'
3 |
Swift._Pointer.==:2:31: note: candidate would match if 'FocusEntity.State' conformed to '_Pointer'
1 | protocol _Pointer {
2 | @inlinable public static func == <Other>(lhs: Self, rhs: Other) -> Bool where Other : _Pointer}
  |                               `- note: candidate would match if 'FocusEntity.State' conformed to '_Pointer'
3 |
Swift.Strideable.==:2:31: note: candidate would match if 'FocusEntity.State' conformed to 'Strideable'
1 | protocol Strideable {
2 | @inlinable public static func == (x: Self, y: Self) -> Bool}
  |                               `- note: candidate would match if 'FocusEntity.State' conformed to 'Strideable'
3 |
Swift.StringProtocol.==:2:31: note: candidate would match if 'FocusEntity.State' conformed to 'StringProtocol'
1 | protocol StringProtocol {
2 | @inlinable public static func == <RHS>(lhs: Self, rhs: RHS) -> Bool where RHS : StringProtocol}
  |                               `- note: candidate would match if 'FocusEntity.State' conformed to 'StringProtocol'
3 |
Swift.SIMD.==:2:20: note: candidate would match if 'FocusEntity.State' conformed to 'SIMD'
1 | protocol SIMD {
2 | public static func == (a: Self, b: Self) -> Bool}
  |                    `- note: candidate would match if 'FocusEntity.State' conformed to 'SIMD'
3 |
Foundation.AttributedStringProtocol.==:2:20: note: candidate would match if 'FocusEntity.State' conformed to 'AttributedStringProtocol'
1 | protocol AttributedStringProtocol {
2 | public static func == <RHS>(lhs: Self, rhs: RHS) -> Bool where RHS : AttributedStringProtocol}
  |                    `- note: candidate would match if 'FocusEntity.State' conformed to 'AttributedStringProtocol'
3 |
Foundation._BridgedStoredNSError.==:2:20: note: candidate would match if 'FocusEntity.State' conformed to '_BridgedStoredNSError'
1 | protocol _BridgedStoredNSError {
2 | public static func == (lhs: Self, rhs: Self) -> Bool}
  |                    `- note: candidate would match if 'FocusEntity.State' conformed to '_BridgedStoredNSError'
3 |
CoreFoundation._CFObject.==:2:20: note: candidate would match if 'FocusEntity.State' conformed to '_CFObject'
1 | protocol _CFObject {
2 | public static func == (left: Self, right: Self) -> Bool}
  |                    `- note: candidate would match if 'FocusEntity.State' conformed to '_CFObject'
3 |
Swift.Equatable.==:2:13: note: protocol requires function '==' with type '(borrowing FocusEntity.State, borrowing FocusEntity.State) -> Bool'
1 | protocol Equatable {
2 | static func == (lhs: borrowing Self, rhs: borrowing Self) -> Bool}
  |             `- note: protocol requires function '==' with type '(borrowing FocusEntity.State, borrowing FocusEntity.State) -> Bool'
3 |
/Users/admin/builder/spi-builder-workspace/Sources/FocusEntity/FocusEntity.swift:163:54: error: cannot find type 'ARRaycastResult' in scope
161 |
162 |     #if canImport(ARKit)
163 |     fileprivate func entityOffPlane(_ raycastResult: ARRaycastResult, _ camera: ARCamera?) {
    |                                                      `- error: cannot find type 'ARRaycastResult' in scope
164 |         self.onPlane = false
165 |         displayOffPlane(for: raycastResult)
/Users/admin/builder/spi-builder-workspace/Sources/FocusEntity/FocusEntity.swift:163:81: error: cannot find type 'ARCamera' in scope
161 |
162 |     #if canImport(ARKit)
163 |     fileprivate func entityOffPlane(_ raycastResult: ARRaycastResult, _ camera: ARCamera?) {
    |                                                                                 `- error: cannot find type 'ARCamera' in scope
164 |         self.onPlane = false
165 |         displayOffPlane(for: raycastResult)
/Users/admin/builder/spi-builder-workspace/Sources/FocusEntity/FocusEntity.swift:186:60: error: cannot find type 'ARPlaneAnchor' in scope
184 |                     self.anchoring = AnchoringComponent(.world(transform: Transform.identity.matrix))
185 |                 }
186 |                 let planeAnchor = raycastResult.anchor as? ARPlaneAnchor
    |                                                            `- error: cannot find type 'ARPlaneAnchor' in scope
187 |                 if let planeAnchor = planeAnchor {
188 |                     entityOnPlane(for: raycastResult, planeAnchor: planeAnchor)
SwiftCompile normal arm64 (in target 'FocusEntity' from project 'FocusEntity')
    cd /Users/admin/builder/spi-builder-workspace/.swiftpm/xcode

/Users/admin/builder/spi-builder-workspace/Sources/FocusEntity/FocusEntity.swift:348:28: error: cannot find type 'ARRaycastResult' in scope
346 |     /// Called when a plane has been detected.
347 |     private func entityOnPlane(
348 |         for raycastResult: ARRaycastResult, planeAnchor: ARPlaneAnchor
    |                            `- error: cannot find type 'ARRaycastResult' in scope
349 |     ) {
350 |         self.onPlane = true
/Users/admin/builder/spi-builder-workspace/Sources/FocusEntity/FocusEntity.swift:348:58: error: cannot find type 'ARPlaneAnchor' in scope
346 |     /// Called when a plane has been detected.
347 |     private func entityOnPlane(
348 |         for raycastResult: ARRaycastResult, planeAnchor: ARPlaneAnchor
    |                                                          `- error: cannot find type 'ARPlaneAnchor' in scope
349 |     ) {
350 |         self.onPlane = true
/Users/admin/builder/spi-builder-workspace/Sources/FocusEntity/FocusEntity+Alignment.swift:167:48: error: cannot find type 'ARCamera' in scope
165 |      for a distance 1.5 m distance (estimated distance when looking at the floor).
166 |      */
167 |     internal func scaleBasedOnDistance(camera: ARCamera?) -> Float {
    |                                                `- error: cannot find type 'ARCamera' in scope
168 |         guard let camera = camera else { return 1.0 }
169 |
/Users/admin/builder/spi-builder-workspace/Sources/FocusEntity/FocusEntity.swift:237:50: error: cannot find type 'ARPlaneAnchor' in scope
235 |
236 |     /// The current plane anchor if the focus square is on a plane.
237 |     public internal(set) var currentPlaneAnchor: ARPlaneAnchor? {
    |                                                  `- error: cannot find type 'ARPlaneAnchor' in scope
238 |         didSet {
239 |             if (oldValue == nil && self.currentPlaneAnchor == nil) || (currentPlaneAnchor == oldValue) {
/Users/admin/builder/spi-builder-workspace/Sources/FocusEntity/FocusEntity.swift:234:36: error: cannot find type 'ARPlaneAnchor' in scope
232 |     #if canImport(ARKit)
233 |     /// The focus square's current alignment.
234 |     internal var currentAlignment: ARPlaneAnchor.Alignment?
    |                                    `- error: cannot find type 'ARPlaneAnchor' in scope
235 |
236 |     /// The current plane anchor if the focus square is on a plane.
/Users/admin/builder/spi-builder-workspace/Sources/FocusEntity/FocusEntity.swift:242:39: error: incorrect argument labels in call (have '_:planeChanged:oldPlane:', expected '_:trackingUpdated:oldState:')
240 |                 return
241 |             }
242 |             self.delegate?.focusEntity(self, planeChanged: currentPlaneAnchor, oldPlane: oldValue)
    |                                       `- error: incorrect argument labels in call (have '_:planeChanged:oldPlane:', expected '_:trackingUpdated:oldState:')
243 |         }
244 |     }
/Users/admin/builder/spi-builder-workspace/Sources/FocusEntity/FocusEntity.swift:247:48: error: cannot find type 'ARPlaneAnchor' in scope
245 |
246 |     /// The focus square's most recent alignments.
247 |     internal var recentFocusEntityAlignments: [ARPlaneAnchor.Alignment] = []
    |                                                `- error: cannot find type 'ARPlaneAnchor' in scope
248 |     /// Previously visited plane anchors.
249 |     internal var anchorsOfVisitedPlanes: Set<ARAnchor> = []
/Users/admin/builder/spi-builder-workspace/Sources/FocusEntity/FocusEntity.swift:249:46: error: cannot find type 'ARAnchor' in scope
247 |     internal var recentFocusEntityAlignments: [ARPlaneAnchor.Alignment] = []
248 |     /// Previously visited plane anchors.
249 |     internal var anchorsOfVisitedPlanes: Set<ARAnchor> = []
    |                                              `- error: cannot find type 'ARAnchor' in scope
250 |     #endif
251 |     /// The focus square's most recent positions.
/Users/admin/builder/spi-builder-workspace/Sources/FocusEntity/FocusEntity.swift:333:53: error: cannot find type 'ARRaycastResult' in scope
331 |     #if canImport(ARKit)
332 |     /// Called when a surface has been detected.
333 |     private func displayOffPlane(for raycastResult: ARRaycastResult) {
    |                                                     `- error: cannot find type 'ARRaycastResult' in scope
334 |         self.stateChangedSetup()
335 |         let position = raycastResult.worldTransform.translation
/Users/admin/builder/spi-builder-workspace/Sources/FocusEntity/FocusEntityComponent.swift:71:38: error: could not infer type of color literal
 69 |
 70 |     /// Default color of FocusEntity
 71 |     public static let defaultColor = #colorLiteral(red: 1, green: 0.8, blue: 0, alpha: 1)
    |                                      |- error: could not infer type of color literal
    |                                      `- note: import AppKit to use 'NSColor' as the default color literal type
 72 |     /// Default style of FocusEntity, using the FocusEntityComponent.Style.classic with the color FocusEntityComponent.defaultColor.
 73 |     public static let classic = FocusEntityComponent(style: .classic(color: FocusEntityComponent.defaultColor))
/Users/admin/builder/spi-builder-workspace/Sources/FocusEntity/FocusEntity.swift:41:26: error: value of type 'FocusEntityComponent' has no member 'allowedRaycasts'
 39 |     #if canImport(ARKit)
 40 |     var allowedRaycasts: [ARRaycastQuery.Target] {
 41 |         get { self.focus.allowedRaycasts }
    |                          `- error: value of type 'FocusEntityComponent' has no member 'allowedRaycasts'
 42 |         set { self.focus.allowedRaycasts = newValue }
 43 |     }
/Users/admin/builder/spi-builder-workspace/Sources/FocusEntity/FocusEntity.swift:42:26: error: value of type 'FocusEntityComponent' has no member 'allowedRaycasts'
 40 |     var allowedRaycasts: [ARRaycastQuery.Target] {
 41 |         get { self.focus.allowedRaycasts }
 42 |         set { self.focus.allowedRaycasts = newValue }
    |                          `- error: value of type 'FocusEntityComponent' has no member 'allowedRaycasts'
 43 |     }
 44 |     #endif
/Users/admin/builder/spi-builder-workspace/Sources/FocusEntity/FocusEntity.swift:313:34: error: cannot infer contextual base in reference to member 'none'
311 |         self.onPlane = false
312 |         #if canImport(ARKit)
313 |         self.currentAlignment = .none
    |                                  `- error: cannot infer contextual base in reference to member 'none'
314 |         #endif
315 |         stateChangedSetup()
/Users/admin/builder/spi-builder-workspace/Sources/FocusEntity/FocusEntity+Alignment.swift:33:50: error: cannot find type 'ARRaycastResult' in scope
 31 |     #if canImport(ARKit)
 32 |     /// Update the transform of the focus square to be aligned with the camera.
 33 |     internal func updateTransform(raycastResult: ARRaycastResult) {
    |                                                  `- error: cannot find type 'ARRaycastResult' in scope
 34 |         self.updatePosition()
 35 |
/Users/admin/builder/spi-builder-workspace/Sources/FocusEntity/FocusEntity.swift:386:41: error: value of type 'ARView' has no member 'session'
384 |     public func updateFocusEntity(event: SceneEvents.Update? = nil) {
385 |         // Perform hit testing only when ARKit tracking is in a good state.
386 |         guard let camera = self.arView?.session.currentFrame?.camera,
    |                                         `- error: value of type 'ARView' has no member 'session'
387 |               case .normal = camera.trackingState,
388 |               let result = self.smartRaycast()
SwiftEmitModule normal arm64 Emitting\ module\ for\ FocusEntity (in target 'FocusEntity' from project 'FocusEntity')
/Users/admin/builder/spi-builder-workspace/Sources/FocusEntity/FocusEntity.swift:16:10: warning: FocusEntity: This package is only fully available with physical iOS devices
 14 |
 15 | #if os(macOS) || targetEnvironment(simulator)
 16 | #warning("FocusEntity: This package is only fully available with physical iOS devices")
    |          `- warning: FocusEntity: This package is only fully available with physical iOS devices
 17 | #endif
 18 |
/Users/admin/builder/spi-builder-workspace/Sources/FocusEntity/FocusEntity+Alignment.swift:33:50: error: cannot find type 'ARRaycastResult' in scope
 31 |     #if canImport(ARKit)
 32 |     /// Update the transform of the focus square to be aligned with the camera.
 33 |     internal func updateTransform(raycastResult: ARRaycastResult) {
    |                                                  `- error: cannot find type 'ARRaycastResult' in scope
 34 |         self.updatePosition()
 35 |
/Users/admin/builder/spi-builder-workspace/Sources/FocusEntity/FocusEntity+Alignment.swift:41:54: error: cannot find type 'ARRaycastResult' in scope
 39 |     }
 40 |
 41 |     internal func updateAlignment(for raycastResult: ARRaycastResult) {
    |                                                      `- error: cannot find type 'ARRaycastResult' in scope
 42 |
 43 |         var targetAlignment = raycastResult.worldTransform.orientation
/Users/admin/builder/spi-builder-workspace/Sources/FocusEntity/FocusEntity+Alignment.swift:121:37: error: cannot find type 'ARRaycastResult' in scope
119 |     /// - Parameters:
120 |     /// - Returns: ARRaycastResult if an existing plane geometry or an estimated plane are found, otherwise nil.
121 |     internal func smartRaycast() -> ARRaycastResult? {
    |                                     `- error: cannot find type 'ARRaycastResult' in scope
122 |         // Perform the hit test.
123 |         guard let (camPos, camDir) = self.getCamVector() else {
/Users/admin/builder/spi-builder-workspace/Sources/FocusEntity/FocusEntity+Alignment.swift:167:48: error: cannot find type 'ARCamera' in scope
165 |      for a distance 1.5 m distance (estimated distance when looking at the floor).
166 |      */
167 |     internal func scaleBasedOnDistance(camera: ARCamera?) -> Float {
    |                                                `- error: cannot find type 'ARCamera' in scope
168 |         guard let camera = camera else { return 1.0 }
169 |
/Users/admin/builder/spi-builder-workspace/Sources/FocusEntity/FocusEntity.swift:40:27: error: cannot find type 'ARRaycastQuery' in scope
 38 |     }
 39 |     #if canImport(ARKit)
 40 |     var allowedRaycasts: [ARRaycastQuery.Target] {
    |                           `- error: cannot find type 'ARRaycastQuery' in scope
 41 |         get { self.focus.allowedRaycasts }
 42 |         set { self.focus.allowedRaycasts = newValue }
/Users/admin/builder/spi-builder-workspace/Sources/FocusEntity/FocusEntity.swift:76:23: error: cannot find type 'ARPlaneAnchor' in scope
 74 |     func focusEntity(
 75 |         _ focusEntity: FocusEntity,
 76 |         planeChanged: ARPlaneAnchor?,
    |                       `- error: cannot find type 'ARPlaneAnchor' in scope
 77 |         oldPlane: ARPlaneAnchor?
 78 |     )
/Users/admin/builder/spi-builder-workspace/Sources/FocusEntity/FocusEntity.swift:77:19: error: cannot find type 'ARPlaneAnchor' in scope
 75 |         _ focusEntity: FocusEntity,
 76 |         planeChanged: ARPlaneAnchor?,
 77 |         oldPlane: ARPlaneAnchor?
    |                   `- error: cannot find type 'ARPlaneAnchor' in scope
 78 |     )
 79 | }
/Users/admin/builder/spi-builder-workspace/Sources/FocusEntity/FocusEntity.swift:87:64: error: cannot find type 'ARPlaneAnchor' in scope
 85 |         _ focusEntity: FocusEntity, trackingUpdated trackingState: FocusEntity.State, oldState: FocusEntity.State? = nil
 86 |     ) {}
 87 |     func focusEntity(_ focusEntity: FocusEntity, planeChanged: ARPlaneAnchor?, oldPlane: ARPlaneAnchor?) {}
    |                                                                `- error: cannot find type 'ARPlaneAnchor' in scope
 88 | }
 89 |
/Users/admin/builder/spi-builder-workspace/Sources/FocusEntity/FocusEntity.swift:87:90: error: cannot find type 'ARPlaneAnchor' in scope
 85 |         _ focusEntity: FocusEntity, trackingUpdated trackingState: FocusEntity.State, oldState: FocusEntity.State? = nil
 86 |     ) {}
 87 |     func focusEntity(_ focusEntity: FocusEntity, planeChanged: ARPlaneAnchor?, oldPlane: ARPlaneAnchor?) {}
    |                                                                                          `- error: cannot find type 'ARPlaneAnchor' in scope
 88 | }
 89 |
/Users/admin/builder/spi-builder-workspace/Sources/FocusEntity/FocusEntity.swift:146:38: error: cannot find type 'ARRaycastResult' in scope
144 |         case initializing
145 |         #if canImport(ARKit)
146 |         case tracking(raycastResult: ARRaycastResult, camera: ARCamera?)
    |                                      `- error: cannot find type 'ARRaycastResult' in scope
147 |         #endif
148 |     }
/Users/admin/builder/spi-builder-workspace/Sources/FocusEntity/FocusEntity.swift:146:63: error: cannot find type 'ARCamera' in scope
144 |         case initializing
145 |         #if canImport(ARKit)
146 |         case tracking(raycastResult: ARRaycastResult, camera: ARCamera?)
    |                                                               `- error: cannot find type 'ARCamera' in scope
147 |         #endif
148 |     }
/Users/admin/builder/spi-builder-workspace/Sources/FocusEntity/FocusEntity.swift:143:17: error: type 'FocusEntity.State' does not conform to protocol 'Equatable'
141 |
142 |     // MARK: - Types
143 |     public enum State: Equatable {
    |                 |- error: type 'FocusEntity.State' does not conform to protocol 'Equatable'
    |                 `- note: add stubs for conformance
144 |         case initializing
145 |         #if canImport(ARKit)
146 |         case tracking(raycastResult: ARRaycastResult, camera: ARCamera?)
    |                                      |                        `- note: associated value type '_' does not conform to protocol 'Equatable', preventing synthesized conformance of 'FocusEntity.State' to 'Equatable'
    |                                      `- note: associated value type '_' does not conform to protocol 'Equatable', preventing synthesized conformance of 'FocusEntity.State' to 'Equatable'
147 |         #endif
148 |     }
Swift.==:1:24: note: candidate would match if 'FocusEntity.State' conformed to 'RawRepresentable'
1 | @inlinable public func == <T>(lhs: T, rhs: T) -> Bool where T : RawRepresentable, T.RawValue : Equatable
  |                        `- note: candidate would match if 'FocusEntity.State' conformed to 'RawRepresentable'
Swift.FloatingPoint.==:2:20: note: candidate would match if 'FocusEntity.State' conformed to 'FloatingPoint'
1 | protocol FloatingPoint {
2 | public static func == (lhs: Self, rhs: Self) -> Bool}
  |                    `- note: candidate would match if 'FocusEntity.State' conformed to 'FloatingPoint'
3 |
Swift.BinaryInteger.==:2:20: note: candidate would match if 'FocusEntity.State' conformed to 'BinaryInteger'
1 | protocol BinaryInteger {
2 | public static func == <Other>(lhs: Self, rhs: Other) -> Bool where Other : BinaryInteger}
  |                    `- note: candidate would match if 'FocusEntity.State' conformed to 'BinaryInteger'
3 |
Swift._Pointer.==:2:20: note: candidate would match if 'FocusEntity.State' conformed to '_Pointer'
1 | protocol _Pointer {
2 | public static func == (lhs: Self, rhs: Self) -> Bool}
  |                    `- note: candidate would match if 'FocusEntity.State' conformed to '_Pointer'
3 |
Swift._Pointer.==:2:31: note: candidate would match if 'FocusEntity.State' conformed to '_Pointer'
1 | protocol _Pointer {
2 | @inlinable public static func == <Other>(lhs: Self, rhs: Other) -> Bool where Other : _Pointer}
  |                               `- note: candidate would match if 'FocusEntity.State' conformed to '_Pointer'
3 |
Swift.Strideable.==:2:31: note: candidate would match if 'FocusEntity.State' conformed to 'Strideable'
1 | protocol Strideable {
2 | @inlinable public static func == (x: Self, y: Self) -> Bool}
  |                               `- note: candidate would match if 'FocusEntity.State' conformed to 'Strideable'
3 |
Swift.StringProtocol.==:2:31: note: candidate would match if 'FocusEntity.State' conformed to 'StringProtocol'
1 | protocol StringProtocol {
2 | @inlinable public static func == <RHS>(lhs: Self, rhs: RHS) -> Bool where RHS : StringProtocol}
  |                               `- note: candidate would match if 'FocusEntity.State' conformed to 'StringProtocol'
3 |
Swift.SIMD.==:2:20: note: candidate would match if 'FocusEntity.State' conformed to 'SIMD'
1 | protocol SIMD {
2 | public static func == (a: Self, b: Self) -> Bool}
  |                    `- note: candidate would match if 'FocusEntity.State' conformed to 'SIMD'
3 |
Foundation.AttributedStringProtocol.==:2:20: note: candidate would match if 'FocusEntity.State' conformed to 'AttributedStringProtocol'
1 | protocol AttributedStringProtocol {
2 | public static func == <RHS>(lhs: Self, rhs: RHS) -> Bool where RHS : AttributedStringProtocol}
  |                    `- note: candidate would match if 'FocusEntity.State' conformed to 'AttributedStringProtocol'
3 |
Foundation._BridgedStoredNSError.==:2:20: note: candidate would match if 'FocusEntity.State' conformed to '_BridgedStoredNSError'
1 | protocol _BridgedStoredNSError {
2 | public static func == (lhs: Self, rhs: Self) -> Bool}
  |                    `- note: candidate would match if 'FocusEntity.State' conformed to '_BridgedStoredNSError'
3 |
CoreFoundation._CFObject.==:2:20: note: candidate would match if 'FocusEntity.State' conformed to '_CFObject'
1 | protocol _CFObject {
2 | public static func == (left: Self, right: Self) -> Bool}
  |                    `- note: candidate would match if 'FocusEntity.State' conformed to '_CFObject'
3 |
Swift.Equatable.==:2:13: note: protocol requires function '==' with type '(borrowing FocusEntity.State, borrowing FocusEntity.State) -> Bool'
1 | protocol Equatable {
2 | static func == (lhs: borrowing Self, rhs: borrowing Self) -> Bool}
  |             `- note: protocol requires function '==' with type '(borrowing FocusEntity.State, borrowing FocusEntity.State) -> Bool'
3 |
/Users/admin/builder/spi-builder-workspace/Sources/FocusEntity/FocusEntity.swift:163:54: error: cannot find type 'ARRaycastResult' in scope
161 |
162 |     #if canImport(ARKit)
163 |     fileprivate func entityOffPlane(_ raycastResult: ARRaycastResult, _ camera: ARCamera?) {
    |                                                      `- error: cannot find type 'ARRaycastResult' in scope
164 |         self.onPlane = false
165 |         displayOffPlane(for: raycastResult)
/Users/admin/builder/spi-builder-workspace/Sources/FocusEntity/FocusEntity.swift:163:81: error: cannot find type 'ARCamera' in scope
161 |
162 |     #if canImport(ARKit)
163 |     fileprivate func entityOffPlane(_ raycastResult: ARRaycastResult, _ camera: ARCamera?) {
    |                                                                                 `- error: cannot find type 'ARCamera' in scope
164 |         self.onPlane = false
165 |         displayOffPlane(for: raycastResult)
/Users/admin/builder/spi-builder-workspace/Sources/FocusEntity/FocusEntity.swift:186:60: error: cannot find type 'ARPlaneAnchor' in scope
184 |                     self.anchoring = AnchoringComponent(.world(transform: Transform.identity.matrix))
185 |                 }
186 |                 let planeAnchor = raycastResult.anchor as? ARPlaneAnchor
    |                                                            `- error: cannot find type 'ARPlaneAnchor' in scope
187 |                 if let planeAnchor = planeAnchor {
188 |                     entityOnPlane(for: raycastResult, planeAnchor: planeAnchor)
/Users/admin/builder/spi-builder-workspace/Sources/FocusEntity/FocusEntity.swift:348:28: error: cannot find type 'ARRaycastResult' in scope
346 |     /// Called when a plane has been detected.
347 |     private func entityOnPlane(
348 |         for raycastResult: ARRaycastResult, planeAnchor: ARPlaneAnchor
    |                            `- error: cannot find type 'ARRaycastResult' in scope
349 |     ) {
350 |         self.onPlane = true
/Users/admin/builder/spi-builder-workspace/Sources/FocusEntity/FocusEntity.swift:348:58: error: cannot find type 'ARPlaneAnchor' in scope
346 |     /// Called when a plane has been detected.
347 |     private func entityOnPlane(
348 |         for raycastResult: ARRaycastResult, planeAnchor: ARPlaneAnchor
    |                                                          `- error: cannot find type 'ARPlaneAnchor' in scope
349 |     ) {
350 |         self.onPlane = true
/Users/admin/builder/spi-builder-workspace/Sources/FocusEntity/FocusEntity.swift:234:36: error: cannot find type 'ARPlaneAnchor' in scope
232 |     #if canImport(ARKit)
233 |     /// The focus square's current alignment.
234 |     internal var currentAlignment: ARPlaneAnchor.Alignment?
    |                                    `- error: cannot find type 'ARPlaneAnchor' in scope
235 |
236 |     /// The current plane anchor if the focus square is on a plane.
/Users/admin/builder/spi-builder-workspace/Sources/FocusEntity/FocusEntity.swift:237:50: error: cannot find type 'ARPlaneAnchor' in scope
235 |
236 |     /// The current plane anchor if the focus square is on a plane.
237 |     public internal(set) var currentPlaneAnchor: ARPlaneAnchor? {
    |                                                  `- error: cannot find type 'ARPlaneAnchor' in scope
238 |         didSet {
239 |             if (oldValue == nil && self.currentPlaneAnchor == nil) || (currentPlaneAnchor == oldValue) {
/Users/admin/builder/spi-builder-workspace/Sources/FocusEntity/FocusEntity.swift:242:39: error: incorrect argument labels in call (have '_:planeChanged:oldPlane:', expected '_:trackingUpdated:oldState:')
240 |                 return
241 |             }
242 |             self.delegate?.focusEntity(self, planeChanged: currentPlaneAnchor, oldPlane: oldValue)
    |                                       `- error: incorrect argument labels in call (have '_:planeChanged:oldPlane:', expected '_:trackingUpdated:oldState:')
243 |         }
244 |     }
/Users/admin/builder/spi-builder-workspace/Sources/FocusEntity/FocusEntity.swift:247:48: error: cannot find type 'ARPlaneAnchor' in scope
245 |
246 |     /// The focus square's most recent alignments.
247 |     internal var recentFocusEntityAlignments: [ARPlaneAnchor.Alignment] = []
    |                                                `- error: cannot find type 'ARPlaneAnchor' in scope
248 |     /// Previously visited plane anchors.
249 |     internal var anchorsOfVisitedPlanes: Set<ARAnchor> = []
/Users/admin/builder/spi-builder-workspace/Sources/FocusEntity/FocusEntity.swift:249:46: error: cannot find type 'ARAnchor' in scope
247 |     internal var recentFocusEntityAlignments: [ARPlaneAnchor.Alignment] = []
248 |     /// Previously visited plane anchors.
249 |     internal var anchorsOfVisitedPlanes: Set<ARAnchor> = []
    |                                              `- error: cannot find type 'ARAnchor' in scope
250 |     #endif
251 |     /// The focus square's most recent positions.
/Users/admin/builder/spi-builder-workspace/Sources/FocusEntity/FocusEntity.swift:333:53: error: cannot find type 'ARRaycastResult' in scope
331 |     #if canImport(ARKit)
332 |     /// Called when a surface has been detected.
333 |     private func displayOffPlane(for raycastResult: ARRaycastResult) {
    |                                                     `- error: cannot find type 'ARRaycastResult' in scope
334 |         self.stateChangedSetup()
335 |         let position = raycastResult.worldTransform.translation
/Users/admin/builder/spi-builder-workspace/Sources/FocusEntity/FocusEntityComponent.swift:15:9: warning: cannot use class 'NSColor' in a property declaration member of a type not marked '@_implementationOnly'; 'AppKit' was not imported by this file
 13 |
 14 | internal struct ClassicStyle {
 15 |     var color: Material.Color
    |         `- warning: cannot use class 'NSColor' in a property declaration member of a type not marked '@_implementationOnly'; 'AppKit' was not imported by this file
 16 | }
 17 |
/Applications/Xcode-27.0.0-Release.Candidate.app/Contents/Developer/Platforms/MacOSX.platform/Developer/SDKs/MacOSX27.0.sdk/System/Library/Frameworks/AppKit.framework/Headers/NSColor.h:77:12: note: class declared here
 75 |
 76 | NS_SWIFT_SENDABLE
 77 | @interface NSColor : NSObject <NSCopying, NSSecureCoding, NSPasteboardReading, NSPasteboardWriting>
    |            `- note: class declared here
 78 |
 79 | - (instancetype)init NS_DESIGNATED_INITIALIZER;
/Users/admin/builder/spi-builder-workspace/Sources/FocusEntity/FocusEntityComponent.swift:71:38: error: could not infer type of color literal
 69 |
 70 |     /// Default color of FocusEntity
 71 |     public static let defaultColor = #colorLiteral(red: 1, green: 0.8, blue: 0, alpha: 1)
    |                                      |- error: could not infer type of color literal
    |                                      `- note: import AppKit to use 'NSColor' as the default color literal type
 72 |     /// Default style of FocusEntity, using the FocusEntityComponent.Style.classic with the color FocusEntityComponent.defaultColor.
 73 |     public static let classic = FocusEntityComponent(style: .classic(color: FocusEntityComponent.defaultColor))
/Users/admin/builder/spi-builder-workspace/Sources/FocusEntity/FocusEntityComponent.swift:34:14: warning: cannot use class 'NSColor' in an associated value of a public or '@usableFromInline' enum; 'AppKit' was not imported by this file
 32 |         /// Default style of FocusEntity. Box that's open when not on a plane, closed when on one.
 33 |         /// - color: Color of the FocusEntity lines, default: `FocusEntityComponent.defaultColor`
 34 |         case classic(color: Material.Color = FocusEntityComponent.defaultColor)
    |              `- warning: cannot use class 'NSColor' in an associated value of a public or '@usableFromInline' enum; 'AppKit' was not imported by this file
 35 |         /// Style that changes based on state of the FocusEntity
 36 |         /// - onColor: Color when FocusEntity is tracking on a known surface.
/Applications/Xcode-27.0.0-Release.Candidate.app/Contents/Developer/Platforms/MacOSX.platform/Developer/SDKs/MacOSX27.0.sdk/System/Library/Frameworks/AppKit.framework/Headers/NSColor.h:77:12: note: class declared here
 75 |
 76 | NS_SWIFT_SENDABLE
 77 | @interface NSColor : NSObject <NSCopying, NSSecureCoding, NSPasteboardReading, NSPasteboardWriting>
    |            `- note: class declared here
 78 |
 79 | - (instancetype)init NS_DESIGNATED_INITIALIZER;
Failed frontend command:
/Applications/Xcode-27.0.0-Release.Candidate.app/Contents/Developer/Toolchains/XcodeDefault.xctoolchain/usr/bin/swift-frontend -frontend -emit-module -experimental-skip-non-inlinable-function-bodies-without-types /Users/admin/builder/spi-builder-workspace/Sources/FocusEntity/FocusEntity+Alignment.swift /Users/admin/builder/spi-builder-workspace/Sources/FocusEntity/FocusEntity+Classic.swift /Users/admin/builder/spi-builder-workspace/Sources/FocusEntity/FocusEntity+Colored.swift /Users/admin/builder/spi-builder-workspace/Sources/FocusEntity/FocusEntity+Segment.swift /Users/admin/builder/spi-builder-workspace/Sources/FocusEntity/FocusEntity.swift /Users/admin/builder/spi-builder-workspace/Sources/FocusEntity/FocusEntityComponent.swift /Users/admin/builder/spi-builder-workspace/Sources/FocusEntity/float4x4+Extension.swift -target arm64-apple-macos12.0 -module-can-import-version ARKit 781.0.5.0 1.0.0 -module-can-import-version RealityKit 453.1.1 0 -disable-cross-import-overlay-search -swift-module-cross-import ARKit /Applications/Xcode-27.0.0-Release.Candidate.app/Contents/Developer/Platforms/MacOSX.platform/Developer/SDKs/MacOSX.sdk/System/Library/Frameworks/ARKit.framework/Modules/ARKit.swiftcrossimport/SwiftUI.swiftoverlay -swift-module-cross-import RealityKit /Applications/Xcode-27.0.0-Release.Candidate.app/Contents/Developer/Platforms/MacOSX.platform/Developer/SDKs/MacOSX27.0.sdk/System/Library/Frameworks/RealityKit.framework/Modules/RealityKit.swiftcrossimport/ComputeGraph.swiftoverlay -swift-module-cross-import RealityKit /Applications/Xcode-27.0.0-Release.Candidate.app/Contents/Developer/Platforms/MacOSX.platform/Developer/SDKs/MacOSX27.0.sdk/System/Library/Frameworks/RealityKit.framework/Modules/RealityKit.swiftcrossimport/SwiftUI.swiftoverlay -load-resolved-plugin /Applications/Xcode-27.0.0-Release.Candidate.app/Contents/Developer/Platforms/MacOSX.platform/Developer/usr/lib/swift/host/plugins/libFoundationMacros.dylib\#/Applications/Xcode-27.0.0-Release.Candidate.app/Contents/Developer/Platforms/MacOSX.platform/Developer/usr/bin/swift-plugin-server\#FoundationMacros -load-resolved-plugin /Applications/Xcode-27.0.0-Release.Candidate.app/Contents/Developer/Platforms/MacOSX.platform/Developer/usr/lib/swift/host/plugins/libObservationMacros.dylib\#/Applications/Xcode-27.0.0-Release.Candidate.app/Contents/Developer/Platforms/MacOSX.platform/Developer/usr/bin/swift-plugin-server\#ObservationMacros -load-resolved-plugin /Applications/Xcode-27.0.0-Release.Candidate.app/Contents/Developer/Platforms/MacOSX.platform/Developer/usr/lib/swift/host/plugins/libPreviewsMacros.dylib\#/Applications/Xcode-27.0.0-Release.Candidate.app/Contents/Developer/Platforms/MacOSX.platform/Developer/usr/bin/swift-plugin-server\#PreviewsMacros -load-resolved-plugin /Applications/Xcode-27.0.0-Release.Candidate.app/Contents/Developer/Platforms/MacOSX.platform/Developer/usr/lib/swift/host/plugins/libSwiftMacros.dylib\#/Applications/Xcode-27.0.0-Release.Candidate.app/Contents/Developer/Platforms/MacOSX.platform/Developer/usr/bin/swift-plugin-server\#SwiftMacros -load-resolved-plugin /Applications/Xcode-27.0.0-Release.Candidate.app/Contents/Developer/Platforms/MacOSX.platform/Developer/usr/lib/swift/host/plugins/libSwiftUIMacros.dylib\#/Applications/Xcode-27.0.0-Release.Candidate.app/Contents/Developer/Platforms/MacOSX.platform/Developer/usr/bin/swift-plugin-server\#SwiftUIMacros -disable-implicit-swift-modules -Xcc -fno-implicit-modules -Xcc -fno-implicit-module-maps -explicit-swift-module-map-file /Users/admin/builder/spi-builder-workspace/.derivedData/Build/Intermediates.noindex/FocusEntity.build/Debug/FocusEntity-t.build/Objects-normal/arm64/FocusEntity-dependencies-1.json -Xllvm -aarch64-use-tbi -enable-objc-interop -stack-check -sdk /Applications/Xcode-27.0.0-Release.Candidate.app/Contents/Developer/Platforms/MacOSX.platform/Developer/SDKs/MacOSX27.0.sdk -I /Users/admin/builder/spi-builder-workspace/.derivedData/Build/Products/Debug -Isystem /Applications/Xcode-27.0.0-Release.Candidate.app/Contents/Developer/Platforms/MacOSX.platform/Developer/usr/lib -F /Users/admin/builder/spi-builder-workspace/.derivedData/Build/Products/Debug -F /Applications/Xcode-27.0.0-Release.Candidate.app/Contents/Developer/Platforms/MacOSX.platform/Developer/Library/Frameworks -module-cache-path /Users/admin/builder/spi-builder-workspace/.derivedData/Build/Intermediates.noindex/SwiftExplicitPrecompiledModules -no-color-diagnostics -Xcc -fno-color-diagnostics -enable-testing -g -debug-info-format\=dwarf -dwarf-version\=4 -swift-version 5 -Onone -D SWIFT_PACKAGE -D DEBUG -D SWIFT_MODULE_RESOURCE_BUNDLE_UNAVAILABLE -D Xcode -serialize-debugging-options -enable-experimental-feature DebugDescriptionMacro -empty-abi-descriptor -validate-clang-modules-once -clang-build-session-file /Users/admin/builder/spi-builder-workspace/.derivedData/ModuleCache.noindex/Session.modulevalidation -Xcc -working-directory -Xcc /Users/admin/builder/spi-builder-workspace/.swiftpm/xcode -enable-anonymous-context-mangled-names -file-compilation-dir /Users/admin/builder/spi-builder-workspace/.swiftpm/xcode -Xcc -D_LIBCPP_HARDENING_MODE\=_LIBCPP_HARDENING_MODE_DEBUG -Xcc -ivfsstatcache -Xcc /Users/admin/builder/spi-builder-workspace/.derivedData/SDKStatCaches.noindex/macosx27.0-26A425-e829b21a6f8c9b70876ba0858053c0446a22442a12e9d48fe1a705f55a1adfc4.sdkstatcache -Xcc -fmodules-prune-interval\=86400 -Xcc -fmodules-prune-after\=345600 -Xcc -I/Users/admin/builder/spi-builder-workspace/.derivedData/Build/Products/Debug/include -Xcc -I/Users/admin/builder/spi-builder-workspace/.derivedData/Build/Intermediates.noindex/FocusEntity.build/Debug/FocusEntity-t.build/DerivedSources-normal/arm64 -Xcc -I/Users/admin/builder/spi-builder-workspace/.derivedData/Build/Intermediates.noindex/FocusEntity.build/Debug/FocusEntity-t.build/DerivedSources/arm64 -Xcc -I/Users/admin/builder/spi-builder-workspace/.derivedData/Build/Intermediates.noindex/FocusEntity.build/Debug/FocusEntity-t.build/DerivedSources -Xcc -DSWIFT_PACKAGE -Xcc -DDEBUG\=1 -no-auto-bridging-header-chaining -module-name FocusEntity -const-gather-protocols-file /Users/admin/builder/spi-builder-workspace/.derivedData/Build/Intermediates.noindex/FocusEntity.build/Debug/FocusEntity-t.build/Objects-normal/arm64/FocusEntity_const_extract_protocols.json -disable-clang-spi -clang-target arm64-apple-macos27.0 -target-sdk-version 27.0 -target-sdk-name macosx27.0 -in-process-plugin-server-path /Applications/Xcode-27.0.0-Release.Candidate.app/Contents/Developer/Toolchains/XcodeDefault.xctoolchain/usr/lib/swift/host/libSwiftInProcPluginServer.dylib -emit-module-doc-path /Users/admin/builder/spi-builder-workspace/.derivedData/Build/Intermediates.noindex/FocusEntity.build/Debug/FocusEntity-t.build/Objects-normal/arm64/FocusEntity.swiftdoc -emit-module-source-info-path /Users/admin/builder/spi-builder-workspace/.derivedData/Build/Intermediates.noindex/FocusEntity.build/Debug/FocusEntity-t.build/Objects-normal/arm64/FocusEntity.swiftsourceinfo -emit-objc-header-path /Users/admin/builder/spi-builder-workspace/.derivedData/Build/Intermediates.noindex/FocusEntity.build/Debug/FocusEntity-t.build/Objects-normal/arm64/FocusEntity-Swift.h -serialize-diagnostics-path /Users/admin/builder/spi-builder-workspace/.derivedData/Build/Intermediates.noindex/FocusEntity.build/Debug/FocusEntity-t.build/Objects-normal/arm64/FocusEntity-primary-emit-module.dia -emit-dependencies-path /Users/admin/builder/spi-builder-workspace/.derivedData/Build/Intermediates.noindex/FocusEntity.build/Debug/FocusEntity-t.build/Objects-normal/arm64/FocusEntity-primary-emit-module.d -parse-as-library -o /Users/admin/builder/spi-builder-workspace/.derivedData/Build/Intermediates.noindex/FocusEntity.build/Debug/FocusEntity-t.build/Objects-normal/arm64/FocusEntity.swiftmodule -emit-abi-descriptor-path /Users/admin/builder/spi-builder-workspace/.derivedData/Build/Intermediates.noindex/FocusEntity.build/Debug/FocusEntity-t.build/Objects-normal/arm64/FocusEntity.abi.json
SwiftCompile normal arm64 (in target 'FocusEntity' from project 'FocusEntity')
    cd /Users/admin/builder/spi-builder-workspace/.swiftpm/xcode

SwiftCompile normal arm64 Compiling\ FocusEntityComponent.swift /Users/admin/builder/spi-builder-workspace/Sources/FocusEntity/FocusEntityComponent.swift (in target 'FocusEntity' from project 'FocusEntity')
/Users/admin/builder/spi-builder-workspace/Sources/FocusEntity/FocusEntityComponent.swift:15:9: warning: cannot use class 'NSColor' in a property declaration member of a type not marked '@_implementationOnly'; 'AppKit' was not imported by this file
 13 |
 14 | internal struct ClassicStyle {
 15 |     var color: Material.Color
    |         `- warning: cannot use class 'NSColor' in a property declaration member of a type not marked '@_implementationOnly'; 'AppKit' was not imported by this file
 16 | }
 17 |
/Applications/Xcode-27.0.0-Release.Candidate.app/Contents/Developer/Platforms/MacOSX.platform/Developer/SDKs/MacOSX27.0.sdk/System/Library/Frameworks/AppKit.framework/Headers/NSColor.h:77:12: note: class declared here
 75 |
 76 | NS_SWIFT_SENDABLE
 77 | @interface NSColor : NSObject <NSCopying, NSSecureCoding, NSPasteboardReading, NSPasteboardWriting>
    |            `- note: class declared here
 78 |
 79 | - (instancetype)init NS_DESIGNATED_INITIALIZER;
/Users/admin/builder/spi-builder-workspace/Sources/FocusEntity/FocusEntityComponent.swift:71:38: error: could not infer type of color literal
 69 |
 70 |     /// Default color of FocusEntity
 71 |     public static let defaultColor = #colorLiteral(red: 1, green: 0.8, blue: 0, alpha: 1)
    |                                      |- error: could not infer type of color literal
    |                                      `- note: import AppKit to use 'NSColor' as the default color literal type
 72 |     /// Default style of FocusEntity, using the FocusEntityComponent.Style.classic with the color FocusEntityComponent.defaultColor.
 73 |     public static let classic = FocusEntityComponent(style: .classic(color: FocusEntityComponent.defaultColor))
SwiftCompile normal arm64 /Users/admin/builder/spi-builder-workspace/Sources/FocusEntity/FocusEntityComponent.swift (in target 'FocusEntity' from project 'FocusEntity')
    cd /Users/admin/builder/spi-builder-workspace/.swiftpm/xcode
    builtin-SwiftPerFileCompile FocusEntityComponent.swift
PruneExplicitPrecompiledModules /Users/admin/builder/spi-builder-workspace/.derivedData/Build/Intermediates.noindex/ExplicitPrecompiledModules
PruneExplicitPrecompiledModules /Users/admin/builder/spi-builder-workspace/.derivedData/Build/Intermediates.noindex/SwiftExplicitPrecompiledModules
PruneExplicitPrecompiledModules /Users/admin/builder/spi-builder-workspace/.derivedData/SDKExplicitPrecompiledModules
2026-09-22 09:10:17.481 xcodebuild[785:4778] [MT] IDERunDestination: Supported platforms for the buildables in the current scheme is empty.
--- xcodebuild: WARNING: Using the first of multiple matching destinations:
{ platform:macOS, arch:arm64, id:af9768f96df4f2c4fff251d073a6445e7ca74bf1, name:My Mac }
{ platform:macOS, arch:arm64, variant:Mac Catalyst, id:af9768f96df4f2c4fff251d073a6445e7ca74bf1, name:My Mac }
{ platform:macOS, arch:arm64, variant:DriverKit, id:af9768f96df4f2c4fff251d073a6445e7ca74bf1, name:My Mac }
{ platform:macOS, arch:arm64, variant:Designed for [iPad,iPhone], id:af9768f96df4f2c4fff251d073a6445e7ca74bf1, name:My Mac }
** BUILD FAILED **
The following build commands failed:
	SwiftEmitModule normal arm64 Emitting\ module\ for\ FocusEntity (in target 'FocusEntity' from project 'FocusEntity')
	SwiftCompile normal arm64 (in target 'FocusEntity' from project 'FocusEntity')
	Building workspace FocusEntity with scheme FocusEntity
(3 failures)
BUILD FAILURE 6.4 macosXcodebuild