The Swift Package Index logo.Swift Package Index

Build Information

Failed to build MapplsMap, reference main (51a5b7), with Swift 6.4 for iOS using Xcode 27.0 on 26 Sep 2026 01:32:51 UTC.

Build Command

No build command. This typically means the build failed at an early stage where we determine the build command.

Build Log

========================================
RunAll
========================================
Builder version: 5.1.0
Interrupt handler set up.
========================================
Checkout
========================================
Clone URL: https://github.com/mappls-api/mappls-map-ios-distribution.git
Reference: main
Initialized empty Git repository in /Users/admin/builder/spi-builder-workspace/.git/
From https://github.com/mappls-api/mappls-map-ios-distribution
 * branch            main       -> FETCH_HEAD
 * [new branch]      main       -> origin/main
HEAD is now at 51a5b77 Released 6.1.5
Cloned https://github.com/mappls-api/mappls-map-ios-distribution.git
Revision (git rev-parse @):
51a5b77c788595b272afb9a4e83a4283c36f4f04
SUCCESS checkout https://github.com/mappls-api/mappls-map-ios-distribution.git at main
========================================
Build
========================================
Selected platform:         iOS
Swift version:             6.4
Building package at path:  $PWD
https://github.com/mappls-api/mappls-map-ios-distribution.git
Command line invocation:
    /Applications/Xcode-27.0.0-Release.Candidate.app/Contents/Developer/usr/bin/xcodebuild -IDEClonedSourcePackagesDirPathOverride=/Users/admin/builder/spi-builder-workspace/.dependencies -resolvePackageDependencies
Resolve Package Graph
Fetching from https://github.com/mappls-api/mappls-api-core-ios-distribution.git
Fetching from https://github.com/mappls-api/mappls-api-kit-ios-distribution.git
Creating working copy of package ‘mappls-api-core-ios-distribution’
Checking out 2.1.4 of package ‘mappls-api-core-ios-distribution’
Creating working copy of package ‘mappls-api-kit-ios-distribution’
Checking out 3.0.8 of package ‘mappls-api-kit-ios-distribution’
checksum of downloaded artifact of binary target 'MapplsAPIKit' (a26c22b90dbdb7c6d7633e5bca97df3aae4a29f11c2494279e891527392d92ce) does not match checksum specified by the manifest (ab4d2a4b2d584b3ac8f2a6dd805ed1a3bc2aa7e2f0c319fad805ef4399d0c2a8)fatalErrorResolve Package Graph
checksum of downloaded artifact of binary target 'MapplsAPIKit' (a26c22b90dbdb7c6d7633e5bca97df3aae4a29f11c2494279e891527392d92ce) does not match checksum specified by the manifest (ab4d2a4b2d584b3ac8f2a6dd805ed1a3bc2aa7e2f0c319fad805ef4399d0c2a8)fatalError
Resolved source packages:
  spi-builder-workspace: (null)
2026-09-25 21:32:49.659 xcodebuild[524:3003] Writing error result bundle to /var/folders/xq/y_g06wb113726d38xsyx71_h0000gn/T/ResultBundle_2026-25-09_21-32-0049.xcresult
xcodebuild: error: Could not resolve package dependencies:
  checksum of downloaded artifact of binary target 'MapplsAPIKit' (a26c22b90dbdb7c6d7633e5bca97df3aae4a29f11c2494279e891527392d92ce) does not match checksum specified by the manifest (ab4d2a4b2d584b3ac8f2a6dd805ed1a3bc2aa7e2f0c319fad805ef4399d0c2a8)
  fatalError
Command line invocation:
    /Applications/Xcode-27.0.0-Release.Candidate.app/Contents/Developer/usr/bin/xcodebuild -IDEClonedSourcePackagesDirPathOverride=/Users/admin/builder/spi-builder-workspace/.dependencies -resolvePackageDependencies
Resolve Package Graph
checksum of downloaded artifact of binary target 'MapplsAPIKit' (a26c22b90dbdb7c6d7633e5bca97df3aae4a29f11c2494279e891527392d92ce) does not match checksum specified by the manifest (ab4d2a4b2d584b3ac8f2a6dd805ed1a3bc2aa7e2f0c319fad805ef4399d0c2a8)fatalError
Resolved source packages:
  spi-builder-workspace: (null)
2026-09-25 21:32:50.910 xcodebuild[705:4023] Writing error result bundle to /var/folders/xq/y_g06wb113726d38xsyx71_h0000gn/T/ResultBundle_2026-25-09_21-32-0050.xcresult
xcodebuild: error: Could not resolve package dependencies:
  checksum of downloaded artifact of binary target 'MapplsAPIKit' (a26c22b90dbdb7c6d7633e5bca97df3aae4a29f11c2494279e891527392d92ce) does not match checksum specified by the manifest (ab4d2a4b2d584b3ac8f2a6dd805ed1a3bc2aa7e2f0c319fad805ef4399d0c2a8)
  fatalError
BUILD FAILURE 6.4 iOS