The Swift Package Index logo.Swift Package Index

Build Information

Failed to build JudoKit_iOS, reference v6.6.0 (9db668), with Swift 6.1 for Wasm on 29 Sep 2026 11:01:49 UTC.

Build Command

bash -c docker run --pull=always --rm -v "checkouts-54344845-3":/host -w "$PWD" -e JAVA_HOME="/root/.sdkman/candidates/java/current" -e SPI_BUILD="1" -e SPI_PROCESSING="1" registry.gitlab.com/saguaro1/spi-images:wasm-6.1-latest swift build --swift-sdk wasm32-unknown-wasi 2>&1

Build Log

========================================
RunAll
========================================
Builder version: 5.1.0
Interrupt handler set up.
========================================
Checkout
========================================
Clone URL: https://github.com/Judopay/JudoKit-iOS.git
Reference: v6.6.0
Initialized empty Git repository in /host/spi-builder-workspace/.git/
hint: Using 'master' as the name for the initial branch. This default branch name
hint: is subject to change. To configure the initial branch name to use in all
hint: of your new repositories, which will suppress this warning, call:
hint:
hint: 	git config --global init.defaultBranch <name>
hint:
hint: Names commonly chosen instead of 'master' are 'main', 'trunk' and
hint: 'development'. The just-created branch can be renamed via this command:
hint:
hint: 	git branch -m <name>
From https://github.com/Judopay/JudoKit-iOS
 * tag               v6.6.0     -> FETCH_HEAD
HEAD is now at 9db6681 Automatic updates of 3DS2 DS certificates (#350)
Cloned https://github.com/Judopay/JudoKit-iOS.git
Revision (git rev-parse @):
9db66816a60258079d534944802ed67a04506f86
SUCCESS checkout https://github.com/Judopay/JudoKit-iOS.git at v6.6.0
========================================
Build
========================================
Selected platform:         wasm
Swift version:             6.1
Building package at path:  $PWD
https://github.com/Judopay/JudoKit-iOS.git
https://github.com/Judopay/JudoKit-iOS.git
WARNING: environment variable SUPPRESS_SWIFT_6_FLAGS is not set
Running build ...
bash -c docker run --pull=always --rm -v "checkouts-54344845-3":/host -w "$PWD" -e JAVA_HOME="/root/.sdkman/candidates/java/current" -e SPI_BUILD="1" -e SPI_PROCESSING="1" registry.gitlab.com/saguaro1/spi-images:wasm-6.1-latest swift build --swift-sdk wasm32-unknown-wasi -Xswiftc -Xfrontend -Xswiftc -stats-output-dir -Xswiftc -Xfrontend -Xswiftc .stats -Xswiftc -strict-concurrency=complete -Xswiftc -enable-upcoming-feature -Xswiftc StrictConcurrency -Xswiftc -enable-upcoming-feature -Xswiftc DisableOutwardActorInference -Xswiftc -enable-upcoming-feature -Xswiftc GlobalActorIsolatedTypesUsability -Xswiftc -enable-upcoming-feature -Xswiftc InferSendableFromCaptures 2>&1
wasm-6.1-latest: Pulling from saguaro1/spi-images
Digest: sha256:beceeede496da67681f4fa220a6b97cc098a0178841a413735f598dc6bbaf4c8
Status: Image is up to date for registry.gitlab.com/saguaro1/spi-images:wasm-6.1-latest
Fetching https://github.com/Judopay/Judo3DS2-iOS
Fetching https://github.com/unravelin/ravelin-encrypt-ios-xcframework-distribution
Fetching https://github.com/datatheorem/TrustKit
[1/7111] Fetching trustkit
[7112/7603] Fetching trustkit, judo3ds2-ios
[7414/7740] Fetching trustkit, judo3ds2-ios, ravelin-encrypt-ios-xcframework-distribution
Fetched https://github.com/Judopay/Judo3DS2-iOS from cache (1.31s)
[7233/7248] Fetching trustkit, ravelin-encrypt-ios-xcframework-distribution
Fetched https://github.com/datatheorem/TrustKit from cache (1.57s)
Fetched https://github.com/unravelin/ravelin-encrypt-ios-xcframework-distribution from cache (1.57s)
Computing version for https://github.com/unravelin/ravelin-encrypt-ios-xcframework-distribution
Computed https://github.com/unravelin/ravelin-encrypt-ios-xcframework-distribution at 1.1.2 (2.02s)
Computing version for https://github.com/datatheorem/TrustKit
Computed https://github.com/datatheorem/TrustKit at 3.0.7 (0.25s)
Computing version for https://github.com/Judopay/Judo3DS2-iOS
Computed https://github.com/Judopay/Judo3DS2-iOS at 2.0.0 (0.25s)
Creating working copy for https://github.com/datatheorem/TrustKit
Working copy of https://github.com/datatheorem/TrustKit resolved at 3.0.7
Creating working copy for https://github.com/Judopay/Judo3DS2-iOS
Working copy of https://github.com/Judopay/Judo3DS2-iOS resolved at 2.0.0
Creating working copy for https://github.com/unravelin/ravelin-encrypt-ios-xcframework-distribution
Working copy of https://github.com/unravelin/ravelin-encrypt-ios-xcframework-distribution resolved at 1.1.2
Building for debugging...
[0/211] Copying card-mastercard.png
[1/211] Copying card-discover.png
[1/211] Copying card-maestro.png
[2/211] Copying error-icon.png
[2/211] Copying card-jcb.png
[2/211] Copying scan-card.png
[2/211] Copying disclosure-icon.png
[7/211] Copying radio-off.png
[7/211] Copying radio-on.png
[7/211] Copying pattern-waves.png
[7/211] Copying pattern-triangles.png
[8/211] Copying pattern-lines.png
[12/211] Copying lock-icon.png
[13/211] Copying judo-headline.png
[14/211] Copying gradient-background.png
[15/211] Copying flash.png
[16/211] Copying Localizable.strings
[16/211] Copying no-cards.png
[18/211] Copying Localizable.strings
[19/211] Copying countries-list.json
[19/211] Copying checkmark-icon.png
[22/211] Copying cards-pay-icon.png
[23/211] Copying card-visa-white.png
[24/211] Copying card-unionpay.png
[25/211] Copying card-diners.png
[26/211] Copying card-amex.png
[26/211] Copying apple-pay-icon.png
[28/211] Copying back-icon.png
[28/211] Copying Info.plist
[29/211] Copying card-visa.png
[30/211] Copying PrivacyInfo.xcprivacy
[32/211] Copying pattern-erratic.png
[33/211] Copying plus-icon.png
[34/211] Copying pattern-bubbles.png
In file included from <built-in>:1:
/host/spi-builder-workspace/.build/wasm32-unknown-wasi/debug/JudoKit_iOS.build/DerivedSources/resource_bundle_accessor.h:2:9: fatal error: 'Foundation/Foundation.h' file not found
    2 | #import <Foundation/Foundation.h>
      |         ^~~~~~~~~~~~~~~~~~~~~~~~~
1 error generated.
[35/211] Compiling JudoKit_iOS resource_bundle_accessor.m
In file included from <built-in>:1:
/host/spi-builder-workspace/.build/wasm32-unknown-wasi/debug/JudoKit_iOS.build/DerivedSources/resource_bundle_accessor.h:2:9: fatal error: 'Foundation/Foundation.h' file not found
    2 | #import <Foundation/Foundation.h>
      |         ^~~~~~~~~~~~~~~~~~~~~~~~~
1 error generated.
[35/211] Compiling JPLoadingView.m
In file included from <built-in>:1:
/host/spi-builder-workspace/.build/wasm32-unknown-wasi/debug/JudoKit_iOS.build/DerivedSources/resource_bundle_accessor.h:2:9: fatal error: 'Foundation/Foundation.h' file not found
    2 | #import <Foundation/Foundation.h>
      |         ^~~~~~~~~~~~~~~~~~~~~~~~~
1 error generated.
[35/211] Compiling JPTextInputLayout.m
In file included from <built-in>:1:
/host/spi-builder-workspace/.build/wasm32-unknown-wasi/debug/JudoKit_iOS.build/DerivedSources/resource_bundle_accessor.h:2:9: fatal error: 'Foundation/Foundation.h' file not found
    2 | #import <Foundation/Foundation.h>
      |         ^~~~~~~~~~~~~~~~~~~~~~~~~
1 error generated.
[35/211] Compiling JPRoundedCornerView.m
[35/211] Compiling JPSectionView.m
In file included from <built-in>:1:
/host/spi-builder-workspace/.build/wasm32-unknown-wasi/debug/JudoKit_iOS.build/DerivedSources/resource_bundle_accessor.h:2:9: fatal error: 'Foundation/Foundation.h' file not found
    2 | #import <Foundation/Foundation.h>
      |         ^~~~~~~~~~~~~~~~~~~~~~~~~
[35/211] Compiling JPLoadingButton.m
[35/211] Compiling JPTransactionScanCardButton.m
In file included from <built-in>:1:
/host/spi-builder-workspace/.build/wasm32-unknown-wasi/debug/JudoKit_iOS.build/DerivedSources/resource_bundle_accessor.h:2:9: fatal error: 'Foundation/Foundation.h' file not found
    2 | #import <Foundation/Foundation.h>
      |         ^~~~~~~~~~~~~~~~~~~~~~~~~
[35/211] Compiling JPInputField.m
Running build ...
bash -c docker run --pull=always --rm -v "checkouts-54344845-3":/host -w "$PWD" -e JAVA_HOME="/root/.sdkman/candidates/java/current" -e SPI_BUILD="1" -e SPI_PROCESSING="1" registry.gitlab.com/saguaro1/spi-images:wasm-6.1-latest swift build --swift-sdk wasm32-unknown-wasi 2>&1
wasm-6.1-latest: Pulling from saguaro1/spi-images
Digest: sha256:beceeede496da67681f4fa220a6b97cc098a0178841a413735f598dc6bbaf4c8
Status: Image is up to date for registry.gitlab.com/saguaro1/spi-images:wasm-6.1-latest
[0/1] Planning build
Building for debugging...
In file included from <built-in>:1:
/host/spi-builder-workspace/.build/wasm32-unknown-wasi/debug/JudoKit_iOS.build/DerivedSources/resource_bundle_accessor.h:2:9: fatal error: 'Foundation/Foundation.h' file not found
    2 | #import <Foundation/Foundation.h>
      |         ^~~~~~~~~~~~~~~~~~~~~~~~~
1 error generated.
[0/176] Compiling JudoKit_iOS resource_bundle_accessor.m
In file included from <built-in>:1:
/host/spi-builder-workspace/.build/wasm32-unknown-wasi/debug/JudoKit_iOS.build/DerivedSources/resource_bundle_accessor.h:2:9: fatal error: 'Foundation/Foundation.h' file not found
    2 | #import <Foundation/Foundation.h>
      |         ^~~~~~~~~~~~~~~~~~~~~~~~~
1 error generated.
[0/176] Compiling JPRoundedCornerView.m
In file included from <built-in>:1:
/host/spi-builder-workspace/.build/wasm32-unknown-wasi/debug/JudoKit_iOS.build/DerivedSources/resource_bundle_accessor.h:2:9: fatal error: 'Foundation/Foundation.h' file not found
    2 | #import <Foundation/Foundation.h>
      |         ^~~~~~~~~~~~~~~~~~~~~~~~~
1 error generated.
[0/176] Compiling JPLoadingButton.m
In file included from <built-in>:1:
/host/spi-builder-workspace/.build/wasm32-unknown-wasi/debug/JudoKit_iOS.build/DerivedSources/resource_bundle_accessor.h:2:9: fatal error: 'Foundation/Foundation.h' file not found
    2 | #import <Foundation/Foundation.h>
      |         ^~~~~~~~~~~~~~~~~~~~~~~~~
1 error generated.
[0/176] Compiling JPTransactionScanCardButton.m
In file included from <built-in>:1:
/host/spi-builder-workspace/.build/wasm32-unknown-wasi/debug/JudoKit_iOS.build/DerivedSources/resource_bundle_accessor.h:2:9: fatal error: 'Foundation/Foundation.h' file not found
    2 | #import <Foundation/Foundation.h>
      |         ^~~~~~~~~~~~~~~~~~~~~~~~~
[0/176] Compiling JPInputField.m
In file included from <built-in>:1:
/host/spi-builder-workspace/.build/wasm32-unknown-wasi/debug/JudoKit_iOS.build/DerivedSources/resource_bundle_accessor.h:2:9: fatal error: 'Foundation/Foundation.h' file not found
    2 | #import <Foundation/Foundation.h>
      |         ^~~~~~~~~~~~~~~~~~~~~~~~~
[0/176] Compiling JPTextInputLayout.m
In file included from <built-in>:1:
/host/spi-builder-workspace/.build/wasm32-unknown-wasi/debug/JudoKit_iOS.build/DerivedSources/resource_bundle_accessor.h:2:9: fatal error: 'Foundation/Foundation.h' file not found
    2 | #import <Foundation/Foundation.h>
      |         ^~~~~~~~~~~~~~~~~~~~~~~~~
[0/176] Compiling JPSectionView.m
In file included from <built-in>:1:
/host/spi-builder-workspace/.build/wasm32-unknown-wasi/debug/JudoKit_iOS.build/DerivedSources/resource_bundle_accessor.h:2:9: fatal error: 'Foundation/Foundation.h' file not found
    2 | #import <Foundation/Foundation.h>
      |         ^~~~~~~~~~~~~~~~~~~~~~~~~
1 error generated.
[0/176] Compiling JPLoadingView.m
BUILD FAILURE 6.1 wasm