Build Information
Failed to build http-kit, reference main (3e49ea), with Swift 6.4 for visionOS using Xcode 27.0 on 17 Sep 2026 15:01:37 UTC.
Build Command
No build command. This typically means the build failed at an early stage where we determine the build command.Build Log
========================================
RunAll
========================================
Builder version: 5.1.0
Interrupt handler set up.
========================================
Checkout
========================================
Clone URL: https://github.com/vapor/http.git
Reference: main
Initialized empty Git repository in /Users/admin/builder/spi-builder-workspace/.git/
From https://github.com/vapor/http
* branch main -> FETCH_HEAD
* [new branch] main -> origin/main
HEAD is now at 3e49ea0 Specify host port when different from scheme default port (#358)
Cloned https://github.com/vapor/http.git
Revision (git rev-parse @):
3e49ea0b7c16ee0e0985babff9659d467d4f59fd
SUCCESS checkout https://github.com/vapor/http.git at main
========================================
Build
========================================
Selected platform: visionOS
Swift version: 6.4
Building package at path: $PWD
https://github.com/vapor/http.git
Command line invocation:
/Applications/Xcode-27.0.0-Release.Candidate.app/Contents/Developer/usr/bin/xcodebuild -IDEClonedSourcePackagesDirPathOverride=/Users/admin/builder/spi-builder-workspace/.dependencies -resolvePackageDependencies
Resolve Package Graph
Fetching from https://github.com/apple/swift-log.git
could not find a branch named ‘master’ in https://github.com/apple/swift-log.git (did you mean ‘main’?)Resolve Package Graph
Updating from https://github.com/apple/swift-log.git
could not find a branch named ‘master’ in https://github.com/apple/swift-log.git (did you mean ‘main’?)Resolve Package Graph
Updating from https://github.com/apple/swift-log.git
could not find a branch named ‘master’ in https://github.com/apple/swift-log.git (did you mean ‘main’?)Resolve Package Graph
Updating from https://github.com/apple/swift-log.git
could not find a branch named ‘master’ in https://github.com/apple/swift-log.git (did you mean ‘main’?)
Resolved source packages:
spi-builder-workspace: (null)
2026-09-17 11:01:35.878 xcodebuild[524:3007] Writing error result bundle to /var/folders/xq/y_g06wb113726d38xsyx71_h0000gn/T/ResultBundle_2026-17-09_11-01-0035.xcresult
xcodebuild: error: Could not resolve package dependencies:
could not find a branch named ‘master’ in https://github.com/apple/swift-log.git (did you mean ‘main’?)
Command line invocation:
/Applications/Xcode-27.0.0-Release.Candidate.app/Contents/Developer/usr/bin/xcodebuild -IDEClonedSourcePackagesDirPathOverride=/Users/admin/builder/spi-builder-workspace/.dependencies -resolvePackageDependencies
Resolve Package Graph
Updating from https://github.com/apple/swift-log.git
could not find a branch named ‘master’ in https://github.com/apple/swift-log.git (did you mean ‘main’?)
Resolved source packages:
spi-builder-workspace: (null)
2026-09-17 11:01:37.768 xcodebuild[642:3789] Writing error result bundle to /var/folders/xq/y_g06wb113726d38xsyx71_h0000gn/T/ResultBundle_2026-17-09_11-01-0037.xcresult
xcodebuild: error: Could not resolve package dependencies:
could not find a branch named ‘master’ in https://github.com/apple/swift-log.git (did you mean ‘main’?)
BUILD FAILURE 6.4 visionOS