The Swift Package Index logo.Swift Package Index

Build Information

Failed to build STTextKitPlus, reference 0.3.1 (8117f3), with Swift 6.4 for watchOS using Xcode 27.0 on 28 Sep 2026 01:36:47 UTC.

Build Command

env DEVELOPER_DIR=/Applications/Xcode-27.0.0-Release.Candidate.app xcrun xcodebuild -IDEClonedSourcePackagesDirPathOverride=$PWD/.dependencies -skipMacroValidation -skipPackagePluginValidation -derivedDataPath $PWD/.derivedData build -scheme STTextKitPlus -destination generic/platform=watchOS

Build Log

========================================
RunAll
========================================
Builder version: 5.1.0
Interrupt handler set up.
========================================
Checkout
========================================
Clone URL: https://github.com/krzyzanowskim/STTextKitPlus.git
Reference: 0.3.1
Initialized empty Git repository in /Users/admin/builder/spi-builder-workspace/.git/
From https://github.com/krzyzanowskim/STTextKitPlus
 * tag               0.3.1      -> FETCH_HEAD
HEAD is now at 8117f3b Avoid forcing layout when hit-testing text fragments
Cloned https://github.com/krzyzanowskim/STTextKitPlus.git
Revision (git rev-parse @):
8117f3b6a20633e4ce92df102dd260b808ffc9bd
SUCCESS checkout https://github.com/krzyzanowskim/STTextKitPlus.git at 0.3.1
========================================
Build
========================================
Selected platform:         watchOS
Swift version:             6.4
Building package at path:  $PWD
https://github.com/krzyzanowskim/STTextKitPlus.git
Command line invocation:
    /Applications/Xcode-27.0.0-Release.Candidate.app/Contents/Developer/usr/bin/xcodebuild -IDEClonedSourcePackagesDirPathOverride=/Users/admin/builder/spi-builder-workspace/.dependencies -resolvePackageDependencies
Resolve Package Graph
Resolve Package Graph
Resolved source packages:
  STTextKitPlus: /Users/admin/builder/spi-builder-workspace
resolved source packages: STTextKitPlus
2026-09-27 21:35:58.918 xcodebuild[529:3042] [MT] IDERunDestination: Supported platforms for the buildables in the current scheme is empty.
{
  "dependencies" : [
  ],
  "manifest_display_name" : "STTextKitPlus",
  "name" : "STTextKitPlus",
  "path" : "/Users/admin/builder/spi-builder-workspace",
  "platforms" : [
    {
      "name" : "macos",
      "version" : "12.0"
    },
    {
      "name" : "maccatalyst",
      "version" : "15.0"
    },
    {
      "name" : "ios",
      "version" : "15.0"
    }
  ],
  "products" : [
    {
      "name" : "STTextKitPlus",
      "targets" : [
        "STTextKitPlus"
      ],
      "type" : {
        "library" : [
          "automatic"
        ]
      }
    }
  ],
  "targets" : [
    {
      "c99name" : "STTextKitPlusTests",
      "module_type" : "SwiftTarget",
      "name" : "STTextKitPlusTests",
      "path" : "Tests/STTextKitPlusTests",
      "sources" : [
        "NSTextLayoutFragmentTests.swift"
      ],
      "target_dependencies" : [
        "STTextKitPlus"
      ],
      "type" : "test"
    },
    {
      "c99name" : "STTextKitPlus",
      "module_type" : "SwiftTarget",
      "name" : "STTextKitPlus",
      "path" : "Sources/STTextKitPlus",
      "product_memberships" : [
        "STTextKitPlus"
      ],
      "sources" : [
        "NSRange.swift",
        "NSTextContentManager.swift",
        "NSTextLayoutFragment.swift",
        "NSTextLayoutManager.swift",
        "NSTextLineFragment.swift",
        "NSTextLocation+Equatable.swift",
        "NSTextRange.swift"
      ],
      "type" : "library"
    }
  ],
  "tools_version" : "5.7"
}
{
  "workspace" : {
    "name" : "STTextKitPlus",
    "schemes" : [
      "STTextKitPlus"
    ]
  }
}
2026-09-27 21:36:40.127 xcodebuild[647:4157] [MT] IDERunDestination: Supported platforms for the buildables in the current scheme is empty.
Running build ...
env DEVELOPER_DIR=/Applications/Xcode-27.0.0-Release.Candidate.app xcrun xcodebuild -IDEClonedSourcePackagesDirPathOverride=$PWD/.dependencies -skipMacroValidation -skipPackagePluginValidation -derivedDataPath $PWD/.derivedData build -scheme STTextKitPlus -destination generic/platform=watchOS
Command line invocation:
    /Applications/Xcode-27.0.0-Release.Candidate.app/Contents/Developer/usr/bin/xcodebuild -IDEClonedSourcePackagesDirPathOverride=/Users/admin/builder/spi-builder-workspace/.dependencies -skipMacroValidation -skipPackagePluginValidation -derivedDataPath /Users/admin/builder/spi-builder-workspace/.derivedData build -scheme STTextKitPlus -destination generic/platform=watchOS
Resolve Package Graph
Resolved source packages:
  STTextKitPlus: /Users/admin/builder/spi-builder-workspace
ComputePackagePrebuildTargetDependencyGraph
Prepare packages
CreateBuildRequest
SendProjectDescription
CreateBuildOperation
ComputeTargetDependencyGraph
note: Building targets in dependency order
note: Target dependency graph (2 targets)
    Target 'STTextKitPlus-product' in project 'STTextKitPlus'
        ➜ Explicit dependency on target 'STTextKitPlus' in project 'STTextKitPlus'
    Target 'STTextKitPlus' in project 'STTextKitPlus' (no dependencies)
GatherProvisioningInputs
CreateBuildDescription
ExecuteExternalTool /Applications/Xcode-27.0.0-Release.Candidate.app/Contents/Developer/Toolchains/XcodeDefault.xctoolchain/usr/bin/clang -v -E -dM -isysroot /Applications/Xcode-27.0.0-Release.Candidate.app/Contents/Developer/Platforms/WatchOS.platform/Developer/SDKs/WatchOS27.0.sdk -x c -c /dev/null
ExecuteExternalTool /Applications/Xcode-27.0.0-Release.Candidate.app/Contents/Developer/Toolchains/XcodeDefault.xctoolchain/usr/bin/swiftc --version
ExecuteExternalTool /Applications/Xcode-27.0.0-Release.Candidate.app/Contents/Developer/Toolchains/XcodeDefault.xctoolchain/usr/bin/ld -version_details
Build description signature: 30a119a6003a1e400a80bd73e1e80d89
Build description path: /Users/admin/builder/spi-builder-workspace/.derivedData/Build/Intermediates.noindex/XCBuildData/30a119a6003a1e400a80bd73e1e80d89.xcbuilddata
CreateBuildDirectory /Users/admin/builder/spi-builder-workspace/.derivedData/SDKExplicitPrecompiledModules
    cd /Users/admin/builder/spi-builder-workspace/.swiftpm/xcode
    builtin-create-build-directory /Users/admin/builder/spi-builder-workspace/.derivedData/SDKExplicitPrecompiledModules
CreateBuildDirectory /Users/admin/builder/spi-builder-workspace/.derivedData/ModuleCache.noindex
    cd /Users/admin/builder/spi-builder-workspace/.swiftpm/xcode
    builtin-create-build-directory /Users/admin/builder/spi-builder-workspace/.derivedData/ModuleCache.noindex
CreateBuildDirectory /Users/admin/builder/spi-builder-workspace/.derivedData/CompilationCache.noindex
    cd /Users/admin/builder/spi-builder-workspace/.swiftpm/xcode
    builtin-create-build-directory /Users/admin/builder/spi-builder-workspace/.derivedData/CompilationCache.noindex
CreateBuildDirectory /Users/admin/builder/spi-builder-workspace/.derivedData/Build/Products
    cd /Users/admin/builder/spi-builder-workspace/.swiftpm/xcode
    builtin-create-build-directory /Users/admin/builder/spi-builder-workspace/.derivedData/Build/Products
CreateBuildDirectory /Users/admin/builder/spi-builder-workspace/.derivedData/Build/Intermediates.noindex
    cd /Users/admin/builder/spi-builder-workspace/.swiftpm/xcode
    builtin-create-build-directory /Users/admin/builder/spi-builder-workspace/.derivedData/Build/Intermediates.noindex
ClangStatCache /Applications/Xcode-27.0.0-Release.Candidate.app/Contents/Developer/Toolchains/XcodeDefault.xctoolchain/usr/bin/clang-stat-cache /Applications/Xcode-27.0.0-Release.Candidate.app/Contents/Developer/Platforms/WatchOS.platform/Developer/SDKs/WatchOS27.0.sdk /Users/admin/builder/spi-builder-workspace/.derivedData/SDKStatCaches.noindex/watchos27.0-24R360-e829b21a6f8c9b70876ba0858053c04477534ef55a1706bf4c1112bbb242f0a2.sdkstatcache
    cd /Users/admin/builder/spi-builder-workspace/.swiftpm/xcode
    /Applications/Xcode-27.0.0-Release.Candidate.app/Contents/Developer/Toolchains/XcodeDefault.xctoolchain/usr/bin/clang-stat-cache /Applications/Xcode-27.0.0-Release.Candidate.app/Contents/Developer/Platforms/WatchOS.platform/Developer/SDKs/WatchOS27.0.sdk -o /Users/admin/builder/spi-builder-workspace/.derivedData/SDKStatCaches.noindex/watchos27.0-24R360-e829b21a6f8c9b70876ba0858053c04477534ef55a1706bf4c1112bbb242f0a2.sdkstatcache
CreateBuildDirectory /Users/admin/builder/spi-builder-workspace/.derivedData/Build/Intermediates.noindex/SwiftExplicitPrecompiledModules
    cd /Users/admin/builder/spi-builder-workspace/.swiftpm/xcode
    builtin-create-build-directory /Users/admin/builder/spi-builder-workspace/.derivedData/Build/Intermediates.noindex/SwiftExplicitPrecompiledModules
CreateBuildDirectory /Users/admin/builder/spi-builder-workspace/.derivedData/Build/Intermediates.noindex/PrecompiledHeaders
    cd /Users/admin/builder/spi-builder-workspace/.swiftpm/xcode
    builtin-create-build-directory /Users/admin/builder/spi-builder-workspace/.derivedData/Build/Intermediates.noindex/PrecompiledHeaders
CreateBuildDirectory /Users/admin/builder/spi-builder-workspace/.derivedData/Build/Intermediates.noindex/ExplicitPrecompiledModules
    cd /Users/admin/builder/spi-builder-workspace/.swiftpm/xcode
    builtin-create-build-directory /Users/admin/builder/spi-builder-workspace/.derivedData/Build/Intermediates.noindex/ExplicitPrecompiledModules
CreateBuildDirectory /Users/admin/builder/spi-builder-workspace/.derivedData/Build/Products/Debug-watchos
    cd /Users/admin/builder/spi-builder-workspace/.swiftpm/xcode
    builtin-create-build-directory /Users/admin/builder/spi-builder-workspace/.derivedData/Build/Products/Debug-watchos
CreateBuildDirectory /Users/admin/builder/spi-builder-workspace/.derivedData/Build/Intermediates.noindex/EagerLinkingTBDs/Debug-watchos
    cd /Users/admin/builder/spi-builder-workspace/.swiftpm/xcode
    builtin-create-build-directory /Users/admin/builder/spi-builder-workspace/.derivedData/Build/Intermediates.noindex/EagerLinkingTBDs/Debug-watchos
CreateBuildDirectory /Users/admin/builder/spi-builder-workspace/.derivedData/Build/Products/Debug-watchos/PackageFrameworks
    cd /Users/admin/builder/spi-builder-workspace/.swiftpm/xcode
    builtin-create-build-directory /Users/admin/builder/spi-builder-workspace/.derivedData/Build/Products/Debug-watchos/PackageFrameworks
WriteAuxiliaryFile /Users/admin/builder/spi-builder-workspace/.derivedData/Build/Intermediates.noindex/STTextKitPlus.build/Debug-watchos/STTextKitPlus-t.build/STTextKitPlus.DependencyStaticMetadataFileList (in target 'STTextKitPlus' from project 'STTextKitPlus')
    cd /Users/admin/builder/spi-builder-workspace
    write-file /Users/admin/builder/spi-builder-workspace/.derivedData/Build/Intermediates.noindex/STTextKitPlus.build/Debug-watchos/STTextKitPlus-t.build/STTextKitPlus.DependencyStaticMetadataFileList
WriteAuxiliaryFile /Users/admin/builder/spi-builder-workspace/.derivedData/Build/Intermediates.noindex/STTextKitPlus.build/Debug-watchos/STTextKitPlus-t.build/STTextKitPlus.DependencyMetadataFileList (in target 'STTextKitPlus' from project 'STTextKitPlus')
    cd /Users/admin/builder/spi-builder-workspace
    write-file /Users/admin/builder/spi-builder-workspace/.derivedData/Build/Intermediates.noindex/STTextKitPlus.build/Debug-watchos/STTextKitPlus-t.build/STTextKitPlus.DependencyMetadataFileList
WriteAuxiliaryFile /Users/admin/builder/spi-builder-workspace/.derivedData/Build/Intermediates.noindex/STTextKitPlus.build/Debug-watchos/STTextKitPlus-t.build/Objects-normal/arm64_32/STTextKitPlus.SwiftConstValuesFileList (in target 'STTextKitPlus' from project 'STTextKitPlus')
    cd /Users/admin/builder/spi-builder-workspace
    write-file /Users/admin/builder/spi-builder-workspace/.derivedData/Build/Intermediates.noindex/STTextKitPlus.build/Debug-watchos/STTextKitPlus-t.build/Objects-normal/arm64_32/STTextKitPlus.SwiftConstValuesFileList
WriteAuxiliaryFile /Users/admin/builder/spi-builder-workspace/.derivedData/Build/Intermediates.noindex/STTextKitPlus.build/Debug-watchos/STTextKitPlus-t.build/Objects-normal/arm64_32/STTextKitPlus-OutputFileMap.json (in target 'STTextKitPlus' from project 'STTextKitPlus')
    cd /Users/admin/builder/spi-builder-workspace
    write-file /Users/admin/builder/spi-builder-workspace/.derivedData/Build/Intermediates.noindex/STTextKitPlus.build/Debug-watchos/STTextKitPlus-t.build/Objects-normal/arm64_32/STTextKitPlus-OutputFileMap.json
WriteAuxiliaryFile /Users/admin/builder/spi-builder-workspace/.derivedData/Build/Intermediates.noindex/STTextKitPlus.build/Debug-watchos/STTextKitPlus-t.build/Objects-normal/arm64_32/STTextKitPlus.LinkFileList (in target 'STTextKitPlus' from project 'STTextKitPlus')
    cd /Users/admin/builder/spi-builder-workspace
    write-file /Users/admin/builder/spi-builder-workspace/.derivedData/Build/Intermediates.noindex/STTextKitPlus.build/Debug-watchos/STTextKitPlus-t.build/Objects-normal/arm64_32/STTextKitPlus.LinkFileList
WriteAuxiliaryFile /Users/admin/builder/spi-builder-workspace/.derivedData/Build/Intermediates.noindex/STTextKitPlus.build/Debug-watchos/STTextKitPlus-t.build/STTextKitPlus.modulemap (in target 'STTextKitPlus' from project 'STTextKitPlus')
    cd /Users/admin/builder/spi-builder-workspace
    write-file /Users/admin/builder/spi-builder-workspace/.derivedData/Build/Intermediates.noindex/STTextKitPlus.build/Debug-watchos/STTextKitPlus-t.build/STTextKitPlus.modulemap
WriteAuxiliaryFile /Users/admin/builder/spi-builder-workspace/.derivedData/Build/Intermediates.noindex/STTextKitPlus.build/Debug-watchos/STTextKitPlus-t.build/Objects-normal/arm64_32/STTextKitPlus.SwiftFileList (in target 'STTextKitPlus' from project 'STTextKitPlus')
    cd /Users/admin/builder/spi-builder-workspace
    write-file /Users/admin/builder/spi-builder-workspace/.derivedData/Build/Intermediates.noindex/STTextKitPlus.build/Debug-watchos/STTextKitPlus-t.build/Objects-normal/arm64_32/STTextKitPlus.SwiftFileList
WriteAuxiliaryFile /Users/admin/builder/spi-builder-workspace/.derivedData/Build/Intermediates.noindex/STTextKitPlus.build/Debug-watchos/STTextKitPlus-t.build/Objects-normal/arm64/STTextKitPlus_const_extract_protocols.json (in target 'STTextKitPlus' from project 'STTextKitPlus')
    cd /Users/admin/builder/spi-builder-workspace
    write-file /Users/admin/builder/spi-builder-workspace/.derivedData/Build/Intermediates.noindex/STTextKitPlus.build/Debug-watchos/STTextKitPlus-t.build/Objects-normal/arm64/STTextKitPlus_const_extract_protocols.json
WriteAuxiliaryFile /Users/admin/builder/spi-builder-workspace/.derivedData/Build/Intermediates.noindex/STTextKitPlus.build/Debug-watchos/STTextKitPlus-t.build/Objects-normal/arm64_32/STTextKitPlus_const_extract_protocols.json (in target 'STTextKitPlus' from project 'STTextKitPlus')
    cd /Users/admin/builder/spi-builder-workspace
    write-file /Users/admin/builder/spi-builder-workspace/.derivedData/Build/Intermediates.noindex/STTextKitPlus.build/Debug-watchos/STTextKitPlus-t.build/Objects-normal/arm64_32/STTextKitPlus_const_extract_protocols.json
WriteAuxiliaryFile /Users/admin/builder/spi-builder-workspace/.derivedData/Build/Intermediates.noindex/STTextKitPlus.build/Debug-watchos/STTextKitPlus-t.build/Objects-normal/arm64/STTextKitPlus.SwiftFileList (in target 'STTextKitPlus' from project 'STTextKitPlus')
    cd /Users/admin/builder/spi-builder-workspace
    write-file /Users/admin/builder/spi-builder-workspace/.derivedData/Build/Intermediates.noindex/STTextKitPlus.build/Debug-watchos/STTextKitPlus-t.build/Objects-normal/arm64/STTextKitPlus.SwiftFileList
WriteAuxiliaryFile /Users/admin/builder/spi-builder-workspace/.derivedData/Build/Intermediates.noindex/STTextKitPlus.build/Debug-watchos/STTextKitPlus-t.build/Objects-normal/arm64/STTextKitPlus.SwiftConstValuesFileList (in target 'STTextKitPlus' from project 'STTextKitPlus')
    cd /Users/admin/builder/spi-builder-workspace
    write-file /Users/admin/builder/spi-builder-workspace/.derivedData/Build/Intermediates.noindex/STTextKitPlus.build/Debug-watchos/STTextKitPlus-t.build/Objects-normal/arm64/STTextKitPlus.SwiftConstValuesFileList
WriteAuxiliaryFile /Users/admin/builder/spi-builder-workspace/.derivedData/Build/Intermediates.noindex/STTextKitPlus.build/Debug-watchos/STTextKitPlus-t.build/Objects-normal/arm64/STTextKitPlus.LinkFileList (in target 'STTextKitPlus' from project 'STTextKitPlus')
    cd /Users/admin/builder/spi-builder-workspace
    write-file /Users/admin/builder/spi-builder-workspace/.derivedData/Build/Intermediates.noindex/STTextKitPlus.build/Debug-watchos/STTextKitPlus-t.build/Objects-normal/arm64/STTextKitPlus.LinkFileList
WriteAuxiliaryFile /Users/admin/builder/spi-builder-workspace/.derivedData/Build/Intermediates.noindex/STTextKitPlus.build/Debug-watchos/STTextKitPlus-t.build/Objects-normal/arm64/STTextKitPlus-OutputFileMap.json (in target 'STTextKitPlus' from project 'STTextKitPlus')
    cd /Users/admin/builder/spi-builder-workspace
    write-file /Users/admin/builder/spi-builder-workspace/.derivedData/Build/Intermediates.noindex/STTextKitPlus.build/Debug-watchos/STTextKitPlus-t.build/Objects-normal/arm64/STTextKitPlus-OutputFileMap.json
Copy /Users/admin/builder/spi-builder-workspace/.derivedData/Build/Intermediates.noindex/GeneratedModuleMaps-watchos/STTextKitPlus.modulemap /Users/admin/builder/spi-builder-workspace/.derivedData/Build/Intermediates.noindex/STTextKitPlus.build/Debug-watchos/STTextKitPlus-t.build/STTextKitPlus.modulemap (in target 'STTextKitPlus' from project 'STTextKitPlus')
    cd /Users/admin/builder/spi-builder-workspace
    builtin-copy -exclude .DS_Store -exclude CVS -exclude .svn -exclude .git -exclude .hg -resolve-src-symlinks /Users/admin/builder/spi-builder-workspace/.derivedData/Build/Intermediates.noindex/STTextKitPlus.build/Debug-watchos/STTextKitPlus-t.build/STTextKitPlus.modulemap /Users/admin/builder/spi-builder-workspace/.derivedData/Build/Intermediates.noindex/GeneratedModuleMaps-watchos
SwiftDriver STTextKitPlus normal arm64_32 com.apple.xcode.tools.swift.compiler (in target 'STTextKitPlus' from project 'STTextKitPlus')
    cd /Users/admin/builder/spi-builder-workspace/.swiftpm/xcode
    builtin-SwiftDriver -- /Applications/Xcode-27.0.0-Release.Candidate.app/Contents/Developer/Toolchains/XcodeDefault.xctoolchain/usr/bin/swiftc -parse-as-library -module-name STTextKitPlus -Onone @/Users/admin/builder/spi-builder-workspace/.derivedData/Build/Intermediates.noindex/STTextKitPlus.build/Debug-watchos/STTextKitPlus-t.build/Objects-normal/arm64_32/STTextKitPlus.SwiftFileList -DSWIFT_PACKAGE -DDEBUG -DSWIFT_MODULE_RESOURCE_BUNDLE_UNAVAILABLE -DXcode -plugin-path /Applications/Xcode-27.0.0-Release.Candidate.app/Contents/Developer/Toolchains/XcodeDefault.xctoolchain/usr/lib/swift/host/plugins/testing -enable-experimental-feature DebugDescriptionMacro -sdk /Applications/Xcode-27.0.0-Release.Candidate.app/Contents/Developer/Platforms/WatchOS.platform/Developer/SDKs/WatchOS27.0.sdk -target arm64_32-apple-watchos9.0 -g -module-cache-path /Users/admin/builder/spi-builder-workspace/.derivedData/ModuleCache.noindex -Xfrontend -serialize-debugging-options -profile-coverage-mapping -profile-generate -enable-testing -index-store-path /Users/admin/builder/spi-builder-workspace/.derivedData/Index.noindex/DataStore -Xcc -D_LIBCPP_HARDENING_MODE\=_LIBCPP_HARDENING_MODE_DEBUG -swift-version 5 -I /Users/admin/builder/spi-builder-workspace/.derivedData/Build/Products/Debug-watchos -Isystem /Applications/Xcode-27.0.0-Release.Candidate.app/Contents/Developer/Platforms/WatchOS.platform/Developer/usr/lib -F /Users/admin/builder/spi-builder-workspace/.derivedData/Build/Products/Debug-watchos -F /Applications/Xcode-27.0.0-Release.Candidate.app/Contents/Developer/Platforms/WatchOS.platform/Developer/Library/Frameworks -F /Applications/Xcode-27.0.0-Release.Candidate.app/Contents/Developer/Platforms/WatchOS.platform/Developer/SDKs/WatchOS27.0.sdk/Developer/Library/Frameworks -c -j10 -enable-batch-mode -incremental -Xcc -ivfsstatcache -Xcc /Users/admin/builder/spi-builder-workspace/.derivedData/SDKStatCaches.noindex/watchos27.0-24R360-e829b21a6f8c9b70876ba0858053c04477534ef55a1706bf4c1112bbb242f0a2.sdkstatcache -output-file-map /Users/admin/builder/spi-builder-workspace/.derivedData/Build/Intermediates.noindex/STTextKitPlus.build/Debug-watchos/STTextKitPlus-t.build/Objects-normal/arm64_32/STTextKitPlus-OutputFileMap.json -save-temps -no-color-diagnostics -explicit-module-build -module-cache-path /Users/admin/builder/spi-builder-workspace/.derivedData/Build/Intermediates.noindex/SwiftExplicitPrecompiledModules -clang-scanner-module-cache-path /Users/admin/builder/spi-builder-workspace/.derivedData/ModuleCache.noindex -sdk-module-cache-path /Users/admin/builder/spi-builder-workspace/.derivedData/SDKExplicitPrecompiledModules -emit-dependencies -emit-module -emit-module-path /Users/admin/builder/spi-builder-workspace/.derivedData/Build/Intermediates.noindex/STTextKitPlus.build/Debug-watchos/STTextKitPlus-t.build/Objects-normal/arm64_32/STTextKitPlus.swiftmodule -serialize-diagnostics -dependency-scan-serialize-diagnostics-path /Users/admin/builder/spi-builder-workspace/.derivedData/Build/Intermediates.noindex/STTextKitPlus.build/Debug-watchos/STTextKitPlus-t.build/Objects-normal/arm64_32/STTextKitPlus-dependency-scan.dia -validate-clang-modules-once -clang-build-session-file /Users/admin/builder/spi-builder-workspace/.derivedData/ModuleCache.noindex/Session.modulevalidation -Xcc -fmodules-prune-interval\=86400 -Xcc -fmodules-prune-after\=345600 -emit-const-values -const-gather-protocols-list /Users/admin/builder/spi-builder-workspace/.derivedData/Build/Intermediates.noindex/STTextKitPlus.build/Debug-watchos/STTextKitPlus-t.build/Objects-normal/arm64_32/STTextKitPlus_const_extract_protocols.json -Xcc -I/Users/admin/builder/spi-builder-workspace/.derivedData/Build/Products/Debug-watchos/include -Xcc -I/Users/admin/builder/spi-builder-workspace/.derivedData/Build/Intermediates.noindex/STTextKitPlus.build/Debug-watchos/STTextKitPlus-t.build/DerivedSources-normal/arm64_32 -Xcc -I/Users/admin/builder/spi-builder-workspace/.derivedData/Build/Intermediates.noindex/STTextKitPlus.build/Debug-watchos/STTextKitPlus-t.build/DerivedSources/arm64_32 -Xcc -I/Users/admin/builder/spi-builder-workspace/.derivedData/Build/Intermediates.noindex/STTextKitPlus.build/Debug-watchos/STTextKitPlus-t.build/DerivedSources -Xcc -DSWIFT_PACKAGE -Xcc -DDEBUG\=1 -emit-objc-header -emit-objc-header-path /Users/admin/builder/spi-builder-workspace/.derivedData/Build/Intermediates.noindex/STTextKitPlus.build/Debug-watchos/STTextKitPlus-t.build/Objects-normal/arm64_32/STTextKitPlus-Swift.h -working-directory /Users/admin/builder/spi-builder-workspace/.swiftpm/xcode -experimental-emit-module-separately -disable-cmo
SwiftDriver STTextKitPlus normal arm64 com.apple.xcode.tools.swift.compiler (in target 'STTextKitPlus' from project 'STTextKitPlus')
    cd /Users/admin/builder/spi-builder-workspace/.swiftpm/xcode
    builtin-SwiftDriver -- /Applications/Xcode-27.0.0-Release.Candidate.app/Contents/Developer/Toolchains/XcodeDefault.xctoolchain/usr/bin/swiftc -parse-as-library -module-name STTextKitPlus -Onone @/Users/admin/builder/spi-builder-workspace/.derivedData/Build/Intermediates.noindex/STTextKitPlus.build/Debug-watchos/STTextKitPlus-t.build/Objects-normal/arm64/STTextKitPlus.SwiftFileList -DSWIFT_PACKAGE -DDEBUG -DSWIFT_MODULE_RESOURCE_BUNDLE_UNAVAILABLE -DXcode -plugin-path /Applications/Xcode-27.0.0-Release.Candidate.app/Contents/Developer/Toolchains/XcodeDefault.xctoolchain/usr/lib/swift/host/plugins/testing -enable-experimental-feature DebugDescriptionMacro -sdk /Applications/Xcode-27.0.0-Release.Candidate.app/Contents/Developer/Platforms/WatchOS.platform/Developer/SDKs/WatchOS27.0.sdk -target arm64-apple-watchos9.0 -g -module-cache-path /Users/admin/builder/spi-builder-workspace/.derivedData/ModuleCache.noindex -Xfrontend -serialize-debugging-options -profile-coverage-mapping -profile-generate -enable-testing -index-store-path /Users/admin/builder/spi-builder-workspace/.derivedData/Index.noindex/DataStore -Xcc -D_LIBCPP_HARDENING_MODE\=_LIBCPP_HARDENING_MODE_DEBUG -swift-version 5 -I /Users/admin/builder/spi-builder-workspace/.derivedData/Build/Products/Debug-watchos -Isystem /Applications/Xcode-27.0.0-Release.Candidate.app/Contents/Developer/Platforms/WatchOS.platform/Developer/usr/lib -F /Users/admin/builder/spi-builder-workspace/.derivedData/Build/Products/Debug-watchos -F /Applications/Xcode-27.0.0-Release.Candidate.app/Contents/Developer/Platforms/WatchOS.platform/Developer/Library/Frameworks -F /Applications/Xcode-27.0.0-Release.Candidate.app/Contents/Developer/Platforms/WatchOS.platform/Developer/SDKs/WatchOS27.0.sdk/Developer/Library/Frameworks -c -j10 -enable-batch-mode -incremental -Xcc -ivfsstatcache -Xcc /Users/admin/builder/spi-builder-workspace/.derivedData/SDKStatCaches.noindex/watchos27.0-24R360-e829b21a6f8c9b70876ba0858053c04477534ef55a1706bf4c1112bbb242f0a2.sdkstatcache -output-file-map /Users/admin/builder/spi-builder-workspace/.derivedData/Build/Intermediates.noindex/STTextKitPlus.build/Debug-watchos/STTextKitPlus-t.build/Objects-normal/arm64/STTextKitPlus-OutputFileMap.json -save-temps -no-color-diagnostics -explicit-module-build -module-cache-path /Users/admin/builder/spi-builder-workspace/.derivedData/Build/Intermediates.noindex/SwiftExplicitPrecompiledModules -clang-scanner-module-cache-path /Users/admin/builder/spi-builder-workspace/.derivedData/ModuleCache.noindex -sdk-module-cache-path /Users/admin/builder/spi-builder-workspace/.derivedData/SDKExplicitPrecompiledModules -emit-dependencies -emit-module -emit-module-path /Users/admin/builder/spi-builder-workspace/.derivedData/Build/Intermediates.noindex/STTextKitPlus.build/Debug-watchos/STTextKitPlus-t.build/Objects-normal/arm64/STTextKitPlus.swiftmodule -serialize-diagnostics -dependency-scan-serialize-diagnostics-path /Users/admin/builder/spi-builder-workspace/.derivedData/Build/Intermediates.noindex/STTextKitPlus.build/Debug-watchos/STTextKitPlus-t.build/Objects-normal/arm64/STTextKitPlus-dependency-scan.dia -validate-clang-modules-once -clang-build-session-file /Users/admin/builder/spi-builder-workspace/.derivedData/ModuleCache.noindex/Session.modulevalidation -Xcc -fmodules-prune-interval\=86400 -Xcc -fmodules-prune-after\=345600 -emit-const-values -const-gather-protocols-list /Users/admin/builder/spi-builder-workspace/.derivedData/Build/Intermediates.noindex/STTextKitPlus.build/Debug-watchos/STTextKitPlus-t.build/Objects-normal/arm64/STTextKitPlus_const_extract_protocols.json -Xcc -I/Users/admin/builder/spi-builder-workspace/.derivedData/Build/Products/Debug-watchos/include -Xcc -I/Users/admin/builder/spi-builder-workspace/.derivedData/Build/Intermediates.noindex/STTextKitPlus.build/Debug-watchos/STTextKitPlus-t.build/DerivedSources-normal/arm64 -Xcc -I/Users/admin/builder/spi-builder-workspace/.derivedData/Build/Intermediates.noindex/STTextKitPlus.build/Debug-watchos/STTextKitPlus-t.build/DerivedSources/arm64 -Xcc -I/Users/admin/builder/spi-builder-workspace/.derivedData/Build/Intermediates.noindex/STTextKitPlus.build/Debug-watchos/STTextKitPlus-t.build/DerivedSources -Xcc -DSWIFT_PACKAGE -Xcc -DDEBUG\=1 -emit-objc-header -emit-objc-header-path /Users/admin/builder/spi-builder-workspace/.derivedData/Build/Intermediates.noindex/STTextKitPlus.build/Debug-watchos/STTextKitPlus-t.build/Objects-normal/arm64/STTextKitPlus-Swift.h -working-directory /Users/admin/builder/spi-builder-workspace/.swiftpm/xcode -experimental-emit-module-separately -disable-cmo
SwiftExplicitDependencyGeneratePcm arm64 /Users/admin/builder/spi-builder-workspace/.derivedData/SDKExplicitPrecompiledModules/SwiftShims-4MXFZPV6FEB0XBYXCGPWAMQGL.pcm
SwiftExplicitDependencyGeneratePcm arm64 /Users/admin/builder/spi-builder-workspace/.derivedData/SDKExplicitPrecompiledModules/_SwiftConcurrencyShims-659N52XSKR5F0QSB880BH2FJR.pcm
SwiftExplicitDependencyGeneratePcm arm64_32 /Users/admin/builder/spi-builder-workspace/.derivedData/SDKExplicitPrecompiledModules/_SwiftConcurrencyShims-6RTBPQ03V7BM9SPRK8SUE055H.pcm
SwiftExplicitDependencyGeneratePcm arm64_32 /Users/admin/builder/spi-builder-workspace/.derivedData/SDKExplicitPrecompiledModules/SwiftShims-9CQQGWTSNTN9EB5NSHDWUJICH.pcm
SwiftEmitModule normal arm64 Emitting\ module\ for\ STTextKitPlus (in target 'STTextKitPlus' from project 'STTextKitPlus')
/Users/admin/builder/spi-builder-workspace/Sources/STTextKitPlus/NSRange.swift:37:11: error: cannot find type 'NSRange' in scope
35 | #endif
36 |
37 | extension NSRange {
   |           `- error: cannot find type 'NSRange' in scope
38 |
39 |     /// A value indicating that a requested item couldn’t be found or doesn’t exist.
/Users/admin/builder/spi-builder-workspace/Sources/STTextKitPlus/NSTextContentManager.swift:37:18: error: cannot find type 'NSTextContentManager' in scope
 35 | #endif
 36 |
 37 | public extension NSTextContentManager {
    |                  `- error: cannot find type 'NSTextContentManager' in scope
 38 |
 39 |     func location(at offset: Int) -> NSTextLocation? {
/Users/admin/builder/spi-builder-workspace/Sources/STTextKitPlus/NSTextLayoutFragment.swift:37:11: error: cannot find type 'NSTextLayoutFragment' in scope
35 | #endif
36 |
37 | extension NSTextLayoutFragment {
   |           `- error: cannot find type 'NSTextLayoutFragment' in scope
38 |
39 |     /// Whether the layout fragment is for the extra line fragment at the end of a document.
/Users/admin/builder/spi-builder-workspace/Sources/STTextKitPlus/NSTextLayoutManager.swift:37:11: error: cannot find type 'NSTextLayoutManager' in scope
 35 | #endif
 36 |
 37 | extension NSTextLayoutManager {
    |           `- error: cannot find type 'NSTextLayoutManager' in scope
 38 |
 39 |     /// Extra line layout fragment.
/Users/admin/builder/spi-builder-workspace/Sources/STTextKitPlus/NSTextLayoutManager.swift:73:11: error: cannot find type 'NSTextLayoutManager' in scope
 71 |
 72 |
 73 | extension NSTextLayoutManager {
    |           `- error: cannot find type 'NSTextLayoutManager' in scope
 74 |
 75 |     public func textLineFragment(at location: NSTextLocation) -> NSTextLineFragment? {
/Users/admin/builder/spi-builder-workspace/Sources/STTextKitPlus/NSTextLayoutManager.swift:96:11: error: cannot find type 'NSTextLayoutManager' in scope
 94 | }
 95 |
 96 | extension NSTextLayoutManager {
    |           `- error: cannot find type 'NSTextLayoutManager' in scope
 97 |
 98 |     /// Returns a location of text produced by a tap or click at the point you specify.
/Users/admin/builder/spi-builder-workspace/Sources/STTextKitPlus/NSTextLayoutManager.swift:153:11: error: cannot find type 'NSTextLayoutManager' in scope
151 | }
152 |
153 | extension NSTextLayoutManager {
    |           `- error: cannot find type 'NSTextLayoutManager' in scope
154 |
155 |     /// Typographic bounds of the range.
/Users/admin/builder/spi-builder-workspace/Sources/STTextKitPlus/NSTextLayoutManager.swift:200:11: error: cannot find type 'NSTextLayoutManager' in scope
198 | }
199 |
200 | extension NSTextLayoutManager {
    |           `- error: cannot find type 'NSTextLayoutManager' in scope
201 |
202 |     /// Enumerates the text layout fragments in the specified range.
/Users/admin/builder/spi-builder-workspace/Sources/STTextKitPlus/NSTextLayoutManager.swift:221:11: error: cannot find type 'NSTextLayoutManager' in scope
219 | }
220 |
221 | extension NSTextLayoutManager {
    |           `- error: cannot find type 'NSTextLayoutManager' in scope
222 |
223 |     public var insertionPointLocations: [NSTextLocation] {
/Users/admin/builder/spi-builder-workspace/Sources/STTextKitPlus/NSTextLayoutManager.swift:232:50: error: cannot find type 'NSTextSelection' in scope
230 | }
231 |
232 | private let _textSelectionInsertionPointFilter: (NSTextSelection) -> Bool = { textSelection in
    |                                                  `- error: cannot find type 'NSTextSelection' in scope
233 |     !textSelection.isLogical && textSelection.textRanges.contains(where: \.isEmpty)
234 | }
/Users/admin/builder/spi-builder-workspace/Sources/STTextKitPlus/NSTextLayoutManager.swift:233:58: error: cannot convert value of type '_' to expected argument type 'Bool'
231 |
232 | private let _textSelectionInsertionPointFilter: (NSTextSelection) -> Bool = { textSelection in
233 |     !textSelection.isLogical && textSelection.textRanges.contains(where: \.isEmpty)
    |                                                          `- error: cannot convert value of type '_' to expected argument type 'Bool'
234 | }
235 |
/Users/admin/builder/spi-builder-workspace/Sources/STTextKitPlus/NSTextLayoutManager.swift:233:74: error: cannot infer key path type from context; consider explicitly specifying a root type
231 |
232 | private let _textSelectionInsertionPointFilter: (NSTextSelection) -> Bool = { textSelection in
233 |     !textSelection.isLogical && textSelection.textRanges.contains(where: \.isEmpty)
    |                                                                          `- error: cannot infer key path type from context; consider explicitly specifying a root type
234 | }
235 |
/Users/admin/builder/spi-builder-workspace/Sources/STTextKitPlus/NSTextLineFragment.swift:37:11: error: cannot find type 'NSTextLineFragment' in scope
35 | #endif
36 |
37 | extension NSTextLineFragment {
   |           `- error: cannot find type 'NSTextLineFragment' in scope
38 |
39 |     /// Whether the line fragment is for the extra line fragment at the end of a document.
/Users/admin/builder/spi-builder-workspace/Sources/STTextKitPlus/NSTextLocation+Equatable.swift:37:18: error: cannot find type 'NSTextLocation' in scope
35 | #endif
36 |
37 | public extension NSTextLocation {
   |                  `- error: cannot find type 'NSTextLocation' in scope
38 |
39 |     static func == (lhs: Self, rhs: Self) -> Bool {
/Users/admin/builder/spi-builder-workspace/Sources/STTextKitPlus/NSTextRange.swift:37:11: error: cannot find type 'NSTextRange' in scope
35 | #endif
36 |
37 | extension NSTextRange {
   |           `- error: cannot find type 'NSTextRange' in scope
38 |
39 |     public convenience init?(_ nsRange: NSRange, in textContentManager: NSTextContentManager) {
Failed frontend command:
SwiftCompile normal arm64 (in target 'STTextKitPlus' from project 'STTextKitPlus')
    cd /Users/admin/builder/spi-builder-workspace/.swiftpm/xcode

/Applications/Xcode-27.0.0-Release.Candidate.app/Contents/Developer/Toolchains/XcodeDefault.xctoolchain/usr/bin/swift-frontend -frontend -emit-module -experimental-skip-non-inlinable-function-bodies-without-types /Users/admin/builder/spi-builder-workspace/Sources/STTextKitPlus/NSRange.swift /Users/admin/builder/spi-builder-workspace/Sources/STTextKitPlus/NSTextContentManager.swift /Users/admin/builder/spi-builder-workspace/Sources/STTextKitPlus/NSTextLayoutFragment.swift /Users/admin/builder/spi-builder-workspace/Sources/STTextKitPlus/NSTextLayoutManager.swift /Users/admin/builder/spi-builder-workspace/Sources/STTextKitPlus/NSTextLineFragment.swift /Users/admin/builder/spi-builder-workspace/Sources/STTextKitPlus/NSTextLocation+Equatable.swift /Users/admin/builder/spi-builder-workspace/Sources/STTextKitPlus/NSTextRange.swift -target arm64-apple-watchos9.0 -disable-cross-import-overlay-search -load-resolved-plugin /Applications/Xcode-27.0.0-Release.Candidate.app/Contents/Developer/Platforms/WatchOS.platform/Developer/usr/lib/swift/host/plugins/libSwiftMacros.dylib\#/Applications/Xcode-27.0.0-Release.Candidate.app/Contents/Developer/Platforms/WatchOS.platform/Developer/usr/bin/swift-plugin-server\#SwiftMacros -disable-implicit-swift-modules -Xcc -fno-implicit-modules -Xcc -fno-implicit-module-maps -explicit-swift-module-map-file /Users/admin/builder/spi-builder-workspace/.derivedData/Build/Intermediates.noindex/STTextKitPlus.build/Debug-watchos/STTextKitPlus-t.build/Objects-normal/arm64/STTextKitPlus-dependencies-1.json -Xllvm -aarch64-use-tbi -enable-objc-interop -stack-check -sdk /Applications/Xcode-27.0.0-Release.Candidate.app/Contents/Developer/Platforms/WatchOS.platform/Developer/SDKs/WatchOS27.0.sdk -I /Users/admin/builder/spi-builder-workspace/.derivedData/Build/Products/Debug-watchos -Isystem /Applications/Xcode-27.0.0-Release.Candidate.app/Contents/Developer/Platforms/WatchOS.platform/Developer/usr/lib -F /Users/admin/builder/spi-builder-workspace/.derivedData/Build/Products/Debug-watchos -F /Applications/Xcode-27.0.0-Release.Candidate.app/Contents/Developer/Platforms/WatchOS.platform/Developer/Library/Frameworks -F /Applications/Xcode-27.0.0-Release.Candidate.app/Contents/Developer/Platforms/WatchOS.platform/Developer/SDKs/WatchOS27.0.sdk/Developer/Library/Frameworks -module-cache-path /Users/admin/builder/spi-builder-workspace/.derivedData/Build/Intermediates.noindex/SwiftExplicitPrecompiledModules -no-color-diagnostics -Xcc -fno-color-diagnostics -enable-testing -g -debug-info-format\=dwarf -dwarf-version\=4 -profile-generate -profile-coverage-mapping -swift-version 5 -Onone -D SWIFT_PACKAGE -D DEBUG -D SWIFT_MODULE_RESOURCE_BUNDLE_UNAVAILABLE -D Xcode -serialize-debugging-options -enable-experimental-feature DebugDescriptionMacro -empty-abi-descriptor -validate-clang-modules-once -clang-build-session-file /Users/admin/builder/spi-builder-workspace/.derivedData/ModuleCache.noindex/Session.modulevalidation -Xcc -working-directory -Xcc /Users/admin/builder/spi-builder-workspace/.swiftpm/xcode -enable-anonymous-context-mangled-names -file-compilation-dir /Users/admin/builder/spi-builder-workspace/.swiftpm/xcode -Xcc -D_LIBCPP_HARDENING_MODE\=_LIBCPP_HARDENING_MODE_DEBUG -Xcc -ivfsstatcache -Xcc /Users/admin/builder/spi-builder-workspace/.derivedData/SDKStatCaches.noindex/watchos27.0-24R360-e829b21a6f8c9b70876ba0858053c04477534ef55a1706bf4c1112bbb242f0a2.sdkstatcache -Xcc -fmodules-prune-interval\=86400 -Xcc -fmodules-prune-after\=345600 -Xcc -I/Users/admin/builder/spi-builder-workspace/.derivedData/Build/Products/Debug-watchos/include -Xcc -I/Users/admin/builder/spi-builder-workspace/.derivedData/Build/Intermediates.noindex/STTextKitPlus.build/Debug-watchos/STTextKitPlus-t.build/DerivedSources-normal/arm64 -Xcc -I/Users/admin/builder/spi-builder-workspace/.derivedData/Build/Intermediates.noindex/STTextKitPlus.build/Debug-watchos/STTextKitPlus-t.build/DerivedSources/arm64 -Xcc -I/Users/admin/builder/spi-builder-workspace/.derivedData/Build/Intermediates.noindex/STTextKitPlus.build/Debug-watchos/STTextKitPlus-t.build/DerivedSources -Xcc -DSWIFT_PACKAGE -Xcc -DDEBUG\=1 -no-auto-bridging-header-chaining -module-name STTextKitPlus -const-gather-protocols-file /Users/admin/builder/spi-builder-workspace/.derivedData/Build/Intermediates.noindex/STTextKitPlus.build/Debug-watchos/STTextKitPlus-t.build/Objects-normal/arm64/STTextKitPlus_const_extract_protocols.json -disable-clang-spi -clang-target arm64-apple-watchos27.0 -target-sdk-version 27.0 -target-sdk-name watchos27.0 -in-process-plugin-server-path /Applications/Xcode-27.0.0-Release.Candidate.app/Contents/Developer/Toolchains/XcodeDefault.xctoolchain/usr/lib/swift/host/libSwiftInProcPluginServer.dylib -emit-module-doc-path /Users/admin/builder/spi-builder-workspace/.derivedData/Build/Intermediates.noindex/STTextKitPlus.build/Debug-watchos/STTextKitPlus-t.build/Objects-normal/arm64/STTextKitPlus.swiftdoc -emit-module-source-info-path /Users/admin/builder/spi-builder-workspace/.derivedData/Build/Intermediates.noindex/STTextKitPlus.build/Debug-watchos/STTextKitPlus-t.build/Objects-normal/arm64/STTextKitPlus.swiftsourceinfo -emit-objc-header-path /Users/admin/builder/spi-builder-workspace/.derivedData/Build/Intermediates.noindex/STTextKitPlus.build/Debug-watchos/STTextKitPlus-t.build/Objects-normal/arm64/STTextKitPlus-Swift.h -serialize-diagnostics-path /Users/admin/builder/spi-builder-workspace/.derivedData/Build/Intermediates.noindex/STTextKitPlus.build/Debug-watchos/STTextKitPlus-t.build/Objects-normal/arm64/STTextKitPlus-primary-emit-module.dia -emit-dependencies-path /Users/admin/builder/spi-builder-workspace/.derivedData/Build/Intermediates.noindex/STTextKitPlus.build/Debug-watchos/STTextKitPlus-t.build/Objects-normal/arm64/STTextKitPlus-primary-emit-module.d -parse-as-library -o /Users/admin/builder/spi-builder-workspace/.derivedData/Build/Intermediates.noindex/STTextKitPlus.build/Debug-watchos/STTextKitPlus-t.build/Objects-normal/arm64/STTextKitPlus.swiftmodule -emit-abi-descriptor-path /Users/admin/builder/spi-builder-workspace/.derivedData/Build/Intermediates.noindex/STTextKitPlus.build/Debug-watchos/STTextKitPlus-t.build/Objects-normal/arm64/STTextKitPlus.abi.json
SwiftCompile normal arm64 Compiling\ NSTextLocation+Equatable.swift /Users/admin/builder/spi-builder-workspace/Sources/STTextKitPlus/NSTextLocation+Equatable.swift (in target 'STTextKitPlus' from project 'STTextKitPlus')
SwiftCompile normal arm64 /Users/admin/builder/spi-builder-workspace/Sources/STTextKitPlus/NSTextLocation+Equatable.swift (in target 'STTextKitPlus' from project 'STTextKitPlus')
    cd /Users/admin/builder/spi-builder-workspace/.swiftpm/xcode
    builtin-SwiftPerFileCompile NSTextLocation+Equatable.swift
SwiftCompile normal arm64 Compiling\ NSTextRange.swift /Users/admin/builder/spi-builder-workspace/Sources/STTextKitPlus/NSTextRange.swift (in target 'STTextKitPlus' from project 'STTextKitPlus')
SwiftCompile normal arm64 /Users/admin/builder/spi-builder-workspace/Sources/STTextKitPlus/NSTextRange.swift (in target 'STTextKitPlus' from project 'STTextKitPlus')
    cd /Users/admin/builder/spi-builder-workspace/.swiftpm/xcode
    builtin-SwiftPerFileCompile NSTextRange.swift
SwiftCompile normal arm64 Compiling\ NSTextLayoutFragment.swift /Users/admin/builder/spi-builder-workspace/Sources/STTextKitPlus/NSTextLayoutFragment.swift (in target 'STTextKitPlus' from project 'STTextKitPlus')
SwiftCompile normal arm64 /Users/admin/builder/spi-builder-workspace/Sources/STTextKitPlus/NSTextLayoutFragment.swift (in target 'STTextKitPlus' from project 'STTextKitPlus')
    cd /Users/admin/builder/spi-builder-workspace/.swiftpm/xcode
    builtin-SwiftPerFileCompile NSTextLayoutFragment.swift
SwiftCompile normal arm64 Compiling\ NSTextLineFragment.swift /Users/admin/builder/spi-builder-workspace/Sources/STTextKitPlus/NSTextLineFragment.swift (in target 'STTextKitPlus' from project 'STTextKitPlus')
SwiftCompile normal arm64 /Users/admin/builder/spi-builder-workspace/Sources/STTextKitPlus/NSTextLineFragment.swift (in target 'STTextKitPlus' from project 'STTextKitPlus')
    cd /Users/admin/builder/spi-builder-workspace/.swiftpm/xcode
    builtin-SwiftPerFileCompile NSTextLineFragment.swift
SwiftCompile normal arm64 Compiling\ NSTextLayoutManager.swift /Users/admin/builder/spi-builder-workspace/Sources/STTextKitPlus/NSTextLayoutManager.swift (in target 'STTextKitPlus' from project 'STTextKitPlus')
SwiftCompile normal arm64 /Users/admin/builder/spi-builder-workspace/Sources/STTextKitPlus/NSTextLayoutManager.swift (in target 'STTextKitPlus' from project 'STTextKitPlus')
    cd /Users/admin/builder/spi-builder-workspace/.swiftpm/xcode
    builtin-SwiftPerFileCompile NSTextLayoutManager.swift
/Users/admin/builder/spi-builder-workspace/Sources/STTextKitPlus/NSTextLayoutManager.swift:37:11: error: cannot find type 'NSTextLayoutManager' in scope
 35 | #endif
 36 |
 37 | extension NSTextLayoutManager {
    |           `- error: cannot find type 'NSTextLayoutManager' in scope
 38 |
 39 |     /// Extra line layout fragment.
/Users/admin/builder/spi-builder-workspace/Sources/STTextKitPlus/NSTextLayoutManager.swift:73:11: error: cannot find type 'NSTextLayoutManager' in scope
 71 |
 72 |
 73 | extension NSTextLayoutManager {
    |           `- error: cannot find type 'NSTextLayoutManager' in scope
 74 |
 75 |     public func textLineFragment(at location: NSTextLocation) -> NSTextLineFragment? {
/Users/admin/builder/spi-builder-workspace/Sources/STTextKitPlus/NSTextLayoutManager.swift:96:11: error: cannot find type 'NSTextLayoutManager' in scope
 94 | }
 95 |
 96 | extension NSTextLayoutManager {
    |           `- error: cannot find type 'NSTextLayoutManager' in scope
 97 |
 98 |     /// Returns a location of text produced by a tap or click at the point you specify.
/Users/admin/builder/spi-builder-workspace/Sources/STTextKitPlus/NSTextLayoutManager.swift:153:11: error: cannot find type 'NSTextLayoutManager' in scope
151 | }
152 |
153 | extension NSTextLayoutManager {
    |           `- error: cannot find type 'NSTextLayoutManager' in scope
154 |
155 |     /// Typographic bounds of the range.
/Users/admin/builder/spi-builder-workspace/Sources/STTextKitPlus/NSTextLayoutManager.swift:200:11: error: cannot find type 'NSTextLayoutManager' in scope
198 | }
199 |
200 | extension NSTextLayoutManager {
    |           `- error: cannot find type 'NSTextLayoutManager' in scope
201 |
202 |     /// Enumerates the text layout fragments in the specified range.
/Users/admin/builder/spi-builder-workspace/Sources/STTextKitPlus/NSTextLayoutManager.swift:221:11: error: cannot find type 'NSTextLayoutManager' in scope
219 | }
220 |
221 | extension NSTextLayoutManager {
    |           `- error: cannot find type 'NSTextLayoutManager' in scope
222 |
223 |     public var insertionPointLocations: [NSTextLocation] {
/Users/admin/builder/spi-builder-workspace/Sources/STTextKitPlus/NSTextLayoutManager.swift:232:50: error: cannot find type 'NSTextSelection' in scope
230 | }
231 |
232 | private let _textSelectionInsertionPointFilter: (NSTextSelection) -> Bool = { textSelection in
    |                                                  `- error: cannot find type 'NSTextSelection' in scope
233 |     !textSelection.isLogical && textSelection.textRanges.contains(where: \.isEmpty)
234 | }
/Users/admin/builder/spi-builder-workspace/Sources/STTextKitPlus/NSTextLayoutManager.swift:233:58: error: cannot convert value of type '_' to expected argument type 'Bool'
231 |
232 | private let _textSelectionInsertionPointFilter: (NSTextSelection) -> Bool = { textSelection in
233 |     !textSelection.isLogical && textSelection.textRanges.contains(where: \.isEmpty)
    |                                                          `- error: cannot convert value of type '_' to expected argument type 'Bool'
234 | }
235 |
SwiftCompile normal arm64 Compiling\ NSRange.swift /Users/admin/builder/spi-builder-workspace/Sources/STTextKitPlus/NSRange.swift (in target 'STTextKitPlus' from project 'STTextKitPlus')
SwiftCompile normal arm64 /Users/admin/builder/spi-builder-workspace/Sources/STTextKitPlus/NSRange.swift (in target 'STTextKitPlus' from project 'STTextKitPlus')
    cd /Users/admin/builder/spi-builder-workspace/.swiftpm/xcode
    builtin-SwiftPerFileCompile NSRange.swift
SwiftCompile normal arm64 Compiling\ NSTextContentManager.swift /Users/admin/builder/spi-builder-workspace/Sources/STTextKitPlus/NSTextContentManager.swift (in target 'STTextKitPlus' from project 'STTextKitPlus')
SwiftCompile normal arm64 /Users/admin/builder/spi-builder-workspace/Sources/STTextKitPlus/NSTextContentManager.swift (in target 'STTextKitPlus' from project 'STTextKitPlus')
    cd /Users/admin/builder/spi-builder-workspace/.swiftpm/xcode
    builtin-SwiftPerFileCompile NSTextContentManager.swift
SwiftCompile normal arm64_32 Compiling\ NSTextRange.swift /Users/admin/builder/spi-builder-workspace/Sources/STTextKitPlus/NSTextRange.swift (in target 'STTextKitPlus' from project 'STTextKitPlus')
SwiftCompile normal arm64_32 /Users/admin/builder/spi-builder-workspace/Sources/STTextKitPlus/NSTextRange.swift (in target 'STTextKitPlus' from project 'STTextKitPlus')
    cd /Users/admin/builder/spi-builder-workspace/.swiftpm/xcode
    builtin-SwiftPerFileCompile NSTextRange.swift
SwiftEmitModule normal arm64_32 Emitting\ module\ for\ STTextKitPlus (in target 'STTextKitPlus' from project 'STTextKitPlus')
/Users/admin/builder/spi-builder-workspace/Sources/STTextKitPlus/NSRange.swift:37:11: error: cannot find type 'NSRange' in scope
35 | #endif
36 |
37 | extension NSRange {
   |           `- error: cannot find type 'NSRange' in scope
38 |
39 |     /// A value indicating that a requested item couldn’t be found or doesn’t exist.
/Users/admin/builder/spi-builder-workspace/Sources/STTextKitPlus/NSTextContentManager.swift:37:18: error: cannot find type 'NSTextContentManager' in scope
 35 | #endif
 36 |
 37 | public extension NSTextContentManager {
    |                  `- error: cannot find type 'NSTextContentManager' in scope
 38 |
 39 |     func location(at offset: Int) -> NSTextLocation? {
/Users/admin/builder/spi-builder-workspace/Sources/STTextKitPlus/NSTextLayoutFragment.swift:37:11: error: cannot find type 'NSTextLayoutFragment' in scope
35 | #endif
36 |
37 | extension NSTextLayoutFragment {
   |           `- error: cannot find type 'NSTextLayoutFragment' in scope
38 |
39 |     /// Whether the layout fragment is for the extra line fragment at the end of a document.
/Users/admin/builder/spi-builder-workspace/Sources/STTextKitPlus/NSTextLayoutManager.swift:37:11: error: cannot find type 'NSTextLayoutManager' in scope
 35 | #endif
 36 |
 37 | extension NSTextLayoutManager {
    |           `- error: cannot find type 'NSTextLayoutManager' in scope
 38 |
 39 |     /// Extra line layout fragment.
/Users/admin/builder/spi-builder-workspace/Sources/STTextKitPlus/NSTextLayoutManager.swift:73:11: error: cannot find type 'NSTextLayoutManager' in scope
 71 |
 72 |
 73 | extension NSTextLayoutManager {
    |           `- error: cannot find type 'NSTextLayoutManager' in scope
 74 |
 75 |     public func textLineFragment(at location: NSTextLocation) -> NSTextLineFragment? {
/Users/admin/builder/spi-builder-workspace/Sources/STTextKitPlus/NSTextLayoutManager.swift:96:11: error: cannot find type 'NSTextLayoutManager' in scope
 94 | }
 95 |
 96 | extension NSTextLayoutManager {
    |           `- error: cannot find type 'NSTextLayoutManager' in scope
 97 |
 98 |     /// Returns a location of text produced by a tap or click at the point you specify.
/Users/admin/builder/spi-builder-workspace/Sources/STTextKitPlus/NSTextLayoutManager.swift:153:11: error: cannot find type 'NSTextLayoutManager' in scope
151 | }
152 |
153 | extension NSTextLayoutManager {
    |           `- error: cannot find type 'NSTextLayoutManager' in scope
154 |
155 |     /// Typographic bounds of the range.
/Users/admin/builder/spi-builder-workspace/Sources/STTextKitPlus/NSTextLayoutManager.swift:200:11: error: cannot find type 'NSTextLayoutManager' in scope
198 | }
199 |
200 | extension NSTextLayoutManager {
    |           `- error: cannot find type 'NSTextLayoutManager' in scope
201 |
202 |     /// Enumerates the text layout fragments in the specified range.
/Users/admin/builder/spi-builder-workspace/Sources/STTextKitPlus/NSTextLayoutManager.swift:221:11: error: cannot find type 'NSTextLayoutManager' in scope
219 | }
220 |
221 | extension NSTextLayoutManager {
    |           `- error: cannot find type 'NSTextLayoutManager' in scope
222 |
223 |     public var insertionPointLocations: [NSTextLocation] {
/Users/admin/builder/spi-builder-workspace/Sources/STTextKitPlus/NSTextLayoutManager.swift:232:50: error: cannot find type 'NSTextSelection' in scope
230 | }
231 |
232 | private let _textSelectionInsertionPointFilter: (NSTextSelection) -> Bool = { textSelection in
    |                                                  `- error: cannot find type 'NSTextSelection' in scope
233 |     !textSelection.isLogical && textSelection.textRanges.contains(where: \.isEmpty)
234 | }
/Users/admin/builder/spi-builder-workspace/Sources/STTextKitPlus/NSTextLayoutManager.swift:233:58: error: cannot convert value of type '_' to expected argument type 'Bool'
231 |
232 | private let _textSelectionInsertionPointFilter: (NSTextSelection) -> Bool = { textSelection in
233 |     !textSelection.isLogical && textSelection.textRanges.contains(where: \.isEmpty)
    |                                                          `- error: cannot convert value of type '_' to expected argument type 'Bool'
234 | }
235 |
/Users/admin/builder/spi-builder-workspace/Sources/STTextKitPlus/NSTextLayoutManager.swift:233:74: error: cannot infer key path type from context; consider explicitly specifying a root type
231 |
232 | private let _textSelectionInsertionPointFilter: (NSTextSelection) -> Bool = { textSelection in
233 |     !textSelection.isLogical && textSelection.textRanges.contains(where: \.isEmpty)
    |                                                                          `- error: cannot infer key path type from context; consider explicitly specifying a root type
234 | }
235 |
/Users/admin/builder/spi-builder-workspace/Sources/STTextKitPlus/NSTextLineFragment.swift:37:11: error: cannot find type 'NSTextLineFragment' in scope
35 | #endif
36 |
37 | extension NSTextLineFragment {
   |           `- error: cannot find type 'NSTextLineFragment' in scope
38 |
39 |     /// Whether the line fragment is for the extra line fragment at the end of a document.
/Users/admin/builder/spi-builder-workspace/Sources/STTextKitPlus/NSTextLocation+Equatable.swift:37:18: error: cannot find type 'NSTextLocation' in scope
35 | #endif
36 |
37 | public extension NSTextLocation {
   |                  `- error: cannot find type 'NSTextLocation' in scope
38 |
39 |     static func == (lhs: Self, rhs: Self) -> Bool {
/Users/admin/builder/spi-builder-workspace/Sources/STTextKitPlus/NSTextRange.swift:37:11: error: cannot find type 'NSTextRange' in scope
35 | #endif
36 |
37 | extension NSTextRange {
   |           `- error: cannot find type 'NSTextRange' in scope
38 |
39 |     public convenience init?(_ nsRange: NSRange, in textContentManager: NSTextContentManager) {
Failed frontend command:
/Applications/Xcode-27.0.0-Release.Candidate.app/Contents/Developer/Toolchains/XcodeDefault.xctoolchain/usr/bin/swift-frontend -frontend -emit-module -experimental-skip-non-inlinable-function-bodies-without-types /Users/admin/builder/spi-builder-workspace/Sources/STTextKitPlus/NSRange.swift /Users/admin/builder/spi-builder-workspace/Sources/STTextKitPlus/NSTextContentManager.swift /Users/admin/builder/spi-builder-workspace/Sources/STTextKitPlus/NSTextLayoutFragment.swift /Users/admin/builder/spi-builder-workspace/Sources/STTextKitPlus/NSTextLayoutManager.swift /Users/admin/builder/spi-builder-workspace/Sources/STTextKitPlus/NSTextLineFragment.swift /Users/admin/builder/spi-builder-workspace/Sources/STTextKitPlus/NSTextLocation+Equatable.swift /Users/admin/builder/spi-builder-workspace/Sources/STTextKitPlus/NSTextRange.swift -target arm64_32-apple-watchos9.0 -disable-cross-import-overlay-search -load-resolved-plugin /Applications/Xcode-27.0.0-Release.Candidate.app/Contents/Developer/Platforms/WatchOS.platform/Developer/usr/lib/swift/host/plugins/libSwiftMacros.dylib\#/Applications/Xcode-27.0.0-Release.Candidate.app/Contents/Developer/Platforms/WatchOS.platform/Developer/usr/bin/swift-plugin-server\#SwiftMacros -disable-implicit-swift-modules -Xcc -fno-implicit-modules -Xcc -fno-implicit-module-maps -explicit-swift-module-map-file /Users/admin/builder/spi-builder-workspace/.derivedData/Build/Intermediates.noindex/STTextKitPlus.build/Debug-watchos/STTextKitPlus-t.build/Objects-normal/arm64_32/STTextKitPlus-dependencies-2.json -enable-objc-interop -sdk /Applications/Xcode-27.0.0-Release.Candidate.app/Contents/Developer/Platforms/WatchOS.platform/Developer/SDKs/WatchOS27.0.sdk -I /Users/admin/builder/spi-builder-workspace/.derivedData/Build/Products/Debug-watchos -Isystem /Applications/Xcode-27.0.0-Release.Candidate.app/Contents/Developer/Platforms/WatchOS.platform/Developer/usr/lib -F /Users/admin/builder/spi-builder-workspace/.derivedData/Build/Products/Debug-watchos -F /Applications/Xcode-27.0.0-Release.Candidate.app/Contents/Developer/Platforms/WatchOS.platform/Developer/Library/Frameworks -F /Applications/Xcode-27.0.0-Release.Candidate.app/Contents/Developer/Platforms/WatchOS.platform/Developer/SDKs/WatchOS27.0.sdk/Developer/Library/Frameworks -module-cache-path /Users/admin/builder/spi-builder-workspace/.derivedData/Build/Intermediates.noindex/SwiftExplicitPrecompiledModules -no-color-diagnostics -Xcc -fno-color-diagnostics -enable-testing -g -debug-info-format\=dwarf -dwarf-version\=4 -profile-generate -profile-coverage-mapping -swift-version 5 -Onone -D SWIFT_PACKAGE -D DEBUG -D SWIFT_MODULE_RESOURCE_BUNDLE_UNAVAILABLE -D Xcode -serialize-debugging-options -enable-experimental-feature DebugDescriptionMacro -empty-abi-descriptor -validate-clang-modules-once -clang-build-session-file /Users/admin/builder/spi-builder-workspace/.derivedData/ModuleCache.noindex/Session.modulevalidation -Xcc -working-directory -Xcc /Users/admin/builder/spi-builder-workspace/.swiftpm/xcode -enable-anonymous-context-mangled-names -file-compilation-dir /Users/admin/builder/spi-builder-workspace/.swiftpm/xcode -Xcc -D_LIBCPP_HARDENING_MODE\=_LIBCPP_HARDENING_MODE_DEBUG -Xcc -ivfsstatcache -Xcc /Users/admin/builder/spi-builder-workspace/.derivedData/SDKStatCaches.noindex/watchos27.0-24R360-e829b21a6f8c9b70876ba0858053c04477534ef55a1706bf4c1112bbb242f0a2.sdkstatcache -Xcc -fmodules-prune-interval\=86400 -Xcc -fmodules-prune-after\=345600 -Xcc -I/Users/admin/builder/spi-builder-workspace/.derivedData/Build/Products/Debug-watchos/include -Xcc -I/Users/admin/builder/spi-builder-workspace/.derivedData/Build/Intermediates.noindex/STTextKitPlus.build/Debug-watchos/STTextKitPlus-t.build/DerivedSources-normal/arm64_32 -Xcc -I/Users/admin/builder/spi-builder-workspace/.derivedData/Build/Intermediates.noindex/STTextKitPlus.build/Debug-watchos/STTextKitPlus-t.build/DerivedSources/arm64_32 -Xcc -I/Users/admin/builder/spi-builder-workspace/.derivedData/Build/Intermediates.noindex/STTextKitPlus.build/Debug-watchos/STTextKitPlus-t.build/DerivedSources -Xcc -DSWIFT_PACKAGE -Xcc -DDEBUG\=1 -no-auto-bridging-header-chaining -module-name STTextKitPlus -const-gather-protocols-file /Users/admin/builder/spi-builder-workspace/.derivedData/Build/Intermediates.noindex/STTextKitPlus.build/Debug-watchos/STTextKitPlus-t.build/Objects-normal/arm64_32/STTextKitPlus_const_extract_protocols.json -disable-clang-spi -clang-target arm64_32-apple-watchos27.0 -target-sdk-version 27.0 -target-sdk-name watchos27.0 -in-process-plugin-server-path /Applications/Xcode-27.0.0-Release.Candidate.app/Contents/Developer/Toolchains/XcodeDefault.xctoolchain/usr/lib/swift/host/libSwiftInProcPluginServer.dylib -emit-module-doc-path /Users/admin/builder/spi-builder-workspace/.derivedData/Build/Intermediates.noindex/STTextKitPlus.build/Debug-watchos/STTextKitPlus-t.build/Objects-normal/arm64_32/STTextKitPlus.swiftdoc -emit-module-source-info-path /Users/admin/builder/spi-builder-workspace/.derivedData/Build/Intermediates.noindex/STTextKitPlus.build/Debug-watchos/STTextKitPlus-t.build/Objects-normal/arm64_32/STTextKitPlus.swiftsourceinfo -emit-objc-header-path /Users/admin/builder/spi-builder-workspace/.derivedData/Build/Intermediates.noindex/STTextKitPlus.build/Debug-watchos/STTextKitPlus-t.build/Objects-normal/arm64_32/STTextKitPlus-Swift.h -serialize-diagnostics-path /Users/admin/builder/spi-builder-workspace/.derivedData/Build/Intermediates.noindex/STTextKitPlus.build/Debug-watchos/STTextKitPlus-t.build/Objects-normal/arm64_32/STTextKitPlus-primary-emit-module.dia -emit-dependencies-path /Users/admin/builder/spi-builder-workspace/.derivedData/Build/Intermediates.noindex/STTextKitPlus.build/Debug-watchos/STTextKitPlus-t.build/Objects-normal/arm64_32/STTextKitPlus-primary-emit-module.d -parse-as-library -o /Users/admin/builder/spi-builder-workspace/.derivedData/Build/Intermediates.noindex/STTextKitPlus.build/Debug-watchos/STTextKitPlus-t.build/Objects-normal/arm64_32/STTextKitPlus.swiftmodule -emit-abi-descriptor-path /Users/admin/builder/spi-builder-workspace/.derivedData/Build/Intermediates.noindex/STTextKitPlus.build/Debug-watchos/STTextKitPlus-t.build/Objects-normal/arm64_32/STTextKitPlus.abi.json
SwiftCompile normal arm64_32 (in target 'STTextKitPlus' from project 'STTextKitPlus')
    cd /Users/admin/builder/spi-builder-workspace/.swiftpm/xcode

SwiftCompile normal arm64_32 Compiling\ NSTextContentManager.swift /Users/admin/builder/spi-builder-workspace/Sources/STTextKitPlus/NSTextContentManager.swift (in target 'STTextKitPlus' from project 'STTextKitPlus')
SwiftCompile normal arm64_32 /Users/admin/builder/spi-builder-workspace/Sources/STTextKitPlus/NSTextContentManager.swift (in target 'STTextKitPlus' from project 'STTextKitPlus')
    cd /Users/admin/builder/spi-builder-workspace/.swiftpm/xcode
    builtin-SwiftPerFileCompile NSTextContentManager.swift
PruneExplicitPrecompiledModules /Users/admin/builder/spi-builder-workspace/.derivedData/Build/Intermediates.noindex/ExplicitPrecompiledModules
PruneExplicitPrecompiledModules /Users/admin/builder/spi-builder-workspace/.derivedData/Build/Intermediates.noindex/SwiftExplicitPrecompiledModules
PruneExplicitPrecompiledModules /Users/admin/builder/spi-builder-workspace/.derivedData/SDKExplicitPrecompiledModules
2026-09-27 21:36:41.660 xcodebuild[648:4199] [MT] IDERunDestination: Supported platforms for the buildables in the current scheme is empty.
** BUILD FAILED **
The following build commands failed:
	SwiftCompile normal arm64 (in target 'STTextKitPlus' from project 'STTextKitPlus')
	SwiftEmitModule normal arm64 Emitting\ module\ for\ STTextKitPlus (in target 'STTextKitPlus' from project 'STTextKitPlus')
	SwiftEmitModule normal arm64_32 Emitting\ module\ for\ STTextKitPlus (in target 'STTextKitPlus' from project 'STTextKitPlus')
	SwiftCompile normal arm64_32 (in target 'STTextKitPlus' from project 'STTextKitPlus')
	Building workspace STTextKitPlus with scheme STTextKitPlus
(5 failures)
Command line invocation:
    /Applications/Xcode-27.0.0-Release.Candidate.app/Contents/Developer/usr/bin/xcodebuild -IDEClonedSourcePackagesDirPathOverride=/Users/admin/builder/spi-builder-workspace/.dependencies -resolvePackageDependencies
Resolve Package Graph
Resolved source packages:
  STTextKitPlus: /Users/admin/builder/spi-builder-workspace
resolved source packages: STTextKitPlus
2026-09-27 21:36:44.437 xcodebuild[677:4365] [MT] IDERunDestination: Supported platforms for the buildables in the current scheme is empty.
{
  "dependencies" : [
  ],
  "manifest_display_name" : "STTextKitPlus",
  "name" : "STTextKitPlus",
  "path" : "/Users/admin/builder/spi-builder-workspace",
  "platforms" : [
    {
      "name" : "macos",
      "version" : "12.0"
    },
    {
      "name" : "maccatalyst",
      "version" : "15.0"
    },
    {
      "name" : "ios",
      "version" : "15.0"
    }
  ],
  "products" : [
    {
      "name" : "STTextKitPlus",
      "targets" : [
        "STTextKitPlus"
      ],
      "type" : {
        "library" : [
          "automatic"
        ]
      }
    }
  ],
  "targets" : [
    {
      "c99name" : "STTextKitPlusTests",
      "module_type" : "SwiftTarget",
      "name" : "STTextKitPlusTests",
      "path" : "Tests/STTextKitPlusTests",
      "sources" : [
        "NSTextLayoutFragmentTests.swift"
      ],
      "target_dependencies" : [
        "STTextKitPlus"
      ],
      "type" : "test"
    },
    {
      "c99name" : "STTextKitPlus",
      "module_type" : "SwiftTarget",
      "name" : "STTextKitPlus",
      "path" : "Sources/STTextKitPlus",
      "product_memberships" : [
        "STTextKitPlus"
      ],
      "sources" : [
        "NSRange.swift",
        "NSTextContentManager.swift",
        "NSTextLayoutFragment.swift",
        "NSTextLayoutManager.swift",
        "NSTextLineFragment.swift",
        "NSTextLocation+Equatable.swift",
        "NSTextRange.swift"
      ],
      "type" : "library"
    }
  ],
  "tools_version" : "5.7"
}
{
  "workspace" : {
    "name" : "STTextKitPlus",
    "schemes" : [
      "STTextKitPlus"
    ]
  }
}
2026-09-27 21:36:45.770 xcodebuild[685:4428] [MT] IDERunDestination: Supported platforms for the buildables in the current scheme is empty.
Running build ...
env DEVELOPER_DIR=/Applications/Xcode-27.0.0-Release.Candidate.app xcrun xcodebuild -IDEClonedSourcePackagesDirPathOverride=$PWD/.dependencies -skipMacroValidation -skipPackagePluginValidation -derivedDataPath $PWD/.derivedData build -scheme STTextKitPlus -destination generic/platform=watchOS
Command line invocation:
    /Applications/Xcode-27.0.0-Release.Candidate.app/Contents/Developer/usr/bin/xcodebuild -IDEClonedSourcePackagesDirPathOverride=/Users/admin/builder/spi-builder-workspace/.dependencies -skipMacroValidation -skipPackagePluginValidation -derivedDataPath /Users/admin/builder/spi-builder-workspace/.derivedData build -scheme STTextKitPlus -destination generic/platform=watchOS
Resolve Package Graph
Resolved source packages:
  STTextKitPlus: /Users/admin/builder/spi-builder-workspace
ComputePackagePrebuildTargetDependencyGraph
Prepare packages
CreateBuildRequest
SendProjectDescription
CreateBuildOperation
ComputeTargetDependencyGraph
note: Building targets in dependency order
note: Target dependency graph (2 targets)
    Target 'STTextKitPlus-product' in project 'STTextKitPlus'
        ➜ Explicit dependency on target 'STTextKitPlus' in project 'STTextKitPlus'
    Target 'STTextKitPlus' in project 'STTextKitPlus' (no dependencies)
GatherProvisioningInputs
CreateBuildDescription
ClangStatCache /Applications/Xcode-27.0.0-Release.Candidate.app/Contents/Developer/Toolchains/XcodeDefault.xctoolchain/usr/bin/clang-stat-cache /Applications/Xcode-27.0.0-Release.Candidate.app/Contents/Developer/Platforms/WatchOS.platform/Developer/SDKs/WatchOS27.0.sdk /Users/admin/builder/spi-builder-workspace/.derivedData/SDKStatCaches.noindex/watchos27.0-24R360-e829b21a6f8c9b70876ba0858053c04477534ef55a1706bf4c1112bbb242f0a2.sdkstatcache
    cd /Users/admin/builder/spi-builder-workspace/.swiftpm/xcode
    /Applications/Xcode-27.0.0-Release.Candidate.app/Contents/Developer/Toolchains/XcodeDefault.xctoolchain/usr/bin/clang-stat-cache /Applications/Xcode-27.0.0-Release.Candidate.app/Contents/Developer/Platforms/WatchOS.platform/Developer/SDKs/WatchOS27.0.sdk -o /Users/admin/builder/spi-builder-workspace/.derivedData/SDKStatCaches.noindex/watchos27.0-24R360-e829b21a6f8c9b70876ba0858053c04477534ef55a1706bf4c1112bbb242f0a2.sdkstatcache
SwiftDriver STTextKitPlus normal arm64_32 com.apple.xcode.tools.swift.compiler (in target 'STTextKitPlus' from project 'STTextKitPlus')
    cd /Users/admin/builder/spi-builder-workspace/.swiftpm/xcode
    builtin-SwiftDriver -- /Applications/Xcode-27.0.0-Release.Candidate.app/Contents/Developer/Toolchains/XcodeDefault.xctoolchain/usr/bin/swiftc -parse-as-library -module-name STTextKitPlus -Onone @/Users/admin/builder/spi-builder-workspace/.derivedData/Build/Intermediates.noindex/STTextKitPlus.build/Debug-watchos/STTextKitPlus-t.build/Objects-normal/arm64_32/STTextKitPlus.SwiftFileList -DSWIFT_PACKAGE -DDEBUG -DSWIFT_MODULE_RESOURCE_BUNDLE_UNAVAILABLE -DXcode -plugin-path /Applications/Xcode-27.0.0-Release.Candidate.app/Contents/Developer/Toolchains/XcodeDefault.xctoolchain/usr/lib/swift/host/plugins/testing -enable-experimental-feature DebugDescriptionMacro -sdk /Applications/Xcode-27.0.0-Release.Candidate.app/Contents/Developer/Platforms/WatchOS.platform/Developer/SDKs/WatchOS27.0.sdk -target arm64_32-apple-watchos9.0 -g -module-cache-path /Users/admin/builder/spi-builder-workspace/.derivedData/ModuleCache.noindex -Xfrontend -serialize-debugging-options -profile-coverage-mapping -profile-generate -enable-testing -index-store-path /Users/admin/builder/spi-builder-workspace/.derivedData/Index.noindex/DataStore -Xcc -D_LIBCPP_HARDENING_MODE\=_LIBCPP_HARDENING_MODE_DEBUG -swift-version 5 -I /Users/admin/builder/spi-builder-workspace/.derivedData/Build/Products/Debug-watchos -Isystem /Applications/Xcode-27.0.0-Release.Candidate.app/Contents/Developer/Platforms/WatchOS.platform/Developer/usr/lib -F /Users/admin/builder/spi-builder-workspace/.derivedData/Build/Products/Debug-watchos -F /Applications/Xcode-27.0.0-Release.Candidate.app/Contents/Developer/Platforms/WatchOS.platform/Developer/Library/Frameworks -F /Applications/Xcode-27.0.0-Release.Candidate.app/Contents/Developer/Platforms/WatchOS.platform/Developer/SDKs/WatchOS27.0.sdk/Developer/Library/Frameworks -c -j10 -enable-batch-mode -incremental -Xcc -ivfsstatcache -Xcc /Users/admin/builder/spi-builder-workspace/.derivedData/SDKStatCaches.noindex/watchos27.0-24R360-e829b21a6f8c9b70876ba0858053c04477534ef55a1706bf4c1112bbb242f0a2.sdkstatcache -output-file-map /Users/admin/builder/spi-builder-workspace/.derivedData/Build/Intermediates.noindex/STTextKitPlus.build/Debug-watchos/STTextKitPlus-t.build/Objects-normal/arm64_32/STTextKitPlus-OutputFileMap.json -save-temps -no-color-diagnostics -explicit-module-build -module-cache-path /Users/admin/builder/spi-builder-workspace/.derivedData/Build/Intermediates.noindex/SwiftExplicitPrecompiledModules -clang-scanner-module-cache-path /Users/admin/builder/spi-builder-workspace/.derivedData/ModuleCache.noindex -sdk-module-cache-path /Users/admin/builder/spi-builder-workspace/.derivedData/SDKExplicitPrecompiledModules -emit-dependencies -emit-module -emit-module-path /Users/admin/builder/spi-builder-workspace/.derivedData/Build/Intermediates.noindex/STTextKitPlus.build/Debug-watchos/STTextKitPlus-t.build/Objects-normal/arm64_32/STTextKitPlus.swiftmodule -serialize-diagnostics -dependency-scan-serialize-diagnostics-path /Users/admin/builder/spi-builder-workspace/.derivedData/Build/Intermediates.noindex/STTextKitPlus.build/Debug-watchos/STTextKitPlus-t.build/Objects-normal/arm64_32/STTextKitPlus-dependency-scan.dia -validate-clang-modules-once -clang-build-session-file /Users/admin/builder/spi-builder-workspace/.derivedData/ModuleCache.noindex/Session.modulevalidation -Xcc -fmodules-prune-interval\=86400 -Xcc -fmodules-prune-after\=345600 -emit-const-values -const-gather-protocols-list /Users/admin/builder/spi-builder-workspace/.derivedData/Build/Intermediates.noindex/STTextKitPlus.build/Debug-watchos/STTextKitPlus-t.build/Objects-normal/arm64_32/STTextKitPlus_const_extract_protocols.json -Xcc -I/Users/admin/builder/spi-builder-workspace/.derivedData/Build/Products/Debug-watchos/include -Xcc -I/Users/admin/builder/spi-builder-workspace/.derivedData/Build/Intermediates.noindex/STTextKitPlus.build/Debug-watchos/STTextKitPlus-t.build/DerivedSources-normal/arm64_32 -Xcc -I/Users/admin/builder/spi-builder-workspace/.derivedData/Build/Intermediates.noindex/STTextKitPlus.build/Debug-watchos/STTextKitPlus-t.build/DerivedSources/arm64_32 -Xcc -I/Users/admin/builder/spi-builder-workspace/.derivedData/Build/Intermediates.noindex/STTextKitPlus.build/Debug-watchos/STTextKitPlus-t.build/DerivedSources -Xcc -DSWIFT_PACKAGE -Xcc -DDEBUG\=1 -emit-objc-header -emit-objc-header-path /Users/admin/builder/spi-builder-workspace/.derivedData/Build/Intermediates.noindex/STTextKitPlus.build/Debug-watchos/STTextKitPlus-t.build/Objects-normal/arm64_32/STTextKitPlus-Swift.h -working-directory /Users/admin/builder/spi-builder-workspace/.swiftpm/xcode -experimental-emit-module-separately -disable-cmo
SwiftDriver STTextKitPlus normal arm64 com.apple.xcode.tools.swift.compiler (in target 'STTextKitPlus' from project 'STTextKitPlus')
    cd /Users/admin/builder/spi-builder-workspace/.swiftpm/xcode
    builtin-SwiftDriver -- /Applications/Xcode-27.0.0-Release.Candidate.app/Contents/Developer/Toolchains/XcodeDefault.xctoolchain/usr/bin/swiftc -parse-as-library -module-name STTextKitPlus -Onone @/Users/admin/builder/spi-builder-workspace/.derivedData/Build/Intermediates.noindex/STTextKitPlus.build/Debug-watchos/STTextKitPlus-t.build/Objects-normal/arm64/STTextKitPlus.SwiftFileList -DSWIFT_PACKAGE -DDEBUG -DSWIFT_MODULE_RESOURCE_BUNDLE_UNAVAILABLE -DXcode -plugin-path /Applications/Xcode-27.0.0-Release.Candidate.app/Contents/Developer/Toolchains/XcodeDefault.xctoolchain/usr/lib/swift/host/plugins/testing -enable-experimental-feature DebugDescriptionMacro -sdk /Applications/Xcode-27.0.0-Release.Candidate.app/Contents/Developer/Platforms/WatchOS.platform/Developer/SDKs/WatchOS27.0.sdk -target arm64-apple-watchos9.0 -g -module-cache-path /Users/admin/builder/spi-builder-workspace/.derivedData/ModuleCache.noindex -Xfrontend -serialize-debugging-options -profile-coverage-mapping -profile-generate -enable-testing -index-store-path /Users/admin/builder/spi-builder-workspace/.derivedData/Index.noindex/DataStore -Xcc -D_LIBCPP_HARDENING_MODE\=_LIBCPP_HARDENING_MODE_DEBUG -swift-version 5 -I /Users/admin/builder/spi-builder-workspace/.derivedData/Build/Products/Debug-watchos -Isystem /Applications/Xcode-27.0.0-Release.Candidate.app/Contents/Developer/Platforms/WatchOS.platform/Developer/usr/lib -F /Users/admin/builder/spi-builder-workspace/.derivedData/Build/Products/Debug-watchos -F /Applications/Xcode-27.0.0-Release.Candidate.app/Contents/Developer/Platforms/WatchOS.platform/Developer/Library/Frameworks -F /Applications/Xcode-27.0.0-Release.Candidate.app/Contents/Developer/Platforms/WatchOS.platform/Developer/SDKs/WatchOS27.0.sdk/Developer/Library/Frameworks -c -j10 -enable-batch-mode -incremental -Xcc -ivfsstatcache -Xcc /Users/admin/builder/spi-builder-workspace/.derivedData/SDKStatCaches.noindex/watchos27.0-24R360-e829b21a6f8c9b70876ba0858053c04477534ef55a1706bf4c1112bbb242f0a2.sdkstatcache -output-file-map /Users/admin/builder/spi-builder-workspace/.derivedData/Build/Intermediates.noindex/STTextKitPlus.build/Debug-watchos/STTextKitPlus-t.build/Objects-normal/arm64/STTextKitPlus-OutputFileMap.json -save-temps -no-color-diagnostics -explicit-module-build -module-cache-path /Users/admin/builder/spi-builder-workspace/.derivedData/Build/Intermediates.noindex/SwiftExplicitPrecompiledModules -clang-scanner-module-cache-path /Users/admin/builder/spi-builder-workspace/.derivedData/ModuleCache.noindex -sdk-module-cache-path /Users/admin/builder/spi-builder-workspace/.derivedData/SDKExplicitPrecompiledModules -emit-dependencies -emit-module -emit-module-path /Users/admin/builder/spi-builder-workspace/.derivedData/Build/Intermediates.noindex/STTextKitPlus.build/Debug-watchos/STTextKitPlus-t.build/Objects-normal/arm64/STTextKitPlus.swiftmodule -serialize-diagnostics -dependency-scan-serialize-diagnostics-path /Users/admin/builder/spi-builder-workspace/.derivedData/Build/Intermediates.noindex/STTextKitPlus.build/Debug-watchos/STTextKitPlus-t.build/Objects-normal/arm64/STTextKitPlus-dependency-scan.dia -validate-clang-modules-once -clang-build-session-file /Users/admin/builder/spi-builder-workspace/.derivedData/ModuleCache.noindex/Session.modulevalidation -Xcc -fmodules-prune-interval\=86400 -Xcc -fmodules-prune-after\=345600 -emit-const-values -const-gather-protocols-list /Users/admin/builder/spi-builder-workspace/.derivedData/Build/Intermediates.noindex/STTextKitPlus.build/Debug-watchos/STTextKitPlus-t.build/Objects-normal/arm64/STTextKitPlus_const_extract_protocols.json -Xcc -I/Users/admin/builder/spi-builder-workspace/.derivedData/Build/Products/Debug-watchos/include -Xcc -I/Users/admin/builder/spi-builder-workspace/.derivedData/Build/Intermediates.noindex/STTextKitPlus.build/Debug-watchos/STTextKitPlus-t.build/DerivedSources-normal/arm64 -Xcc -I/Users/admin/builder/spi-builder-workspace/.derivedData/Build/Intermediates.noindex/STTextKitPlus.build/Debug-watchos/STTextKitPlus-t.build/DerivedSources/arm64 -Xcc -I/Users/admin/builder/spi-builder-workspace/.derivedData/Build/Intermediates.noindex/STTextKitPlus.build/Debug-watchos/STTextKitPlus-t.build/DerivedSources -Xcc -DSWIFT_PACKAGE -Xcc -DDEBUG\=1 -emit-objc-header -emit-objc-header-path /Users/admin/builder/spi-builder-workspace/.derivedData/Build/Intermediates.noindex/STTextKitPlus.build/Debug-watchos/STTextKitPlus-t.build/Objects-normal/arm64/STTextKitPlus-Swift.h -working-directory /Users/admin/builder/spi-builder-workspace/.swiftpm/xcode -experimental-emit-module-separately -disable-cmo
SwiftCompile normal arm64 Compiling\ NSTextContentManager.swift /Users/admin/builder/spi-builder-workspace/Sources/STTextKitPlus/NSTextContentManager.swift (in target 'STTextKitPlus' from project 'STTextKitPlus')
SwiftCompile normal arm64 /Users/admin/builder/spi-builder-workspace/Sources/STTextKitPlus/NSTextContentManager.swift (in target 'STTextKitPlus' from project 'STTextKitPlus')
    cd /Users/admin/builder/spi-builder-workspace/.swiftpm/xcode
    builtin-SwiftPerFileCompile NSTextContentManager.swift
SwiftCompile normal arm64 Compiling\ NSTextLayoutManager.swift /Users/admin/builder/spi-builder-workspace/Sources/STTextKitPlus/NSTextLayoutManager.swift (in target 'STTextKitPlus' from project 'STTextKitPlus')
/Users/admin/builder/spi-builder-workspace/Sources/STTextKitPlus/NSTextLayoutManager.swift:37:11: error: cannot find type 'NSTextLayoutManager' in scope
 35 | #endif
 36 |
 37 | extension NSTextLayoutManager {
    |           `- error: cannot find type 'NSTextLayoutManager' in scope
 38 |
 39 |     /// Extra line layout fragment.
/Users/admin/builder/spi-builder-workspace/Sources/STTextKitPlus/NSTextLayoutManager.swift:73:11: error: cannot find type 'NSTextLayoutManager' in scope
 71 |
 72 |
 73 | extension NSTextLayoutManager {
    |           `- error: cannot find type 'NSTextLayoutManager' in scope
 74 |
 75 |     public func textLineFragment(at location: NSTextLocation) -> NSTextLineFragment? {
/Users/admin/builder/spi-builder-workspace/Sources/STTextKitPlus/NSTextLayoutManager.swift:96:11: error: cannot find type 'NSTextLayoutManager' in scope
 94 | }
 95 |
 96 | extension NSTextLayoutManager {
    |           `- error: cannot find type 'NSTextLayoutManager' in scope
 97 |
 98 |     /// Returns a location of text produced by a tap or click at the point you specify.
/Users/admin/builder/spi-builder-workspace/Sources/STTextKitPlus/NSTextLayoutManager.swift:153:11: error: cannot find type 'NSTextLayoutManager' in scope
151 | }
152 |
153 | extension NSTextLayoutManager {
    |           `- error: cannot find type 'NSTextLayoutManager' in scope
154 |
155 |     /// Typographic bounds of the range.
/Users/admin/builder/spi-builder-workspace/Sources/STTextKitPlus/NSTextLayoutManager.swift:200:11: error: cannot find type 'NSTextLayoutManager' in scope
198 | }
199 |
200 | extension NSTextLayoutManager {
    |           `- error: cannot find type 'NSTextLayoutManager' in scope
201 |
202 |     /// Enumerates the text layout fragments in the specified range.
/Users/admin/builder/spi-builder-workspace/Sources/STTextKitPlus/NSTextLayoutManager.swift:221:11: error: cannot find type 'NSTextLayoutManager' in scope
219 | }
220 |
221 | extension NSTextLayoutManager {
    |           `- error: cannot find type 'NSTextLayoutManager' in scope
222 |
223 |     public var insertionPointLocations: [NSTextLocation] {
/Users/admin/builder/spi-builder-workspace/Sources/STTextKitPlus/NSTextLayoutManager.swift:232:50: error: cannot find type 'NSTextSelection' in scope
230 | }
231 |
232 | private let _textSelectionInsertionPointFilter: (NSTextSelection) -> Bool = { textSelection in
    |                                                  `- error: cannot find type 'NSTextSelection' in scope
233 |     !textSelection.isLogical && textSelection.textRanges.contains(where: \.isEmpty)
234 | }
/Users/admin/builder/spi-builder-workspace/Sources/STTextKitPlus/NSTextLayoutManager.swift:233:58: error: cannot convert value of type '_' to expected argument type 'Bool'
231 |
232 | private let _textSelectionInsertionPointFilter: (NSTextSelection) -> Bool = { textSelection in
233 |     !textSelection.isLogical && textSelection.textRanges.contains(where: \.isEmpty)
    |                                                          `- error: cannot convert value of type '_' to expected argument type 'Bool'
234 | }
235 |
SwiftCompile normal arm64 /Users/admin/builder/spi-builder-workspace/Sources/STTextKitPlus/NSTextLayoutManager.swift (in target 'STTextKitPlus' from project 'STTextKitPlus')
    cd /Users/admin/builder/spi-builder-workspace/.swiftpm/xcode
    builtin-SwiftPerFileCompile NSTextLayoutManager.swift
SwiftEmitModule normal arm64 Emitting\ module\ for\ STTextKitPlus (in target 'STTextKitPlus' from project 'STTextKitPlus')
/Users/admin/builder/spi-builder-workspace/Sources/STTextKitPlus/NSRange.swift:37:11: error: cannot find type 'NSRange' in scope
35 | #endif
36 |
37 | extension NSRange {
   |           `- error: cannot find type 'NSRange' in scope
38 |
39 |     /// A value indicating that a requested item couldn’t be found or doesn’t exist.
/Users/admin/builder/spi-builder-workspace/Sources/STTextKitPlus/NSTextContentManager.swift:37:18: error: cannot find type 'NSTextContentManager' in scope
 35 | #endif
 36 |
 37 | public extension NSTextContentManager {
    |                  `- error: cannot find type 'NSTextContentManager' in scope
 38 |
 39 |     func location(at offset: Int) -> NSTextLocation? {
/Users/admin/builder/spi-builder-workspace/Sources/STTextKitPlus/NSTextLayoutFragment.swift:37:11: error: cannot find type 'NSTextLayoutFragment' in scope
35 | #endif
36 |
37 | extension NSTextLayoutFragment {
   |           `- error: cannot find type 'NSTextLayoutFragment' in scope
38 |
39 |     /// Whether the layout fragment is for the extra line fragment at the end of a document.
/Users/admin/builder/spi-builder-workspace/Sources/STTextKitPlus/NSTextLayoutManager.swift:37:11: error: cannot find type 'NSTextLayoutManager' in scope
 35 | #endif
 36 |
 37 | extension NSTextLayoutManager {
    |           `- error: cannot find type 'NSTextLayoutManager' in scope
 38 |
 39 |     /// Extra line layout fragment.
/Users/admin/builder/spi-builder-workspace/Sources/STTextKitPlus/NSTextLayoutManager.swift:73:11: error: cannot find type 'NSTextLayoutManager' in scope
 71 |
 72 |
 73 | extension NSTextLayoutManager {
    |           `- error: cannot find type 'NSTextLayoutManager' in scope
 74 |
 75 |     public func textLineFragment(at location: NSTextLocation) -> NSTextLineFragment? {
/Users/admin/builder/spi-builder-workspace/Sources/STTextKitPlus/NSTextLayoutManager.swift:96:11: error: cannot find type 'NSTextLayoutManager' in scope
 94 | }
 95 |
 96 | extension NSTextLayoutManager {
    |           `- error: cannot find type 'NSTextLayoutManager' in scope
 97 |
 98 |     /// Returns a location of text produced by a tap or click at the point you specify.
/Users/admin/builder/spi-builder-workspace/Sources/STTextKitPlus/NSTextLayoutManager.swift:153:11: error: cannot find type 'NSTextLayoutManager' in scope
151 | }
152 |
153 | extension NSTextLayoutManager {
    |           `- error: cannot find type 'NSTextLayoutManager' in scope
154 |
155 |     /// Typographic bounds of the range.
/Users/admin/builder/spi-builder-workspace/Sources/STTextKitPlus/NSTextLayoutManager.swift:200:11: error: cannot find type 'NSTextLayoutManager' in scope
198 | }
199 |
200 | extension NSTextLayoutManager {
    |           `- error: cannot find type 'NSTextLayoutManager' in scope
201 |
202 |     /// Enumerates the text layout fragments in the specified range.
/Users/admin/builder/spi-builder-workspace/Sources/STTextKitPlus/NSTextLayoutManager.swift:221:11: error: cannot find type 'NSTextLayoutManager' in scope
219 | }
220 |
221 | extension NSTextLayoutManager {
    |           `- error: cannot find type 'NSTextLayoutManager' in scope
222 |
223 |     public var insertionPointLocations: [NSTextLocation] {
/Users/admin/builder/spi-builder-workspace/Sources/STTextKitPlus/NSTextLayoutManager.swift:232:50: error: cannot find type 'NSTextSelection' in scope
230 | }
231 |
232 | private let _textSelectionInsertionPointFilter: (NSTextSelection) -> Bool = { textSelection in
    |                                                  `- error: cannot find type 'NSTextSelection' in scope
233 |     !textSelection.isLogical && textSelection.textRanges.contains(where: \.isEmpty)
234 | }
/Users/admin/builder/spi-builder-workspace/Sources/STTextKitPlus/NSTextLayoutManager.swift:233:58: error: cannot convert value of type '_' to expected argument type 'Bool'
231 |
232 | private let _textSelectionInsertionPointFilter: (NSTextSelection) -> Bool = { textSelection in
233 |     !textSelection.isLogical && textSelection.textRanges.contains(where: \.isEmpty)
    |                                                          `- error: cannot convert value of type '_' to expected argument type 'Bool'
234 | }
235 |
/Users/admin/builder/spi-builder-workspace/Sources/STTextKitPlus/NSTextLayoutManager.swift:233:74: error: cannot infer key path type from context; consider explicitly specifying a root type
231 |
232 | private let _textSelectionInsertionPointFilter: (NSTextSelection) -> Bool = { textSelection in
233 |     !textSelection.isLogical && textSelection.textRanges.contains(where: \.isEmpty)
    |                                                                          `- error: cannot infer key path type from context; consider explicitly specifying a root type
234 | }
235 |
/Users/admin/builder/spi-builder-workspace/Sources/STTextKitPlus/NSTextLineFragment.swift:37:11: error: cannot find type 'NSTextLineFragment' in scope
35 | #endif
36 |
37 | extension NSTextLineFragment {
   |           `- error: cannot find type 'NSTextLineFragment' in scope
38 |
39 |     /// Whether the line fragment is for the extra line fragment at the end of a document.
/Users/admin/builder/spi-builder-workspace/Sources/STTextKitPlus/NSTextLocation+Equatable.swift:37:18: error: cannot find type 'NSTextLocation' in scope
35 | #endif
36 |
37 | public extension NSTextLocation {
   |                  `- error: cannot find type 'NSTextLocation' in scope
38 |
39 |     static func == (lhs: Self, rhs: Self) -> Bool {
/Users/admin/builder/spi-builder-workspace/Sources/STTextKitPlus/NSTextRange.swift:37:11: error: cannot find type 'NSTextRange' in scope
35 | #endif
36 |
37 | extension NSTextRange {
   |           `- error: cannot find type 'NSTextRange' in scope
38 |
39 |     public convenience init?(_ nsRange: NSRange, in textContentManager: NSTextContentManager) {
Failed frontend command:
/Applications/Xcode-27.0.0-Release.Candidate.app/Contents/Developer/Toolchains/XcodeDefault.xctoolchain/usr/bin/swift-frontend -frontend -emit-module -experimental-skip-non-inlinable-function-bodies-without-types /Users/admin/builder/spi-builder-workspace/Sources/STTextKitPlus/NSRange.swift /Users/admin/builder/spi-builder-workspace/Sources/STTextKitPlus/NSTextContentManager.swift /Users/admin/builder/spi-builder-workspace/Sources/STTextKitPlus/NSTextLayoutFragment.swift /Users/admin/builder/spi-builder-workspace/Sources/STTextKitPlus/NSTextLayoutManager.swift /Users/admin/builder/spi-builder-workspace/Sources/STTextKitPlus/NSTextLineFragment.swift /Users/admin/builder/spi-builder-workspace/Sources/STTextKitPlus/NSTextLocation+Equatable.swift /Users/admin/builder/spi-builder-workspace/Sources/STTextKitPlus/NSTextRange.swift -target arm64-apple-watchos9.0 -disable-cross-import-overlay-search -load-resolved-plugin /Applications/Xcode-27.0.0-Release.Candidate.app/Contents/Developer/Platforms/WatchOS.platform/Developer/usr/lib/swift/host/plugins/libSwiftMacros.dylib\#/Applications/Xcode-27.0.0-Release.Candidate.app/Contents/Developer/Platforms/WatchOS.platform/Developer/usr/bin/swift-plugin-server\#SwiftMacros -disable-implicit-swift-modules -Xcc -fno-implicit-modules -Xcc -fno-implicit-module-maps -explicit-swift-module-map-file /Users/admin/builder/spi-builder-workspace/.derivedData/Build/Intermediates.noindex/STTextKitPlus.build/Debug-watchos/STTextKitPlus-t.build/Objects-normal/arm64/STTextKitPlus-dependencies-1.json -Xllvm -aarch64-use-tbi -enable-objc-interop -stack-check -sdk /Applications/Xcode-27.0.0-Release.Candidate.app/Contents/Developer/Platforms/WatchOS.platform/Developer/SDKs/WatchOS27.0.sdk -I /Users/admin/builder/spi-builder-workspace/.derivedData/Build/Products/Debug-watchos -Isystem /Applications/Xcode-27.0.0-Release.Candidate.app/Contents/Developer/Platforms/WatchOS.platform/Developer/usr/lib -F /Users/admin/builder/spi-builder-workspace/.derivedData/Build/Products/Debug-watchos -F /Applications/Xcode-27.0.0-Release.Candidate.app/Contents/Developer/Platforms/WatchOS.platform/Developer/Library/Frameworks -F /Applications/Xcode-27.0.0-Release.Candidate.app/Contents/Developer/Platforms/WatchOS.platform/Developer/SDKs/WatchOS27.0.sdk/Developer/Library/Frameworks -module-cache-path /Users/admin/builder/spi-builder-workspace/.derivedData/Build/Intermediates.noindex/SwiftExplicitPrecompiledModules -no-color-diagnostics -Xcc -fno-color-diagnostics -enable-testing -g -debug-info-format\=dwarf -dwarf-version\=4 -profile-generate -profile-coverage-mapping -swift-version 5 -Onone -D SWIFT_PACKAGE -D DEBUG -D SWIFT_MODULE_RESOURCE_BUNDLE_UNAVAILABLE -D Xcode -serialize-debugging-options -enable-experimental-feature DebugDescriptionMacro -empty-abi-descriptor -validate-clang-modules-once -clang-build-session-file /Users/admin/builder/spi-builder-workspace/.derivedData/ModuleCache.noindex/Session.modulevalidation -Xcc -working-directory -Xcc /Users/admin/builder/spi-builder-workspace/.swiftpm/xcode -enable-anonymous-context-mangled-names -file-compilation-dir /Users/admin/builder/spi-builder-workspace/.swiftpm/xcode -Xcc -D_LIBCPP_HARDENING_MODE\=_LIBCPP_HARDENING_MODE_DEBUG -Xcc -ivfsstatcache -Xcc /Users/admin/builder/spi-builder-workspace/.derivedData/SDKStatCaches.noindex/watchos27.0-24R360-e829b21a6f8c9b70876ba0858053c04477534ef55a1706bf4c1112bbb242f0a2.sdkstatcache -Xcc -fmodules-prune-interval\=86400 -Xcc -fmodules-prune-after\=345600 -Xcc -I/Users/admin/builder/spi-builder-workspace/.derivedData/Build/Products/Debug-watchos/include -Xcc -I/Users/admin/builder/spi-builder-workspace/.derivedData/Build/Intermediates.noindex/STTextKitPlus.build/Debug-watchos/STTextKitPlus-t.build/DerivedSources-normal/arm64 -Xcc -I/Users/admin/builder/spi-builder-workspace/.derivedData/Build/Intermediates.noindex/STTextKitPlus.build/Debug-watchos/STTextKitPlus-t.build/DerivedSources/arm64 -Xcc -I/Users/admin/builder/spi-builder-workspace/.derivedData/Build/Intermediates.noindex/STTextKitPlus.build/Debug-watchos/STTextKitPlus-t.build/DerivedSources -Xcc -DSWIFT_PACKAGE -Xcc -DDEBUG\=1 -no-auto-bridging-header-chaining -module-name STTextKitPlus -const-gather-protocols-file /Users/admin/builder/spi-builder-workspace/.derivedData/Build/Intermediates.noindex/STTextKitPlus.build/Debug-watchos/STTextKitPlus-t.build/Objects-normal/arm64/STTextKitPlus_const_extract_protocols.json -disable-clang-spi -clang-target arm64-apple-watchos27.0 -target-sdk-version 27.0 -target-sdk-name watchos27.0 -in-process-plugin-server-path /Applications/Xcode-27.0.0-Release.Candidate.app/Contents/Developer/Toolchains/XcodeDefault.xctoolchain/usr/lib/swift/host/libSwiftInProcPluginServer.dylib -emit-module-doc-path /Users/admin/builder/spi-builder-workspace/.derivedData/Build/Intermediates.noindex/STTextKitPlus.build/Debug-watchos/STTextKitPlus-t.build/Objects-normal/arm64/STTextKitPlus.swiftdoc -emit-module-source-info-path /Users/admin/builder/spi-builder-workspace/.derivedData/Build/Intermediates.noindex/STTextKitPlus.build/Debug-watchos/STTextKitPlus-t.build/Objects-normal/arm64/STTextKitPlus.swiftsourceinfo -emit-objc-header-path /Users/admin/builder/spi-builder-workspace/.derivedData/Build/Intermediates.noindex/STTextKitPlus.build/Debug-watchos/STTextKitPlus-t.build/Objects-normal/arm64/STTextKitPlus-Swift.h -serialize-diagnostics-path /Users/admin/builder/spi-builder-workspace/.derivedData/Build/Intermediates.noindex/STTextKitPlus.build/Debug-watchos/STTextKitPlus-t.build/Objects-normal/arm64/STTextKitPlus-primary-emit-module.dia -emit-dependencies-path /Users/admin/builder/spi-builder-workspace/.derivedData/Build/Intermediates.noindex/STTextKitPlus.build/Debug-watchos/STTextKitPlus-t.build/Objects-normal/arm64/STTextKitPlus-primary-emit-module.d -parse-as-library -o /Users/admin/builder/spi-builder-workspace/.derivedData/Build/Intermediates.noindex/STTextKitPlus.build/Debug-watchos/STTextKitPlus-t.build/Objects-normal/arm64/STTextKitPlus.swiftmodule -emit-abi-descriptor-path /Users/admin/builder/spi-builder-workspace/.derivedData/Build/Intermediates.noindex/STTextKitPlus.build/Debug-watchos/STTextKitPlus-t.build/Objects-normal/arm64/STTextKitPlus.abi.json
SwiftCompile normal arm64 (in target 'STTextKitPlus' from project 'STTextKitPlus')
    cd /Users/admin/builder/spi-builder-workspace/.swiftpm/xcode

SwiftCompile normal arm64 Compiling\ NSTextLocation+Equatable.swift /Users/admin/builder/spi-builder-workspace/Sources/STTextKitPlus/NSTextLocation+Equatable.swift (in target 'STTextKitPlus' from project 'STTextKitPlus')
SwiftCompile normal arm64 /Users/admin/builder/spi-builder-workspace/Sources/STTextKitPlus/NSTextLocation+Equatable.swift (in target 'STTextKitPlus' from project 'STTextKitPlus')
    cd /Users/admin/builder/spi-builder-workspace/.swiftpm/xcode
    builtin-SwiftPerFileCompile NSTextLocation+Equatable.swift
SwiftCompile normal arm64 Compiling\ NSRange.swift /Users/admin/builder/spi-builder-workspace/Sources/STTextKitPlus/NSRange.swift (in target 'STTextKitPlus' from project 'STTextKitPlus')
SwiftCompile normal arm64 /Users/admin/builder/spi-builder-workspace/Sources/STTextKitPlus/NSRange.swift (in target 'STTextKitPlus' from project 'STTextKitPlus')
    cd /Users/admin/builder/spi-builder-workspace/.swiftpm/xcode
    builtin-SwiftPerFileCompile NSRange.swift
SwiftCompile normal arm64 Compiling\ NSTextLayoutFragment.swift /Users/admin/builder/spi-builder-workspace/Sources/STTextKitPlus/NSTextLayoutFragment.swift (in target 'STTextKitPlus' from project 'STTextKitPlus')
SwiftCompile normal arm64 /Users/admin/builder/spi-builder-workspace/Sources/STTextKitPlus/NSTextLayoutFragment.swift (in target 'STTextKitPlus' from project 'STTextKitPlus')
    cd /Users/admin/builder/spi-builder-workspace/.swiftpm/xcode
    builtin-SwiftPerFileCompile NSTextLayoutFragment.swift
SwiftCompile normal arm64 Compiling\ NSTextRange.swift /Users/admin/builder/spi-builder-workspace/Sources/STTextKitPlus/NSTextRange.swift (in target 'STTextKitPlus' from project 'STTextKitPlus')
SwiftCompile normal arm64 /Users/admin/builder/spi-builder-workspace/Sources/STTextKitPlus/NSTextRange.swift (in target 'STTextKitPlus' from project 'STTextKitPlus')
    cd /Users/admin/builder/spi-builder-workspace/.swiftpm/xcode
    builtin-SwiftPerFileCompile NSTextRange.swift
SwiftCompile normal arm64 Compiling\ NSTextLineFragment.swift /Users/admin/builder/spi-builder-workspace/Sources/STTextKitPlus/NSTextLineFragment.swift (in target 'STTextKitPlus' from project 'STTextKitPlus')
SwiftCompile normal arm64 /Users/admin/builder/spi-builder-workspace/Sources/STTextKitPlus/NSTextLineFragment.swift (in target 'STTextKitPlus' from project 'STTextKitPlus')
    cd /Users/admin/builder/spi-builder-workspace/.swiftpm/xcode
    builtin-SwiftPerFileCompile NSTextLineFragment.swift
SwiftEmitModule normal arm64_32 Emitting\ module\ for\ STTextKitPlus (in target 'STTextKitPlus' from project 'STTextKitPlus')
/Users/admin/builder/spi-builder-workspace/Sources/STTextKitPlus/NSRange.swift:37:11: error: cannot find type 'NSRange' in scope
35 | #endif
36 |
37 | extension NSRange {
   |           `- error: cannot find type 'NSRange' in scope
38 |
39 |     /// A value indicating that a requested item couldn’t be found or doesn’t exist.
/Users/admin/builder/spi-builder-workspace/Sources/STTextKitPlus/NSTextContentManager.swift:37:18: error: cannot find type 'NSTextContentManager' in scope
 35 | #endif
 36 |
 37 | public extension NSTextContentManager {
    |                  `- error: cannot find type 'NSTextContentManager' in scope
 38 |
 39 |     func location(at offset: Int) -> NSTextLocation? {
/Users/admin/builder/spi-builder-workspace/Sources/STTextKitPlus/NSTextLayoutFragment.swift:37:11: error: cannot find type 'NSTextLayoutFragment' in scope
35 | #endif
36 |
37 | extension NSTextLayoutFragment {
   |           `- error: cannot find type 'NSTextLayoutFragment' in scope
38 |
39 |     /// Whether the layout fragment is for the extra line fragment at the end of a document.
/Users/admin/builder/spi-builder-workspace/Sources/STTextKitPlus/NSTextLayoutManager.swift:37:11: error: cannot find type 'NSTextLayoutManager' in scope
 35 | #endif
 36 |
 37 | extension NSTextLayoutManager {
    |           `- error: cannot find type 'NSTextLayoutManager' in scope
 38 |
 39 |     /// Extra line layout fragment.
/Users/admin/builder/spi-builder-workspace/Sources/STTextKitPlus/NSTextLayoutManager.swift:73:11: error: cannot find type 'NSTextLayoutManager' in scope
 71 |
 72 |
 73 | extension NSTextLayoutManager {
    |           `- error: cannot find type 'NSTextLayoutManager' in scope
 74 |
 75 |     public func textLineFragment(at location: NSTextLocation) -> NSTextLineFragment? {
/Users/admin/builder/spi-builder-workspace/Sources/STTextKitPlus/NSTextLayoutManager.swift:96:11: error: cannot find type 'NSTextLayoutManager' in scope
 94 | }
 95 |
 96 | extension NSTextLayoutManager {
    |           `- error: cannot find type 'NSTextLayoutManager' in scope
 97 |
 98 |     /// Returns a location of text produced by a tap or click at the point you specify.
/Users/admin/builder/spi-builder-workspace/Sources/STTextKitPlus/NSTextLayoutManager.swift:153:11: error: cannot find type 'NSTextLayoutManager' in scope
151 | }
152 |
153 | extension NSTextLayoutManager {
    |           `- error: cannot find type 'NSTextLayoutManager' in scope
154 |
155 |     /// Typographic bounds of the range.
/Users/admin/builder/spi-builder-workspace/Sources/STTextKitPlus/NSTextLayoutManager.swift:200:11: error: cannot find type 'NSTextLayoutManager' in scope
198 | }
199 |
200 | extension NSTextLayoutManager {
    |           `- error: cannot find type 'NSTextLayoutManager' in scope
201 |
202 |     /// Enumerates the text layout fragments in the specified range.
/Users/admin/builder/spi-builder-workspace/Sources/STTextKitPlus/NSTextLayoutManager.swift:221:11: error: cannot find type 'NSTextLayoutManager' in scope
219 | }
220 |
221 | extension NSTextLayoutManager {
    |           `- error: cannot find type 'NSTextLayoutManager' in scope
222 |
223 |     public var insertionPointLocations: [NSTextLocation] {
/Users/admin/builder/spi-builder-workspace/Sources/STTextKitPlus/NSTextLayoutManager.swift:232:50: error: cannot find type 'NSTextSelection' in scope
230 | }
231 |
232 | private let _textSelectionInsertionPointFilter: (NSTextSelection) -> Bool = { textSelection in
    |                                                  `- error: cannot find type 'NSTextSelection' in scope
233 |     !textSelection.isLogical && textSelection.textRanges.contains(where: \.isEmpty)
234 | }
/Users/admin/builder/spi-builder-workspace/Sources/STTextKitPlus/NSTextLayoutManager.swift:233:58: error: cannot convert value of type '_' to expected argument type 'Bool'
231 |
232 | private let _textSelectionInsertionPointFilter: (NSTextSelection) -> Bool = { textSelection in
233 |     !textSelection.isLogical && textSelection.textRanges.contains(where: \.isEmpty)
    |                                                          `- error: cannot convert value of type '_' to expected argument type 'Bool'
234 | }
235 |
/Users/admin/builder/spi-builder-workspace/Sources/STTextKitPlus/NSTextLayoutManager.swift:233:74: error: cannot infer key path type from context; consider explicitly specifying a root type
231 |
232 | private let _textSelectionInsertionPointFilter: (NSTextSelection) -> Bool = { textSelection in
233 |     !textSelection.isLogical && textSelection.textRanges.contains(where: \.isEmpty)
    |                                                                          `- error: cannot infer key path type from context; consider explicitly specifying a root type
234 | }
235 |
/Users/admin/builder/spi-builder-workspace/Sources/STTextKitPlus/NSTextLineFragment.swift:37:11: error: cannot find type 'NSTextLineFragment' in scope
35 | #endif
36 |
37 | extension NSTextLineFragment {
   |           `- error: cannot find type 'NSTextLineFragment' in scope
38 |
39 |     /// Whether the line fragment is for the extra line fragment at the end of a document.
/Users/admin/builder/spi-builder-workspace/Sources/STTextKitPlus/NSTextLocation+Equatable.swift:37:18: error: cannot find type 'NSTextLocation' in scope
35 | #endif
36 |
37 | public extension NSTextLocation {
   |                  `- error: cannot find type 'NSTextLocation' in scope
38 |
39 |     static func == (lhs: Self, rhs: Self) -> Bool {
/Users/admin/builder/spi-builder-workspace/Sources/STTextKitPlus/NSTextRange.swift:37:11: error: cannot find type 'NSTextRange' in scope
35 | #endif
36 |
37 | extension NSTextRange {
   |           `- error: cannot find type 'NSTextRange' in scope
38 |
39 |     public convenience init?(_ nsRange: NSRange, in textContentManager: NSTextContentManager) {
Failed frontend command:
/Applications/Xcode-27.0.0-Release.Candidate.app/Contents/Developer/Toolchains/XcodeDefault.xctoolchain/usr/bin/swift-frontend -frontend -emit-module -experimental-skip-non-inlinable-function-bodies-without-types /Users/admin/builder/spi-builder-workspace/Sources/STTextKitPlus/NSRange.swift /Users/admin/builder/spi-builder-workspace/Sources/STTextKitPlus/NSTextContentManager.swift /Users/admin/builder/spi-builder-workspace/Sources/STTextKitPlus/NSTextLayoutFragment.swift /Users/admin/builder/spi-builder-workspace/Sources/STTextKitPlus/NSTextLayoutManager.swift /Users/admin/builder/spi-builder-workspace/Sources/STTextKitPlus/NSTextLineFragment.swift /Users/admin/builder/spi-builder-workspace/Sources/STTextKitPlus/NSTextLocation+Equatable.swift /Users/admin/builder/spi-builder-workspace/Sources/STTextKitPlus/NSTextRange.swift -target arm64_32-apple-watchos9.0 -disable-cross-import-overlay-search -load-resolved-plugin /Applications/Xcode-27.0.0-Release.Candidate.app/Contents/Developer/Platforms/WatchOS.platform/Developer/usr/lib/swift/host/plugins/libSwiftMacros.dylib\#/Applications/Xcode-27.0.0-Release.Candidate.app/Contents/Developer/Platforms/WatchOS.platform/Developer/usr/bin/swift-plugin-server\#SwiftMacros -disable-implicit-swift-modules -Xcc -fno-implicit-modules -Xcc -fno-implicit-module-maps -explicit-swift-module-map-file /Users/admin/builder/spi-builder-workspace/.derivedData/Build/Intermediates.noindex/STTextKitPlus.build/Debug-watchos/STTextKitPlus-t.build/Objects-normal/arm64_32/STTextKitPlus-dependencies-2.json -enable-objc-interop -sdk /Applications/Xcode-27.0.0-Release.Candidate.app/Contents/Developer/Platforms/WatchOS.platform/Developer/SDKs/WatchOS27.0.sdk -I /Users/admin/builder/spi-builder-workspace/.derivedData/Build/Products/Debug-watchos -Isystem /Applications/Xcode-27.0.0-Release.Candidate.app/Contents/Developer/Platforms/WatchOS.platform/Developer/usr/lib -F /Users/admin/builder/spi-builder-workspace/.derivedData/Build/Products/Debug-watchos -F /Applications/Xcode-27.0.0-Release.Candidate.app/Contents/Developer/Platforms/WatchOS.platform/Developer/Library/Frameworks -F /Applications/Xcode-27.0.0-Release.Candidate.app/Contents/Developer/Platforms/WatchOS.platform/Developer/SDKs/WatchOS27.0.sdk/Developer/Library/Frameworks -module-cache-path /Users/admin/builder/spi-builder-workspace/.derivedData/Build/Intermediates.noindex/SwiftExplicitPrecompiledModules -no-color-diagnostics -Xcc -fno-color-diagnostics -enable-testing -g -debug-info-format\=dwarf -dwarf-version\=4 -profile-generate -profile-coverage-mapping -swift-version 5 -Onone -D SWIFT_PACKAGE -D DEBUG -D SWIFT_MODULE_RESOURCE_BUNDLE_UNAVAILABLE -D Xcode -serialize-debugging-options -enable-experimental-feature DebugDescriptionMacro -empty-abi-descriptor -validate-clang-modules-once -clang-build-session-file /Users/admin/builder/spi-builder-workspace/.derivedData/ModuleCache.noindex/Session.modulevalidation -Xcc -working-directory -Xcc /Users/admin/builder/spi-builder-workspace/.swiftpm/xcode -enable-anonymous-context-mangled-names -file-compilation-dir /Users/admin/builder/spi-builder-workspace/.swiftpm/xcode -Xcc -D_LIBCPP_HARDENING_MODE\=_LIBCPP_HARDENING_MODE_DEBUG -Xcc -ivfsstatcache -Xcc /Users/admin/builder/spi-builder-workspace/.derivedData/SDKStatCaches.noindex/watchos27.0-24R360-e829b21a6f8c9b70876ba0858053c04477534ef55a1706bf4c1112bbb242f0a2.sdkstatcache -Xcc -fmodules-prune-interval\=86400 -Xcc -fmodules-prune-after\=345600 -Xcc -I/Users/admin/builder/spi-builder-workspace/.derivedData/Build/Products/Debug-watchos/include -Xcc -I/Users/admin/builder/spi-builder-workspace/.derivedData/Build/Intermediates.noindex/STTextKitPlus.build/Debug-watchos/STTextKitPlus-t.build/DerivedSources-normal/arm64_32 -Xcc -I/Users/admin/builder/spi-builder-workspace/.derivedData/Build/Intermediates.noindex/STTextKitPlus.build/Debug-watchos/STTextKitPlus-t.build/DerivedSources/arm64_32 -Xcc -I/Users/admin/builder/spi-builder-workspace/.derivedData/Build/Intermediates.noindex/STTextKitPlus.build/Debug-watchos/STTextKitPlus-t.build/DerivedSources -Xcc -DSWIFT_PACKAGE -Xcc -DDEBUG\=1 -no-auto-bridging-header-chaining -module-name STTextKitPlus -const-gather-protocols-file /Users/admin/builder/spi-builder-workspace/.derivedData/Build/Intermediates.noindex/STTextKitPlus.build/Debug-watchos/STTextKitPlus-t.build/Objects-normal/arm64_32/STTextKitPlus_const_extract_protocols.json -disable-clang-spi -clang-target arm64_32-apple-watchos27.0 -target-sdk-version 27.0 -target-sdk-name watchos27.0 -in-process-plugin-server-path /Applications/Xcode-27.0.0-Release.Candidate.app/Contents/Developer/Toolchains/XcodeDefault.xctoolchain/usr/lib/swift/host/libSwiftInProcPluginServer.dylib -emit-module-doc-path /Users/admin/builder/spi-builder-workspace/.derivedData/Build/Intermediates.noindex/STTextKitPlus.build/Debug-watchos/STTextKitPlus-t.build/Objects-normal/arm64_32/STTextKitPlus.swiftdoc -emit-module-source-info-path /Users/admin/builder/spi-builder-workspace/.derivedData/Build/Intermediates.noindex/STTextKitPlus.build/Debug-watchos/STTextKitPlus-t.build/Objects-normal/arm64_32/STTextKitPlus.swiftsourceinfo -emit-objc-header-path /Users/admin/builder/spi-builder-workspace/.derivedData/Build/Intermediates.noindex/STTextKitPlus.build/Debug-watchos/STTextKitPlus-t.build/Objects-normal/arm64_32/STTextKitPlus-Swift.h -serialize-diagnostics-path /Users/admin/builder/spi-builder-workspace/.derivedData/Build/Intermediates.noindex/STTextKitPlus.build/Debug-watchos/STTextKitPlus-t.build/Objects-normal/arm64_32/STTextKitPlus-primary-emit-module.dia -emit-dependencies-path /Users/admin/builder/spi-builder-workspace/.derivedData/Build/Intermediates.noindex/STTextKitPlus.build/Debug-watchos/STTextKitPlus-t.build/Objects-normal/arm64_32/STTextKitPlus-primary-emit-module.d -parse-as-library -o /Users/admin/builder/spi-builder-workspace/.derivedData/Build/Intermediates.noindex/STTextKitPlus.build/Debug-watchos/STTextKitPlus-t.build/Objects-normal/arm64_32/STTextKitPlus.swiftmodule -emit-abi-descriptor-path /Users/admin/builder/spi-builder-workspace/.derivedData/Build/Intermediates.noindex/STTextKitPlus.build/Debug-watchos/STTextKitPlus-t.build/Objects-normal/arm64_32/STTextKitPlus.abi.json
SwiftCompile normal arm64_32 (in target 'STTextKitPlus' from project 'STTextKitPlus')
    cd /Users/admin/builder/spi-builder-workspace/.swiftpm/xcode

SwiftCompile normal arm64_32 Compiling\ NSTextContentManager.swift /Users/admin/builder/spi-builder-workspace/Sources/STTextKitPlus/NSTextContentManager.swift (in target 'STTextKitPlus' from project 'STTextKitPlus')
SwiftCompile normal arm64_32 /Users/admin/builder/spi-builder-workspace/Sources/STTextKitPlus/NSTextContentManager.swift (in target 'STTextKitPlus' from project 'STTextKitPlus')
    cd /Users/admin/builder/spi-builder-workspace/.swiftpm/xcode
    builtin-SwiftPerFileCompile NSTextContentManager.swift
PruneExplicitPrecompiledModules /Users/admin/builder/spi-builder-workspace/.derivedData/Build/Intermediates.noindex/ExplicitPrecompiledModules
PruneExplicitPrecompiledModules /Users/admin/builder/spi-builder-workspace/.derivedData/SDKExplicitPrecompiledModules
PruneExplicitPrecompiledModules /Users/admin/builder/spi-builder-workspace/.derivedData/Build/Intermediates.noindex/SwiftExplicitPrecompiledModules
2026-09-27 21:36:46.796 xcodebuild[686:4454] [MT] IDERunDestination: Supported platforms for the buildables in the current scheme is empty.
** BUILD FAILED **
The following build commands failed:
	SwiftEmitModule normal arm64 Emitting\ module\ for\ STTextKitPlus (in target 'STTextKitPlus' from project 'STTextKitPlus')
	SwiftCompile normal arm64 (in target 'STTextKitPlus' from project 'STTextKitPlus')
	SwiftEmitModule normal arm64_32 Emitting\ module\ for\ STTextKitPlus (in target 'STTextKitPlus' from project 'STTextKitPlus')
	SwiftCompile normal arm64_32 (in target 'STTextKitPlus' from project 'STTextKitPlus')
	Building workspace STTextKitPlus with scheme STTextKitPlus
(5 failures)
BUILD FAILURE 6.4 watchOS