Build Information
Failed to build LCAppSandboxFileKit, reference main (d27dc8), with Swift 6.3 for Wasm on 20 Aug 2026 23:50:36 UTC.
Build Command
bash -c docker run --pull=always --rm -v "checkouts-54344849-0":/host -w "$PWD" -e JAVA_HOME="/root/.sdkman/candidates/java/current" -e SPI_BUILD="1" -e SPI_PROCESSING="1" registry.gitlab.com/saguaro1/spi-images:wasm-6.3-latest swift build --swift-sdk swift-6.3.2-RELEASE_wasm 2>&1Build Log
========================================
RunAll
========================================
Builder version: 5.0.2
Interrupt handler set up.
========================================
Checkout
========================================
Clone URL: https://github.com/DevLiuSir/LCAppSandboxFileKit.git
Reference: main
Initialized empty Git repository in /host/spi-builder-workspace/.git/
hint: Using 'master' as the name for the initial branch. This default branch name
hint: is subject to change. To configure the initial branch name to use in all
hint: of your new repositories, which will suppress this warning, call:
hint:
hint: git config --global init.defaultBranch <name>
hint:
hint: Names commonly chosen instead of 'master' are 'main', 'trunk' and
hint: 'development'. The just-created branch can be renamed via this command:
hint:
hint: git branch -m <name>
From https://github.com/DevLiuSir/LCAppSandboxFileKit
* branch main -> FETCH_HEAD
* [new branch] main -> origin/main
HEAD is now at d27dc8b Update LCAppSandboxFileKit.podspec
Cloned https://github.com/DevLiuSir/LCAppSandboxFileKit.git
Revision (git rev-parse @):
d27dc8b017810c1ca5681ff2e5a2ece78edb7146
SUCCESS checkout https://github.com/DevLiuSir/LCAppSandboxFileKit.git at main
========================================
Build
========================================
Selected platform: wasm
Swift version: 6.3
Building package at path: $PWD
https://github.com/DevLiuSir/LCAppSandboxFileKit.git
Running build ...
bash -c docker run --pull=always --rm -v "checkouts-54344849-0":/host -w "$PWD" -e JAVA_HOME="/root/.sdkman/candidates/java/current" -e SPI_BUILD="1" -e SPI_PROCESSING="1" registry.gitlab.com/saguaro1/spi-images:wasm-6.3-latest swift build --swift-sdk swift-6.3.2-RELEASE_wasm 2>&1
wasm-6.3-latest: Pulling from saguaro1/spi-images
Digest: sha256:e92e38b97676c18adb57b57429ddfb766786102cb50cb918e0d9e8055d05b35d
Status: Image is up to date for registry.gitlab.com/saguaro1/spi-images:wasm-6.3-latest
Building for debugging...
[0/13] Copying LCAppSandboxFileKit.strings
[3/13] Copying Info.plist
[3/13] Copying LCAppSandboxFileKit.strings
[11/13] Write sources
[12/13] Write swift-version-24593BA9C3E375BF.txt
[14/19] Compiling LCAppSandboxFileKit resource_bundle_accessor.swift
/host/spi-builder-workspace/Sources/LCAppSandboxFileKit/LCAppSandboxFileAccess.swift:10:8: error: no such module 'AppKit'
8 |
9 | import Foundation
10 | import AppKit
| `- error: no such module 'AppKit'
11 | import Cocoa
12 |
[15/19] Compiling LCAppSandboxFileKit LCPersistentAccess.swift
/host/spi-builder-workspace/Sources/LCAppSandboxFileKit/LCAppSandboxFileAccess.swift:10:8: error: no such module 'AppKit'
8 |
9 | import Foundation
10 | import AppKit
| `- error: no such module 'AppKit'
11 | import Cocoa
12 |
[16/19] Compiling LCAppSandboxFileKit LCOpenSavePanelDelegate.swift
/host/spi-builder-workspace/Sources/LCAppSandboxFileKit/LCAppSandboxFileAccess.swift:10:8: error: no such module 'AppKit'
8 |
9 | import Foundation
10 | import AppKit
| `- error: no such module 'AppKit'
11 | import Cocoa
12 |
error: emit-module command failed with exit code 1 (use -v to see invocation)
[17/19] Emitting module LCAppSandboxFileKit
/host/spi-builder-workspace/Sources/LCAppSandboxFileKit/LCAppSandboxFileAccess.swift:10:8: error: no such module 'AppKit'
8 |
9 | import Foundation
10 | import AppKit
| `- error: no such module 'AppKit'
11 | import Cocoa
12 |
[18/19] Compiling LCAppSandboxFileKit LCAppSandboxFileAccess.swift
/host/spi-builder-workspace/Sources/LCAppSandboxFileKit/LCAppSandboxFileAccess.swift:10:8: error: no such module 'AppKit'
8 |
9 | import Foundation
10 | import AppKit
| `- error: no such module 'AppKit'
11 | import Cocoa
12 |
[19/19] Compiling LCAppSandboxFileKit LCAppSandboxFileKit.swift
/host/spi-builder-workspace/Sources/LCAppSandboxFileKit/LCAppSandboxFileAccess.swift:10:8: error: no such module 'AppKit'
8 |
9 | import Foundation
10 | import AppKit
| `- error: no such module 'AppKit'
11 | import Cocoa
12 |
BUILD FAILURE 6.3 wasm