The Swift Package Index logo.Swift Package Index

Build Information

Failed to build AetherEngine, reference 7.38.1 (ce1670), with Swift 6.2 for Wasm on 17 Oct 2026 17:20:55 UTC.

Build Command

bash -c docker run --pull=always --rm -v "checkouts-54344845-0":/host -w "$PWD" -e JAVA_HOME="/root/.sdkman/candidates/java/current" -e SPI_BUILD="1" -e SPI_PROCESSING="1" registry.gitlab.com/saguaro1/spi-images:wasm-6.2-latest swift build --swift-sdk swift-6.2-RELEASE_wasm 2>&1

Build Log

========================================
RunAll
========================================
Builder version: 5.1.3
Interrupt handler set up.
========================================
Checkout
========================================
Clone URL: https://github.com/superuser404notfound/AetherEngine.git
Reference: 7.38.1
Initialized empty Git repository in /host/spi-builder-workspace/.git/
hint: Using 'master' as the name for the initial branch. This default branch name
hint: is subject to change. To configure the initial branch name to use in all
hint: of your new repositories, which will suppress this warning, call:
hint:
hint: 	git config --global init.defaultBranch <name>
hint:
hint: Names commonly chosen instead of 'master' are 'main', 'trunk' and
hint: 'development'. The just-created branch can be renamed via this command:
hint:
hint: 	git branch -m <name>
From https://github.com/superuser404notfound/AetherEngine
 * tag               7.38.1     -> FETCH_HEAD
HEAD is now at ce1670f chore(release): prep 7.38.1 - the package compiles in Release with Xcode 26 again
Cloned https://github.com/superuser404notfound/AetherEngine.git
Revision (git rev-parse @):
ce1670f8c6c4b8b11a8020e9c40a10c0d6da9823
SPI manifest file found: $PWD/.spi.yml
SUCCESS checkout https://github.com/superuser404notfound/AetherEngine.git at 7.38.1
========================================
Build
========================================
Selected platform:         wasm
Swift version:             6.2
Building package at path:  $PWD
https://github.com/superuser404notfound/AetherEngine.git
Running build ...
bash -c docker run --pull=always --rm -v "checkouts-54344845-0":/host -w "$PWD" -e JAVA_HOME="/root/.sdkman/candidates/java/current" -e SPI_BUILD="1" -e SPI_PROCESSING="1" registry.gitlab.com/saguaro1/spi-images:wasm-6.2-latest swift build --swift-sdk swift-6.2-RELEASE_wasm 2>&1
wasm-6.2-latest: Pulling from saguaro1/spi-images
Digest: sha256:0563b842faffea9ddc6fe15fbd2051d02dff3ef29dc4b5bfe0a0910a084eee81
Status: Image is up to date for registry.gitlab.com/saguaro1/spi-images:wasm-6.2-latest
Fetching https://github.com/superuser404notfound/LibTrueHD
Fetching https://github.com/kishikawakatsumi/SMBClient
Fetching https://github.com/superuser404notfound/LibDovi
Fetching https://github.com/superuser404notfound/FFmpegBuild
Fetching https://github.com/superuser404notfound/LibDTSX
[1/86] Fetching libdovi
[11/2786] Fetching libdovi, smbclient
[743/2992] Fetching libdovi, smbclient, libdtsx
[2932/3222] Fetching libdovi, smbclient, libdtsx, libtruehd
Fetched https://github.com/superuser404notfound/LibDTSX from cache (1.89s)
Fetched https://github.com/superuser404notfound/LibTrueHD from cache (1.89s)
Fetched https://github.com/superuser404notfound/LibDovi from cache (2.37s)
[1/8224] Fetching ffmpegbuild
Fetched https://github.com/kishikawakatsumi/SMBClient from cache (25.10s)
Fetched https://github.com/superuser404notfound/FFmpegBuild from cache (25.22s)
Computing version for https://github.com/superuser404notfound/LibDTSX
Computed https://github.com/superuser404notfound/LibDTSX at 2.0.0 (25.35s)
Computing version for https://github.com/superuser404notfound/LibTrueHD
Computed https://github.com/superuser404notfound/LibTrueHD at 2.3.1 (0.12s)
Computing version for https://github.com/superuser404notfound/LibDovi
Computed https://github.com/superuser404notfound/LibDovi at 2.1.0 (0.12s)
Computing version for https://github.com/kishikawakatsumi/SMBClient
Computed https://github.com/kishikawakatsumi/SMBClient at 0.3.1 (0.14s)
Computing version for https://github.com/superuser404notfound/FFmpegBuild
Computed https://github.com/superuser404notfound/FFmpegBuild at 3.7.1 (0.14s)
Creating working copy for https://github.com/superuser404notfound/LibDTSX
Working copy of https://github.com/superuser404notfound/LibDTSX resolved at 2.0.0
Creating working copy for https://github.com/superuser404notfound/FFmpegBuild
Working copy of https://github.com/superuser404notfound/FFmpegBuild resolved at 3.7.1
Creating working copy for https://github.com/kishikawakatsumi/SMBClient
Working copy of https://github.com/kishikawakatsumi/SMBClient resolved at 0.3.1
Creating working copy for https://github.com/superuser404notfound/LibDovi
Working copy of https://github.com/superuser404notfound/LibDovi resolved at 2.1.0
Creating working copy for https://github.com/superuser404notfound/LibTrueHD
Working copy of https://github.com/superuser404notfound/LibTrueHD resolved at 2.3.1
Building for debugging...
[0/15] Write sources
[5/15] Copying silent-atmos.mp4
[6/15] Write sources
[7/15] Write swift-version-24593BA9C3E375BF.txt
error: emit-module command failed with exit code 1 (use -v to see invocation)
[9/88] Emitting module SMBClient
/host/spi-builder-workspace/.build/checkouts/SMBClient/Sources/SMBClient/Auth/Crypto.swift:2:8: error: no such module 'CommonCrypto'
  1 | import Foundation
  2 | import CommonCrypto
    |        `- error: no such module 'CommonCrypto'
  3 |
  4 | enum Crypto {
[10/98] Compiling SMBClient Crypto.swift
/host/spi-builder-workspace/.build/checkouts/SMBClient/Sources/SMBClient/Auth/Crypto.swift:2:8: error: no such module 'CommonCrypto'
  1 | import Foundation
  2 | import CommonCrypto
    |        `- error: no such module 'CommonCrypto'
  3 |
  4 | enum Crypto {
[11/98] Compiling SMBClient NTLM.swift
/host/spi-builder-workspace/.build/checkouts/SMBClient/Sources/SMBClient/Auth/Crypto.swift:2:8: error: no such module 'CommonCrypto'
  1 | import Foundation
  2 | import CommonCrypto
    |        `- error: no such module 'CommonCrypto'
  3 |
  4 | enum Crypto {
[12/98] Compiling SMBClient ByteReader.swift
/host/spi-builder-workspace/.build/checkouts/SMBClient/Sources/SMBClient/Auth/Crypto.swift:2:8: error: no such module 'CommonCrypto'
  1 | import Foundation
  2 | import CommonCrypto
    |        `- error: no such module 'CommonCrypto'
  3 |
  4 | enum Crypto {
[13/98] Compiling SMBClient Connection.swift
/host/spi-builder-workspace/.build/checkouts/SMBClient/Sources/SMBClient/Auth/Crypto.swift:2:8: error: no such module 'CommonCrypto'
  1 | import Foundation
  2 | import CommonCrypto
    |        `- error: no such module 'CommonCrypto'
  3 |
  4 | enum Crypto {
[14/98] Compiling SMBClient DCERPC.swift
/host/spi-builder-workspace/.build/checkouts/SMBClient/Sources/SMBClient/Auth/Crypto.swift:2:8: error: no such module 'CommonCrypto'
  1 | import Foundation
  2 | import CommonCrypto
    |        `- error: no such module 'CommonCrypto'
  3 |
  4 | enum Crypto {
[15/98] Compiling SMBClient NetShareEnum.swift
/host/spi-builder-workspace/.build/checkouts/SMBClient/Sources/SMBClient/Auth/Crypto.swift:2:8: error: no such module 'CommonCrypto'
  1 | import Foundation
  2 | import CommonCrypto
    |        `- error: no such module 'CommonCrypto'
  3 |
  4 | enum Crypto {
[16/98] Compiling SMBClient FileProxy.swift
/host/spi-builder-workspace/.build/checkouts/SMBClient/Sources/SMBClient/Auth/Crypto.swift:2:8: error: no such module 'CommonCrypto'
  1 | import Foundation
  2 | import CommonCrypto
    |        `- error: no such module 'CommonCrypto'
  3 |
  4 | enum Crypto {
[17/98] Compiling SMBClient FileReader.swift
/host/spi-builder-workspace/.build/checkouts/SMBClient/Sources/SMBClient/Auth/Crypto.swift:2:8: error: no such module 'CommonCrypto'
  1 | import Foundation
  2 | import CommonCrypto
    |        `- error: no such module 'CommonCrypto'
  3 |
  4 | enum Crypto {
[18/98] Compiling SMBClient FileTime.swift
/host/spi-builder-workspace/.build/checkouts/SMBClient/Sources/SMBClient/Auth/Crypto.swift:2:8: error: no such module 'CommonCrypto'
  1 | import Foundation
  2 | import CommonCrypto
    |        `- error: no such module 'CommonCrypto'
  3 |
  4 | enum Crypto {
[19/98] Compiling SMBClient FileWriter.swift
/host/spi-builder-workspace/.build/checkouts/SMBClient/Sources/SMBClient/Auth/Crypto.swift:2:8: error: no such module 'CommonCrypto'
  1 | import Foundation
  2 | import CommonCrypto
    |        `- error: no such module 'CommonCrypto'
  3 |
  4 | enum Crypto {
[20/98] Compiling SMBClient BinaryConvertible.swift
/host/spi-builder-workspace/.build/checkouts/SMBClient/Sources/SMBClient/Auth/Crypto.swift:2:8: error: no such module 'CommonCrypto'
  1 | import Foundation
  2 | import CommonCrypto
    |        `- error: no such module 'CommonCrypto'
  3 |
  4 | enum Crypto {
[21/98] Compiling SMBClient Data.swift
/host/spi-builder-workspace/.build/checkouts/SMBClient/Sources/SMBClient/Auth/Crypto.swift:2:8: error: no such module 'CommonCrypto'
  1 | import Foundation
  2 | import CommonCrypto
    |        `- error: no such module 'CommonCrypto'
  3 |
  4 | enum Crypto {
[22/98] Compiling SMBClient Pathname.swift
/host/spi-builder-workspace/.build/checkouts/SMBClient/Sources/SMBClient/Auth/Crypto.swift:2:8: error: no such module 'CommonCrypto'
  1 | import Foundation
  2 | import CommonCrypto
    |        `- error: no such module 'CommonCrypto'
  3 |
  4 | enum Crypto {
[23/98] Compiling SMBClient Semaphore.swift
/host/spi-builder-workspace/.build/checkouts/SMBClient/Sources/SMBClient/Auth/Crypto.swift:2:8: error: no such module 'CommonCrypto'
  1 | import Foundation
  2 | import CommonCrypto
    |        `- error: no such module 'CommonCrypto'
  3 |
  4 | enum Crypto {
[24/98] Compiling SMBClient String.swift
/host/spi-builder-workspace/.build/checkouts/SMBClient/Sources/SMBClient/Auth/Crypto.swift:2:8: error: no such module 'CommonCrypto'
  1 | import Foundation
  2 | import CommonCrypto
    |        `- error: no such module 'CommonCrypto'
  3 |
  4 | enum Crypto {
[25/98] Compiling SMBClient UUID.swift
/host/spi-builder-workspace/.build/checkouts/SMBClient/Sources/SMBClient/Auth/Crypto.swift:2:8: error: no such module 'CommonCrypto'
  1 | import Foundation
  2 | import CommonCrypto
    |        `- error: no such module 'CommonCrypto'
  3 |
  4 | enum Crypto {
[26/98] Compiling SMBClient SMBClient.swift
/host/spi-builder-workspace/.build/checkouts/SMBClient/Sources/SMBClient/Auth/Crypto.swift:2:8: error: no such module 'CommonCrypto'
  1 | import Foundation
  2 | import CommonCrypto
    |        `- error: no such module 'CommonCrypto'
  3 |
  4 | enum Crypto {
[27/98] Compiling SMBClient Session.swift
/host/spi-builder-workspace/.build/checkouts/SMBClient/Sources/SMBClient/Auth/Crypto.swift:2:8: error: no such module 'CommonCrypto'
  1 | import Foundation
  2 | import CommonCrypto
    |        `- error: no such module 'CommonCrypto'
  3 |
  4 | enum Crypto {
[28/98] Compiling SMBClient Transport.swift
/host/spi-builder-workspace/.build/checkouts/SMBClient/Sources/SMBClient/Auth/Crypto.swift:2:8: error: no such module 'CommonCrypto'
  1 | import Foundation
  2 | import CommonCrypto
    |        `- error: no such module 'CommonCrypto'
  3 |
  4 | enum Crypto {
[29/98] Compiling SMBClient TreeAccessor.swift
/host/spi-builder-workspace/.build/checkouts/SMBClient/Sources/SMBClient/Auth/Crypto.swift:2:8: error: no such module 'CommonCrypto'
  1 | import Foundation
  2 | import CommonCrypto
    |        `- error: no such module 'CommonCrypto'
  3 |
  4 | enum Crypto {
[30/98] Compiling SMBClient SessionSetup+CustomDebugStringConvertible.swift
/host/spi-builder-workspace/.build/checkouts/SMBClient/Sources/SMBClient/Auth/Crypto.swift:2:8: error: no such module 'CommonCrypto'
  1 | import Foundation
  2 | import CommonCrypto
    |        `- error: no such module 'CommonCrypto'
  3 |
  4 | enum Crypto {
[31/98] Compiling SMBClient SessionSetup.swift
/host/spi-builder-workspace/.build/checkouts/SMBClient/Sources/SMBClient/Auth/Crypto.swift:2:8: error: no such module 'CommonCrypto'
  1 | import Foundation
  2 | import CommonCrypto
    |        `- error: no such module 'CommonCrypto'
  3 |
  4 | enum Crypto {
[32/98] Compiling SMBClient SetInfo+CustomDebugStringConvertible.swift
/host/spi-builder-workspace/.build/checkouts/SMBClient/Sources/SMBClient/Auth/Crypto.swift:2:8: error: no such module 'CommonCrypto'
  1 | import Foundation
  2 | import CommonCrypto
    |        `- error: no such module 'CommonCrypto'
  3 |
  4 | enum Crypto {
[33/98] Compiling SMBClient SetInfo.swift
/host/spi-builder-workspace/.build/checkouts/SMBClient/Sources/SMBClient/Auth/Crypto.swift:2:8: error: no such module 'CommonCrypto'
  1 | import Foundation
  2 | import CommonCrypto
    |        `- error: no such module 'CommonCrypto'
  3 |
  4 | enum Crypto {
[34/98] Compiling SMBClient TreeConnect+CustomDebugStringConvertible.swift
/host/spi-builder-workspace/.build/checkouts/SMBClient/Sources/SMBClient/Auth/Crypto.swift:2:8: error: no such module 'CommonCrypto'
  1 | import Foundation
  2 | import CommonCrypto
    |        `- error: no such module 'CommonCrypto'
  3 |
  4 | enum Crypto {
[35/98] Compiling SMBClient TreeConnect.swift
/host/spi-builder-workspace/.build/checkouts/SMBClient/Sources/SMBClient/Auth/Crypto.swift:2:8: error: no such module 'CommonCrypto'
  1 | import Foundation
  2 | import CommonCrypto
    |        `- error: no such module 'CommonCrypto'
  3 |
  4 | enum Crypto {
[36/98] Compiling SMBClient TreeDisconnect+CustomDebugStringConvertible.swift
/host/spi-builder-workspace/.build/checkouts/SMBClient/Sources/SMBClient/Auth/Crypto.swift:2:8: error: no such module 'CommonCrypto'
  1 | import Foundation
  2 | import CommonCrypto
    |        `- error: no such module 'CommonCrypto'
  3 |
  4 | enum Crypto {
[37/98] Compiling SMBClient TreeDisconnect.swift
/host/spi-builder-workspace/.build/checkouts/SMBClient/Sources/SMBClient/Auth/Crypto.swift:2:8: error: no such module 'CommonCrypto'
  1 | import Foundation
  2 | import CommonCrypto
    |        `- error: no such module 'CommonCrypto'
  3 |
  4 | enum Crypto {
[38/98] Compiling SMBClient Write+CustomDebugStringConvertible.swift
/host/spi-builder-workspace/.build/checkouts/SMBClient/Sources/SMBClient/Auth/Crypto.swift:2:8: error: no such module 'CommonCrypto'
  1 | import Foundation
  2 | import CommonCrypto
    |        `- error: no such module 'CommonCrypto'
  3 |
  4 | enum Crypto {
[39/98] Compiling SMBClient Write.swift
/host/spi-builder-workspace/.build/checkouts/SMBClient/Sources/SMBClient/Auth/Crypto.swift:2:8: error: no such module 'CommonCrypto'
  1 | import Foundation
  2 | import CommonCrypto
    |        `- error: no such module 'CommonCrypto'
  3 |
  4 | enum Crypto {
[40/98] Compiling SMBClient AccessMask.swift
/host/spi-builder-workspace/.build/checkouts/SMBClient/Sources/SMBClient/Auth/Crypto.swift:2:8: error: no such module 'CommonCrypto'
  1 | import Foundation
  2 | import CommonCrypto
    |        `- error: no such module 'CommonCrypto'
  3 |
  4 | enum Crypto {
[41/98] Compiling SMBClient DirectoryAccessMask.swift
/host/spi-builder-workspace/.build/checkouts/SMBClient/Sources/SMBClient/Auth/Crypto.swift:2:8: error: no such module 'CommonCrypto'
  1 | import Foundation
  2 | import CommonCrypto
    |        `- error: no such module 'CommonCrypto'
  3 |
  4 | enum Crypto {
[42/98] Compiling SMBClient FilePipePrinterAccessMask.swift
/host/spi-builder-workspace/.build/checkouts/SMBClient/Sources/SMBClient/Auth/Crypto.swift:2:8: error: no such module 'CommonCrypto'
  1 | import Foundation
  2 | import CommonCrypto
    |        `- error: no such module 'CommonCrypto'
  3 |
  4 | enum Crypto {
[43/98] Compiling SMBClient Close+CustomDebugStringConvertible.swift
/host/spi-builder-workspace/.build/checkouts/SMBClient/Sources/SMBClient/Auth/Crypto.swift:2:8: error: no such module 'CommonCrypto'
  1 | import Foundation
  2 | import CommonCrypto
    |        `- error: no such module 'CommonCrypto'
  3 |
  4 | enum Crypto {
[44/98] Compiling SMBClient Close.swift
/host/spi-builder-workspace/.build/checkouts/SMBClient/Sources/SMBClient/Auth/Crypto.swift:2:8: error: no such module 'CommonCrypto'
  1 | import Foundation
  2 | import CommonCrypto
    |        `- error: no such module 'CommonCrypto'
  3 |
  4 | enum Crypto {
[45/98] Compiling SMBClient Create+CustomDebugStringConvertible.swift
/host/spi-builder-workspace/.build/checkouts/SMBClient/Sources/SMBClient/Auth/Crypto.swift:2:8: error: no such module 'CommonCrypto'
  1 | import Foundation
  2 | import CommonCrypto
    |        `- error: no such module 'CommonCrypto'
  3 |
  4 | enum Crypto {
[46/98] Compiling SMBClient Create.swift
/host/spi-builder-workspace/.build/checkouts/SMBClient/Sources/SMBClient/Auth/Crypto.swift:2:8: error: no such module 'CommonCrypto'
  1 | import Foundation
  2 | import CommonCrypto
    |        `- error: no such module 'CommonCrypto'
  3 |
  4 | enum Crypto {
[47/98] Compiling SMBClient Echo+CustomDebugStringConvertible.swift
/host/spi-builder-workspace/.build/checkouts/SMBClient/Sources/SMBClient/Auth/Crypto.swift:2:8: error: no such module 'CommonCrypto'
  1 | import Foundation
  2 | import CommonCrypto
    |        `- error: no such module 'CommonCrypto'
  3 |
  4 | enum Crypto {
[48/98] Compiling SMBClient Echo.swift
/host/spi-builder-workspace/.build/checkouts/SMBClient/Sources/SMBClient/Auth/Crypto.swift:2:8: error: no such module 'CommonCrypto'
  1 | import Foundation
  2 | import CommonCrypto
    |        `- error: no such module 'CommonCrypto'
  3 |
  4 | enum Crypto {
[49/98] Compiling SMBClient ErrorResponse.swift
/host/spi-builder-workspace/.build/checkouts/SMBClient/Sources/SMBClient/Auth/Crypto.swift:2:8: error: no such module 'CommonCrypto'
  1 | import Foundation
  2 | import CommonCrypto
    |        `- error: no such module 'CommonCrypto'
  3 |
  4 | enum Crypto {
[50/98] Compiling AetherFFmpegBuild AetherFFmpegBuild.swift
[51/98] Emitting module AetherFFmpegBuild
[52/99] Compiling SMBClient Logoff.swift
/host/spi-builder-workspace/.build/checkouts/SMBClient/Sources/SMBClient/Auth/Crypto.swift:2:8: error: no such module 'CommonCrypto'
  1 | import Foundation
  2 | import CommonCrypto
    |        `- error: no such module 'CommonCrypto'
  3 |
  4 | enum Crypto {
[53/99] Compiling SMBClient Message.swift
/host/spi-builder-workspace/.build/checkouts/SMBClient/Sources/SMBClient/Auth/Crypto.swift:2:8: error: no such module 'CommonCrypto'
  1 | import Foundation
  2 | import CommonCrypto
    |        `- error: no such module 'CommonCrypto'
  3 |
  4 | enum Crypto {
[54/99] Compiling SMBClient Negotiate+CustomDebugStringConvertible.swift
/host/spi-builder-workspace/.build/checkouts/SMBClient/Sources/SMBClient/Auth/Crypto.swift:2:8: error: no such module 'CommonCrypto'
  1 | import Foundation
  2 | import CommonCrypto
    |        `- error: no such module 'CommonCrypto'
  3 |
  4 | enum Crypto {
[55/99] Compiling SMBClient Negotiate.swift
/host/spi-builder-workspace/.build/checkouts/SMBClient/Sources/SMBClient/Auth/Crypto.swift:2:8: error: no such module 'CommonCrypto'
  1 | import Foundation
  2 | import CommonCrypto
    |        `- error: no such module 'CommonCrypto'
  3 |
  4 | enum Crypto {
[56/99] Compiling SMBClient QueryDirectory+CustomDebugStringConvertible.swift
/host/spi-builder-workspace/.build/checkouts/SMBClient/Sources/SMBClient/Auth/Crypto.swift:2:8: error: no such module 'CommonCrypto'
  1 | import Foundation
  2 | import CommonCrypto
    |        `- error: no such module 'CommonCrypto'
  3 |
  4 | enum Crypto {
[57/99] Compiling SMBClient QueryDirectory.swift
/host/spi-builder-workspace/.build/checkouts/SMBClient/Sources/SMBClient/Auth/Crypto.swift:2:8: error: no such module 'CommonCrypto'
  1 | import Foundation
  2 | import CommonCrypto
    |        `- error: no such module 'CommonCrypto'
  3 |
  4 | enum Crypto {
[58/99] Compiling SMBClient QueryInfo+CustomDebugStringConvertible.swift
/host/spi-builder-workspace/.build/checkouts/SMBClient/Sources/SMBClient/Auth/Crypto.swift:2:8: error: no such module 'CommonCrypto'
  1 | import Foundation
  2 | import CommonCrypto
    |        `- error: no such module 'CommonCrypto'
  3 |
  4 | enum Crypto {
[59/99] Compiling SMBClient QueryInfo.swift
/host/spi-builder-workspace/.build/checkouts/SMBClient/Sources/SMBClient/Auth/Crypto.swift:2:8: error: no such module 'CommonCrypto'
  1 | import Foundation
  2 | import CommonCrypto
    |        `- error: no such module 'CommonCrypto'
  3 |
  4 | enum Crypto {
[60/99] Compiling SMBClient Read+CustomDebugStringConvertible.swift
/host/spi-builder-workspace/.build/checkouts/SMBClient/Sources/SMBClient/Auth/Crypto.swift:2:8: error: no such module 'CommonCrypto'
  1 | import Foundation
  2 | import CommonCrypto
    |        `- error: no such module 'CommonCrypto'
  3 |
  4 | enum Crypto {
[61/99] Compiling SMBClient Read.swift
/host/spi-builder-workspace/.build/checkouts/SMBClient/Sources/SMBClient/Auth/Crypto.swift:2:8: error: no such module 'CommonCrypto'
  1 | import Foundation
  2 | import CommonCrypto
    |        `- error: no such module 'CommonCrypto'
  3 |
  4 | enum Crypto {
[62/99] Compiling SMBClient FileInfoClass.swift
/host/spi-builder-workspace/.build/checkouts/SMBClient/Sources/SMBClient/Auth/Crypto.swift:2:8: error: no such module 'CommonCrypto'
  1 | import Foundation
  2 | import CommonCrypto
    |        `- error: no such module 'CommonCrypto'
  3 |
  4 | enum Crypto {
[63/99] Compiling SMBClient FileInformationClass.swift
/host/spi-builder-workspace/.build/checkouts/SMBClient/Sources/SMBClient/Auth/Crypto.swift:2:8: error: no such module 'CommonCrypto'
  1 | import Foundation
  2 | import CommonCrypto
    |        `- error: no such module 'CommonCrypto'
  3 |
  4 | enum Crypto {
[64/99] Compiling SMBClient FileInternalInformation.swift
/host/spi-builder-workspace/.build/checkouts/SMBClient/Sources/SMBClient/Auth/Crypto.swift:2:8: error: no such module 'CommonCrypto'
  1 | import Foundation
  2 | import CommonCrypto
    |        `- error: no such module 'CommonCrypto'
  3 |
  4 | enum Crypto {
[65/99] Compiling SMBClient FileModeInformation.swift
/host/spi-builder-workspace/.build/checkouts/SMBClient/Sources/SMBClient/Auth/Crypto.swift:2:8: error: no such module 'CommonCrypto'
  1 | import Foundation
  2 | import CommonCrypto
    |        `- error: no such module 'CommonCrypto'
  3 |
  4 | enum Crypto {
[66/99] Compiling SMBClient FileNameInformation.swift
/host/spi-builder-workspace/.build/checkouts/SMBClient/Sources/SMBClient/Auth/Crypto.swift:2:8: error: no such module 'CommonCrypto'
  1 | import Foundation
  2 | import CommonCrypto
    |        `- error: no such module 'CommonCrypto'
  3 |
  4 | enum Crypto {
[67/99] Compiling SMBClient FilePositionInformation.swift
/host/spi-builder-workspace/.build/checkouts/SMBClient/Sources/SMBClient/Auth/Crypto.swift:2:8: error: no such module 'CommonCrypto'
  1 | import Foundation
  2 | import CommonCrypto
    |        `- error: no such module 'CommonCrypto'
  3 |
  4 | enum Crypto {
[68/99] Compiling SMBClient FileRenameInformation.swift
/host/spi-builder-workspace/.build/checkouts/SMBClient/Sources/SMBClient/Auth/Crypto.swift:2:8: error: no such module 'CommonCrypto'
  1 | import Foundation
  2 | import CommonCrypto
    |        `- error: no such module 'CommonCrypto'
  3 |
  4 | enum Crypto {
[69/99] Compiling SMBClient FileStandardInformation.swift
/host/spi-builder-workspace/.build/checkouts/SMBClient/Sources/SMBClient/Auth/Crypto.swift:2:8: error: no such module 'CommonCrypto'
  1 | import Foundation
  2 | import CommonCrypto
    |        `- error: no such module 'CommonCrypto'
  3 |
  4 | enum Crypto {
[70/99] Compiling SMBClient InfoType.swift
/host/spi-builder-workspace/.build/checkouts/SMBClient/Sources/SMBClient/Auth/Crypto.swift:2:8: error: no such module 'CommonCrypto'
  1 | import Foundation
  2 | import CommonCrypto
    |        `- error: no such module 'CommonCrypto'
  3 |
  4 | enum Crypto {
[71/99] Compiling SMBClient SecurityDescriptor.swift
/host/spi-builder-workspace/.build/checkouts/SMBClient/Sources/SMBClient/Auth/Crypto.swift:2:8: error: no such module 'CommonCrypto'
  1 | import Foundation
  2 | import CommonCrypto
    |        `- error: no such module 'CommonCrypto'
  3 |
  4 | enum Crypto {
[72/99] Compiling SMBClient FileFsDeviceInformation.swift
/host/spi-builder-workspace/.build/checkouts/SMBClient/Sources/SMBClient/Auth/Crypto.swift:2:8: error: no such module 'CommonCrypto'
  1 | import Foundation
  2 | import CommonCrypto
    |        `- error: no such module 'CommonCrypto'
  3 |
  4 | enum Crypto {
[73/99] Compiling SMBClient FileFsLabelInformation.swift
/host/spi-builder-workspace/.build/checkouts/SMBClient/Sources/SMBClient/Auth/Crypto.swift:2:8: error: no such module 'CommonCrypto'
  1 | import Foundation
  2 | import CommonCrypto
    |        `- error: no such module 'CommonCrypto'
  3 |
  4 | enum Crypto {
[74/99] Compiling SMBClient FileFsSizeInformation.swift
/host/spi-builder-workspace/.build/checkouts/SMBClient/Sources/SMBClient/Auth/Crypto.swift:2:8: error: no such module 'CommonCrypto'
  1 | import Foundation
  2 | import CommonCrypto
    |        `- error: no such module 'CommonCrypto'
  3 |
  4 | enum Crypto {
[75/99] Compiling SMBClient FileFsVolumeInformation.swift
/host/spi-builder-workspace/.build/checkouts/SMBClient/Sources/SMBClient/Auth/Crypto.swift:2:8: error: no such module 'CommonCrypto'
  1 | import Foundation
  2 | import CommonCrypto
    |        `- error: no such module 'CommonCrypto'
  3 |
  4 | enum Crypto {
[76/99] Compiling SMBClient FileSystemInfoClass.swift
/host/spi-builder-workspace/.build/checkouts/SMBClient/Sources/SMBClient/Auth/Crypto.swift:2:8: error: no such module 'CommonCrypto'
  1 | import Foundation
  2 | import CommonCrypto
    |        `- error: no such module 'CommonCrypto'
  3 |
  4 | enum Crypto {
[77/99] Compiling SMBClient Header+CustomDebugStringConvertible.swift
/host/spi-builder-workspace/.build/checkouts/SMBClient/Sources/SMBClient/Auth/Crypto.swift:2:8: error: no such module 'CommonCrypto'
  1 | import Foundation
  2 | import CommonCrypto
    |        `- error: no such module 'CommonCrypto'
  3 |
  4 | enum Crypto {
[78/99] Compiling SMBClient Header.swift
/host/spi-builder-workspace/.build/checkouts/SMBClient/Sources/SMBClient/Auth/Crypto.swift:2:8: error: no such module 'CommonCrypto'
  1 | import Foundation
  2 | import CommonCrypto
    |        `- error: no such module 'CommonCrypto'
  3 |
  4 | enum Crypto {
[79/99] Compiling SMBClient IOCtl+CustomDebugStringConvertible.swift
/host/spi-builder-workspace/.build/checkouts/SMBClient/Sources/SMBClient/Auth/Crypto.swift:2:8: error: no such module 'CommonCrypto'
  1 | import Foundation
  2 | import CommonCrypto
    |        `- error: no such module 'CommonCrypto'
  3 |
  4 | enum Crypto {
[80/99] Compiling SMBClient IOCtl.swift
/host/spi-builder-workspace/.build/checkouts/SMBClient/Sources/SMBClient/Auth/Crypto.swift:2:8: error: no such module 'CommonCrypto'
  1 | import Foundation
  2 | import CommonCrypto
    |        `- error: no such module 'CommonCrypto'
  3 |
  4 | enum Crypto {
[81/99] Compiling SMBClient Logoff+CustomDebugStringConvertible.swift
/host/spi-builder-workspace/.build/checkouts/SMBClient/Sources/SMBClient/Auth/Crypto.swift:2:8: error: no such module 'CommonCrypto'
  1 | import Foundation
  2 | import CommonCrypto
    |        `- error: no such module 'CommonCrypto'
  3 |
  4 | enum Crypto {
[82/99] Compiling SMBClient NTStatus.swift
/host/spi-builder-workspace/.build/checkouts/SMBClient/Sources/SMBClient/Auth/Crypto.swift:2:8: error: no such module 'CommonCrypto'
  1 | import Foundation
  2 | import CommonCrypto
    |        `- error: no such module 'CommonCrypto'
  3 |
  4 | enum Crypto {
[83/99] Compiling SMBClient FileAttributes.swift
/host/spi-builder-workspace/.build/checkouts/SMBClient/Sources/SMBClient/Auth/Crypto.swift:2:8: error: no such module 'CommonCrypto'
  1 | import Foundation
  2 | import CommonCrypto
    |        `- error: no such module 'CommonCrypto'
  3 |
  4 | enum Crypto {
[84/99] Compiling SMBClient FileAccessInformation.swift
/host/spi-builder-workspace/.build/checkouts/SMBClient/Sources/SMBClient/Auth/Crypto.swift:2:8: error: no such module 'CommonCrypto'
  1 | import Foundation
  2 | import CommonCrypto
    |        `- error: no such module 'CommonCrypto'
  3 |
  4 | enum Crypto {
[85/99] Compiling SMBClient FileAlignmentInformation.swift
/host/spi-builder-workspace/.build/checkouts/SMBClient/Sources/SMBClient/Auth/Crypto.swift:2:8: error: no such module 'CommonCrypto'
  1 | import Foundation
  2 | import CommonCrypto
    |        `- error: no such module 'CommonCrypto'
  3 |
  4 | enum Crypto {
[86/99] Compiling SMBClient FileAllInformation.swift
/host/spi-builder-workspace/.build/checkouts/SMBClient/Sources/SMBClient/Auth/Crypto.swift:2:8: error: no such module 'CommonCrypto'
  1 | import Foundation
  2 | import CommonCrypto
    |        `- error: no such module 'CommonCrypto'
  3 |
  4 | enum Crypto {
[87/99] Compiling SMBClient FileBasicInformation.swift
/host/spi-builder-workspace/.build/checkouts/SMBClient/Sources/SMBClient/Auth/Crypto.swift:2:8: error: no such module 'CommonCrypto'
  1 | import Foundation
  2 | import CommonCrypto
    |        `- error: no such module 'CommonCrypto'
  3 |
  4 | enum Crypto {
[88/99] Compiling SMBClient FileDirectoryInformation.swift
/host/spi-builder-workspace/.build/checkouts/SMBClient/Sources/SMBClient/Auth/Crypto.swift:2:8: error: no such module 'CommonCrypto'
  1 | import Foundation
  2 | import CommonCrypto
    |        `- error: no such module 'CommonCrypto'
  3 |
  4 | enum Crypto {
[89/99] Compiling SMBClient FileDispositionInformation.swift
/host/spi-builder-workspace/.build/checkouts/SMBClient/Sources/SMBClient/Auth/Crypto.swift:2:8: error: no such module 'CommonCrypto'
  1 | import Foundation
  2 | import CommonCrypto
    |        `- error: no such module 'CommonCrypto'
  3 |
  4 | enum Crypto {
[90/99] Compiling SMBClient FileEaInformation.swift
/host/spi-builder-workspace/.build/checkouts/SMBClient/Sources/SMBClient/Auth/Crypto.swift:2:8: error: no such module 'CommonCrypto'
  1 | import Foundation
  2 | import CommonCrypto
    |        `- error: no such module 'CommonCrypto'
  3 |
  4 | enum Crypto {
[91/99] Compiling SMBClient FileIdBothDirectoryInformation.swift
/host/spi-builder-workspace/.build/checkouts/SMBClient/Sources/SMBClient/Auth/Crypto.swift:2:8: error: no such module 'CommonCrypto'
  1 | import Foundation
  2 | import CommonCrypto
    |        `- error: no such module 'CommonCrypto'
  3 |
  4 | enum Crypto {
BUILD FAILURE 6.2 wasm