Build Information
Failed to build xg-glass-sdk, reference 0.3.0 (afe339), with Swift 6.1 for Wasm on 17 Jul 2026 06:19:58 UTC.
Build Command
bash -c docker run --pull=always --rm -v "checkouts-54344844-2":/host -w "$PWD" -e JAVA_HOME="/root/.sdkman/candidates/java/current" -e SPI_BUILD="1" -e SPI_PROCESSING="1" registry.gitlab.com/saguaro1/spi-images:wasm-6.1-latest swift build --swift-sdk wasm32-unknown-wasi 2>&1Build Log
========================================
RunAll
========================================
Builder version: 333316120c8b89ed7d21f1b34865290794301d91
Interrupt handler set up.
========================================
Checkout
========================================
Clone URL: https://github.com/hkust-spark/xg-glass-sdk.git
Reference: 0.3.0
Initialized empty Git repository in /host/spi-builder-workspace/.git/
hint: Using 'master' as the name for the initial branch. This default branch name
hint: is subject to change. To configure the initial branch name to use in all
hint: of your new repositories, which will suppress this warning, call:
hint:
hint: git config --global init.defaultBranch <name>
hint:
hint: Names commonly chosen instead of 'master' are 'main', 'trunk' and
hint: 'development'. The just-created branch can be renamed via this command:
hint:
hint: git branch -m <name>
From https://github.com/hkust-spark/xg-glass-sdk
* tag 0.3.0 -> FETCH_HEAD
HEAD is now at afe3399 Release 0.3.0
Cloned https://github.com/hkust-spark/xg-glass-sdk.git
Revision (git rev-parse @):
afe3399d3a5d8f0fd7fa4ea5118dbc6581de1c62
SUCCESS checkout https://github.com/hkust-spark/xg-glass-sdk.git at 0.3.0
========================================
Build
========================================
Selected platform: wasm
Swift version: 6.1
Building package at path: $PWD
https://github.com/hkust-spark/xg-glass-sdk.git
https://github.com/hkust-spark/xg-glass-sdk.git
WARNING: environment variable SUPPRESS_SWIFT_6_FLAGS is not set
Running build ...
bash -c docker run --pull=always --rm -v "checkouts-54344844-2":/host -w "$PWD" -e JAVA_HOME="/root/.sdkman/candidates/java/current" -e SPI_BUILD="1" -e SPI_PROCESSING="1" registry.gitlab.com/saguaro1/spi-images:wasm-6.1-latest swift build --swift-sdk wasm32-unknown-wasi -Xswiftc -Xfrontend -Xswiftc -stats-output-dir -Xswiftc -Xfrontend -Xswiftc .stats -Xswiftc -strict-concurrency=complete -Xswiftc -enable-upcoming-feature -Xswiftc StrictConcurrency -Xswiftc -enable-upcoming-feature -Xswiftc DisableOutwardActorInference -Xswiftc -enable-upcoming-feature -Xswiftc GlobalActorIsolatedTypesUsability -Xswiftc -enable-upcoming-feature -Xswiftc InferSendableFromCaptures 2>&1
wasm-6.1-latest: Pulling from saguaro1/spi-images
Digest: sha256:1ad245dad3d2ae0004e1afbc92334bd39884ed9ca587cf04d0a8d5f640fb02e9
Status: Image is up to date for registry.gitlab.com/saguaro1/spi-images:wasm-6.1-latest
Fetching https://github.com/facebook/meta-wearables-dat-ios
[1/1257] Fetching meta-wearables-dat-ios
Fetched https://github.com/facebook/meta-wearables-dat-ios from cache (4.27s)
Computing version for https://github.com/facebook/meta-wearables-dat-ios
Computed https://github.com/facebook/meta-wearables-dat-ios at 0.8.0 (4.51s)
Creating working copy for https://github.com/facebook/meta-wearables-dat-ios
Working copy of https://github.com/facebook/meta-wearables-dat-ios resolved at 0.8.0
Downloading binary artifact https://github.com/hkust-spark/xg-glass-sdk/releases/download/0.3.0/XgGlassKit.xcframework.zip
[16375/4303933] Downloading https://github.com/hkust-spark/xg-glass-sdk/releases/download/0.3.0/XgGlassKit.xcframework.zip
Downloaded https://github.com/hkust-spark/xg-glass-sdk/releases/download/0.3.0/XgGlassKit.xcframework.zip (0.64s)
Building for debugging...
[0/4] Write sources
[3/4] Write swift-version-24593BA9C3E375BF.txt
error: emit-module command failed with exit code 1 (use -v to see invocation)
[5/6] Emitting module XgGlass
/host/spi-builder-workspace/Sources/XgGlass/Exports.swift:2:19: error: no such module 'XgGlassKit'
1 | /// Re-exports the Kotlin Multiplatform XgGlassKit XCFramework for Swift Package consumers.
2 | @_exported import XgGlassKit
| `- error: no such module 'XgGlassKit'
3 |
[6/6] Compiling XgGlass Exports.swift
/host/spi-builder-workspace/Sources/XgGlass/Exports.swift:2:19: error: no such module 'XgGlassKit'
1 | /// Re-exports the Kotlin Multiplatform XgGlassKit XCFramework for Swift Package consumers.
2 | @_exported import XgGlassKit
| `- error: no such module 'XgGlassKit'
3 |
Running build ...
bash -c docker run --pull=always --rm -v "checkouts-54344844-2":/host -w "$PWD" -e JAVA_HOME="/root/.sdkman/candidates/java/current" -e SPI_BUILD="1" -e SPI_PROCESSING="1" registry.gitlab.com/saguaro1/spi-images:wasm-6.1-latest swift build --swift-sdk wasm32-unknown-wasi 2>&1
wasm-6.1-latest: Pulling from saguaro1/spi-images
Digest: sha256:1ad245dad3d2ae0004e1afbc92334bd39884ed9ca587cf04d0a8d5f640fb02e9
Status: Image is up to date for registry.gitlab.com/saguaro1/spi-images:wasm-6.1-latest
[0/1] Planning build
Building for debugging...
[0/1] Write swift-version-24593BA9C3E375BF.txt
error: emit-module command failed with exit code 1 (use -v to see invocation)
[2/3] Emitting module XgGlass
/host/spi-builder-workspace/Sources/XgGlass/Exports.swift:2:19: error: no such module 'XgGlassKit'
1 | /// Re-exports the Kotlin Multiplatform XgGlassKit XCFramework for Swift Package consumers.
2 | @_exported import XgGlassKit
| `- error: no such module 'XgGlassKit'
3 |
[3/3] Compiling XgGlass Exports.swift
/host/spi-builder-workspace/Sources/XgGlass/Exports.swift:2:19: error: no such module 'XgGlassKit'
1 | /// Re-exports the Kotlin Multiplatform XgGlassKit XCFramework for Swift Package consumers.
2 | @_exported import XgGlassKit
| `- error: no such module 'XgGlassKit'
3 |
BUILD FAILURE 6.1 wasm