The Swift Package Index logo.Swift Package Index

Build Information

Failed to build TOMLDeserializer, reference 0.2.5 (28762e), with Swift 6.4 for watchOS using Xcode 27.0 on 18 Sep 2026 06:18:57 UTC.

Build Command

env DEVELOPER_DIR=/Applications/Xcode-27.0.0-Release.Candidate.app xcrun xcodebuild -IDEClonedSourcePackagesDirPathOverride=$PWD/.dependencies -skipMacroValidation -skipPackagePluginValidation -derivedDataPath $PWD/.derivedData build -scheme TOMLDeserializer -destination generic/platform=watchOS

Build Log

========================================
RunAll
========================================
Builder version: 5.1.0
Interrupt handler set up.
========================================
Checkout
========================================
Clone URL: https://github.com/dduan/TOMLDeserializer.git
Reference: 0.2.5
Initialized empty Git repository in /Users/admin/builder/spi-builder-workspace/.git/
From https://github.com/dduan/TOMLDeserializer
 * tag               0.2.5      -> FETCH_HEAD
HEAD is now at 28762ef Bump version to 0.2.5
Cloned https://github.com/dduan/TOMLDeserializer.git
Revision (git rev-parse @):
28762efcff64ad1bb482d4e9632b8a4e817edb4a
SUCCESS checkout https://github.com/dduan/TOMLDeserializer.git at 0.2.5
========================================
Build
========================================
Selected platform:         watchOS
Swift version:             6.4
Building package at path:  $PWD
https://github.com/dduan/TOMLDeserializer.git
Command line invocation:
    /Applications/Xcode-27.0.0-Release.Candidate.app/Contents/Developer/usr/bin/xcodebuild -IDEClonedSourcePackagesDirPathOverride=/Users/admin/builder/spi-builder-workspace/.dependencies -resolvePackageDependencies
Resolve Package Graph
Fetching from https://github.com/dduan/NetTime
Creating working copy of package ‘NetTime’
Checking out 0.2.2 of package ‘NetTime’
Resolved source packages:
  NetTime: https://github.com/dduan/NetTime @ 0.2.2
resolved source packages: NetTime
{
  "dependencies" : [
    {
      "identity" : "nettime",
      "requirement" : {
        "range" : [
          {
            "lower_bound" : "0.2.3",
            "upper_bound" : "1.0.0"
          }
        ]
      },
      "type" : "sourceControl",
      "url" : "https://github.com/dduan/NetTime"
    }
  ],
  "manifest_display_name" : "TOMLDeserializer",
  "name" : "TOMLDeserializer",
  "path" : "/Users/admin/builder/spi-builder-workspace",
  "platforms" : [
  ],
  "products" : [
    {
      "name" : "TOMLDeserializer",
      "targets" : [
        "TOMLDeserializer"
      ],
      "type" : {
        "library" : [
          "automatic"
        ]
      }
    }
  ],
  "targets" : [
    {
      "c99name" : "TOMLDeserializerTests",
      "module_type" : "SwiftTarget",
      "name" : "TOMLDeserializerTests",
      "path" : "Tests/TOMLDeserializerTests",
      "product_dependencies" : [
        "NetTime"
      ],
      "sources" : [
        "ErrorTests.swift",
        "ScannerTests.swift",
        "TOMLDeserializerTests.swift",
        "TOMLInvalidationTests.swift",
        "XCTestManifests.swift"
      ],
      "target_dependencies" : [
        "TOMLDeserializer"
      ],
      "type" : "test"
    },
    {
      "c99name" : "TOMLDeserializer",
      "module_type" : "SwiftTarget",
      "name" : "TOMLDeserializer",
      "path" : "Sources/TOMLDeserializer",
      "product_dependencies" : [
        "NetTime"
      ],
      "product_memberships" : [
        "TOMLDeserializer"
      ],
      "sources" : [
        "Errors.swift",
        "Location.swift",
        "Parser.swift",
        "Scanner.swift",
        "TOMLDeserializer.swift",
        "constants.swift"
      ],
      "type" : "library"
    }
  ],
  "tools_version" : "5.0"
}
warning: 'spi-builder-workspace': Invalid Exclude '/Users/admin/builder/spi-builder-workspace/Tests/TOMLDeserializerTests/Tests/DrStringTests/invalid_fixtures': File not found.
warning: 'spi-builder-workspace': Invalid Exclude '/Users/admin/builder/spi-builder-workspace/Tests/TOMLDeserializerTests/Tests/DrStringTests/valid_fixtures': File not found.
{
  "project" : {
    "configurations" : [
      "Debug",
      "Release"
    ],
    "name" : "TOMLDeserializer",
    "schemes" : [
      "TOMLDeserializer"
    ],
    "targets" : [
      "TOMLDeserializer",
      "TOMLDeserializerTests"
    ]
  }
}
Running build ...
env DEVELOPER_DIR=/Applications/Xcode-27.0.0-Release.Candidate.app xcrun xcodebuild -IDEClonedSourcePackagesDirPathOverride=$PWD/.dependencies -skipMacroValidation -skipPackagePluginValidation -derivedDataPath $PWD/.derivedData build -scheme TOMLDeserializer -destination generic/platform=watchOS
Command line invocation:
    /Applications/Xcode-27.0.0-Release.Candidate.app/Contents/Developer/usr/bin/xcodebuild -IDEClonedSourcePackagesDirPathOverride=/Users/admin/builder/spi-builder-workspace/.dependencies -skipMacroValidation -skipPackagePluginValidation -derivedDataPath /Users/admin/builder/spi-builder-workspace/.derivedData build -scheme TOMLDeserializer -destination generic/platform=watchOS
Resolve Package Graph
Resolved source packages:
  NetTime: https://github.com/dduan/NetTime @ 0.2.2
ComputePackagePrebuildTargetDependencyGraph
Prepare packages
CreateBuildRequest
SendProjectDescription
CreateBuildOperation
ComputeTargetDependencyGraph
note: Building targets in dependency order
note: Target dependency graph (3 targets)
    Target 'TOMLDeserializer' in project 'TOMLDeserializer'
        ➜ Explicit dependency on target 'NetTime-product' in project 'NetTime'
    Target 'NetTime-product' in project 'NetTime'
        ➜ Explicit dependency on target 'NetTime' in project 'NetTime'
    Target 'NetTime' in project 'NetTime' (no dependencies)
GatherProvisioningInputs
CreateBuildDescription
ExecuteExternalTool /Applications/Xcode-27.0.0-Release.Candidate.app/Contents/Developer/Toolchains/XcodeDefault.xctoolchain/usr/bin/swiftc --version
ExecuteExternalTool /Applications/Xcode-27.0.0-Release.Candidate.app/Contents/Developer/Toolchains/XcodeDefault.xctoolchain/usr/bin/clang -v -E -dM -isysroot /Applications/Xcode-27.0.0-Release.Candidate.app/Contents/Developer/Platforms/WatchOS.platform/Developer/SDKs/WatchOS27.0.sdk -x c -c /dev/null
ExecuteExternalTool /Applications/Xcode-27.0.0-Release.Candidate.app/Contents/Developer/Toolchains/XcodeDefault.xctoolchain/usr/bin/ld -version_details
Build description signature: e2a3c33f0c31e6ddc98dc31b4a81a9cd
Build description path: /Users/admin/builder/spi-builder-workspace/.derivedData/Build/Intermediates.noindex/XCBuildData/e2a3c33f0c31e6ddc98dc31b4a81a9cd.xcbuilddata
CreateBuildDirectory /Users/admin/builder/spi-builder-workspace/.derivedData/SDKExplicitPrecompiledModules
    cd /Users/admin/builder/spi-builder-workspace/TOMLDeserializer.xcodeproj
    builtin-create-build-directory /Users/admin/builder/spi-builder-workspace/.derivedData/SDKExplicitPrecompiledModules
CreateBuildDirectory /Users/admin/builder/spi-builder-workspace/.derivedData/ModuleCache.noindex
    cd /Users/admin/builder/spi-builder-workspace/TOMLDeserializer.xcodeproj
    builtin-create-build-directory /Users/admin/builder/spi-builder-workspace/.derivedData/ModuleCache.noindex
CreateBuildDirectory /Users/admin/builder/spi-builder-workspace/.derivedData/CompilationCache.noindex
    cd /Users/admin/builder/spi-builder-workspace/TOMLDeserializer.xcodeproj
    builtin-create-build-directory /Users/admin/builder/spi-builder-workspace/.derivedData/CompilationCache.noindex
CreateBuildDirectory /Users/admin/builder/spi-builder-workspace/.derivedData/Build/Intermediates.noindex
    cd /Users/admin/builder/spi-builder-workspace/TOMLDeserializer.xcodeproj
    builtin-create-build-directory /Users/admin/builder/spi-builder-workspace/.derivedData/Build/Intermediates.noindex
CreateBuildDirectory /Users/admin/builder/spi-builder-workspace/.derivedData/Build/Products
    cd /Users/admin/builder/spi-builder-workspace/TOMLDeserializer.xcodeproj
    builtin-create-build-directory /Users/admin/builder/spi-builder-workspace/.derivedData/Build/Products
ClangStatCache /Applications/Xcode-27.0.0-Release.Candidate.app/Contents/Developer/Toolchains/XcodeDefault.xctoolchain/usr/bin/clang-stat-cache /Applications/Xcode-27.0.0-Release.Candidate.app/Contents/Developer/Platforms/WatchOS.platform/Developer/SDKs/WatchOS27.0.sdk /Users/admin/builder/spi-builder-workspace/.derivedData/SDKStatCaches.noindex/watchos27.0-24R360-e829b21a6f8c9b70876ba0858053c04477534ef55a1706bf4c1112bbb242f0a2.sdkstatcache
    cd /Users/admin/builder/spi-builder-workspace/TOMLDeserializer.xcodeproj
    /Applications/Xcode-27.0.0-Release.Candidate.app/Contents/Developer/Toolchains/XcodeDefault.xctoolchain/usr/bin/clang-stat-cache /Applications/Xcode-27.0.0-Release.Candidate.app/Contents/Developer/Platforms/WatchOS.platform/Developer/SDKs/WatchOS27.0.sdk -o /Users/admin/builder/spi-builder-workspace/.derivedData/SDKStatCaches.noindex/watchos27.0-24R360-e829b21a6f8c9b70876ba0858053c04477534ef55a1706bf4c1112bbb242f0a2.sdkstatcache
CreateBuildDirectory /Users/admin/builder/spi-builder-workspace/.derivedData/Build/Intermediates.noindex/PrecompiledHeaders
    cd /Users/admin/builder/spi-builder-workspace/TOMLDeserializer.xcodeproj
    builtin-create-build-directory /Users/admin/builder/spi-builder-workspace/.derivedData/Build/Intermediates.noindex/PrecompiledHeaders
CreateBuildDirectory /Users/admin/builder/spi-builder-workspace/.derivedData/Build/Intermediates.noindex/ExplicitPrecompiledModules
    cd /Users/admin/builder/spi-builder-workspace/TOMLDeserializer.xcodeproj
    builtin-create-build-directory /Users/admin/builder/spi-builder-workspace/.derivedData/Build/Intermediates.noindex/ExplicitPrecompiledModules
CreateBuildDirectory /Users/admin/builder/spi-builder-workspace/.derivedData/Build/Intermediates.noindex/SwiftExplicitPrecompiledModules
    cd /Users/admin/builder/spi-builder-workspace/TOMLDeserializer.xcodeproj
    builtin-create-build-directory /Users/admin/builder/spi-builder-workspace/.derivedData/Build/Intermediates.noindex/SwiftExplicitPrecompiledModules
CreateBuildDirectory /Users/admin/builder/spi-builder-workspace/.derivedData/Build/Intermediates.noindex/EagerLinkingTBDs/Debug-watchos
    cd /Users/admin/builder/spi-builder-workspace/TOMLDeserializer.xcodeproj
    builtin-create-build-directory /Users/admin/builder/spi-builder-workspace/.derivedData/Build/Intermediates.noindex/EagerLinkingTBDs/Debug-watchos
WriteAuxiliaryFile /Users/admin/builder/spi-builder-workspace/.derivedData/Build/Intermediates.noindex/TOMLDeserializer.build/Debug-watchos/TOMLDeserializer-0b00a8bb5333a643f4f258cf03d33b0f-VFS-watchos/all-product-headers.yaml
    cd /Users/admin/builder/spi-builder-workspace/TOMLDeserializer.xcodeproj
    write-file /Users/admin/builder/spi-builder-workspace/.derivedData/Build/Intermediates.noindex/TOMLDeserializer.build/Debug-watchos/TOMLDeserializer-0b00a8bb5333a643f4f258cf03d33b0f-VFS-watchos/all-product-headers.yaml
CreateBuildDirectory /Users/admin/builder/spi-builder-workspace/.derivedData/Build/Products/Debug-watchos
    cd /Users/admin/builder/spi-builder-workspace/TOMLDeserializer.xcodeproj
    builtin-create-build-directory /Users/admin/builder/spi-builder-workspace/.derivedData/Build/Products/Debug-watchos
CreateBuildDirectory /Users/admin/builder/spi-builder-workspace/.derivedData/Build/Products/Debug-watchos/PackageFrameworks
    cd /Users/admin/builder/spi-builder-workspace/TOMLDeserializer.xcodeproj
    builtin-create-build-directory /Users/admin/builder/spi-builder-workspace/.derivedData/Build/Products/Debug-watchos/PackageFrameworks
WriteAuxiliaryFile /Users/admin/builder/spi-builder-workspace/.derivedData/Build/Intermediates.noindex/TOMLDeserializer.build/Debug-watchos/TOMLDeserializer.build/TOMLDeserializer.hmap (in target 'TOMLDeserializer' from project 'TOMLDeserializer')
    cd /Users/admin/builder/spi-builder-workspace
    write-file /Users/admin/builder/spi-builder-workspace/.derivedData/Build/Intermediates.noindex/TOMLDeserializer.build/Debug-watchos/TOMLDeserializer.build/TOMLDeserializer.hmap
WriteAuxiliaryFile /Users/admin/builder/spi-builder-workspace/.derivedData/Build/Intermediates.noindex/TOMLDeserializer.build/Debug-watchos/TOMLDeserializer.build/TOMLDeserializer.DependencyStaticMetadataFileList (in target 'TOMLDeserializer' from project 'TOMLDeserializer')
    cd /Users/admin/builder/spi-builder-workspace
    write-file /Users/admin/builder/spi-builder-workspace/.derivedData/Build/Intermediates.noindex/TOMLDeserializer.build/Debug-watchos/TOMLDeserializer.build/TOMLDeserializer.DependencyStaticMetadataFileList
WriteAuxiliaryFile /Users/admin/builder/spi-builder-workspace/.derivedData/Build/Intermediates.noindex/TOMLDeserializer.build/Debug-watchos/TOMLDeserializer.build/TOMLDeserializer.DependencyMetadataFileList (in target 'TOMLDeserializer' from project 'TOMLDeserializer')
    cd /Users/admin/builder/spi-builder-workspace
    write-file /Users/admin/builder/spi-builder-workspace/.derivedData/Build/Intermediates.noindex/TOMLDeserializer.build/Debug-watchos/TOMLDeserializer.build/TOMLDeserializer.DependencyMetadataFileList
WriteAuxiliaryFile /Users/admin/builder/spi-builder-workspace/.derivedData/Build/Intermediates.noindex/TOMLDeserializer.build/Debug-watchos/TOMLDeserializer.build/TOMLDeserializer-own-target-headers.hmap (in target 'TOMLDeserializer' from project 'TOMLDeserializer')
    cd /Users/admin/builder/spi-builder-workspace
    write-file /Users/admin/builder/spi-builder-workspace/.derivedData/Build/Intermediates.noindex/TOMLDeserializer.build/Debug-watchos/TOMLDeserializer.build/TOMLDeserializer-own-target-headers.hmap
WriteAuxiliaryFile /Users/admin/builder/spi-builder-workspace/.derivedData/Build/Intermediates.noindex/TOMLDeserializer.build/Debug-watchos/TOMLDeserializer.build/TOMLDeserializer-project-headers.hmap (in target 'TOMLDeserializer' from project 'TOMLDeserializer')
    cd /Users/admin/builder/spi-builder-workspace
    write-file /Users/admin/builder/spi-builder-workspace/.derivedData/Build/Intermediates.noindex/TOMLDeserializer.build/Debug-watchos/TOMLDeserializer.build/TOMLDeserializer-project-headers.hmap
WriteAuxiliaryFile /Users/admin/builder/spi-builder-workspace/.derivedData/Build/Intermediates.noindex/TOMLDeserializer.build/Debug-watchos/TOMLDeserializer.build/TOMLDeserializer-all-target-headers.hmap (in target 'TOMLDeserializer' from project 'TOMLDeserializer')
    cd /Users/admin/builder/spi-builder-workspace
    write-file /Users/admin/builder/spi-builder-workspace/.derivedData/Build/Intermediates.noindex/TOMLDeserializer.build/Debug-watchos/TOMLDeserializer.build/TOMLDeserializer-all-target-headers.hmap
WriteAuxiliaryFile /Users/admin/builder/spi-builder-workspace/.derivedData/Build/Intermediates.noindex/TOMLDeserializer.build/Debug-watchos/TOMLDeserializer.build/TOMLDeserializer-generated-files.hmap (in target 'TOMLDeserializer' from project 'TOMLDeserializer')
    cd /Users/admin/builder/spi-builder-workspace
    write-file /Users/admin/builder/spi-builder-workspace/.derivedData/Build/Intermediates.noindex/TOMLDeserializer.build/Debug-watchos/TOMLDeserializer.build/TOMLDeserializer-generated-files.hmap
WriteAuxiliaryFile /Users/admin/builder/spi-builder-workspace/.derivedData/Build/Intermediates.noindex/TOMLDeserializer.build/Debug-watchos/TOMLDeserializer.build/TOMLDeserializer-all-non-framework-target-headers.hmap (in target 'TOMLDeserializer' from project 'TOMLDeserializer')
    cd /Users/admin/builder/spi-builder-workspace
    write-file /Users/admin/builder/spi-builder-workspace/.derivedData/Build/Intermediates.noindex/TOMLDeserializer.build/Debug-watchos/TOMLDeserializer.build/TOMLDeserializer-all-non-framework-target-headers.hmap
WriteAuxiliaryFile /Users/admin/builder/spi-builder-workspace/.derivedData/Build/Intermediates.noindex/NetTime.build/Debug-watchos/NetTime-t.build/Objects-normal/arm64_32/NetTime_const_extract_protocols.json (in target 'NetTime' from project 'NetTime')
    cd /Users/admin/builder/spi-builder-workspace/.dependencies/checkouts/NetTime
    write-file /Users/admin/builder/spi-builder-workspace/.derivedData/Build/Intermediates.noindex/NetTime.build/Debug-watchos/NetTime-t.build/Objects-normal/arm64_32/NetTime_const_extract_protocols.json
WriteAuxiliaryFile /Users/admin/builder/spi-builder-workspace/.derivedData/Build/Intermediates.noindex/NetTime.build/Debug-watchos/NetTime-t.build/Objects-normal/arm64_32/NetTime-OutputFileMap.json (in target 'NetTime' from project 'NetTime')
    cd /Users/admin/builder/spi-builder-workspace/.dependencies/checkouts/NetTime
    write-file /Users/admin/builder/spi-builder-workspace/.derivedData/Build/Intermediates.noindex/NetTime.build/Debug-watchos/NetTime-t.build/Objects-normal/arm64_32/NetTime-OutputFileMap.json
WriteAuxiliaryFile /Users/admin/builder/spi-builder-workspace/.derivedData/Build/Intermediates.noindex/NetTime.build/Debug-watchos/NetTime-t.build/Objects-normal/arm64_32/NetTime.LinkFileList (in target 'NetTime' from project 'NetTime')
    cd /Users/admin/builder/spi-builder-workspace/.dependencies/checkouts/NetTime
    write-file /Users/admin/builder/spi-builder-workspace/.derivedData/Build/Intermediates.noindex/NetTime.build/Debug-watchos/NetTime-t.build/Objects-normal/arm64_32/NetTime.LinkFileList
WriteAuxiliaryFile /Users/admin/builder/spi-builder-workspace/.derivedData/Build/Intermediates.noindex/NetTime.build/Debug-watchos/NetTime-t.build/Objects-normal/arm64_32/NetTime.SwiftConstValuesFileList (in target 'NetTime' from project 'NetTime')
    cd /Users/admin/builder/spi-builder-workspace/.dependencies/checkouts/NetTime
    write-file /Users/admin/builder/spi-builder-workspace/.derivedData/Build/Intermediates.noindex/NetTime.build/Debug-watchos/NetTime-t.build/Objects-normal/arm64_32/NetTime.SwiftConstValuesFileList
WriteAuxiliaryFile /Users/admin/builder/spi-builder-workspace/.derivedData/Build/Intermediates.noindex/NetTime.build/Debug-watchos/NetTime-t.build/Objects-normal/arm64_32/NetTime.SwiftFileList (in target 'NetTime' from project 'NetTime')
    cd /Users/admin/builder/spi-builder-workspace/.dependencies/checkouts/NetTime
    write-file /Users/admin/builder/spi-builder-workspace/.derivedData/Build/Intermediates.noindex/NetTime.build/Debug-watchos/NetTime-t.build/Objects-normal/arm64_32/NetTime.SwiftFileList
WriteAuxiliaryFile /Users/admin/builder/spi-builder-workspace/.derivedData/Build/Intermediates.noindex/NetTime.build/Debug-watchos/NetTime-t.build/Objects-normal/arm64/NetTime_const_extract_protocols.json (in target 'NetTime' from project 'NetTime')
    cd /Users/admin/builder/spi-builder-workspace/.dependencies/checkouts/NetTime
    write-file /Users/admin/builder/spi-builder-workspace/.derivedData/Build/Intermediates.noindex/NetTime.build/Debug-watchos/NetTime-t.build/Objects-normal/arm64/NetTime_const_extract_protocols.json
WriteAuxiliaryFile /Users/admin/builder/spi-builder-workspace/.derivedData/Build/Intermediates.noindex/NetTime.build/Debug-watchos/NetTime-t.build/Objects-normal/arm64/NetTime.SwiftFileList (in target 'NetTime' from project 'NetTime')
    cd /Users/admin/builder/spi-builder-workspace/.dependencies/checkouts/NetTime
    write-file /Users/admin/builder/spi-builder-workspace/.derivedData/Build/Intermediates.noindex/NetTime.build/Debug-watchos/NetTime-t.build/Objects-normal/arm64/NetTime.SwiftFileList
WriteAuxiliaryFile /Users/admin/builder/spi-builder-workspace/.derivedData/Build/Intermediates.noindex/NetTime.build/Debug-watchos/NetTime-t.build/Objects-normal/arm64/NetTime.SwiftConstValuesFileList (in target 'NetTime' from project 'NetTime')
    cd /Users/admin/builder/spi-builder-workspace/.dependencies/checkouts/NetTime
    write-file /Users/admin/builder/spi-builder-workspace/.derivedData/Build/Intermediates.noindex/NetTime.build/Debug-watchos/NetTime-t.build/Objects-normal/arm64/NetTime.SwiftConstValuesFileList
WriteAuxiliaryFile /Users/admin/builder/spi-builder-workspace/.derivedData/Build/Intermediates.noindex/NetTime.build/Debug-watchos/NetTime-t.build/Objects-normal/arm64/NetTime.LinkFileList (in target 'NetTime' from project 'NetTime')
    cd /Users/admin/builder/spi-builder-workspace/.dependencies/checkouts/NetTime
    write-file /Users/admin/builder/spi-builder-workspace/.derivedData/Build/Intermediates.noindex/NetTime.build/Debug-watchos/NetTime-t.build/Objects-normal/arm64/NetTime.LinkFileList
WriteAuxiliaryFile /Users/admin/builder/spi-builder-workspace/.derivedData/Build/Intermediates.noindex/NetTime.build/Debug-watchos/NetTime-t.build/Objects-normal/arm64/NetTime-OutputFileMap.json (in target 'NetTime' from project 'NetTime')
    cd /Users/admin/builder/spi-builder-workspace/.dependencies/checkouts/NetTime
    write-file /Users/admin/builder/spi-builder-workspace/.derivedData/Build/Intermediates.noindex/NetTime.build/Debug-watchos/NetTime-t.build/Objects-normal/arm64/NetTime-OutputFileMap.json
WriteAuxiliaryFile /Users/admin/builder/spi-builder-workspace/.derivedData/Build/Intermediates.noindex/NetTime.build/Debug-watchos/NetTime-t.build/NetTime.modulemap (in target 'NetTime' from project 'NetTime')
    cd /Users/admin/builder/spi-builder-workspace/.dependencies/checkouts/NetTime
    write-file /Users/admin/builder/spi-builder-workspace/.derivedData/Build/Intermediates.noindex/NetTime.build/Debug-watchos/NetTime-t.build/NetTime.modulemap
WriteAuxiliaryFile /Users/admin/builder/spi-builder-workspace/.derivedData/Build/Intermediates.noindex/NetTime.build/Debug-watchos/NetTime-t.build/NetTime.DependencyStaticMetadataFileList (in target 'NetTime' from project 'NetTime')
    cd /Users/admin/builder/spi-builder-workspace/.dependencies/checkouts/NetTime
    write-file /Users/admin/builder/spi-builder-workspace/.derivedData/Build/Intermediates.noindex/NetTime.build/Debug-watchos/NetTime-t.build/NetTime.DependencyStaticMetadataFileList
WriteAuxiliaryFile /Users/admin/builder/spi-builder-workspace/.derivedData/Build/Intermediates.noindex/NetTime.build/Debug-watchos/NetTime-t.build/NetTime.DependencyMetadataFileList (in target 'NetTime' from project 'NetTime')
    cd /Users/admin/builder/spi-builder-workspace/.dependencies/checkouts/NetTime
    write-file /Users/admin/builder/spi-builder-workspace/.derivedData/Build/Intermediates.noindex/NetTime.build/Debug-watchos/NetTime-t.build/NetTime.DependencyMetadataFileList
MkDir /Users/admin/builder/spi-builder-workspace/.derivedData/Build/Products/Debug-watchos/TOMLDeserializer.framework (in target 'TOMLDeserializer' from project 'TOMLDeserializer')
    cd /Users/admin/builder/spi-builder-workspace
    /bin/mkdir -p /Users/admin/builder/spi-builder-workspace/.derivedData/Build/Products/Debug-watchos/TOMLDeserializer.framework
Copy /Users/admin/builder/spi-builder-workspace/.derivedData/Build/Intermediates.noindex/GeneratedModuleMaps-watchos/NetTime.modulemap /Users/admin/builder/spi-builder-workspace/.derivedData/Build/Intermediates.noindex/NetTime.build/Debug-watchos/NetTime-t.build/NetTime.modulemap (in target 'NetTime' from project 'NetTime')
    cd /Users/admin/builder/spi-builder-workspace/.dependencies/checkouts/NetTime
    builtin-copy -exclude .DS_Store -exclude CVS -exclude .svn -exclude .git -exclude .hg -resolve-src-symlinks /Users/admin/builder/spi-builder-workspace/.derivedData/Build/Intermediates.noindex/NetTime.build/Debug-watchos/NetTime-t.build/NetTime.modulemap /Users/admin/builder/spi-builder-workspace/.derivedData/Build/Intermediates.noindex/GeneratedModuleMaps-watchos
SwiftDriver NetTime normal arm64 com.apple.xcode.tools.swift.compiler (in target 'NetTime' from project 'NetTime')
    cd /Users/admin/builder/spi-builder-workspace/TOMLDeserializer.xcodeproj
    builtin-SwiftDriver -- /Applications/Xcode-27.0.0-Release.Candidate.app/Contents/Developer/Toolchains/XcodeDefault.xctoolchain/usr/bin/swiftc -parse-as-library -module-name NetTime -Onone @/Users/admin/builder/spi-builder-workspace/.derivedData/Build/Intermediates.noindex/NetTime.build/Debug-watchos/NetTime-t.build/Objects-normal/arm64/NetTime.SwiftFileList -DSWIFT_PACKAGE -DDEBUG -DSWIFT_MODULE_RESOURCE_BUNDLE_UNAVAILABLE -DXcode -plugin-path /Applications/Xcode-27.0.0-Release.Candidate.app/Contents/Developer/Toolchains/XcodeDefault.xctoolchain/usr/lib/swift/host/plugins/testing -enable-experimental-feature DebugDescriptionMacro -sdk /Applications/Xcode-27.0.0-Release.Candidate.app/Contents/Developer/Platforms/WatchOS.platform/Developer/SDKs/WatchOS27.0.sdk -target arm64-apple-watchos9.0 -g -module-cache-path /Users/admin/builder/spi-builder-workspace/.derivedData/ModuleCache.noindex -Xfrontend -serialize-debugging-options -enable-testing -suppress-warnings -index-store-path /Users/admin/builder/spi-builder-workspace/.derivedData/Index.noindex/DataStore -Xcc -D_LIBCPP_HARDENING_MODE\=_LIBCPP_HARDENING_MODE_DEBUG -swift-version 5 -I /Users/admin/builder/spi-builder-workspace/.derivedData/Build/Products/Debug-watchos -Isystem /Applications/Xcode-27.0.0-Release.Candidate.app/Contents/Developer/Platforms/WatchOS.platform/Developer/usr/lib -F /Users/admin/builder/spi-builder-workspace/.derivedData/Build/Products/Debug-watchos -F /Applications/Xcode-27.0.0-Release.Candidate.app/Contents/Developer/Platforms/WatchOS.platform/Developer/Library/Frameworks -F /Applications/Xcode-27.0.0-Release.Candidate.app/Contents/Developer/Platforms/WatchOS.platform/Developer/SDKs/WatchOS27.0.sdk/Developer/Library/Frameworks -c -j10 -enable-batch-mode -incremental -Xcc -ivfsstatcache -Xcc /Users/admin/builder/spi-builder-workspace/.derivedData/SDKStatCaches.noindex/watchos27.0-24R360-e829b21a6f8c9b70876ba0858053c04477534ef55a1706bf4c1112bbb242f0a2.sdkstatcache -output-file-map /Users/admin/builder/spi-builder-workspace/.derivedData/Build/Intermediates.noindex/NetTime.build/Debug-watchos/NetTime-t.build/Objects-normal/arm64/NetTime-OutputFileMap.json -save-temps -no-color-diagnostics -explicit-module-build -module-cache-path /Users/admin/builder/spi-builder-workspace/.derivedData/Build/Intermediates.noindex/SwiftExplicitPrecompiledModules -clang-scanner-module-cache-path /Users/admin/builder/spi-builder-workspace/.derivedData/ModuleCache.noindex -sdk-module-cache-path /Users/admin/builder/spi-builder-workspace/.derivedData/SDKExplicitPrecompiledModules -emit-dependencies -emit-module -emit-module-path /Users/admin/builder/spi-builder-workspace/.derivedData/Build/Intermediates.noindex/NetTime.build/Debug-watchos/NetTime-t.build/Objects-normal/arm64/NetTime.swiftmodule -serialize-diagnostics -dependency-scan-serialize-diagnostics-path /Users/admin/builder/spi-builder-workspace/.derivedData/Build/Intermediates.noindex/NetTime.build/Debug-watchos/NetTime-t.build/Objects-normal/arm64/NetTime-dependency-scan.dia -validate-clang-modules-once -clang-build-session-file /Users/admin/builder/spi-builder-workspace/.derivedData/ModuleCache.noindex/Session.modulevalidation -Xcc -fmodules-prune-interval\=86400 -Xcc -fmodules-prune-after\=345600 -emit-const-values -const-gather-protocols-list /Users/admin/builder/spi-builder-workspace/.derivedData/Build/Intermediates.noindex/NetTime.build/Debug-watchos/NetTime-t.build/Objects-normal/arm64/NetTime_const_extract_protocols.json -Xcc -I/Users/admin/builder/spi-builder-workspace/.derivedData/Build/Products/Debug-watchos/include -Xcc -I/Users/admin/builder/spi-builder-workspace/.derivedData/Build/Intermediates.noindex/NetTime.build/Debug-watchos/NetTime-t.build/DerivedSources-normal/arm64 -Xcc -I/Users/admin/builder/spi-builder-workspace/.derivedData/Build/Intermediates.noindex/NetTime.build/Debug-watchos/NetTime-t.build/DerivedSources/arm64 -Xcc -I/Users/admin/builder/spi-builder-workspace/.derivedData/Build/Intermediates.noindex/NetTime.build/Debug-watchos/NetTime-t.build/DerivedSources -Xcc -DSWIFT_PACKAGE -Xcc -DDEBUG\=1 -emit-objc-header -emit-objc-header-path /Users/admin/builder/spi-builder-workspace/.derivedData/Build/Intermediates.noindex/NetTime.build/Debug-watchos/NetTime-t.build/Objects-normal/arm64/NetTime-Swift.h -working-directory /Users/admin/builder/spi-builder-workspace/TOMLDeserializer.xcodeproj -experimental-emit-module-separately -disable-cmo
SwiftDriver NetTime normal arm64_32 com.apple.xcode.tools.swift.compiler (in target 'NetTime' from project 'NetTime')
    cd /Users/admin/builder/spi-builder-workspace/TOMLDeserializer.xcodeproj
    builtin-SwiftDriver -- /Applications/Xcode-27.0.0-Release.Candidate.app/Contents/Developer/Toolchains/XcodeDefault.xctoolchain/usr/bin/swiftc -parse-as-library -module-name NetTime -Onone @/Users/admin/builder/spi-builder-workspace/.derivedData/Build/Intermediates.noindex/NetTime.build/Debug-watchos/NetTime-t.build/Objects-normal/arm64_32/NetTime.SwiftFileList -DSWIFT_PACKAGE -DDEBUG -DSWIFT_MODULE_RESOURCE_BUNDLE_UNAVAILABLE -DXcode -plugin-path /Applications/Xcode-27.0.0-Release.Candidate.app/Contents/Developer/Toolchains/XcodeDefault.xctoolchain/usr/lib/swift/host/plugins/testing -enable-experimental-feature DebugDescriptionMacro -sdk /Applications/Xcode-27.0.0-Release.Candidate.app/Contents/Developer/Platforms/WatchOS.platform/Developer/SDKs/WatchOS27.0.sdk -target arm64_32-apple-watchos9.0 -g -module-cache-path /Users/admin/builder/spi-builder-workspace/.derivedData/ModuleCache.noindex -Xfrontend -serialize-debugging-options -enable-testing -suppress-warnings -index-store-path /Users/admin/builder/spi-builder-workspace/.derivedData/Index.noindex/DataStore -Xcc -D_LIBCPP_HARDENING_MODE\=_LIBCPP_HARDENING_MODE_DEBUG -swift-version 5 -I /Users/admin/builder/spi-builder-workspace/.derivedData/Build/Products/Debug-watchos -Isystem /Applications/Xcode-27.0.0-Release.Candidate.app/Contents/Developer/Platforms/WatchOS.platform/Developer/usr/lib -F /Users/admin/builder/spi-builder-workspace/.derivedData/Build/Products/Debug-watchos -F /Applications/Xcode-27.0.0-Release.Candidate.app/Contents/Developer/Platforms/WatchOS.platform/Developer/Library/Frameworks -F /Applications/Xcode-27.0.0-Release.Candidate.app/Contents/Developer/Platforms/WatchOS.platform/Developer/SDKs/WatchOS27.0.sdk/Developer/Library/Frameworks -c -j10 -enable-batch-mode -incremental -Xcc -ivfsstatcache -Xcc /Users/admin/builder/spi-builder-workspace/.derivedData/SDKStatCaches.noindex/watchos27.0-24R360-e829b21a6f8c9b70876ba0858053c04477534ef55a1706bf4c1112bbb242f0a2.sdkstatcache -output-file-map /Users/admin/builder/spi-builder-workspace/.derivedData/Build/Intermediates.noindex/NetTime.build/Debug-watchos/NetTime-t.build/Objects-normal/arm64_32/NetTime-OutputFileMap.json -save-temps -no-color-diagnostics -explicit-module-build -module-cache-path /Users/admin/builder/spi-builder-workspace/.derivedData/Build/Intermediates.noindex/SwiftExplicitPrecompiledModules -clang-scanner-module-cache-path /Users/admin/builder/spi-builder-workspace/.derivedData/ModuleCache.noindex -sdk-module-cache-path /Users/admin/builder/spi-builder-workspace/.derivedData/SDKExplicitPrecompiledModules -emit-dependencies -emit-module -emit-module-path /Users/admin/builder/spi-builder-workspace/.derivedData/Build/Intermediates.noindex/NetTime.build/Debug-watchos/NetTime-t.build/Objects-normal/arm64_32/NetTime.swiftmodule -serialize-diagnostics -dependency-scan-serialize-diagnostics-path /Users/admin/builder/spi-builder-workspace/.derivedData/Build/Intermediates.noindex/NetTime.build/Debug-watchos/NetTime-t.build/Objects-normal/arm64_32/NetTime-dependency-scan.dia -validate-clang-modules-once -clang-build-session-file /Users/admin/builder/spi-builder-workspace/.derivedData/ModuleCache.noindex/Session.modulevalidation -Xcc -fmodules-prune-interval\=86400 -Xcc -fmodules-prune-after\=345600 -emit-const-values -const-gather-protocols-list /Users/admin/builder/spi-builder-workspace/.derivedData/Build/Intermediates.noindex/NetTime.build/Debug-watchos/NetTime-t.build/Objects-normal/arm64_32/NetTime_const_extract_protocols.json -Xcc -I/Users/admin/builder/spi-builder-workspace/.derivedData/Build/Products/Debug-watchos/include -Xcc -I/Users/admin/builder/spi-builder-workspace/.derivedData/Build/Intermediates.noindex/NetTime.build/Debug-watchos/NetTime-t.build/DerivedSources-normal/arm64_32 -Xcc -I/Users/admin/builder/spi-builder-workspace/.derivedData/Build/Intermediates.noindex/NetTime.build/Debug-watchos/NetTime-t.build/DerivedSources/arm64_32 -Xcc -I/Users/admin/builder/spi-builder-workspace/.derivedData/Build/Intermediates.noindex/NetTime.build/Debug-watchos/NetTime-t.build/DerivedSources -Xcc -DSWIFT_PACKAGE -Xcc -DDEBUG\=1 -emit-objc-header -emit-objc-header-path /Users/admin/builder/spi-builder-workspace/.derivedData/Build/Intermediates.noindex/NetTime.build/Debug-watchos/NetTime-t.build/Objects-normal/arm64_32/NetTime-Swift.h -working-directory /Users/admin/builder/spi-builder-workspace/TOMLDeserializer.xcodeproj -experimental-emit-module-separately -disable-cmo
SwiftExplicitDependencyGeneratePcm arm64 /Users/admin/builder/spi-builder-workspace/.derivedData/SDKExplicitPrecompiledModules/_Builtin_stddef-1FU30Y8SWFB7OUUHMJQH5J6FM.pcm
SwiftExplicitDependencyGeneratePcm arm64 /Users/admin/builder/spi-builder-workspace/.derivedData/SDKExplicitPrecompiledModules/ptrcheck-AIF0NDOYZ8ORBNHQAQR5NNB8M.pcm
SwiftExplicitDependencyGeneratePcm arm64 /Users/admin/builder/spi-builder-workspace/.derivedData/SDKExplicitPrecompiledModules/_Builtin_stdarg-A7UU8LE6MP85SM26YO7PBZNUQ.pcm
SwiftExplicitDependencyGeneratePcm arm64 /Users/admin/builder/spi-builder-workspace/.derivedData/SDKExplicitPrecompiledModules/_Builtin_float-C0CW5Q4HGBQYKE77TC42IAFB5.pcm
SwiftExplicitDependencyGeneratePcm arm64 /Users/admin/builder/spi-builder-workspace/.derivedData/SDKExplicitPrecompiledModules/SwiftShims-4MXFZPV6FEB0XBYXCGPWAMQGL.pcm
SwiftExplicitDependencyGeneratePcm arm64 /Users/admin/builder/spi-builder-workspace/.derivedData/SDKExplicitPrecompiledModules/_SwiftConcurrencyShims-659N52XSKR5F0QSB880BH2FJR.pcm
SwiftExplicitDependencyGeneratePcm arm64 /Users/admin/builder/spi-builder-workspace/.derivedData/SDKExplicitPrecompiledModules/_Builtin_stdbool-83J96QSOFE9VX04AAS6310UAE.pcm
SwiftExplicitDependencyGeneratePcm arm64 /Users/admin/builder/spi-builder-workspace/.derivedData/SDKExplicitPrecompiledModules/_AvailabilityInternal-BUNV3UXM65NT37THI4W1AM0SF.pcm
SwiftExplicitDependencyGeneratePcm arm64_32 /Users/admin/builder/spi-builder-workspace/.derivedData/SDKExplicitPrecompiledModules/_AvailabilityInternal-244WAN3Z1QBT7PIA64EZEFY1R.pcm
SwiftExplicitDependencyGeneratePcm arm64_32 /Users/admin/builder/spi-builder-workspace/.derivedData/SDKExplicitPrecompiledModules/_Builtin_float-6KO8O3PEWRCA4WC6PPLOYO6WJ.pcm
SwiftExplicitDependencyGeneratePcm arm64_32 /Users/admin/builder/spi-builder-workspace/.derivedData/SDKExplicitPrecompiledModules/_Builtin_stddef-H44EFHQX6XSS5MZ7QP6YJZ76.pcm
SwiftExplicitDependencyGeneratePcm arm64_32 /Users/admin/builder/spi-builder-workspace/.derivedData/SDKExplicitPrecompiledModules/_SwiftConcurrencyShims-6RTBPQ03V7BM9SPRK8SUE055H.pcm
SwiftExplicitDependencyGeneratePcm arm64_32 /Users/admin/builder/spi-builder-workspace/.derivedData/SDKExplicitPrecompiledModules/_Builtin_stdarg-D305JG44A2WPI6CJY37X3QJE8.pcm
SwiftExplicitDependencyGeneratePcm arm64_32 /Users/admin/builder/spi-builder-workspace/.derivedData/SDKExplicitPrecompiledModules/SwiftShims-9CQQGWTSNTN9EB5NSHDWUJICH.pcm
SwiftExplicitDependencyGeneratePcm arm64_32 /Users/admin/builder/spi-builder-workspace/.derivedData/SDKExplicitPrecompiledModules/_Builtin_stdbool-A967K8W8YUYEC9SN52KJ7OO88.pcm
SwiftExplicitDependencyGeneratePcm arm64_32 /Users/admin/builder/spi-builder-workspace/.derivedData/SDKExplicitPrecompiledModules/ptrcheck-7ELIH9BTIGVKX3UBITM9N72WD.pcm
SwiftExplicitDependencyGeneratePcm arm64 /Users/admin/builder/spi-builder-workspace/.derivedData/SDKExplicitPrecompiledModules/_DarwinFoundation1-7SPX3MD0HMP55E4OLNCPNDQ53.pcm
SwiftExplicitDependencyGeneratePcm arm64_32 /Users/admin/builder/spi-builder-workspace/.derivedData/SDKExplicitPrecompiledModules/_DarwinFoundation1-2GWF9RFMPLQW4PDHS3NARVI3G.pcm
SwiftExplicitDependencyGeneratePcm arm64 /Users/admin/builder/spi-builder-workspace/.derivedData/SDKExplicitPrecompiledModules/_DarwinFoundation2-D0XAPJU49S5E9XMKYOFGSTB1Q.pcm
SwiftExplicitDependencyGeneratePcm arm64 /Users/admin/builder/spi-builder-workspace/.derivedData/SDKExplicitPrecompiledModules/_Builtin_limits-9GWPA2B0H20DYUNYHYCWKABJG.pcm
SwiftExplicitDependencyGeneratePcm arm64_32 /Users/admin/builder/spi-builder-workspace/.derivedData/SDKExplicitPrecompiledModules/_Builtin_limits-3VKBU2AFTD65PAJZ5CJ3LHFM2.pcm
SwiftExplicitDependencyGeneratePcm arm64_32 /Users/admin/builder/spi-builder-workspace/.derivedData/SDKExplicitPrecompiledModules/_DarwinFoundation2-9MY8GOSYRO0M9MKNXF6D3MBNK.pcm
SwiftExplicitDependencyGeneratePcm arm64 /Users/admin/builder/spi-builder-workspace/.derivedData/SDKExplicitPrecompiledModules/_Builtin_stdint-8XMILLJZEGRN2XG7XZUXZ5RLX.pcm
SwiftExplicitDependencyGeneratePcm arm64 /Users/admin/builder/spi-builder-workspace/.derivedData/SDKExplicitPrecompiledModules/sys_types-2KXQLI78OUCDP779AE68GZJ2.pcm
SwiftExplicitDependencyGeneratePcm arm64_32 /Users/admin/builder/spi-builder-workspace/.derivedData/SDKExplicitPrecompiledModules/_Builtin_stdint-1HMXWI3V0V4TXHRWZOMZGZ80Y.pcm
SwiftExplicitDependencyGeneratePcm arm64_32 /Users/admin/builder/spi-builder-workspace/.derivedData/SDKExplicitPrecompiledModules/sys_types-8TLLMW08ZJWDGIIPKOYFGHHZW.pcm
SwiftExplicitDependencyGeneratePcm arm64 /Users/admin/builder/spi-builder-workspace/.derivedData/SDKExplicitPrecompiledModules/_DarwinFoundation3-B97LRG0E9GON2NUE65TVG81HU.pcm
SwiftExplicitDependencyGeneratePcm arm64_32 /Users/admin/builder/spi-builder-workspace/.derivedData/SDKExplicitPrecompiledModules/_DarwinFoundation3-3DUTYQDQSD9HUAAVY947NMWOI.pcm
SwiftExplicitDependencyGeneratePcm arm64 /Users/admin/builder/spi-builder-workspace/.derivedData/SDKExplicitPrecompiledModules/_Builtin_inttypes-3UQSCM7WNM9EK4HZML8TY5J3D.pcm
SwiftExplicitDependencyGeneratePcm arm64_32 /Users/admin/builder/spi-builder-workspace/.derivedData/SDKExplicitPrecompiledModules/_Builtin_inttypes-D2KPCR4PEX9AQA33NGLUT5SBR.pcm
SwiftExplicitDependencyGeneratePcm arm64 /Users/admin/builder/spi-builder-workspace/.derivedData/SDKExplicitPrecompiledModules/Darwin-3984OXKFNSPE77NT743WK8SEX.pcm
SwiftExplicitDependencyGeneratePcm arm64_32 /Users/admin/builder/spi-builder-workspace/.derivedData/SDKExplicitPrecompiledModules/Darwin-3FVT1SKLN2ZQ5RVOABMTQBB34.pcm
SwiftEmitModule normal arm64 Emitting\ module\ for\ NetTime (in target 'NetTime' from project 'NetTime')
SwiftCompile normal arm64 (in target 'NetTime' from project 'NetTime')
    cd /Users/admin/builder/spi-builder-workspace/TOMLDeserializer.xcodeproj

SwiftCompile normal arm64 Compiling\ constants.swift /Users/admin/builder/spi-builder-workspace/.dependencies/checkouts/NetTime/Sources/NetTime/constants.swift (in target 'NetTime' from project 'NetTime')
SwiftCompile normal arm64 /Users/admin/builder/spi-builder-workspace/.dependencies/checkouts/NetTime/Sources/NetTime/constants.swift (in target 'NetTime' from project 'NetTime')
    cd /Users/admin/builder/spi-builder-workspace/TOMLDeserializer.xcodeproj
    builtin-SwiftPerFileCompile constants.swift
SwiftCompile normal arm64 Compiling\ LocalTime.swift /Users/admin/builder/spi-builder-workspace/.dependencies/checkouts/NetTime/Sources/NetTime/LocalTime.swift (in target 'NetTime' from project 'NetTime')
SwiftCompile normal arm64 /Users/admin/builder/spi-builder-workspace/.dependencies/checkouts/NetTime/Sources/NetTime/LocalTime.swift (in target 'NetTime' from project 'NetTime')
    cd /Users/admin/builder/spi-builder-workspace/TOMLDeserializer.xcodeproj
    builtin-SwiftPerFileCompile LocalTime.swift
SwiftCompile normal arm64 Compiling\ DateTimeRepresentable.swift /Users/admin/builder/spi-builder-workspace/.dependencies/checkouts/NetTime/Sources/NetTime/DateTimeRepresentable.swift (in target 'NetTime' from project 'NetTime')
SwiftCompile normal arm64 /Users/admin/builder/spi-builder-workspace/.dependencies/checkouts/NetTime/Sources/NetTime/DateTimeRepresentable.swift (in target 'NetTime' from project 'NetTime')
    cd /Users/admin/builder/spi-builder-workspace/TOMLDeserializer.xcodeproj
    builtin-SwiftPerFileCompile DateTimeRepresentable.swift
SwiftCompile normal arm64 Compiling\ LocalDate.swift /Users/admin/builder/spi-builder-workspace/.dependencies/checkouts/NetTime/Sources/NetTime/LocalDate.swift (in target 'NetTime' from project 'NetTime')
SwiftCompile normal arm64 /Users/admin/builder/spi-builder-workspace/.dependencies/checkouts/NetTime/Sources/NetTime/LocalDate.swift (in target 'NetTime' from project 'NetTime')
    cd /Users/admin/builder/spi-builder-workspace/TOMLDeserializer.xcodeproj
    builtin-SwiftPerFileCompile LocalDate.swift
SwiftCompile normal arm64 Compiling\ TimeOffset.swift /Users/admin/builder/spi-builder-workspace/.dependencies/checkouts/NetTime/Sources/NetTime/TimeOffset.swift (in target 'NetTime' from project 'NetTime')
SwiftCompile normal arm64 /Users/admin/builder/spi-builder-workspace/.dependencies/checkouts/NetTime/Sources/NetTime/TimeOffset.swift (in target 'NetTime' from project 'NetTime')
    cd /Users/admin/builder/spi-builder-workspace/TOMLDeserializer.xcodeproj
    builtin-SwiftPerFileCompile TimeOffset.swift
SwiftCompile normal arm64 Compiling\ LocalDateTime.swift /Users/admin/builder/spi-builder-workspace/.dependencies/checkouts/NetTime/Sources/NetTime/LocalDateTime.swift (in target 'NetTime' from project 'NetTime')
SwiftCompile normal arm64 /Users/admin/builder/spi-builder-workspace/.dependencies/checkouts/NetTime/Sources/NetTime/LocalDateTime.swift (in target 'NetTime' from project 'NetTime')
    cd /Users/admin/builder/spi-builder-workspace/TOMLDeserializer.xcodeproj
    builtin-SwiftPerFileCompile LocalDateTime.swift
SwiftCompile normal arm64 Compiling\ DateTime.swift /Users/admin/builder/spi-builder-workspace/.dependencies/checkouts/NetTime/Sources/NetTime/DateTime.swift (in target 'NetTime' from project 'NetTime')
SwiftCompile normal arm64 /Users/admin/builder/spi-builder-workspace/.dependencies/checkouts/NetTime/Sources/NetTime/DateTime.swift (in target 'NetTime' from project 'NetTime')
    cd /Users/admin/builder/spi-builder-workspace/TOMLDeserializer.xcodeproj
    builtin-SwiftPerFileCompile DateTime.swift
SwiftEmitModule normal arm64_32 Emitting\ module\ for\ NetTime (in target 'NetTime' from project 'NetTime')
SwiftCompile normal arm64_32 (in target 'NetTime' from project 'NetTime')
    cd /Users/admin/builder/spi-builder-workspace/TOMLDeserializer.xcodeproj

SwiftCompile normal arm64_32 Compiling\ LocalDate.swift /Users/admin/builder/spi-builder-workspace/.dependencies/checkouts/NetTime/Sources/NetTime/LocalDate.swift (in target 'NetTime' from project 'NetTime')
SwiftCompile normal arm64_32 /Users/admin/builder/spi-builder-workspace/.dependencies/checkouts/NetTime/Sources/NetTime/LocalDate.swift (in target 'NetTime' from project 'NetTime')
    cd /Users/admin/builder/spi-builder-workspace/TOMLDeserializer.xcodeproj
    builtin-SwiftPerFileCompile LocalDate.swift
SwiftCompile normal arm64_32 Compiling\ DateTime.swift /Users/admin/builder/spi-builder-workspace/.dependencies/checkouts/NetTime/Sources/NetTime/DateTime.swift (in target 'NetTime' from project 'NetTime')
SwiftCompile normal arm64_32 /Users/admin/builder/spi-builder-workspace/.dependencies/checkouts/NetTime/Sources/NetTime/DateTime.swift (in target 'NetTime' from project 'NetTime')
    cd /Users/admin/builder/spi-builder-workspace/TOMLDeserializer.xcodeproj
    builtin-SwiftPerFileCompile DateTime.swift
SwiftDriverJobDiscovery normal arm64 Emitting module for NetTime (in target 'NetTime' from project 'NetTime')
SwiftDriver\ Compilation\ Requirements NetTime normal arm64 com.apple.xcode.tools.swift.compiler (in target 'NetTime' from project 'NetTime')
    cd /Users/admin/builder/spi-builder-workspace/TOMLDeserializer.xcodeproj
    builtin-Swift-Compilation-Requirements -- /Applications/Xcode-27.0.0-Release.Candidate.app/Contents/Developer/Toolchains/XcodeDefault.xctoolchain/usr/bin/swiftc -parse-as-library -module-name NetTime -Onone @/Users/admin/builder/spi-builder-workspace/.derivedData/Build/Intermediates.noindex/NetTime.build/Debug-watchos/NetTime-t.build/Objects-normal/arm64/NetTime.SwiftFileList -DSWIFT_PACKAGE -DDEBUG -DSWIFT_MODULE_RESOURCE_BUNDLE_UNAVAILABLE -DXcode -plugin-path /Applications/Xcode-27.0.0-Release.Candidate.app/Contents/Developer/Toolchains/XcodeDefault.xctoolchain/usr/lib/swift/host/plugins/testing -enable-experimental-feature DebugDescriptionMacro -sdk /Applications/Xcode-27.0.0-Release.Candidate.app/Contents/Developer/Platforms/WatchOS.platform/Developer/SDKs/WatchOS27.0.sdk -target arm64-apple-watchos9.0 -g -module-cache-path /Users/admin/builder/spi-builder-workspace/.derivedData/ModuleCache.noindex -Xfrontend -serialize-debugging-options -enable-testing -suppress-warnings -index-store-path /Users/admin/builder/spi-builder-workspace/.derivedData/Index.noindex/DataStore -Xcc -D_LIBCPP_HARDENING_MODE\=_LIBCPP_HARDENING_MODE_DEBUG -swift-version 5 -I /Users/admin/builder/spi-builder-workspace/.derivedData/Build/Products/Debug-watchos -Isystem /Applications/Xcode-27.0.0-Release.Candidate.app/Contents/Developer/Platforms/WatchOS.platform/Developer/usr/lib -F /Users/admin/builder/spi-builder-workspace/.derivedData/Build/Products/Debug-watchos -F /Applications/Xcode-27.0.0-Release.Candidate.app/Contents/Developer/Platforms/WatchOS.platform/Developer/Library/Frameworks -F /Applications/Xcode-27.0.0-Release.Candidate.app/Contents/Developer/Platforms/WatchOS.platform/Developer/SDKs/WatchOS27.0.sdk/Developer/Library/Frameworks -c -j10 -enable-batch-mode -incremental -Xcc -ivfsstatcache -Xcc /Users/admin/builder/spi-builder-workspace/.derivedData/SDKStatCaches.noindex/watchos27.0-24R360-e829b21a6f8c9b70876ba0858053c04477534ef55a1706bf4c1112bbb242f0a2.sdkstatcache -output-file-map /Users/admin/builder/spi-builder-workspace/.derivedData/Build/Intermediates.noindex/NetTime.build/Debug-watchos/NetTime-t.build/Objects-normal/arm64/NetTime-OutputFileMap.json -save-temps -no-color-diagnostics -explicit-module-build -module-cache-path /Users/admin/builder/spi-builder-workspace/.derivedData/Build/Intermediates.noindex/SwiftExplicitPrecompiledModules -clang-scanner-module-cache-path /Users/admin/builder/spi-builder-workspace/.derivedData/ModuleCache.noindex -sdk-module-cache-path /Users/admin/builder/spi-builder-workspace/.derivedData/SDKExplicitPrecompiledModules -emit-dependencies -emit-module -emit-module-path /Users/admin/builder/spi-builder-workspace/.derivedData/Build/Intermediates.noindex/NetTime.build/Debug-watchos/NetTime-t.build/Objects-normal/arm64/NetTime.swiftmodule -serialize-diagnostics -dependency-scan-serialize-diagnostics-path /Users/admin/builder/spi-builder-workspace/.derivedData/Build/Intermediates.noindex/NetTime.build/Debug-watchos/NetTime-t.build/Objects-normal/arm64/NetTime-dependency-scan.dia -validate-clang-modules-once -clang-build-session-file /Users/admin/builder/spi-builder-workspace/.derivedData/ModuleCache.noindex/Session.modulevalidation -Xcc -fmodules-prune-interval\=86400 -Xcc -fmodules-prune-after\=345600 -emit-const-values -const-gather-protocols-list /Users/admin/builder/spi-builder-workspace/.derivedData/Build/Intermediates.noindex/NetTime.build/Debug-watchos/NetTime-t.build/Objects-normal/arm64/NetTime_const_extract_protocols.json -Xcc -I/Users/admin/builder/spi-builder-workspace/.derivedData/Build/Products/Debug-watchos/include -Xcc -I/Users/admin/builder/spi-builder-workspace/.derivedData/Build/Intermediates.noindex/NetTime.build/Debug-watchos/NetTime-t.build/DerivedSources-normal/arm64 -Xcc -I/Users/admin/builder/spi-builder-workspace/.derivedData/Build/Intermediates.noindex/NetTime.build/Debug-watchos/NetTime-t.build/DerivedSources/arm64 -Xcc -I/Users/admin/builder/spi-builder-workspace/.derivedData/Build/Intermediates.noindex/NetTime.build/Debug-watchos/NetTime-t.build/DerivedSources -Xcc -DSWIFT_PACKAGE -Xcc -DDEBUG\=1 -emit-objc-header -emit-objc-header-path /Users/admin/builder/spi-builder-workspace/.derivedData/Build/Intermediates.noindex/NetTime.build/Debug-watchos/NetTime-t.build/Objects-normal/arm64/NetTime-Swift.h -working-directory /Users/admin/builder/spi-builder-workspace/TOMLDeserializer.xcodeproj -experimental-emit-module-separately -disable-cmo
SwiftDriverJobDiscovery normal arm64_32 Emitting module for NetTime (in target 'NetTime' from project 'NetTime')
SwiftCompile normal arm64_32 Compiling\ LocalTime.swift /Users/admin/builder/spi-builder-workspace/.dependencies/checkouts/NetTime/Sources/NetTime/LocalTime.swift (in target 'NetTime' from project 'NetTime')
SwiftCompile normal arm64_32 /Users/admin/builder/spi-builder-workspace/.dependencies/checkouts/NetTime/Sources/NetTime/LocalTime.swift (in target 'NetTime' from project 'NetTime')
    cd /Users/admin/builder/spi-builder-workspace/TOMLDeserializer.xcodeproj
    builtin-SwiftPerFileCompile LocalTime.swift
SwiftDriver\ Compilation\ Requirements NetTime normal arm64_32 com.apple.xcode.tools.swift.compiler (in target 'NetTime' from project 'NetTime')
    cd /Users/admin/builder/spi-builder-workspace/TOMLDeserializer.xcodeproj
    builtin-Swift-Compilation-Requirements -- /Applications/Xcode-27.0.0-Release.Candidate.app/Contents/Developer/Toolchains/XcodeDefault.xctoolchain/usr/bin/swiftc -parse-as-library -module-name NetTime -Onone @/Users/admin/builder/spi-builder-workspace/.derivedData/Build/Intermediates.noindex/NetTime.build/Debug-watchos/NetTime-t.build/Objects-normal/arm64_32/NetTime.SwiftFileList -DSWIFT_PACKAGE -DDEBUG -DSWIFT_MODULE_RESOURCE_BUNDLE_UNAVAILABLE -DXcode -plugin-path /Applications/Xcode-27.0.0-Release.Candidate.app/Contents/Developer/Toolchains/XcodeDefault.xctoolchain/usr/lib/swift/host/plugins/testing -enable-experimental-feature DebugDescriptionMacro -sdk /Applications/Xcode-27.0.0-Release.Candidate.app/Contents/Developer/Platforms/WatchOS.platform/Developer/SDKs/WatchOS27.0.sdk -target arm64_32-apple-watchos9.0 -g -module-cache-path /Users/admin/builder/spi-builder-workspace/.derivedData/ModuleCache.noindex -Xfrontend -serialize-debugging-options -enable-testing -suppress-warnings -index-store-path /Users/admin/builder/spi-builder-workspace/.derivedData/Index.noindex/DataStore -Xcc -D_LIBCPP_HARDENING_MODE\=_LIBCPP_HARDENING_MODE_DEBUG -swift-version 5 -I /Users/admin/builder/spi-builder-workspace/.derivedData/Build/Products/Debug-watchos -Isystem /Applications/Xcode-27.0.0-Release.Candidate.app/Contents/Developer/Platforms/WatchOS.platform/Developer/usr/lib -F /Users/admin/builder/spi-builder-workspace/.derivedData/Build/Products/Debug-watchos -F /Applications/Xcode-27.0.0-Release.Candidate.app/Contents/Developer/Platforms/WatchOS.platform/Developer/Library/Frameworks -F /Applications/Xcode-27.0.0-Release.Candidate.app/Contents/Developer/Platforms/WatchOS.platform/Developer/SDKs/WatchOS27.0.sdk/Developer/Library/Frameworks -c -j10 -enable-batch-mode -incremental -Xcc -ivfsstatcache -Xcc /Users/admin/builder/spi-builder-workspace/.derivedData/SDKStatCaches.noindex/watchos27.0-24R360-e829b21a6f8c9b70876ba0858053c04477534ef55a1706bf4c1112bbb242f0a2.sdkstatcache -output-file-map /Users/admin/builder/spi-builder-workspace/.derivedData/Build/Intermediates.noindex/NetTime.build/Debug-watchos/NetTime-t.build/Objects-normal/arm64_32/NetTime-OutputFileMap.json -save-temps -no-color-diagnostics -explicit-module-build -module-cache-path /Users/admin/builder/spi-builder-workspace/.derivedData/Build/Intermediates.noindex/SwiftExplicitPrecompiledModules -clang-scanner-module-cache-path /Users/admin/builder/spi-builder-workspace/.derivedData/ModuleCache.noindex -sdk-module-cache-path /Users/admin/builder/spi-builder-workspace/.derivedData/SDKExplicitPrecompiledModules -emit-dependencies -emit-module -emit-module-path /Users/admin/builder/spi-builder-workspace/.derivedData/Build/Intermediates.noindex/NetTime.build/Debug-watchos/NetTime-t.build/Objects-normal/arm64_32/NetTime.swiftmodule -serialize-diagnostics -dependency-scan-serialize-diagnostics-path /Users/admin/builder/spi-builder-workspace/.derivedData/Build/Intermediates.noindex/NetTime.build/Debug-watchos/NetTime-t.build/Objects-normal/arm64_32/NetTime-dependency-scan.dia -validate-clang-modules-once -clang-build-session-file /Users/admin/builder/spi-builder-workspace/.derivedData/ModuleCache.noindex/Session.modulevalidation -Xcc -fmodules-prune-interval\=86400 -Xcc -fmodules-prune-after\=345600 -emit-const-values -const-gather-protocols-list /Users/admin/builder/spi-builder-workspace/.derivedData/Build/Intermediates.noindex/NetTime.build/Debug-watchos/NetTime-t.build/Objects-normal/arm64_32/NetTime_const_extract_protocols.json -Xcc -I/Users/admin/builder/spi-builder-workspace/.derivedData/Build/Products/Debug-watchos/include -Xcc -I/Users/admin/builder/spi-builder-workspace/.derivedData/Build/Intermediates.noindex/NetTime.build/Debug-watchos/NetTime-t.build/DerivedSources-normal/arm64_32 -Xcc -I/Users/admin/builder/spi-builder-workspace/.derivedData/Build/Intermediates.noindex/NetTime.build/Debug-watchos/NetTime-t.build/DerivedSources/arm64_32 -Xcc -I/Users/admin/builder/spi-builder-workspace/.derivedData/Build/Intermediates.noindex/NetTime.build/Debug-watchos/NetTime-t.build/DerivedSources -Xcc -DSWIFT_PACKAGE -Xcc -DDEBUG\=1 -emit-objc-header -emit-objc-header-path /Users/admin/builder/spi-builder-workspace/.derivedData/Build/Intermediates.noindex/NetTime.build/Debug-watchos/NetTime-t.build/Objects-normal/arm64_32/NetTime-Swift.h -working-directory /Users/admin/builder/spi-builder-workspace/TOMLDeserializer.xcodeproj -experimental-emit-module-separately -disable-cmo
SwiftDriverJobDiscovery normal arm64 Compiling constants.swift (in target 'NetTime' from project 'NetTime')
Copy /Users/admin/builder/spi-builder-workspace/.derivedData/Build/Products/Debug-watchos/NetTime.swiftmodule/arm64-apple-watchos.swiftmodule /Users/admin/builder/spi-builder-workspace/.derivedData/Build/Intermediates.noindex/NetTime.build/Debug-watchos/NetTime-t.build/Objects-normal/arm64/NetTime.swiftmodule (in target 'NetTime' from project 'NetTime')
    cd /Users/admin/builder/spi-builder-workspace/.dependencies/checkouts/NetTime
    builtin-copy -exclude .DS_Store -exclude CVS -exclude .svn -exclude .git -exclude .hg -resolve-src-symlinks -rename /Users/admin/builder/spi-builder-workspace/.derivedData/Build/Intermediates.noindex/NetTime.build/Debug-watchos/NetTime-t.build/Objects-normal/arm64/NetTime.swiftmodule /Users/admin/builder/spi-builder-workspace/.derivedData/Build/Products/Debug-watchos/NetTime.swiftmodule/arm64-apple-watchos.swiftmodule
Copy /Users/admin/builder/spi-builder-workspace/.derivedData/Build/Products/Debug-watchos/NetTime.swiftmodule/arm64-apple-watchos.swiftdoc /Users/admin/builder/spi-builder-workspace/.derivedData/Build/Intermediates.noindex/NetTime.build/Debug-watchos/NetTime-t.build/Objects-normal/arm64/NetTime.swiftdoc (in target 'NetTime' from project 'NetTime')
    cd /Users/admin/builder/spi-builder-workspace/.dependencies/checkouts/NetTime
    builtin-copy -exclude .DS_Store -exclude CVS -exclude .svn -exclude .git -exclude .hg -resolve-src-symlinks -rename /Users/admin/builder/spi-builder-workspace/.derivedData/Build/Intermediates.noindex/NetTime.build/Debug-watchos/NetTime-t.build/Objects-normal/arm64/NetTime.swiftdoc /Users/admin/builder/spi-builder-workspace/.derivedData/Build/Products/Debug-watchos/NetTime.swiftmodule/arm64-apple-watchos.swiftdoc
SwiftDriverJobDiscovery normal arm64 Compiling DateTimeRepresentable.swift (in target 'NetTime' from project 'NetTime')
SwiftMergeGeneratedHeaders /Users/admin/builder/spi-builder-workspace/.derivedData/Build/Intermediates.noindex/GeneratedModuleMaps-watchos/NetTime-Swift.h /Users/admin/builder/spi-builder-workspace/.derivedData/Build/Intermediates.noindex/NetTime.build/Debug-watchos/NetTime-t.build/Objects-normal/arm64/NetTime-Swift.h /Users/admin/builder/spi-builder-workspace/.derivedData/Build/Intermediates.noindex/NetTime.build/Debug-watchos/NetTime-t.build/Objects-normal/arm64_32/NetTime-Swift.h (in target 'NetTime' from project 'NetTime')
    cd /Users/admin/builder/spi-builder-workspace/.dependencies/checkouts/NetTime
    builtin-swiftHeaderTool -arch arm64 /Users/admin/builder/spi-builder-workspace/.derivedData/Build/Intermediates.noindex/NetTime.build/Debug-watchos/NetTime-t.build/Objects-normal/arm64/NetTime-Swift.h -arch arm64_32 /Users/admin/builder/spi-builder-workspace/.derivedData/Build/Intermediates.noindex/NetTime.build/Debug-watchos/NetTime-t.build/Objects-normal/arm64_32/NetTime-Swift.h -o /Users/admin/builder/spi-builder-workspace/.derivedData/Build/Intermediates.noindex/GeneratedModuleMaps-watchos/NetTime-Swift.h
Copy /Users/admin/builder/spi-builder-workspace/.derivedData/Build/Products/Debug-watchos/NetTime.swiftmodule/arm64_32-apple-watchos.swiftmodule /Users/admin/builder/spi-builder-workspace/.derivedData/Build/Intermediates.noindex/NetTime.build/Debug-watchos/NetTime-t.build/Objects-normal/arm64_32/NetTime.swiftmodule (in target 'NetTime' from project 'NetTime')
    cd /Users/admin/builder/spi-builder-workspace/.dependencies/checkouts/NetTime
    builtin-copy -exclude .DS_Store -exclude CVS -exclude .svn -exclude .git -exclude .hg -resolve-src-symlinks -rename /Users/admin/builder/spi-builder-workspace/.derivedData/Build/Intermediates.noindex/NetTime.build/Debug-watchos/NetTime-t.build/Objects-normal/arm64_32/NetTime.swiftmodule /Users/admin/builder/spi-builder-workspace/.derivedData/Build/Products/Debug-watchos/NetTime.swiftmodule/arm64_32-apple-watchos.swiftmodule
Copy /Users/admin/builder/spi-builder-workspace/.derivedData/Build/Products/Debug-watchos/NetTime.swiftmodule/arm64_32-apple-watchos.swiftdoc /Users/admin/builder/spi-builder-workspace/.derivedData/Build/Intermediates.noindex/NetTime.build/Debug-watchos/NetTime-t.build/Objects-normal/arm64_32/NetTime.swiftdoc (in target 'NetTime' from project 'NetTime')
    cd /Users/admin/builder/spi-builder-workspace/.dependencies/checkouts/NetTime
    builtin-copy -exclude .DS_Store -exclude CVS -exclude .svn -exclude .git -exclude .hg -resolve-src-symlinks -rename /Users/admin/builder/spi-builder-workspace/.derivedData/Build/Intermediates.noindex/NetTime.build/Debug-watchos/NetTime-t.build/Objects-normal/arm64_32/NetTime.swiftdoc /Users/admin/builder/spi-builder-workspace/.derivedData/Build/Products/Debug-watchos/NetTime.swiftmodule/arm64_32-apple-watchos.swiftdoc
Copy /Users/admin/builder/spi-builder-workspace/.derivedData/Build/Products/Debug-watchos/NetTime.swiftmodule/arm64_32-apple-watchos.abi.json /Users/admin/builder/spi-builder-workspace/.derivedData/Build/Intermediates.noindex/NetTime.build/Debug-watchos/NetTime-t.build/Objects-normal/arm64_32/NetTime.abi.json (in target 'NetTime' from project 'NetTime')
    cd /Users/admin/builder/spi-builder-workspace/.dependencies/checkouts/NetTime
    builtin-copy -exclude .DS_Store -exclude CVS -exclude .svn -exclude .git -exclude .hg -resolve-src-symlinks -rename /Users/admin/builder/spi-builder-workspace/.derivedData/Build/Intermediates.noindex/NetTime.build/Debug-watchos/NetTime-t.build/Objects-normal/arm64_32/NetTime.abi.json /Users/admin/builder/spi-builder-workspace/.derivedData/Build/Products/Debug-watchos/NetTime.swiftmodule/arm64_32-apple-watchos.abi.json
Copy /Users/admin/builder/spi-builder-workspace/.derivedData/Build/Products/Debug-watchos/NetTime.swiftmodule/arm64-apple-watchos.abi.json /Users/admin/builder/spi-builder-workspace/.derivedData/Build/Intermediates.noindex/NetTime.build/Debug-watchos/NetTime-t.build/Objects-normal/arm64/NetTime.abi.json (in target 'NetTime' from project 'NetTime')
    cd /Users/admin/builder/spi-builder-workspace/.dependencies/checkouts/NetTime
    builtin-copy -exclude .DS_Store -exclude CVS -exclude .svn -exclude .git -exclude .hg -resolve-src-symlinks -rename /Users/admin/builder/spi-builder-workspace/.derivedData/Build/Intermediates.noindex/NetTime.build/Debug-watchos/NetTime-t.build/Objects-normal/arm64/NetTime.abi.json /Users/admin/builder/spi-builder-workspace/.derivedData/Build/Products/Debug-watchos/NetTime.swiftmodule/arm64-apple-watchos.abi.json
Copy /Users/admin/builder/spi-builder-workspace/.derivedData/Build/Products/Debug-watchos/NetTime.swiftmodule/Project/arm64_32-apple-watchos.swiftsourceinfo /Users/admin/builder/spi-builder-workspace/.derivedData/Build/Intermediates.noindex/NetTime.build/Debug-watchos/NetTime-t.build/Objects-normal/arm64_32/NetTime.swiftsourceinfo (in target 'NetTime' from project 'NetTime')
    cd /Users/admin/builder/spi-builder-workspace/.dependencies/checkouts/NetTime
    builtin-copy -exclude .DS_Store -exclude CVS -exclude .svn -exclude .git -exclude .hg -resolve-src-symlinks -rename /Users/admin/builder/spi-builder-workspace/.derivedData/Build/Intermediates.noindex/NetTime.build/Debug-watchos/NetTime-t.build/Objects-normal/arm64_32/NetTime.swiftsourceinfo /Users/admin/builder/spi-builder-workspace/.derivedData/Build/Products/Debug-watchos/NetTime.swiftmodule/Project/arm64_32-apple-watchos.swiftsourceinfo
Copy /Users/admin/builder/spi-builder-workspace/.derivedData/Build/Products/Debug-watchos/NetTime.swiftmodule/Project/arm64-apple-watchos.swiftsourceinfo /Users/admin/builder/spi-builder-workspace/.derivedData/Build/Intermediates.noindex/NetTime.build/Debug-watchos/NetTime-t.build/Objects-normal/arm64/NetTime.swiftsourceinfo (in target 'NetTime' from project 'NetTime')
    cd /Users/admin/builder/spi-builder-workspace/.dependencies/checkouts/NetTime
    builtin-copy -exclude .DS_Store -exclude CVS -exclude .svn -exclude .git -exclude .hg -resolve-src-symlinks -rename /Users/admin/builder/spi-builder-workspace/.derivedData/Build/Intermediates.noindex/NetTime.build/Debug-watchos/NetTime-t.build/Objects-normal/arm64/NetTime.swiftsourceinfo /Users/admin/builder/spi-builder-workspace/.derivedData/Build/Products/Debug-watchos/NetTime.swiftmodule/Project/arm64-apple-watchos.swiftsourceinfo
SwiftCompile normal arm64_32 Compiling\ TimeOffset.swift /Users/admin/builder/spi-builder-workspace/.dependencies/checkouts/NetTime/Sources/NetTime/TimeOffset.swift (in target 'NetTime' from project 'NetTime')
SwiftCompile normal arm64_32 /Users/admin/builder/spi-builder-workspace/.dependencies/checkouts/NetTime/Sources/NetTime/TimeOffset.swift (in target 'NetTime' from project 'NetTime')
    cd /Users/admin/builder/spi-builder-workspace/TOMLDeserializer.xcodeproj
    builtin-SwiftPerFileCompile TimeOffset.swift
SwiftCompile normal arm64_32 Compiling\ constants.swift /Users/admin/builder/spi-builder-workspace/.dependencies/checkouts/NetTime/Sources/NetTime/constants.swift (in target 'NetTime' from project 'NetTime')
SwiftCompile normal arm64_32 /Users/admin/builder/spi-builder-workspace/.dependencies/checkouts/NetTime/Sources/NetTime/constants.swift (in target 'NetTime' from project 'NetTime')
    cd /Users/admin/builder/spi-builder-workspace/TOMLDeserializer.xcodeproj
    builtin-SwiftPerFileCompile constants.swift
SwiftDriverJobDiscovery normal arm64 Compiling LocalDateTime.swift (in target 'NetTime' from project 'NetTime')
SwiftCompile normal arm64_32 Compiling\ DateTimeRepresentable.swift /Users/admin/builder/spi-builder-workspace/.dependencies/checkouts/NetTime/Sources/NetTime/DateTimeRepresentable.swift (in target 'NetTime' from project 'NetTime')
SwiftCompile normal arm64_32 /Users/admin/builder/spi-builder-workspace/.dependencies/checkouts/NetTime/Sources/NetTime/DateTimeRepresentable.swift (in target 'NetTime' from project 'NetTime')
    cd /Users/admin/builder/spi-builder-workspace/TOMLDeserializer.xcodeproj
    builtin-SwiftPerFileCompile DateTimeRepresentable.swift
SwiftCompile normal arm64_32 Compiling\ LocalDateTime.swift /Users/admin/builder/spi-builder-workspace/.dependencies/checkouts/NetTime/Sources/NetTime/LocalDateTime.swift (in target 'NetTime' from project 'NetTime')
SwiftCompile normal arm64_32 /Users/admin/builder/spi-builder-workspace/.dependencies/checkouts/NetTime/Sources/NetTime/LocalDateTime.swift (in target 'NetTime' from project 'NetTime')
    cd /Users/admin/builder/spi-builder-workspace/TOMLDeserializer.xcodeproj
    builtin-SwiftPerFileCompile LocalDateTime.swift
SwiftDriverJobDiscovery normal arm64 Compiling TimeOffset.swift (in target 'NetTime' from project 'NetTime')
SwiftDriverJobDiscovery normal arm64 Compiling LocalTime.swift (in target 'NetTime' from project 'NetTime')
SwiftDriverJobDiscovery normal arm64 Compiling LocalDate.swift (in target 'NetTime' from project 'NetTime')
SwiftDriverJobDiscovery normal arm64_32 Compiling DateTimeRepresentable.swift (in target 'NetTime' from project 'NetTime')
SwiftDriverJobDiscovery normal arm64_32 Compiling LocalDateTime.swift (in target 'NetTime' from project 'NetTime')
SwiftDriverJobDiscovery normal arm64_32 Compiling LocalDate.swift (in target 'NetTime' from project 'NetTime')
SwiftDriverJobDiscovery normal arm64_32 Compiling TimeOffset.swift (in target 'NetTime' from project 'NetTime')
SwiftDriverJobDiscovery normal arm64_32 Compiling LocalTime.swift (in target 'NetTime' from project 'NetTime')
SwiftDriverJobDiscovery normal arm64 Compiling DateTime.swift (in target 'NetTime' from project 'NetTime')
SwiftDriver\ Compilation NetTime normal arm64 com.apple.xcode.tools.swift.compiler (in target 'NetTime' from project 'NetTime')
    cd /Users/admin/builder/spi-builder-workspace/TOMLDeserializer.xcodeproj
    builtin-Swift-Compilation -- /Applications/Xcode-27.0.0-Release.Candidate.app/Contents/Developer/Toolchains/XcodeDefault.xctoolchain/usr/bin/swiftc -parse-as-library -module-name NetTime -Onone @/Users/admin/builder/spi-builder-workspace/.derivedData/Build/Intermediates.noindex/NetTime.build/Debug-watchos/NetTime-t.build/Objects-normal/arm64/NetTime.SwiftFileList -DSWIFT_PACKAGE -DDEBUG -DSWIFT_MODULE_RESOURCE_BUNDLE_UNAVAILABLE -DXcode -plugin-path /Applications/Xcode-27.0.0-Release.Candidate.app/Contents/Developer/Toolchains/XcodeDefault.xctoolchain/usr/lib/swift/host/plugins/testing -enable-experimental-feature DebugDescriptionMacro -sdk /Applications/Xcode-27.0.0-Release.Candidate.app/Contents/Developer/Platforms/WatchOS.platform/Developer/SDKs/WatchOS27.0.sdk -target arm64-apple-watchos9.0 -g -module-cache-path /Users/admin/builder/spi-builder-workspace/.derivedData/ModuleCache.noindex -Xfrontend -serialize-debugging-options -enable-testing -suppress-warnings -index-store-path /Users/admin/builder/spi-builder-workspace/.derivedData/Index.noindex/DataStore -Xcc -D_LIBCPP_HARDENING_MODE\=_LIBCPP_HARDENING_MODE_DEBUG -swift-version 5 -I /Users/admin/builder/spi-builder-workspace/.derivedData/Build/Products/Debug-watchos -Isystem /Applications/Xcode-27.0.0-Release.Candidate.app/Contents/Developer/Platforms/WatchOS.platform/Developer/usr/lib -F /Users/admin/builder/spi-builder-workspace/.derivedData/Build/Products/Debug-watchos -F /Applications/Xcode-27.0.0-Release.Candidate.app/Contents/Developer/Platforms/WatchOS.platform/Developer/Library/Frameworks -F /Applications/Xcode-27.0.0-Release.Candidate.app/Contents/Developer/Platforms/WatchOS.platform/Developer/SDKs/WatchOS27.0.sdk/Developer/Library/Frameworks -c -j10 -enable-batch-mode -incremental -Xcc -ivfsstatcache -Xcc /Users/admin/builder/spi-builder-workspace/.derivedData/SDKStatCaches.noindex/watchos27.0-24R360-e829b21a6f8c9b70876ba0858053c04477534ef55a1706bf4c1112bbb242f0a2.sdkstatcache -output-file-map /Users/admin/builder/spi-builder-workspace/.derivedData/Build/Intermediates.noindex/NetTime.build/Debug-watchos/NetTime-t.build/Objects-normal/arm64/NetTime-OutputFileMap.json -save-temps -no-color-diagnostics -explicit-module-build -module-cache-path /Users/admin/builder/spi-builder-workspace/.derivedData/Build/Intermediates.noindex/SwiftExplicitPrecompiledModules -clang-scanner-module-cache-path /Users/admin/builder/spi-builder-workspace/.derivedData/ModuleCache.noindex -sdk-module-cache-path /Users/admin/builder/spi-builder-workspace/.derivedData/SDKExplicitPrecompiledModules -emit-dependencies -emit-module -emit-module-path /Users/admin/builder/spi-builder-workspace/.derivedData/Build/Intermediates.noindex/NetTime.build/Debug-watchos/NetTime-t.build/Objects-normal/arm64/NetTime.swiftmodule -serialize-diagnostics -dependency-scan-serialize-diagnostics-path /Users/admin/builder/spi-builder-workspace/.derivedData/Build/Intermediates.noindex/NetTime.build/Debug-watchos/NetTime-t.build/Objects-normal/arm64/NetTime-dependency-scan.dia -validate-clang-modules-once -clang-build-session-file /Users/admin/builder/spi-builder-workspace/.derivedData/ModuleCache.noindex/Session.modulevalidation -Xcc -fmodules-prune-interval\=86400 -Xcc -fmodules-prune-after\=345600 -emit-const-values -const-gather-protocols-list /Users/admin/builder/spi-builder-workspace/.derivedData/Build/Intermediates.noindex/NetTime.build/Debug-watchos/NetTime-t.build/Objects-normal/arm64/NetTime_const_extract_protocols.json -Xcc -I/Users/admin/builder/spi-builder-workspace/.derivedData/Build/Products/Debug-watchos/include -Xcc -I/Users/admin/builder/spi-builder-workspace/.derivedData/Build/Intermediates.noindex/NetTime.build/Debug-watchos/NetTime-t.build/DerivedSources-normal/arm64 -Xcc -I/Users/admin/builder/spi-builder-workspace/.derivedData/Build/Intermediates.noindex/NetTime.build/Debug-watchos/NetTime-t.build/DerivedSources/arm64 -Xcc -I/Users/admin/builder/spi-builder-workspace/.derivedData/Build/Intermediates.noindex/NetTime.build/Debug-watchos/NetTime-t.build/DerivedSources -Xcc -DSWIFT_PACKAGE -Xcc -DDEBUG\=1 -emit-objc-header -emit-objc-header-path /Users/admin/builder/spi-builder-workspace/.derivedData/Build/Intermediates.noindex/NetTime.build/Debug-watchos/NetTime-t.build/Objects-normal/arm64/NetTime-Swift.h -working-directory /Users/admin/builder/spi-builder-workspace/TOMLDeserializer.xcodeproj -experimental-emit-module-separately -disable-cmo
Ld /Users/admin/builder/spi-builder-workspace/.derivedData/Build/Intermediates.noindex/NetTime.build/Debug-watchos/NetTime-t.build/Objects-normal/arm64/Binary/NetTime.o normal arm64 (in target 'NetTime' from project 'NetTime')
    cd /Users/admin/builder/spi-builder-workspace/.dependencies/checkouts/NetTime
    /Applications/Xcode-27.0.0-Release.Candidate.app/Contents/Developer/Toolchains/XcodeDefault.xctoolchain/usr/bin/clang -Xlinker -reproducible -target arm64-apple-watchos9.0 -r -isysroot /Applications/Xcode-27.0.0-Release.Candidate.app/Contents/Developer/Platforms/WatchOS.platform/Developer/SDKs/WatchOS27.0.sdk -O0 -w -Xlinker -no_warn_duplicate_libraries -F/Users/admin/builder/spi-builder-workspace/.derivedData/Build/Intermediates.noindex/EagerLinkingTBDs/Debug-watchos -F/Users/admin/builder/spi-builder-workspace/.derivedData/Build/Products/Debug-watchos -iframework /Applications/Xcode-27.0.0-Release.Candidate.app/Contents/Developer/Platforms/WatchOS.platform/Developer/Library/Frameworks -iframework /Applications/Xcode-27.0.0-Release.Candidate.app/Contents/Developer/Platforms/WatchOS.platform/Developer/SDKs/WatchOS27.0.sdk/Developer/Library/Frameworks -filelist /Users/admin/builder/spi-builder-workspace/.derivedData/Build/Intermediates.noindex/NetTime.build/Debug-watchos/NetTime-t.build/Objects-normal/arm64/NetTime.LinkFileList -nostdlib -Xlinker -object_path_lto -Xlinker /Users/admin/builder/spi-builder-workspace/.derivedData/Build/Intermediates.noindex/NetTime.build/Debug-watchos/NetTime-t.build/Objects-normal/arm64/NetTime_lto.o -Xlinker -no_deduplicate -Xlinker -dependency_info -Xlinker /Users/admin/builder/spi-builder-workspace/.derivedData/Build/Intermediates.noindex/NetTime.build/Debug-watchos/NetTime-t.build/Objects-normal/arm64/NetTime_dependency_info.dat -fobjc-link-runtime -L/Applications/Xcode-27.0.0-Release.Candidate.app/Contents/Developer/Toolchains/XcodeDefault.xctoolchain/usr/lib/swift/watchos -L/usr/lib/swift -Xlinker -add_ast_path -Xlinker /Users/admin/builder/spi-builder-workspace/.derivedData/Build/Intermediates.noindex/NetTime.build/Debug-watchos/NetTime-t.build/Objects-normal/arm64/NetTime.swiftmodule -o /Users/admin/builder/spi-builder-workspace/.derivedData/Build/Intermediates.noindex/NetTime.build/Debug-watchos/NetTime-t.build/Objects-normal/arm64/Binary/NetTime.o
SwiftDriverJobDiscovery normal arm64_32 Compiling DateTime.swift (in target 'NetTime' from project 'NetTime')
SwiftDriverJobDiscovery normal arm64_32 Compiling constants.swift (in target 'NetTime' from project 'NetTime')
SwiftDriver\ Compilation NetTime normal arm64_32 com.apple.xcode.tools.swift.compiler (in target 'NetTime' from project 'NetTime')
    cd /Users/admin/builder/spi-builder-workspace/TOMLDeserializer.xcodeproj
    builtin-Swift-Compilation -- /Applications/Xcode-27.0.0-Release.Candidate.app/Contents/Developer/Toolchains/XcodeDefault.xctoolchain/usr/bin/swiftc -parse-as-library -module-name NetTime -Onone @/Users/admin/builder/spi-builder-workspace/.derivedData/Build/Intermediates.noindex/NetTime.build/Debug-watchos/NetTime-t.build/Objects-normal/arm64_32/NetTime.SwiftFileList -DSWIFT_PACKAGE -DDEBUG -DSWIFT_MODULE_RESOURCE_BUNDLE_UNAVAILABLE -DXcode -plugin-path /Applications/Xcode-27.0.0-Release.Candidate.app/Contents/Developer/Toolchains/XcodeDefault.xctoolchain/usr/lib/swift/host/plugins/testing -enable-experimental-feature DebugDescriptionMacro -sdk /Applications/Xcode-27.0.0-Release.Candidate.app/Contents/Developer/Platforms/WatchOS.platform/Developer/SDKs/WatchOS27.0.sdk -target arm64_32-apple-watchos9.0 -g -module-cache-path /Users/admin/builder/spi-builder-workspace/.derivedData/ModuleCache.noindex -Xfrontend -serialize-debugging-options -enable-testing -suppress-warnings -index-store-path /Users/admin/builder/spi-builder-workspace/.derivedData/Index.noindex/DataStore -Xcc -D_LIBCPP_HARDENING_MODE\=_LIBCPP_HARDENING_MODE_DEBUG -swift-version 5 -I /Users/admin/builder/spi-builder-workspace/.derivedData/Build/Products/Debug-watchos -Isystem /Applications/Xcode-27.0.0-Release.Candidate.app/Contents/Developer/Platforms/WatchOS.platform/Developer/usr/lib -F /Users/admin/builder/spi-builder-workspace/.derivedData/Build/Products/Debug-watchos -F /Applications/Xcode-27.0.0-Release.Candidate.app/Contents/Developer/Platforms/WatchOS.platform/Developer/Library/Frameworks -F /Applications/Xcode-27.0.0-Release.Candidate.app/Contents/Developer/Platforms/WatchOS.platform/Developer/SDKs/WatchOS27.0.sdk/Developer/Library/Frameworks -c -j10 -enable-batch-mode -incremental -Xcc -ivfsstatcache -Xcc /Users/admin/builder/spi-builder-workspace/.derivedData/SDKStatCaches.noindex/watchos27.0-24R360-e829b21a6f8c9b70876ba0858053c04477534ef55a1706bf4c1112bbb242f0a2.sdkstatcache -output-file-map /Users/admin/builder/spi-builder-workspace/.derivedData/Build/Intermediates.noindex/NetTime.build/Debug-watchos/NetTime-t.build/Objects-normal/arm64_32/NetTime-OutputFileMap.json -save-temps -no-color-diagnostics -explicit-module-build -module-cache-path /Users/admin/builder/spi-builder-workspace/.derivedData/Build/Intermediates.noindex/SwiftExplicitPrecompiledModules -clang-scanner-module-cache-path /Users/admin/builder/spi-builder-workspace/.derivedData/ModuleCache.noindex -sdk-module-cache-path /Users/admin/builder/spi-builder-workspace/.derivedData/SDKExplicitPrecompiledModules -emit-dependencies -emit-module -emit-module-path /Users/admin/builder/spi-builder-workspace/.derivedData/Build/Intermediates.noindex/NetTime.build/Debug-watchos/NetTime-t.build/Objects-normal/arm64_32/NetTime.swiftmodule -serialize-diagnostics -dependency-scan-serialize-diagnostics-path /Users/admin/builder/spi-builder-workspace/.derivedData/Build/Intermediates.noindex/NetTime.build/Debug-watchos/NetTime-t.build/Objects-normal/arm64_32/NetTime-dependency-scan.dia -validate-clang-modules-once -clang-build-session-file /Users/admin/builder/spi-builder-workspace/.derivedData/ModuleCache.noindex/Session.modulevalidation -Xcc -fmodules-prune-interval\=86400 -Xcc -fmodules-prune-after\=345600 -emit-const-values -const-gather-protocols-list /Users/admin/builder/spi-builder-workspace/.derivedData/Build/Intermediates.noindex/NetTime.build/Debug-watchos/NetTime-t.build/Objects-normal/arm64_32/NetTime_const_extract_protocols.json -Xcc -I/Users/admin/builder/spi-builder-workspace/.derivedData/Build/Products/Debug-watchos/include -Xcc -I/Users/admin/builder/spi-builder-workspace/.derivedData/Build/Intermediates.noindex/NetTime.build/Debug-watchos/NetTime-t.build/DerivedSources-normal/arm64_32 -Xcc -I/Users/admin/builder/spi-builder-workspace/.derivedData/Build/Intermediates.noindex/NetTime.build/Debug-watchos/NetTime-t.build/DerivedSources/arm64_32 -Xcc -I/Users/admin/builder/spi-builder-workspace/.derivedData/Build/Intermediates.noindex/NetTime.build/Debug-watchos/NetTime-t.build/DerivedSources -Xcc -DSWIFT_PACKAGE -Xcc -DDEBUG\=1 -emit-objc-header -emit-objc-header-path /Users/admin/builder/spi-builder-workspace/.derivedData/Build/Intermediates.noindex/NetTime.build/Debug-watchos/NetTime-t.build/Objects-normal/arm64_32/NetTime-Swift.h -working-directory /Users/admin/builder/spi-builder-workspace/TOMLDeserializer.xcodeproj -experimental-emit-module-separately -disable-cmo
Ld /Users/admin/builder/spi-builder-workspace/.derivedData/Build/Intermediates.noindex/NetTime.build/Debug-watchos/NetTime-t.build/Objects-normal/arm64_32/Binary/NetTime.o normal arm64_32 (in target 'NetTime' from project 'NetTime')
    cd /Users/admin/builder/spi-builder-workspace/.dependencies/checkouts/NetTime
    /Applications/Xcode-27.0.0-Release.Candidate.app/Contents/Developer/Toolchains/XcodeDefault.xctoolchain/usr/bin/clang -Xlinker -reproducible -target arm64_32-apple-watchos9.0 -r -isysroot /Applications/Xcode-27.0.0-Release.Candidate.app/Contents/Developer/Platforms/WatchOS.platform/Developer/SDKs/WatchOS27.0.sdk -O0 -w -Xlinker -no_warn_duplicate_libraries -F/Users/admin/builder/spi-builder-workspace/.derivedData/Build/Intermediates.noindex/EagerLinkingTBDs/Debug-watchos -F/Users/admin/builder/spi-builder-workspace/.derivedData/Build/Products/Debug-watchos -iframework /Applications/Xcode-27.0.0-Release.Candidate.app/Contents/Developer/Platforms/WatchOS.platform/Developer/Library/Frameworks -iframework /Applications/Xcode-27.0.0-Release.Candidate.app/Contents/Developer/Platforms/WatchOS.platform/Developer/SDKs/WatchOS27.0.sdk/Developer/Library/Frameworks -filelist /Users/admin/builder/spi-builder-workspace/.derivedData/Build/Intermediates.noindex/NetTime.build/Debug-watchos/NetTime-t.build/Objects-normal/arm64_32/NetTime.LinkFileList -nostdlib -Xlinker -object_path_lto -Xlinker /Users/admin/builder/spi-builder-workspace/.derivedData/Build/Intermediates.noindex/NetTime.build/Debug-watchos/NetTime-t.build/Objects-normal/arm64_32/NetTime_lto.o -Xlinker -no_deduplicate -Xlinker -dependency_info -Xlinker /Users/admin/builder/spi-builder-workspace/.derivedData/Build/Intermediates.noindex/NetTime.build/Debug-watchos/NetTime-t.build/Objects-normal/arm64_32/NetTime_dependency_info.dat -fobjc-link-runtime -L/Applications/Xcode-27.0.0-Release.Candidate.app/Contents/Developer/Toolchains/XcodeDefault.xctoolchain/usr/lib/swift/watchos -L/usr/lib/swift -Xlinker -add_ast_path -Xlinker /Users/admin/builder/spi-builder-workspace/.derivedData/Build/Intermediates.noindex/NetTime.build/Debug-watchos/NetTime-t.build/Objects-normal/arm64_32/NetTime.swiftmodule -o /Users/admin/builder/spi-builder-workspace/.derivedData/Build/Intermediates.noindex/NetTime.build/Debug-watchos/NetTime-t.build/Objects-normal/arm64_32/Binary/NetTime.o
CreateUniversalBinary /Users/admin/builder/spi-builder-workspace/.derivedData/Build/Products/Debug-watchos/NetTime.o normal arm64\ arm64_32 (in target 'NetTime' from project 'NetTime')
    cd /Users/admin/builder/spi-builder-workspace/.dependencies/checkouts/NetTime
    /Applications/Xcode-27.0.0-Release.Candidate.app/Contents/Developer/Toolchains/XcodeDefault.xctoolchain/usr/bin/lipo -create /Users/admin/builder/spi-builder-workspace/.derivedData/Build/Intermediates.noindex/NetTime.build/Debug-watchos/NetTime-t.build/Objects-normal/arm64/Binary/NetTime.o /Users/admin/builder/spi-builder-workspace/.derivedData/Build/Intermediates.noindex/NetTime.build/Debug-watchos/NetTime-t.build/Objects-normal/arm64_32/Binary/NetTime.o -output /Users/admin/builder/spi-builder-workspace/.derivedData/Build/Products/Debug-watchos/NetTime.o
ExtractAppIntentsMetadata (in target 'NetTime' from project 'NetTime')
    cd /Users/admin/builder/spi-builder-workspace/.dependencies/checkouts/NetTime
    /Applications/Xcode-27.0.0-Release.Candidate.app/Contents/Developer/Toolchains/XcodeDefault.xctoolchain/usr/bin/appintentsmetadataprocessor --toolchain-dir /var/run/com.apple.security.cryptexd/mnt/com.apple.MobileAsset.MetalToolchain-v27.1.266.1.TwHyVF/Metal.xctoolchain --module-name NetTime --sdk-root /Applications/Xcode-27.0.0-Release.Candidate.app/Contents/Developer/Platforms/WatchOS.platform/Developer/SDKs/WatchOS27.0.sdk --xcode-version 27A266a --platform-family watchOS --deployment-target 9.0 --bundle-identifier nettime.NetTime --output /Users/admin/builder/spi-builder-workspace/.derivedData/Build/Products/Debug-watchos/NetTime.appintents --target-triple arm64-apple-watchos9.0 --target-triple arm64_32-apple-watchos9.0 --binary-file /Users/admin/builder/spi-builder-workspace/.derivedData/Build/Products/Debug-watchos/NetTime.o --dependency-file /Users/admin/builder/spi-builder-workspace/.derivedData/Build/Intermediates.noindex/NetTime.build/Debug-watchos/NetTime-t.build/Objects-normal/arm64/NetTime_dependency_info.dat --dependency-file /Users/admin/builder/spi-builder-workspace/.derivedData/Build/Intermediates.noindex/NetTime.build/Debug-watchos/NetTime-t.build/Objects-normal/arm64_32/NetTime_dependency_info.dat --stringsdata-file /Users/admin/builder/spi-builder-workspace/.derivedData/Build/Intermediates.noindex/NetTime.build/Debug-watchos/NetTime-t.build/Objects-normal/arm64/ExtractedAppShortcutsMetadata.stringsdata --stringsdata-file /Users/admin/builder/spi-builder-workspace/.derivedData/Build/Intermediates.noindex/NetTime.build/Debug-watchos/NetTime-t.build/Objects-normal/arm64_32/ExtractedAppShortcutsMetadata.stringsdata --source-file-list /Users/admin/builder/spi-builder-workspace/.derivedData/Build/Intermediates.noindex/NetTime.build/Debug-watchos/NetTime-t.build/Objects-normal/arm64/NetTime.SwiftFileList --source-file-list /Users/admin/builder/spi-builder-workspace/.derivedData/Build/Intermediates.noindex/NetTime.build/Debug-watchos/NetTime-t.build/Objects-normal/arm64_32/NetTime.SwiftFileList --metadata-file-list /Users/admin/builder/spi-builder-workspace/.derivedData/Build/Intermediates.noindex/NetTime.build/Debug-watchos/NetTime-t.build/NetTime.DependencyMetadataFileList --static-metadata-file-list /Users/admin/builder/spi-builder-workspace/.derivedData/Build/Intermediates.noindex/NetTime.build/Debug-watchos/NetTime-t.build/NetTime.DependencyStaticMetadataFileList --swift-const-vals-list /Users/admin/builder/spi-builder-workspace/.derivedData/Build/Intermediates.noindex/NetTime.build/Debug-watchos/NetTime-t.build/Objects-normal/arm64/NetTime.SwiftConstValuesFileList --swift-const-vals-list /Users/admin/builder/spi-builder-workspace/.derivedData/Build/Intermediates.noindex/NetTime.build/Debug-watchos/NetTime-t.build/Objects-normal/arm64_32/NetTime.SwiftConstValuesFileList --force --compile-time-extraction --deployment-aware-processing --no-app-shortcuts-localization
2026-09-18 02:18:53.691 appintentsmetadataprocessor[758:4690] Starting appintentsmetadataprocessor export
2026-09-18 02:18:53.777 appintentsmetadataprocessor[758:4690] Extracted no relevant App Intents symbols, skipping writing output
ProcessInfoPlistFile /Users/admin/builder/spi-builder-workspace/.derivedData/Build/Products/Debug-watchos/TOMLDeserializer.framework/Info.plist /Users/admin/builder/spi-builder-workspace/Resources/Info.plist (in target 'TOMLDeserializer' from project 'TOMLDeserializer')
    cd /Users/admin/builder/spi-builder-workspace
    builtin-infoPlistUtility /Users/admin/builder/spi-builder-workspace/Resources/Info.plist -producttype com.apple.product-type.framework -expandbuildsettings -format binary -platform watchos -o /Users/admin/builder/spi-builder-workspace/.derivedData/Build/Products/Debug-watchos/TOMLDeserializer.framework/Info.plist
ExtractAppIntentsMetadata (in target 'TOMLDeserializer' from project 'TOMLDeserializer')
    cd /Users/admin/builder/spi-builder-workspace
    /Applications/Xcode-27.0.0-Release.Candidate.app/Contents/Developer/Toolchains/XcodeDefault.xctoolchain/usr/bin/appintentsmetadataprocessor --toolchain-dir /var/run/com.apple.security.cryptexd/mnt/com.apple.MobileAsset.MetalToolchain-v27.1.266.1.TwHyVF/Metal.xctoolchain --module-name TOMLDeserializer --sdk-root /Applications/Xcode-27.0.0-Release.Candidate.app/Contents/Developer/Platforms/WatchOS.platform/Developer/SDKs/WatchOS27.0.sdk --xcode-version 27A266a --platform-family watchOS --deployment-target 27.0 --bundle-identifier ca.duan.TOMLDeserializer --output /Users/admin/builder/spi-builder-workspace/.derivedData/Build/Products/Debug-watchos/TOMLDeserializer.framework --binary-file /Users/admin/builder/spi-builder-workspace/.derivedData/Build/Products/Debug-watchos/TOMLDeserializer.framework/TOMLDeserializer --metadata-file-list /Users/admin/builder/spi-builder-workspace/.derivedData/Build/Intermediates.noindex/TOMLDeserializer.build/Debug-watchos/TOMLDeserializer.build/TOMLDeserializer.DependencyMetadataFileList --static-metadata-file-list /Users/admin/builder/spi-builder-workspace/.derivedData/Build/Intermediates.noindex/TOMLDeserializer.build/Debug-watchos/TOMLDeserializer.build/TOMLDeserializer.DependencyStaticMetadataFileList --compile-time-extraction --deployment-aware-processing --no-app-shortcuts-localization
error: Build input file cannot be found: '/Users/admin/builder/spi-builder-workspace/.derivedData/Build/Products/Debug-watchos/TOMLDeserializer.framework/TOMLDeserializer'. Did you forget to declare this file as an output of a script phase or custom build rule which produces it? (in target 'TOMLDeserializer' from project 'TOMLDeserializer')
PruneExplicitPrecompiledModules /Users/admin/builder/spi-builder-workspace/.derivedData/Build/Intermediates.noindex/ExplicitPrecompiledModules
PruneExplicitPrecompiledModules /Users/admin/builder/spi-builder-workspace/.derivedData/SDKExplicitPrecompiledModules
PruneExplicitPrecompiledModules /Users/admin/builder/spi-builder-workspace/.derivedData/Build/Intermediates.noindex/SwiftExplicitPrecompiledModules
warning: Traditional headermap style is no longer supported; please migrate to using separate headermaps and set 'ALWAYS_SEARCH_USER_PATHS' to NO. (in target 'TOMLDeserializer' from project 'TOMLDeserializer')
warning: None of the architectures in ARCHS (arm64) are valid. Consider setting ARCHS to $(ARCHS_STANDARD) or updating it to include at least one value from VALID_ARCHS (armv7k). (in target 'TOMLDeserializer' from project 'TOMLDeserializer')
** BUILD FAILED **
The following build commands failed:
	ExtractAppIntentsMetadata (in target 'TOMLDeserializer' from project 'TOMLDeserializer')
	Building project TOMLDeserializer with scheme TOMLDeserializer
(2 failures)
Command line invocation:
    /Applications/Xcode-27.0.0-Release.Candidate.app/Contents/Developer/usr/bin/xcodebuild -IDEClonedSourcePackagesDirPathOverride=/Users/admin/builder/spi-builder-workspace/.dependencies -resolvePackageDependencies
Resolve Package Graph
Resolved source packages:
  NetTime: https://github.com/dduan/NetTime @ 0.2.2
resolved source packages: NetTime
{
  "dependencies" : [
    {
      "identity" : "nettime",
      "requirement" : {
        "range" : [
          {
            "lower_bound" : "0.2.3",
            "upper_bound" : "1.0.0"
          }
        ]
      },
      "type" : "sourceControl",
      "url" : "https://github.com/dduan/NetTime"
    }
  ],
  "manifest_display_name" : "TOMLDeserializer",
  "name" : "TOMLDeserializer",
  "path" : "/Users/admin/builder/spi-builder-workspace",
  "platforms" : [
  ],
  "products" : [
    {
      "name" : "TOMLDeserializer",
      "targets" : [
        "TOMLDeserializer"
      ],
      "type" : {
        "library" : [
          "automatic"
        ]
      }
    }
  ],
  "targets" : [
    {
      "c99name" : "TOMLDeserializerTests",
      "module_type" : "SwiftTarget",
      "name" : "TOMLDeserializerTests",
      "path" : "Tests/TOMLDeserializerTests",
      "product_dependencies" : [
        "NetTime"
      ],
      "sources" : [
        "ErrorTests.swift",
        "ScannerTests.swift",
        "TOMLDeserializerTests.swift",
        "TOMLInvalidationTests.swift",
        "XCTestManifests.swift"
      ],
      "target_dependencies" : [
        "TOMLDeserializer"
      ],
      "type" : "test"
    },
    {
      "c99name" : "TOMLDeserializer",
      "module_type" : "SwiftTarget",
      "name" : "TOMLDeserializer",
      "path" : "Sources/TOMLDeserializer",
      "product_dependencies" : [
        "NetTime"
      ],
      "product_memberships" : [
        "TOMLDeserializer"
      ],
      "sources" : [
        "Errors.swift",
        "Location.swift",
        "Parser.swift",
        "Scanner.swift",
        "TOMLDeserializer.swift",
        "constants.swift"
      ],
      "type" : "library"
    }
  ],
  "tools_version" : "5.0"
}
warning: 'spi-builder-workspace': Invalid Exclude '/Users/admin/builder/spi-builder-workspace/Tests/TOMLDeserializerTests/Tests/DrStringTests/invalid_fixtures': File not found.
warning: 'spi-builder-workspace': Invalid Exclude '/Users/admin/builder/spi-builder-workspace/Tests/TOMLDeserializerTests/Tests/DrStringTests/valid_fixtures': File not found.
{
  "project" : {
    "configurations" : [
      "Debug",
      "Release"
    ],
    "name" : "TOMLDeserializer",
    "schemes" : [
      "TOMLDeserializer"
    ],
    "targets" : [
      "TOMLDeserializer",
      "TOMLDeserializerTests"
    ]
  }
}
Running build ...
env DEVELOPER_DIR=/Applications/Xcode-27.0.0-Release.Candidate.app xcrun xcodebuild -IDEClonedSourcePackagesDirPathOverride=$PWD/.dependencies -skipMacroValidation -skipPackagePluginValidation -derivedDataPath $PWD/.derivedData build -scheme TOMLDeserializer -destination generic/platform=watchOS
Command line invocation:
    /Applications/Xcode-27.0.0-Release.Candidate.app/Contents/Developer/usr/bin/xcodebuild -IDEClonedSourcePackagesDirPathOverride=/Users/admin/builder/spi-builder-workspace/.dependencies -skipMacroValidation -skipPackagePluginValidation -derivedDataPath /Users/admin/builder/spi-builder-workspace/.derivedData build -scheme TOMLDeserializer -destination generic/platform=watchOS
Resolve Package Graph
Resolved source packages:
  NetTime: https://github.com/dduan/NetTime @ 0.2.2
ComputePackagePrebuildTargetDependencyGraph
Prepare packages
CreateBuildRequest
SendProjectDescription
CreateBuildOperation
ComputeTargetDependencyGraph
note: Building targets in dependency order
note: Target dependency graph (3 targets)
    Target 'TOMLDeserializer' in project 'TOMLDeserializer'
        ➜ Explicit dependency on target 'NetTime-product' in project 'NetTime'
    Target 'NetTime-product' in project 'NetTime'
        ➜ Explicit dependency on target 'NetTime' in project 'NetTime'
    Target 'NetTime' in project 'NetTime' (no dependencies)
GatherProvisioningInputs
CreateBuildDescription
ClangStatCache /Applications/Xcode-27.0.0-Release.Candidate.app/Contents/Developer/Toolchains/XcodeDefault.xctoolchain/usr/bin/clang-stat-cache /Applications/Xcode-27.0.0-Release.Candidate.app/Contents/Developer/Platforms/WatchOS.platform/Developer/SDKs/WatchOS27.0.sdk /Users/admin/builder/spi-builder-workspace/.derivedData/SDKStatCaches.noindex/watchos27.0-24R360-e829b21a6f8c9b70876ba0858053c04477534ef55a1706bf4c1112bbb242f0a2.sdkstatcache
    cd /Users/admin/builder/spi-builder-workspace/TOMLDeserializer.xcodeproj
    /Applications/Xcode-27.0.0-Release.Candidate.app/Contents/Developer/Toolchains/XcodeDefault.xctoolchain/usr/bin/clang-stat-cache /Applications/Xcode-27.0.0-Release.Candidate.app/Contents/Developer/Platforms/WatchOS.platform/Developer/SDKs/WatchOS27.0.sdk -o /Users/admin/builder/spi-builder-workspace/.derivedData/SDKStatCaches.noindex/watchos27.0-24R360-e829b21a6f8c9b70876ba0858053c04477534ef55a1706bf4c1112bbb242f0a2.sdkstatcache
warning: None of the architectures in ARCHS (arm64) are valid. Consider setting ARCHS to $(ARCHS_STANDARD) or updating it to include at least one value from VALID_ARCHS (armv7k). (in target 'TOMLDeserializer' from project 'TOMLDeserializer')
warning: Traditional headermap style is no longer supported; please migrate to using separate headermaps and set 'ALWAYS_SEARCH_USER_PATHS' to NO. (in target 'TOMLDeserializer' from project 'TOMLDeserializer')
ProcessInfoPlistFile /Users/admin/builder/spi-builder-workspace/.derivedData/Build/Products/Debug-watchos/TOMLDeserializer.framework/Info.plist /Users/admin/builder/spi-builder-workspace/Resources/Info.plist (in target 'TOMLDeserializer' from project 'TOMLDeserializer')
    cd /Users/admin/builder/spi-builder-workspace
    builtin-infoPlistUtility /Users/admin/builder/spi-builder-workspace/Resources/Info.plist -producttype com.apple.product-type.framework -expandbuildsettings -format binary -platform watchos -o /Users/admin/builder/spi-builder-workspace/.derivedData/Build/Products/Debug-watchos/TOMLDeserializer.framework/Info.plist
ExtractAppIntentsMetadata (in target 'TOMLDeserializer' from project 'TOMLDeserializer')
    cd /Users/admin/builder/spi-builder-workspace
    /Applications/Xcode-27.0.0-Release.Candidate.app/Contents/Developer/Toolchains/XcodeDefault.xctoolchain/usr/bin/appintentsmetadataprocessor --toolchain-dir /var/run/com.apple.security.cryptexd/mnt/com.apple.MobileAsset.MetalToolchain-v27.1.266.1.TwHyVF/Metal.xctoolchain --module-name TOMLDeserializer --sdk-root /Applications/Xcode-27.0.0-Release.Candidate.app/Contents/Developer/Platforms/WatchOS.platform/Developer/SDKs/WatchOS27.0.sdk --xcode-version 27A266a --platform-family watchOS --deployment-target 27.0 --bundle-identifier ca.duan.TOMLDeserializer --output /Users/admin/builder/spi-builder-workspace/.derivedData/Build/Products/Debug-watchos/TOMLDeserializer.framework --binary-file /Users/admin/builder/spi-builder-workspace/.derivedData/Build/Products/Debug-watchos/TOMLDeserializer.framework/TOMLDeserializer --metadata-file-list /Users/admin/builder/spi-builder-workspace/.derivedData/Build/Intermediates.noindex/TOMLDeserializer.build/Debug-watchos/TOMLDeserializer.build/TOMLDeserializer.DependencyMetadataFileList --static-metadata-file-list /Users/admin/builder/spi-builder-workspace/.derivedData/Build/Intermediates.noindex/TOMLDeserializer.build/Debug-watchos/TOMLDeserializer.build/TOMLDeserializer.DependencyStaticMetadataFileList --compile-time-extraction --deployment-aware-processing --no-app-shortcuts-localization
error: Build input file cannot be found: '/Users/admin/builder/spi-builder-workspace/.derivedData/Build/Products/Debug-watchos/TOMLDeserializer.framework/TOMLDeserializer'. Did you forget to declare this file as an output of a script phase or custom build rule which produces it? (in target 'TOMLDeserializer' from project 'TOMLDeserializer')
PruneExplicitPrecompiledModules /Users/admin/builder/spi-builder-workspace/.derivedData/SDKExplicitPrecompiledModules
PruneExplicitPrecompiledModules /Users/admin/builder/spi-builder-workspace/.derivedData/Build/Intermediates.noindex/ExplicitPrecompiledModules
PruneExplicitPrecompiledModules /Users/admin/builder/spi-builder-workspace/.derivedData/Build/Intermediates.noindex/SwiftExplicitPrecompiledModules
** BUILD FAILED **
The following build commands failed:
	ExtractAppIntentsMetadata (in target 'TOMLDeserializer' from project 'TOMLDeserializer')
	Building project TOMLDeserializer with scheme TOMLDeserializer
(2 failures)
BUILD FAILURE 6.4 watchOS