Build Information
Failed to build swift-rfc-1035, reference main (7d12c4), with Swift 6.1 for tvOS using Xcode 16.3 on 1 Nov 2026 19:47:36 UTC.
Build Command
No build command. This typically means the build failed at an early stage where we determine the build command.Build Log
========================================
RunAll
========================================
Builder version: 5.1.4
Interrupt handler set up.
========================================
Checkout
========================================
Clone URL: https://github.com/swift-ietf/swift-rfc-1035.git
Reference: main
Initialized empty Git repository in /Users/admin/builder/spi-builder-workspace/.git/
From https://github.com/swift-ietf/swift-rfc-1035
* branch main -> FETCH_HEAD
* [new branch] main -> origin/main
HEAD is now at 7d12c48 Write the single gated trait request on one line, as swift-format requires
Cloned https://github.com/swift-ietf/swift-rfc-1035.git
Revision (git rev-parse @):
7d12c488e57e4a3016619c985678866d70e03382
SPI manifest file found: $PWD/.spi.yml
SUCCESS checkout https://github.com/swift-ietf/swift-rfc-1035.git at main
========================================
Build
========================================
Selected platform: tvOS
Swift version: 6.1
Building package at path: $PWD
https://github.com/swift-ietf/swift-rfc-1035.git
https://github.com/swift-ietf/swift-rfc-1035.git
error: 'spi-builder-workspace': package 'spi-builder-workspace' is using Swift tools version 6.4.0 but the installed version is 6.1.0
error: fatalError
Command line invocation:
/Applications/Xcode-16.3.0.app/Contents/Developer/usr/bin/xcodebuild -IDEClonedSourcePackagesDirPathOverride=/Users/admin/builder/spi-builder-workspace/.dependencies -resolvePackageDependencies
Resolve Package Graph
package 'spi-builder-workspace' is using Swift tools version 6.4.0 but the installed version is 6.1.0
Resolved source packages:
spi-builder-workspace: (null)
2026-11-01 11:47:36.028 xcodebuild[504:2911] Writing error result bundle to /var/folders/5k/5yc19ymj0jqd5v0zvgfqz0xw0000gn/T/ResultBundle_2026-01-11_11-47-0036.xcresult
xcodebuild: error: Could not resolve package dependencies:
package 'spi-builder-workspace' is using Swift tools version 6.4.0 but the installed version is 6.1.0
Command line invocation:
/Applications/Xcode-16.3.0.app/Contents/Developer/usr/bin/xcodebuild -IDEClonedSourcePackagesDirPathOverride=/Users/admin/builder/spi-builder-workspace/.dependencies -resolvePackageDependencies
Resolve Package Graph
package 'spi-builder-workspace' is using Swift tools version 6.4.0 but the installed version is 6.1.0
Resolved source packages:
spi-builder-workspace: (null)
2026-11-01 11:47:36.747 xcodebuild[512:2981] Writing error result bundle to /var/folders/5k/5yc19ymj0jqd5v0zvgfqz0xw0000gn/T/ResultBundle_2026-01-11_11-47-0036.xcresult
xcodebuild: error: Could not resolve package dependencies:
package 'spi-builder-workspace' is using Swift tools version 6.4.0 but the installed version is 6.1.0
BUILD FAILURE 6.1 tvOS