Build Information
Failed to build HelpInfoSpotlightOverlay, reference main (20fd50), with Swift 6.1 for macOS (SPM) on 10 Jul 2026 15:58:30 UTC.
Build Command
env DEVELOPER_DIR=/Applications/Xcode-16.3.0.app xcrun swift build --arch arm64Build Log
========================================
RunAll
========================================
Builder version: undefined version: run 'make version' to update
Interrupt handler set up.
========================================
Checkout
========================================
Clone URL: https://github.com/bradhowes/HelpInfoSpotlightOverlay.git
Reference: main
Initialized empty Git repository in /Users/admin/builder/spi-builder-workspace/.git/
From https://github.com/bradhowes/HelpInfoSpotlightOverlay
* branch main -> FETCH_HEAD
* [new branch] main -> origin/main
HEAD is now at 20fd50b Fix warning
Cloned https://github.com/bradhowes/HelpInfoSpotlightOverlay.git
Revision (git rev-parse @):
20fd50b6417d3bf9dbc2afa30611c8f29fa02ace
SUCCESS checkout https://github.com/bradhowes/HelpInfoSpotlightOverlay.git at main
========================================
Build
========================================
Selected platform: macosSpm
Swift version: 6.1
Building package at path: $PWD
https://github.com/bradhowes/HelpInfoSpotlightOverlay.git
https://github.com/bradhowes/HelpInfoSpotlightOverlay.git
{
"dependencies" : [
],
"manifest_display_name" : "HelpInfoSpotlightOverlay",
"name" : "HelpInfoSpotlightOverlay",
"path" : "/Users/admin/builder/spi-builder-workspace",
"platforms" : [
{
"name" : "ios",
"version" : "18.0"
},
{
"name" : "macos",
"version" : "15.0"
}
],
"products" : [
{
"name" : "HelpInfoSpotlightOverlay",
"targets" : [
"HelpInfoSpotlightOverlay"
],
"type" : {
"library" : [
"automatic"
]
}
}
],
"targets" : [
{
"c99name" : "HelpInfoSpotlightOverlayTests",
"module_type" : "SwiftTarget",
"name" : "HelpInfoSpotlightOverlayTests",
"path" : "Tests/HelpInfoSpotlightOverlayTests",
"sources" : [
"HelpInfoLayoutTests.swift"
],
"target_dependencies" : [
"HelpInfoSpotlightOverlay"
],
"type" : "test"
},
{
"c99name" : "HelpInfoSpotlightOverlay",
"module_type" : "SwiftTarget",
"name" : "HelpInfoSpotlightOverlay",
"path" : "Sources/HelpInfoSpotlightOverlay",
"product_memberships" : [
"HelpInfoSpotlightOverlay"
],
"sources" : [
"HelpInfoOverlay.swift",
"HelpInfoOverlayLayout.swift",
"HelpInfoProvider.swift",
"HelpInfoSpotlightOverlay.swift",
"HelpInfoSpotlightOverlayActions.swift",
"HelpInfoSpotlightOverlayConfig.swift",
"HelpInfoSpotlightOverlayViewConfig.swift",
"HelpInfoSpotlightWindowedMode.swift",
"Internal/IDAnchorPreferenceKey.swift",
"Internal/SpotlightCoordinateSpace.swift",
"Internal/SpotlightOverlay.swift",
"Internal/SpotlightOverlayModifier.swift",
"Internal/TutorialSpotlightDemo.swift",
"Internal/ViewTagModifier.swift",
"Internal/WindowedOverlay.swift"
],
"type" : "library"
}
],
"tools_version" : "6.0"
}
Running build ...
env DEVELOPER_DIR=/Applications/Xcode-16.3.0.app xcrun swift build --arch arm64 -Xswiftc -Xfrontend -Xswiftc -stats-output-dir -Xswiftc -Xfrontend -Xswiftc .stats
Building for debugging...
[0/2] Write sources
[1/2] Write swift-version-2F0A5646E1D333AE.txt
[3/17] Compiling HelpInfoSpotlightOverlay ViewTagModifier.swift
[4/17] Compiling HelpInfoSpotlightOverlay TutorialSpotlightDemo.swift
[5/17] Compiling HelpInfoSpotlightOverlay SpotlightOverlayModifier.swift
/Users/admin/builder/spi-builder-workspace/Sources/HelpInfoSpotlightOverlay/Internal/WindowedOverlay.swift:190:13: error: cannot find type 'Config' in scope
188 | func show(
189 | selection: Binding<ID?>,
190 | config: Config<ID, Overlay>,
| `- error: cannot find type 'Config' in scope
191 | anchors: [ID: Anchor<CGRect>],
192 | scrollViewProxy: ScrollViewProxy?,
[6/18] Compiling HelpInfoSpotlightOverlay SpotlightOverlay.swift
error: emit-module command failed with exit code 1 (use -v to see invocation)
[7/18] Compiling HelpInfoSpotlightOverlay HelpInfoSpotlightOverlayViewConfig.swift
[8/18] Compiling HelpInfoSpotlightOverlay HelpInfoSpotlightWindowedMode.swift
[9/18] Compiling HelpInfoSpotlightOverlay HelpInfoSpotlightOverlayActions.swift
[10/18] Compiling HelpInfoSpotlightOverlay HelpInfoSpotlightOverlayConfig.swift
[11/18] Compiling HelpInfoSpotlightOverlay HelpInfoProvider.swift
[12/18] Compiling HelpInfoSpotlightOverlay HelpInfoSpotlightOverlay.swift
[13/18] Emitting module HelpInfoSpotlightOverlay
/Users/admin/builder/spi-builder-workspace/Sources/HelpInfoSpotlightOverlay/Internal/WindowedOverlay.swift:190:13: error: cannot find type 'Config' in scope
188 | func show(
189 | selection: Binding<ID?>,
190 | config: Config<ID, Overlay>,
| `- error: cannot find type 'Config' in scope
191 | anchors: [ID: Anchor<CGRect>],
192 | scrollViewProxy: ScrollViewProxy?,
[14/18] Compiling HelpInfoSpotlightOverlay IDAnchorPreferenceKey.swift
[15/18] Compiling HelpInfoSpotlightOverlay SpotlightCoordinateSpace.swift
[16/18] Compiling HelpInfoSpotlightOverlay HelpInfoOverlay.swift
[17/18] Compiling HelpInfoSpotlightOverlay HelpInfoOverlayLayout.swift
[18/18] Compiling HelpInfoSpotlightOverlay WindowedOverlay.swift
/Users/admin/builder/spi-builder-workspace/Sources/HelpInfoSpotlightOverlay/Internal/WindowedOverlay.swift:190:13: error: cannot find type 'Config' in scope
188 | func show(
189 | selection: Binding<ID?>,
190 | config: Config<ID, Overlay>,
| `- error: cannot find type 'Config' in scope
191 | anchors: [ID: Anchor<CGRect>],
192 | scrollViewProxy: ScrollViewProxy?,
Running build ...
env DEVELOPER_DIR=/Applications/Xcode-16.3.0.app xcrun swift build --arch arm64
[0/1] Planning build
Building for debugging...
[0/1] Write swift-version-2F0A5646E1D333AE.txt
[2/16] Compiling HelpInfoSpotlightOverlay HelpInfoOverlay.swift
[3/16] Compiling HelpInfoSpotlightOverlay HelpInfoOverlayLayout.swift
[4/17] Compiling HelpInfoSpotlightOverlay IDAnchorPreferenceKey.swift
[5/17] Compiling HelpInfoSpotlightOverlay SpotlightCoordinateSpace.swift
error: emit-module command failed with exit code 1 (use -v to see invocation)
[6/17] Compiling HelpInfoSpotlightOverlay HelpInfoSpotlightOverlayViewConfig.swift
[7/17] Compiling HelpInfoSpotlightOverlay HelpInfoSpotlightWindowedMode.swift
[8/17] Compiling HelpInfoSpotlightOverlay HelpInfoProvider.swift
[9/17] Compiling HelpInfoSpotlightOverlay HelpInfoSpotlightOverlay.swift
[10/17] Compiling HelpInfoSpotlightOverlay HelpInfoSpotlightOverlayActions.swift
[11/17] Compiling HelpInfoSpotlightOverlay HelpInfoSpotlightOverlayConfig.swift
[12/17] Compiling HelpInfoSpotlightOverlay SpotlightOverlay.swift
[13/17] Emitting module HelpInfoSpotlightOverlay
/Users/admin/builder/spi-builder-workspace/Sources/HelpInfoSpotlightOverlay/Internal/WindowedOverlay.swift:190:13: error: cannot find type 'Config' in scope
188 | func show(
189 | selection: Binding<ID?>,
190 | config: Config<ID, Overlay>,
| `- error: cannot find type 'Config' in scope
191 | anchors: [ID: Anchor<CGRect>],
192 | scrollViewProxy: ScrollViewProxy?,
[14/17] Compiling HelpInfoSpotlightOverlay TutorialSpotlightDemo.swift
[15/17] Compiling HelpInfoSpotlightOverlay ViewTagModifier.swift
[16/17] Compiling HelpInfoSpotlightOverlay SpotlightOverlayModifier.swift
/Users/admin/builder/spi-builder-workspace/Sources/HelpInfoSpotlightOverlay/Internal/WindowedOverlay.swift:190:13: error: cannot find type 'Config' in scope
188 | func show(
189 | selection: Binding<ID?>,
190 | config: Config<ID, Overlay>,
| `- error: cannot find type 'Config' in scope
191 | anchors: [ID: Anchor<CGRect>],
192 | scrollViewProxy: ScrollViewProxy?,
[17/17] Compiling HelpInfoSpotlightOverlay WindowedOverlay.swift
/Users/admin/builder/spi-builder-workspace/Sources/HelpInfoSpotlightOverlay/Internal/WindowedOverlay.swift:190:13: error: cannot find type 'Config' in scope
188 | func show(
189 | selection: Binding<ID?>,
190 | config: Config<ID, Overlay>,
| `- error: cannot find type 'Config' in scope
191 | anchors: [ID: Anchor<CGRect>],
192 | scrollViewProxy: ScrollViewProxy?,
BUILD FAILURE 6.1 macosSpm