The Swift Package Index logo.Swift Package Index

Build Information

Failed to build GeneralAgentsKit, reference main (71f29b), with Swift 6.4 for watchOS using Xcode 27.0 on 22 Sep 2026 03:22:30 UTC.

Build Command

env DEVELOPER_DIR=/Applications/Xcode-27.0.0-Release.Candidate.app xcrun xcodebuild -IDEClonedSourcePackagesDirPathOverride=$PWD/.dependencies -skipMacroValidation -skipPackagePluginValidation -derivedDataPath $PWD/.derivedData build -scheme GeneralAgentsKit -destination generic/platform=watchOS

Build Log

========================================
RunAll
========================================
Builder version: 5.1.0
Interrupt handler set up.
========================================
Checkout
========================================
Clone URL: https://github.com/m1guelpf/GeneralAgentsKit.git
Reference: main
Initialized empty Git repository in /Users/admin/builder/spi-builder-workspace/.git/
From https://github.com/m1guelpf/GeneralAgentsKit
 * branch            main       -> FETCH_HEAD
 * [new branch]      main       -> origin/main
HEAD is now at 71f29b5 init
Cloned https://github.com/m1guelpf/GeneralAgentsKit.git
Revision (git rev-parse @):
71f29b5b84ae2adafd2c0a20088ae18a46e6c19c
SPI manifest file found: $PWD/.spi.yml
SUCCESS checkout https://github.com/m1guelpf/GeneralAgentsKit.git at main
========================================
Build
========================================
Selected platform:         watchOS
Swift version:             6.4
Building package at path:  $PWD
https://github.com/m1guelpf/GeneralAgentsKit.git
Command line invocation:
    /Applications/Xcode-27.0.0-Release.Candidate.app/Contents/Developer/usr/bin/xcodebuild -IDEClonedSourcePackagesDirPathOverride=/Users/admin/builder/spi-builder-workspace/.dependencies -resolvePackageDependencies
Resolve Package Graph
Resolve Package Graph
Resolved source packages:
  GeneralAgentsKit: /Users/admin/builder/spi-builder-workspace
resolved source packages: GeneralAgentsKit
2026-09-21 23:21:50.789 xcodebuild[525:2997] [MT] IDERunDestination: Supported platforms for the buildables in the current scheme is empty.
{
  "dependencies" : [
  ],
  "manifest_display_name" : "GeneralAgentsKit",
  "name" : "GeneralAgentsKit",
  "path" : "/Users/admin/builder/spi-builder-workspace",
  "platforms" : [
    {
      "name" : "macos",
      "version" : "14.0"
    }
  ],
  "products" : [
    {
      "name" : "GeneralAgentsKit",
      "targets" : [
        "GeneralAgentsKit"
      ],
      "type" : {
        "library" : [
          "static"
        ]
      }
    }
  ],
  "targets" : [
    {
      "c99name" : "GeneralAgentsKit",
      "module_type" : "SwiftTarget",
      "name" : "GeneralAgentsKit",
      "path" : "src",
      "product_memberships" : [
        "GeneralAgentsKit"
      ],
      "sources" : [
        "Agent.swift",
        "Computer.swift",
        "Extensions/CGImage+toPng.swift",
        "Models/Action.swift",
        "Models/Coordinate.swift",
        "Models/KeyboardKey.swift",
        "Models/Model.swift",
        "Models/PredictRequest.swift",
        "Models/PredictResponse.swift"
      ],
      "type" : "library"
    }
  ],
  "tools_version" : "6.0"
}
{
  "workspace" : {
    "name" : "GeneralAgentsKit",
    "schemes" : [
      "GeneralAgentsKit"
    ]
  }
}
2026-09-21 23:22:23.012 xcodebuild[622:3787] [MT] IDERunDestination: Supported platforms for the buildables in the current scheme is empty.
Running build ...
env DEVELOPER_DIR=/Applications/Xcode-27.0.0-Release.Candidate.app xcrun xcodebuild -IDEClonedSourcePackagesDirPathOverride=$PWD/.dependencies -skipMacroValidation -skipPackagePluginValidation -derivedDataPath $PWD/.derivedData build -scheme GeneralAgentsKit -destination generic/platform=watchOS
Command line invocation:
    /Applications/Xcode-27.0.0-Release.Candidate.app/Contents/Developer/usr/bin/xcodebuild -IDEClonedSourcePackagesDirPathOverride=/Users/admin/builder/spi-builder-workspace/.dependencies -skipMacroValidation -skipPackagePluginValidation -derivedDataPath /Users/admin/builder/spi-builder-workspace/.derivedData build -scheme GeneralAgentsKit -destination generic/platform=watchOS
Resolve Package Graph
Resolved source packages:
  GeneralAgentsKit: /Users/admin/builder/spi-builder-workspace
ComputePackagePrebuildTargetDependencyGraph
Prepare packages
CreateBuildRequest
SendProjectDescription
CreateBuildOperation
ComputeTargetDependencyGraph
note: Building targets in dependency order
note: Target dependency graph (2 targets)
    Target 'GeneralAgentsKit-product' in project 'GeneralAgentsKit'
        ➜ Explicit dependency on target 'GeneralAgentsKit' in project 'GeneralAgentsKit'
    Target 'GeneralAgentsKit' in project 'GeneralAgentsKit' (no dependencies)
GatherProvisioningInputs
CreateBuildDescription
ExecuteExternalTool /Applications/Xcode-27.0.0-Release.Candidate.app/Contents/Developer/Toolchains/XcodeDefault.xctoolchain/usr/bin/clang -v -E -dM -isysroot /Applications/Xcode-27.0.0-Release.Candidate.app/Contents/Developer/Platforms/WatchOS.platform/Developer/SDKs/WatchOS27.0.sdk -x c -c /dev/null
ExecuteExternalTool /Applications/Xcode-27.0.0-Release.Candidate.app/Contents/Developer/Toolchains/XcodeDefault.xctoolchain/usr/bin/swiftc --version
ExecuteExternalTool /Applications/Xcode-27.0.0-Release.Candidate.app/Contents/Developer/Toolchains/XcodeDefault.xctoolchain/usr/bin/ld -version_details
Build description signature: bfe67090c8b56f633b77f5276b8b56df
Build description path: /Users/admin/builder/spi-builder-workspace/.derivedData/Build/Intermediates.noindex/XCBuildData/bfe67090c8b56f633b77f5276b8b56df.xcbuilddata
CreateBuildDirectory /Users/admin/builder/spi-builder-workspace/.derivedData/SDKExplicitPrecompiledModules
    cd /Users/admin/builder/spi-builder-workspace/.swiftpm/xcode
    builtin-create-build-directory /Users/admin/builder/spi-builder-workspace/.derivedData/SDKExplicitPrecompiledModules
CreateBuildDirectory /Users/admin/builder/spi-builder-workspace/.derivedData/CompilationCache.noindex
    cd /Users/admin/builder/spi-builder-workspace/.swiftpm/xcode
    builtin-create-build-directory /Users/admin/builder/spi-builder-workspace/.derivedData/CompilationCache.noindex
CreateBuildDirectory /Users/admin/builder/spi-builder-workspace/.derivedData/ModuleCache.noindex
    cd /Users/admin/builder/spi-builder-workspace/.swiftpm/xcode
    builtin-create-build-directory /Users/admin/builder/spi-builder-workspace/.derivedData/ModuleCache.noindex
ClangStatCache /Applications/Xcode-27.0.0-Release.Candidate.app/Contents/Developer/Toolchains/XcodeDefault.xctoolchain/usr/bin/clang-stat-cache /Applications/Xcode-27.0.0-Release.Candidate.app/Contents/Developer/Platforms/WatchOS.platform/Developer/SDKs/WatchOS27.0.sdk /Users/admin/builder/spi-builder-workspace/.derivedData/SDKStatCaches.noindex/watchos27.0-24R360-e829b21a6f8c9b70876ba0858053c04477534ef55a1706bf4c1112bbb242f0a2.sdkstatcache
    cd /Users/admin/builder/spi-builder-workspace/.swiftpm/xcode
    /Applications/Xcode-27.0.0-Release.Candidate.app/Contents/Developer/Toolchains/XcodeDefault.xctoolchain/usr/bin/clang-stat-cache /Applications/Xcode-27.0.0-Release.Candidate.app/Contents/Developer/Platforms/WatchOS.platform/Developer/SDKs/WatchOS27.0.sdk -o /Users/admin/builder/spi-builder-workspace/.derivedData/SDKStatCaches.noindex/watchos27.0-24R360-e829b21a6f8c9b70876ba0858053c04477534ef55a1706bf4c1112bbb242f0a2.sdkstatcache
CreateBuildDirectory /Users/admin/builder/spi-builder-workspace/.derivedData/Build/Products
    cd /Users/admin/builder/spi-builder-workspace/.swiftpm/xcode
    builtin-create-build-directory /Users/admin/builder/spi-builder-workspace/.derivedData/Build/Products
CreateBuildDirectory /Users/admin/builder/spi-builder-workspace/.derivedData/Build/Intermediates.noindex
    cd /Users/admin/builder/spi-builder-workspace/.swiftpm/xcode
    builtin-create-build-directory /Users/admin/builder/spi-builder-workspace/.derivedData/Build/Intermediates.noindex
CreateBuildDirectory /Users/admin/builder/spi-builder-workspace/.derivedData/Build/Products/Debug-watchos
    cd /Users/admin/builder/spi-builder-workspace/.swiftpm/xcode
    builtin-create-build-directory /Users/admin/builder/spi-builder-workspace/.derivedData/Build/Products/Debug-watchos
CreateBuildDirectory /Users/admin/builder/spi-builder-workspace/.derivedData/Build/Intermediates.noindex/SwiftExplicitPrecompiledModules
    cd /Users/admin/builder/spi-builder-workspace/.swiftpm/xcode
    builtin-create-build-directory /Users/admin/builder/spi-builder-workspace/.derivedData/Build/Intermediates.noindex/SwiftExplicitPrecompiledModules
CreateBuildDirectory /Users/admin/builder/spi-builder-workspace/.derivedData/Build/Intermediates.noindex/ExplicitPrecompiledModules
    cd /Users/admin/builder/spi-builder-workspace/.swiftpm/xcode
    builtin-create-build-directory /Users/admin/builder/spi-builder-workspace/.derivedData/Build/Intermediates.noindex/ExplicitPrecompiledModules
CreateBuildDirectory /Users/admin/builder/spi-builder-workspace/.derivedData/Build/Intermediates.noindex/PrecompiledHeaders
    cd /Users/admin/builder/spi-builder-workspace/.swiftpm/xcode
    builtin-create-build-directory /Users/admin/builder/spi-builder-workspace/.derivedData/Build/Intermediates.noindex/PrecompiledHeaders
CreateBuildDirectory /Users/admin/builder/spi-builder-workspace/.derivedData/Build/Intermediates.noindex/EagerLinkingTBDs/Debug-watchos
    cd /Users/admin/builder/spi-builder-workspace/.swiftpm/xcode
    builtin-create-build-directory /Users/admin/builder/spi-builder-workspace/.derivedData/Build/Intermediates.noindex/EagerLinkingTBDs/Debug-watchos
CreateBuildDirectory /Users/admin/builder/spi-builder-workspace/.derivedData/Build/Products/Debug-watchos/PackageFrameworks
    cd /Users/admin/builder/spi-builder-workspace/.swiftpm/xcode
    builtin-create-build-directory /Users/admin/builder/spi-builder-workspace/.derivedData/Build/Products/Debug-watchos/PackageFrameworks
WriteAuxiliaryFile /Users/admin/builder/spi-builder-workspace/.derivedData/Build/Intermediates.noindex/GeneralAgentsKit.build/Debug-watchos/GeneralAgentsKit-t.build/GeneralAgentsKit.modulemap (in target 'GeneralAgentsKit' from project 'GeneralAgentsKit')
    cd /Users/admin/builder/spi-builder-workspace
    write-file /Users/admin/builder/spi-builder-workspace/.derivedData/Build/Intermediates.noindex/GeneralAgentsKit.build/Debug-watchos/GeneralAgentsKit-t.build/GeneralAgentsKit.modulemap
WriteAuxiliaryFile /Users/admin/builder/spi-builder-workspace/.derivedData/Build/Intermediates.noindex/GeneralAgentsKit.build/Debug-watchos/GeneralAgentsKit-t.build/Objects-normal/arm64_32/GeneralAgentsKit.LinkFileList (in target 'GeneralAgentsKit' from project 'GeneralAgentsKit')
    cd /Users/admin/builder/spi-builder-workspace
    write-file /Users/admin/builder/spi-builder-workspace/.derivedData/Build/Intermediates.noindex/GeneralAgentsKit.build/Debug-watchos/GeneralAgentsKit-t.build/Objects-normal/arm64_32/GeneralAgentsKit.LinkFileList
WriteAuxiliaryFile /Users/admin/builder/spi-builder-workspace/.derivedData/Build/Intermediates.noindex/GeneralAgentsKit.build/Debug-watchos/GeneralAgentsKit-t.build/Objects-normal/arm64_32/GeneralAgentsKit-OutputFileMap.json (in target 'GeneralAgentsKit' from project 'GeneralAgentsKit')
    cd /Users/admin/builder/spi-builder-workspace
    write-file /Users/admin/builder/spi-builder-workspace/.derivedData/Build/Intermediates.noindex/GeneralAgentsKit.build/Debug-watchos/GeneralAgentsKit-t.build/Objects-normal/arm64_32/GeneralAgentsKit-OutputFileMap.json
WriteAuxiliaryFile /Users/admin/builder/spi-builder-workspace/.derivedData/Build/Intermediates.noindex/GeneralAgentsKit.build/Debug-watchos/GeneralAgentsKit-t.build/Objects-normal/arm64_32/GeneralAgentsKit_const_extract_protocols.json (in target 'GeneralAgentsKit' from project 'GeneralAgentsKit')
    cd /Users/admin/builder/spi-builder-workspace
    write-file /Users/admin/builder/spi-builder-workspace/.derivedData/Build/Intermediates.noindex/GeneralAgentsKit.build/Debug-watchos/GeneralAgentsKit-t.build/Objects-normal/arm64_32/GeneralAgentsKit_const_extract_protocols.json
WriteAuxiliaryFile /Users/admin/builder/spi-builder-workspace/.derivedData/Build/Intermediates.noindex/GeneralAgentsKit.build/Debug-watchos/GeneralAgentsKit-t.build/Objects-normal/arm64_32/GeneralAgentsKit.SwiftFileList (in target 'GeneralAgentsKit' from project 'GeneralAgentsKit')
    cd /Users/admin/builder/spi-builder-workspace
    write-file /Users/admin/builder/spi-builder-workspace/.derivedData/Build/Intermediates.noindex/GeneralAgentsKit.build/Debug-watchos/GeneralAgentsKit-t.build/Objects-normal/arm64_32/GeneralAgentsKit.SwiftFileList
WriteAuxiliaryFile /Users/admin/builder/spi-builder-workspace/.derivedData/Build/Intermediates.noindex/GeneralAgentsKit.build/Debug-watchos/GeneralAgentsKit-t.build/Objects-normal/arm64/GeneralAgentsKit_const_extract_protocols.json (in target 'GeneralAgentsKit' from project 'GeneralAgentsKit')
    cd /Users/admin/builder/spi-builder-workspace
    write-file /Users/admin/builder/spi-builder-workspace/.derivedData/Build/Intermediates.noindex/GeneralAgentsKit.build/Debug-watchos/GeneralAgentsKit-t.build/Objects-normal/arm64/GeneralAgentsKit_const_extract_protocols.json
WriteAuxiliaryFile /Users/admin/builder/spi-builder-workspace/.derivedData/Build/Intermediates.noindex/GeneralAgentsKit.build/Debug-watchos/GeneralAgentsKit-t.build/Objects-normal/arm64/GeneralAgentsKit-OutputFileMap.json (in target 'GeneralAgentsKit' from project 'GeneralAgentsKit')
    cd /Users/admin/builder/spi-builder-workspace
    write-file /Users/admin/builder/spi-builder-workspace/.derivedData/Build/Intermediates.noindex/GeneralAgentsKit.build/Debug-watchos/GeneralAgentsKit-t.build/Objects-normal/arm64/GeneralAgentsKit-OutputFileMap.json
WriteAuxiliaryFile /Users/admin/builder/spi-builder-workspace/.derivedData/Build/Intermediates.noindex/GeneralAgentsKit.build/Debug-watchos/GeneralAgentsKit-t.build/Objects-normal/arm64/GeneralAgentsKit.LinkFileList (in target 'GeneralAgentsKit' from project 'GeneralAgentsKit')
    cd /Users/admin/builder/spi-builder-workspace
    write-file /Users/admin/builder/spi-builder-workspace/.derivedData/Build/Intermediates.noindex/GeneralAgentsKit.build/Debug-watchos/GeneralAgentsKit-t.build/Objects-normal/arm64/GeneralAgentsKit.LinkFileList
WriteAuxiliaryFile /Users/admin/builder/spi-builder-workspace/.derivedData/Build/Intermediates.noindex/GeneralAgentsKit.build/Debug-watchos/GeneralAgentsKit-t.build/Objects-normal/arm64_32/GeneralAgentsKit.SwiftConstValuesFileList (in target 'GeneralAgentsKit' from project 'GeneralAgentsKit')
    cd /Users/admin/builder/spi-builder-workspace
    write-file /Users/admin/builder/spi-builder-workspace/.derivedData/Build/Intermediates.noindex/GeneralAgentsKit.build/Debug-watchos/GeneralAgentsKit-t.build/Objects-normal/arm64_32/GeneralAgentsKit.SwiftConstValuesFileList
WriteAuxiliaryFile /Users/admin/builder/spi-builder-workspace/.derivedData/Build/Intermediates.noindex/GeneralAgentsKit.build/Debug-watchos/GeneralAgentsKit-t.build/Objects-normal/arm64/GeneralAgentsKit.SwiftConstValuesFileList (in target 'GeneralAgentsKit' from project 'GeneralAgentsKit')
    cd /Users/admin/builder/spi-builder-workspace
    write-file /Users/admin/builder/spi-builder-workspace/.derivedData/Build/Intermediates.noindex/GeneralAgentsKit.build/Debug-watchos/GeneralAgentsKit-t.build/Objects-normal/arm64/GeneralAgentsKit.SwiftConstValuesFileList
WriteAuxiliaryFile /Users/admin/builder/spi-builder-workspace/.derivedData/Build/Intermediates.noindex/GeneralAgentsKit.build/Debug-watchos/GeneralAgentsKit-t.build/Objects-normal/arm64/GeneralAgentsKit.SwiftFileList (in target 'GeneralAgentsKit' from project 'GeneralAgentsKit')
    cd /Users/admin/builder/spi-builder-workspace
    write-file /Users/admin/builder/spi-builder-workspace/.derivedData/Build/Intermediates.noindex/GeneralAgentsKit.build/Debug-watchos/GeneralAgentsKit-t.build/Objects-normal/arm64/GeneralAgentsKit.SwiftFileList
WriteAuxiliaryFile /Users/admin/builder/spi-builder-workspace/.derivedData/Build/Intermediates.noindex/GeneralAgentsKit.build/Debug-watchos/GeneralAgentsKit-t.build/GeneralAgentsKit.DependencyStaticMetadataFileList (in target 'GeneralAgentsKit' from project 'GeneralAgentsKit')
    cd /Users/admin/builder/spi-builder-workspace
    write-file /Users/admin/builder/spi-builder-workspace/.derivedData/Build/Intermediates.noindex/GeneralAgentsKit.build/Debug-watchos/GeneralAgentsKit-t.build/GeneralAgentsKit.DependencyStaticMetadataFileList
WriteAuxiliaryFile /Users/admin/builder/spi-builder-workspace/.derivedData/Build/Intermediates.noindex/GeneralAgentsKit.build/Debug-watchos/GeneralAgentsKit-t.build/GeneralAgentsKit.DependencyMetadataFileList (in target 'GeneralAgentsKit' from project 'GeneralAgentsKit')
    cd /Users/admin/builder/spi-builder-workspace
    write-file /Users/admin/builder/spi-builder-workspace/.derivedData/Build/Intermediates.noindex/GeneralAgentsKit.build/Debug-watchos/GeneralAgentsKit-t.build/GeneralAgentsKit.DependencyMetadataFileList
Copy /Users/admin/builder/spi-builder-workspace/.derivedData/Build/Intermediates.noindex/GeneratedModuleMaps-watchos/GeneralAgentsKit.modulemap /Users/admin/builder/spi-builder-workspace/.derivedData/Build/Intermediates.noindex/GeneralAgentsKit.build/Debug-watchos/GeneralAgentsKit-t.build/GeneralAgentsKit.modulemap (in target 'GeneralAgentsKit' from project 'GeneralAgentsKit')
    cd /Users/admin/builder/spi-builder-workspace
    builtin-copy -exclude .DS_Store -exclude CVS -exclude .svn -exclude .git -exclude .hg -resolve-src-symlinks /Users/admin/builder/spi-builder-workspace/.derivedData/Build/Intermediates.noindex/GeneralAgentsKit.build/Debug-watchos/GeneralAgentsKit-t.build/GeneralAgentsKit.modulemap /Users/admin/builder/spi-builder-workspace/.derivedData/Build/Intermediates.noindex/GeneratedModuleMaps-watchos
SwiftDriver GeneralAgentsKit normal arm64_32 com.apple.xcode.tools.swift.compiler (in target 'GeneralAgentsKit' from project 'GeneralAgentsKit')
    cd /Users/admin/builder/spi-builder-workspace/.swiftpm/xcode
    builtin-SwiftDriver -- /Applications/Xcode-27.0.0-Release.Candidate.app/Contents/Developer/Toolchains/XcodeDefault.xctoolchain/usr/bin/swiftc -parse-as-library -module-name GeneralAgentsKit -Onone @/Users/admin/builder/spi-builder-workspace/.derivedData/Build/Intermediates.noindex/GeneralAgentsKit.build/Debug-watchos/GeneralAgentsKit-t.build/Objects-normal/arm64_32/GeneralAgentsKit.SwiftFileList -DSWIFT_PACKAGE -DDEBUG -DSWIFT_MODULE_RESOURCE_BUNDLE_UNAVAILABLE -DXcode -plugin-path /Applications/Xcode-27.0.0-Release.Candidate.app/Contents/Developer/Toolchains/XcodeDefault.xctoolchain/usr/lib/swift/host/plugins/testing -enable-experimental-feature DebugDescriptionMacro -sdk /Applications/Xcode-27.0.0-Release.Candidate.app/Contents/Developer/Platforms/WatchOS.platform/Developer/SDKs/WatchOS27.0.sdk -target arm64_32-apple-watchos9.0 -g -module-cache-path /Users/admin/builder/spi-builder-workspace/.derivedData/ModuleCache.noindex -Xfrontend -serialize-debugging-options -enable-testing -index-store-path /Users/admin/builder/spi-builder-workspace/.derivedData/Index.noindex/DataStore -Xcc -D_LIBCPP_HARDENING_MODE\=_LIBCPP_HARDENING_MODE_DEBUG -swift-version 6 -I /Users/admin/builder/spi-builder-workspace/.derivedData/Build/Products/Debug-watchos -Isystem /Applications/Xcode-27.0.0-Release.Candidate.app/Contents/Developer/Platforms/WatchOS.platform/Developer/usr/lib -F /Users/admin/builder/spi-builder-workspace/.derivedData/Build/Products/Debug-watchos -F /Applications/Xcode-27.0.0-Release.Candidate.app/Contents/Developer/Platforms/WatchOS.platform/Developer/Library/Frameworks -F /Applications/Xcode-27.0.0-Release.Candidate.app/Contents/Developer/Platforms/WatchOS.platform/Developer/SDKs/WatchOS27.0.sdk/Developer/Library/Frameworks -c -j10 -enable-batch-mode -incremental -Xcc -ivfsstatcache -Xcc /Users/admin/builder/spi-builder-workspace/.derivedData/SDKStatCaches.noindex/watchos27.0-24R360-e829b21a6f8c9b70876ba0858053c04477534ef55a1706bf4c1112bbb242f0a2.sdkstatcache -output-file-map /Users/admin/builder/spi-builder-workspace/.derivedData/Build/Intermediates.noindex/GeneralAgentsKit.build/Debug-watchos/GeneralAgentsKit-t.build/Objects-normal/arm64_32/GeneralAgentsKit-OutputFileMap.json -save-temps -no-color-diagnostics -explicit-module-build -module-cache-path /Users/admin/builder/spi-builder-workspace/.derivedData/Build/Intermediates.noindex/SwiftExplicitPrecompiledModules -clang-scanner-module-cache-path /Users/admin/builder/spi-builder-workspace/.derivedData/ModuleCache.noindex -sdk-module-cache-path /Users/admin/builder/spi-builder-workspace/.derivedData/SDKExplicitPrecompiledModules -emit-dependencies -emit-module -emit-module-path /Users/admin/builder/spi-builder-workspace/.derivedData/Build/Intermediates.noindex/GeneralAgentsKit.build/Debug-watchos/GeneralAgentsKit-t.build/Objects-normal/arm64_32/GeneralAgentsKit.swiftmodule -serialize-diagnostics -dependency-scan-serialize-diagnostics-path /Users/admin/builder/spi-builder-workspace/.derivedData/Build/Intermediates.noindex/GeneralAgentsKit.build/Debug-watchos/GeneralAgentsKit-t.build/Objects-normal/arm64_32/GeneralAgentsKit-dependency-scan.dia -validate-clang-modules-once -clang-build-session-file /Users/admin/builder/spi-builder-workspace/.derivedData/ModuleCache.noindex/Session.modulevalidation -Xcc -fmodules-prune-interval\=86400 -Xcc -fmodules-prune-after\=345600 -package-name spi_builder_workspace -emit-const-values -const-gather-protocols-list /Users/admin/builder/spi-builder-workspace/.derivedData/Build/Intermediates.noindex/GeneralAgentsKit.build/Debug-watchos/GeneralAgentsKit-t.build/Objects-normal/arm64_32/GeneralAgentsKit_const_extract_protocols.json -Xcc -I/Users/admin/builder/spi-builder-workspace/.derivedData/Build/Products/Debug-watchos/include -Xcc -I/Users/admin/builder/spi-builder-workspace/.derivedData/Build/Intermediates.noindex/GeneralAgentsKit.build/Debug-watchos/GeneralAgentsKit-t.build/DerivedSources-normal/arm64_32 -Xcc -I/Users/admin/builder/spi-builder-workspace/.derivedData/Build/Intermediates.noindex/GeneralAgentsKit.build/Debug-watchos/GeneralAgentsKit-t.build/DerivedSources/arm64_32 -Xcc -I/Users/admin/builder/spi-builder-workspace/.derivedData/Build/Intermediates.noindex/GeneralAgentsKit.build/Debug-watchos/GeneralAgentsKit-t.build/DerivedSources -Xcc -DSWIFT_PACKAGE -Xcc -DDEBUG\=1 -emit-objc-header -emit-objc-header-path /Users/admin/builder/spi-builder-workspace/.derivedData/Build/Intermediates.noindex/GeneralAgentsKit.build/Debug-watchos/GeneralAgentsKit-t.build/Objects-normal/arm64_32/GeneralAgentsKit-Swift.h -working-directory /Users/admin/builder/spi-builder-workspace/.swiftpm/xcode -experimental-emit-module-separately -disable-cmo
/Users/admin/builder/spi-builder-workspace/src/Computer.swift:4:8: error: Unable to resolve module dependency: 'ScreenCaptureKit' (in target 'GeneralAgentsKit' from project 'GeneralAgentsKit')
    note: A dependency of main module 'GeneralAgentsKit'
/Users/admin/builder/spi-builder-workspace/src/Extensions/CGImage+toPng.swift:3:14: error: Unable to resolve module dependency: 'AppKit' (in target 'GeneralAgentsKit' from project 'GeneralAgentsKit')
    note: A dependency of main module 'GeneralAgentsKit'
/Users/admin/builder/spi-builder-workspace/src/Models/KeyboardKey.swift:3:8: error: Unable to resolve module dependency: 'Carbon' (in target 'GeneralAgentsKit' from project 'GeneralAgentsKit')
    note: A dependency of main module 'GeneralAgentsKit'
/Users/admin/builder/spi-builder-workspace/src/Computer.swift:4:8: note: A dependency of main module 'GeneralAgentsKit'
import ScreenCaptureKit
       ^ (in target 'GeneralAgentsKit' from project 'GeneralAgentsKit')
/Users/admin/builder/spi-builder-workspace/src/Extensions/CGImage+toPng.swift:3:14: note: A dependency of main module 'GeneralAgentsKit'
import class AppKit.NSBitmapImageRep
             ^ (in target 'GeneralAgentsKit' from project 'GeneralAgentsKit')
/Users/admin/builder/spi-builder-workspace/src/Models/KeyboardKey.swift:3:8: note: A dependency of main module 'GeneralAgentsKit'
import Carbon.HIToolbox
       ^ (in target 'GeneralAgentsKit' from project 'GeneralAgentsKit')
SwiftDriver GeneralAgentsKit normal arm64 com.apple.xcode.tools.swift.compiler (in target 'GeneralAgentsKit' from project 'GeneralAgentsKit')
    cd /Users/admin/builder/spi-builder-workspace/.swiftpm/xcode
    builtin-SwiftDriver -- /Applications/Xcode-27.0.0-Release.Candidate.app/Contents/Developer/Toolchains/XcodeDefault.xctoolchain/usr/bin/swiftc -parse-as-library -module-name GeneralAgentsKit -Onone @/Users/admin/builder/spi-builder-workspace/.derivedData/Build/Intermediates.noindex/GeneralAgentsKit.build/Debug-watchos/GeneralAgentsKit-t.build/Objects-normal/arm64/GeneralAgentsKit.SwiftFileList -DSWIFT_PACKAGE -DDEBUG -DSWIFT_MODULE_RESOURCE_BUNDLE_UNAVAILABLE -DXcode -plugin-path /Applications/Xcode-27.0.0-Release.Candidate.app/Contents/Developer/Toolchains/XcodeDefault.xctoolchain/usr/lib/swift/host/plugins/testing -enable-experimental-feature DebugDescriptionMacro -sdk /Applications/Xcode-27.0.0-Release.Candidate.app/Contents/Developer/Platforms/WatchOS.platform/Developer/SDKs/WatchOS27.0.sdk -target arm64-apple-watchos9.0 -g -module-cache-path /Users/admin/builder/spi-builder-workspace/.derivedData/ModuleCache.noindex -Xfrontend -serialize-debugging-options -enable-testing -index-store-path /Users/admin/builder/spi-builder-workspace/.derivedData/Index.noindex/DataStore -Xcc -D_LIBCPP_HARDENING_MODE\=_LIBCPP_HARDENING_MODE_DEBUG -swift-version 6 -I /Users/admin/builder/spi-builder-workspace/.derivedData/Build/Products/Debug-watchos -Isystem /Applications/Xcode-27.0.0-Release.Candidate.app/Contents/Developer/Platforms/WatchOS.platform/Developer/usr/lib -F /Users/admin/builder/spi-builder-workspace/.derivedData/Build/Products/Debug-watchos -F /Applications/Xcode-27.0.0-Release.Candidate.app/Contents/Developer/Platforms/WatchOS.platform/Developer/Library/Frameworks -F /Applications/Xcode-27.0.0-Release.Candidate.app/Contents/Developer/Platforms/WatchOS.platform/Developer/SDKs/WatchOS27.0.sdk/Developer/Library/Frameworks -c -j10 -enable-batch-mode -incremental -Xcc -ivfsstatcache -Xcc /Users/admin/builder/spi-builder-workspace/.derivedData/SDKStatCaches.noindex/watchos27.0-24R360-e829b21a6f8c9b70876ba0858053c04477534ef55a1706bf4c1112bbb242f0a2.sdkstatcache -output-file-map /Users/admin/builder/spi-builder-workspace/.derivedData/Build/Intermediates.noindex/GeneralAgentsKit.build/Debug-watchos/GeneralAgentsKit-t.build/Objects-normal/arm64/GeneralAgentsKit-OutputFileMap.json -save-temps -no-color-diagnostics -explicit-module-build -module-cache-path /Users/admin/builder/spi-builder-workspace/.derivedData/Build/Intermediates.noindex/SwiftExplicitPrecompiledModules -clang-scanner-module-cache-path /Users/admin/builder/spi-builder-workspace/.derivedData/ModuleCache.noindex -sdk-module-cache-path /Users/admin/builder/spi-builder-workspace/.derivedData/SDKExplicitPrecompiledModules -emit-dependencies -emit-module -emit-module-path /Users/admin/builder/spi-builder-workspace/.derivedData/Build/Intermediates.noindex/GeneralAgentsKit.build/Debug-watchos/GeneralAgentsKit-t.build/Objects-normal/arm64/GeneralAgentsKit.swiftmodule -serialize-diagnostics -dependency-scan-serialize-diagnostics-path /Users/admin/builder/spi-builder-workspace/.derivedData/Build/Intermediates.noindex/GeneralAgentsKit.build/Debug-watchos/GeneralAgentsKit-t.build/Objects-normal/arm64/GeneralAgentsKit-dependency-scan.dia -validate-clang-modules-once -clang-build-session-file /Users/admin/builder/spi-builder-workspace/.derivedData/ModuleCache.noindex/Session.modulevalidation -Xcc -fmodules-prune-interval\=86400 -Xcc -fmodules-prune-after\=345600 -package-name spi_builder_workspace -emit-const-values -const-gather-protocols-list /Users/admin/builder/spi-builder-workspace/.derivedData/Build/Intermediates.noindex/GeneralAgentsKit.build/Debug-watchos/GeneralAgentsKit-t.build/Objects-normal/arm64/GeneralAgentsKit_const_extract_protocols.json -Xcc -I/Users/admin/builder/spi-builder-workspace/.derivedData/Build/Products/Debug-watchos/include -Xcc -I/Users/admin/builder/spi-builder-workspace/.derivedData/Build/Intermediates.noindex/GeneralAgentsKit.build/Debug-watchos/GeneralAgentsKit-t.build/DerivedSources-normal/arm64 -Xcc -I/Users/admin/builder/spi-builder-workspace/.derivedData/Build/Intermediates.noindex/GeneralAgentsKit.build/Debug-watchos/GeneralAgentsKit-t.build/DerivedSources/arm64 -Xcc -I/Users/admin/builder/spi-builder-workspace/.derivedData/Build/Intermediates.noindex/GeneralAgentsKit.build/Debug-watchos/GeneralAgentsKit-t.build/DerivedSources -Xcc -DSWIFT_PACKAGE -Xcc -DDEBUG\=1 -emit-objc-header -emit-objc-header-path /Users/admin/builder/spi-builder-workspace/.derivedData/Build/Intermediates.noindex/GeneralAgentsKit.build/Debug-watchos/GeneralAgentsKit-t.build/Objects-normal/arm64/GeneralAgentsKit-Swift.h -working-directory /Users/admin/builder/spi-builder-workspace/.swiftpm/xcode -experimental-emit-module-separately -disable-cmo
/Users/admin/builder/spi-builder-workspace/src/Computer.swift:4:8: error: Unable to resolve module dependency: 'ScreenCaptureKit' (in target 'GeneralAgentsKit' from project 'GeneralAgentsKit')
    note: A dependency of main module 'GeneralAgentsKit'
/Users/admin/builder/spi-builder-workspace/src/Extensions/CGImage+toPng.swift:3:14: error: Unable to resolve module dependency: 'AppKit' (in target 'GeneralAgentsKit' from project 'GeneralAgentsKit')
    note: A dependency of main module 'GeneralAgentsKit'
/Users/admin/builder/spi-builder-workspace/src/Models/KeyboardKey.swift:3:8: error: Unable to resolve module dependency: 'Carbon' (in target 'GeneralAgentsKit' from project 'GeneralAgentsKit')
    note: A dependency of main module 'GeneralAgentsKit'
/Users/admin/builder/spi-builder-workspace/src/Computer.swift:4:8: note: A dependency of main module 'GeneralAgentsKit'
import ScreenCaptureKit
       ^ (in target 'GeneralAgentsKit' from project 'GeneralAgentsKit')
/Users/admin/builder/spi-builder-workspace/src/Extensions/CGImage+toPng.swift:3:14: note: A dependency of main module 'GeneralAgentsKit'
import class AppKit.NSBitmapImageRep
             ^ (in target 'GeneralAgentsKit' from project 'GeneralAgentsKit')
/Users/admin/builder/spi-builder-workspace/src/Models/KeyboardKey.swift:3:8: note: A dependency of main module 'GeneralAgentsKit'
import Carbon.HIToolbox
       ^ (in target 'GeneralAgentsKit' from project 'GeneralAgentsKit')
PruneExplicitPrecompiledModules /Users/admin/builder/spi-builder-workspace/.derivedData/Build/Intermediates.noindex/SwiftExplicitPrecompiledModules
PruneExplicitPrecompiledModules /Users/admin/builder/spi-builder-workspace/.derivedData/Build/Intermediates.noindex/ExplicitPrecompiledModules
PruneExplicitPrecompiledModules /Users/admin/builder/spi-builder-workspace/.derivedData/SDKExplicitPrecompiledModules
2026-09-21 23:22:24.617 xcodebuild[623:3833] [MT] IDERunDestination: Supported platforms for the buildables in the current scheme is empty.
** BUILD FAILED **
The following build commands failed:
	SwiftDriver GeneralAgentsKit normal arm64_32 com.apple.xcode.tools.swift.compiler (in target 'GeneralAgentsKit' from project 'GeneralAgentsKit')
	SwiftDriver GeneralAgentsKit normal arm64 com.apple.xcode.tools.swift.compiler (in target 'GeneralAgentsKit' from project 'GeneralAgentsKit')
	Building workspace GeneralAgentsKit with scheme GeneralAgentsKit
(3 failures)
Command line invocation:
    /Applications/Xcode-27.0.0-Release.Candidate.app/Contents/Developer/usr/bin/xcodebuild -IDEClonedSourcePackagesDirPathOverride=/Users/admin/builder/spi-builder-workspace/.dependencies -resolvePackageDependencies
Resolve Package Graph
Resolved source packages:
  GeneralAgentsKit: /Users/admin/builder/spi-builder-workspace
resolved source packages: GeneralAgentsKit
2026-09-21 23:22:27.478 xcodebuild[638:4034] [MT] IDERunDestination: Supported platforms for the buildables in the current scheme is empty.
{
  "dependencies" : [
  ],
  "manifest_display_name" : "GeneralAgentsKit",
  "name" : "GeneralAgentsKit",
  "path" : "/Users/admin/builder/spi-builder-workspace",
  "platforms" : [
    {
      "name" : "macos",
      "version" : "14.0"
    }
  ],
  "products" : [
    {
      "name" : "GeneralAgentsKit",
      "targets" : [
        "GeneralAgentsKit"
      ],
      "type" : {
        "library" : [
          "static"
        ]
      }
    }
  ],
  "targets" : [
    {
      "c99name" : "GeneralAgentsKit",
      "module_type" : "SwiftTarget",
      "name" : "GeneralAgentsKit",
      "path" : "src",
      "product_memberships" : [
        "GeneralAgentsKit"
      ],
      "sources" : [
        "Agent.swift",
        "Computer.swift",
        "Extensions/CGImage+toPng.swift",
        "Models/Action.swift",
        "Models/Coordinate.swift",
        "Models/KeyboardKey.swift",
        "Models/Model.swift",
        "Models/PredictRequest.swift",
        "Models/PredictResponse.swift"
      ],
      "type" : "library"
    }
  ],
  "tools_version" : "6.0"
}
{
  "workspace" : {
    "name" : "GeneralAgentsKit",
    "schemes" : [
      "GeneralAgentsKit"
    ]
  }
}
2026-09-21 23:22:28.666 xcodebuild[646:4089] [MT] IDERunDestination: Supported platforms for the buildables in the current scheme is empty.
Running build ...
env DEVELOPER_DIR=/Applications/Xcode-27.0.0-Release.Candidate.app xcrun xcodebuild -IDEClonedSourcePackagesDirPathOverride=$PWD/.dependencies -skipMacroValidation -skipPackagePluginValidation -derivedDataPath $PWD/.derivedData build -scheme GeneralAgentsKit -destination generic/platform=watchOS
Command line invocation:
    /Applications/Xcode-27.0.0-Release.Candidate.app/Contents/Developer/usr/bin/xcodebuild -IDEClonedSourcePackagesDirPathOverride=/Users/admin/builder/spi-builder-workspace/.dependencies -skipMacroValidation -skipPackagePluginValidation -derivedDataPath /Users/admin/builder/spi-builder-workspace/.derivedData build -scheme GeneralAgentsKit -destination generic/platform=watchOS
Resolve Package Graph
Resolved source packages:
  GeneralAgentsKit: /Users/admin/builder/spi-builder-workspace
ComputePackagePrebuildTargetDependencyGraph
Prepare packages
CreateBuildRequest
SendProjectDescription
CreateBuildOperation
ComputeTargetDependencyGraph
note: Building targets in dependency order
note: Target dependency graph (2 targets)
    Target 'GeneralAgentsKit-product' in project 'GeneralAgentsKit'
        ➜ Explicit dependency on target 'GeneralAgentsKit' in project 'GeneralAgentsKit'
    Target 'GeneralAgentsKit' in project 'GeneralAgentsKit' (no dependencies)
GatherProvisioningInputs
CreateBuildDescription
ClangStatCache /Applications/Xcode-27.0.0-Release.Candidate.app/Contents/Developer/Toolchains/XcodeDefault.xctoolchain/usr/bin/clang-stat-cache /Applications/Xcode-27.0.0-Release.Candidate.app/Contents/Developer/Platforms/WatchOS.platform/Developer/SDKs/WatchOS27.0.sdk /Users/admin/builder/spi-builder-workspace/.derivedData/SDKStatCaches.noindex/watchos27.0-24R360-e829b21a6f8c9b70876ba0858053c04477534ef55a1706bf4c1112bbb242f0a2.sdkstatcache
    cd /Users/admin/builder/spi-builder-workspace/.swiftpm/xcode
    /Applications/Xcode-27.0.0-Release.Candidate.app/Contents/Developer/Toolchains/XcodeDefault.xctoolchain/usr/bin/clang-stat-cache /Applications/Xcode-27.0.0-Release.Candidate.app/Contents/Developer/Platforms/WatchOS.platform/Developer/SDKs/WatchOS27.0.sdk -o /Users/admin/builder/spi-builder-workspace/.derivedData/SDKStatCaches.noindex/watchos27.0-24R360-e829b21a6f8c9b70876ba0858053c04477534ef55a1706bf4c1112bbb242f0a2.sdkstatcache
SwiftDriver GeneralAgentsKit normal arm64_32 com.apple.xcode.tools.swift.compiler (in target 'GeneralAgentsKit' from project 'GeneralAgentsKit')
    cd /Users/admin/builder/spi-builder-workspace/.swiftpm/xcode
    builtin-SwiftDriver -- /Applications/Xcode-27.0.0-Release.Candidate.app/Contents/Developer/Toolchains/XcodeDefault.xctoolchain/usr/bin/swiftc -parse-as-library -module-name GeneralAgentsKit -Onone @/Users/admin/builder/spi-builder-workspace/.derivedData/Build/Intermediates.noindex/GeneralAgentsKit.build/Debug-watchos/GeneralAgentsKit-t.build/Objects-normal/arm64_32/GeneralAgentsKit.SwiftFileList -DSWIFT_PACKAGE -DDEBUG -DSWIFT_MODULE_RESOURCE_BUNDLE_UNAVAILABLE -DXcode -plugin-path /Applications/Xcode-27.0.0-Release.Candidate.app/Contents/Developer/Toolchains/XcodeDefault.xctoolchain/usr/lib/swift/host/plugins/testing -enable-experimental-feature DebugDescriptionMacro -sdk /Applications/Xcode-27.0.0-Release.Candidate.app/Contents/Developer/Platforms/WatchOS.platform/Developer/SDKs/WatchOS27.0.sdk -target arm64_32-apple-watchos9.0 -g -module-cache-path /Users/admin/builder/spi-builder-workspace/.derivedData/ModuleCache.noindex -Xfrontend -serialize-debugging-options -enable-testing -index-store-path /Users/admin/builder/spi-builder-workspace/.derivedData/Index.noindex/DataStore -Xcc -D_LIBCPP_HARDENING_MODE\=_LIBCPP_HARDENING_MODE_DEBUG -swift-version 6 -I /Users/admin/builder/spi-builder-workspace/.derivedData/Build/Products/Debug-watchos -Isystem /Applications/Xcode-27.0.0-Release.Candidate.app/Contents/Developer/Platforms/WatchOS.platform/Developer/usr/lib -F /Users/admin/builder/spi-builder-workspace/.derivedData/Build/Products/Debug-watchos -F /Applications/Xcode-27.0.0-Release.Candidate.app/Contents/Developer/Platforms/WatchOS.platform/Developer/Library/Frameworks -F /Applications/Xcode-27.0.0-Release.Candidate.app/Contents/Developer/Platforms/WatchOS.platform/Developer/SDKs/WatchOS27.0.sdk/Developer/Library/Frameworks -c -j10 -enable-batch-mode -incremental -Xcc -ivfsstatcache -Xcc /Users/admin/builder/spi-builder-workspace/.derivedData/SDKStatCaches.noindex/watchos27.0-24R360-e829b21a6f8c9b70876ba0858053c04477534ef55a1706bf4c1112bbb242f0a2.sdkstatcache -output-file-map /Users/admin/builder/spi-builder-workspace/.derivedData/Build/Intermediates.noindex/GeneralAgentsKit.build/Debug-watchos/GeneralAgentsKit-t.build/Objects-normal/arm64_32/GeneralAgentsKit-OutputFileMap.json -save-temps -no-color-diagnostics -explicit-module-build -module-cache-path /Users/admin/builder/spi-builder-workspace/.derivedData/Build/Intermediates.noindex/SwiftExplicitPrecompiledModules -clang-scanner-module-cache-path /Users/admin/builder/spi-builder-workspace/.derivedData/ModuleCache.noindex -sdk-module-cache-path /Users/admin/builder/spi-builder-workspace/.derivedData/SDKExplicitPrecompiledModules -emit-dependencies -emit-module -emit-module-path /Users/admin/builder/spi-builder-workspace/.derivedData/Build/Intermediates.noindex/GeneralAgentsKit.build/Debug-watchos/GeneralAgentsKit-t.build/Objects-normal/arm64_32/GeneralAgentsKit.swiftmodule -serialize-diagnostics -dependency-scan-serialize-diagnostics-path /Users/admin/builder/spi-builder-workspace/.derivedData/Build/Intermediates.noindex/GeneralAgentsKit.build/Debug-watchos/GeneralAgentsKit-t.build/Objects-normal/arm64_32/GeneralAgentsKit-dependency-scan.dia -validate-clang-modules-once -clang-build-session-file /Users/admin/builder/spi-builder-workspace/.derivedData/ModuleCache.noindex/Session.modulevalidation -Xcc -fmodules-prune-interval\=86400 -Xcc -fmodules-prune-after\=345600 -package-name spi_builder_workspace -emit-const-values -const-gather-protocols-list /Users/admin/builder/spi-builder-workspace/.derivedData/Build/Intermediates.noindex/GeneralAgentsKit.build/Debug-watchos/GeneralAgentsKit-t.build/Objects-normal/arm64_32/GeneralAgentsKit_const_extract_protocols.json -Xcc -I/Users/admin/builder/spi-builder-workspace/.derivedData/Build/Products/Debug-watchos/include -Xcc -I/Users/admin/builder/spi-builder-workspace/.derivedData/Build/Intermediates.noindex/GeneralAgentsKit.build/Debug-watchos/GeneralAgentsKit-t.build/DerivedSources-normal/arm64_32 -Xcc -I/Users/admin/builder/spi-builder-workspace/.derivedData/Build/Intermediates.noindex/GeneralAgentsKit.build/Debug-watchos/GeneralAgentsKit-t.build/DerivedSources/arm64_32 -Xcc -I/Users/admin/builder/spi-builder-workspace/.derivedData/Build/Intermediates.noindex/GeneralAgentsKit.build/Debug-watchos/GeneralAgentsKit-t.build/DerivedSources -Xcc -DSWIFT_PACKAGE -Xcc -DDEBUG\=1 -emit-objc-header -emit-objc-header-path /Users/admin/builder/spi-builder-workspace/.derivedData/Build/Intermediates.noindex/GeneralAgentsKit.build/Debug-watchos/GeneralAgentsKit-t.build/Objects-normal/arm64_32/GeneralAgentsKit-Swift.h -working-directory /Users/admin/builder/spi-builder-workspace/.swiftpm/xcode -experimental-emit-module-separately -disable-cmo
/Users/admin/builder/spi-builder-workspace/src/Computer.swift:4:8: error: Unable to resolve module dependency: 'ScreenCaptureKit' (in target 'GeneralAgentsKit' from project 'GeneralAgentsKit')
    note: A dependency of main module 'GeneralAgentsKit'
/Users/admin/builder/spi-builder-workspace/src/Extensions/CGImage+toPng.swift:3:14: error: Unable to resolve module dependency: 'AppKit' (in target 'GeneralAgentsKit' from project 'GeneralAgentsKit')
    note: A dependency of main module 'GeneralAgentsKit'
/Users/admin/builder/spi-builder-workspace/src/Models/KeyboardKey.swift:3:8: error: Unable to resolve module dependency: 'Carbon' (in target 'GeneralAgentsKit' from project 'GeneralAgentsKit')
    note: A dependency of main module 'GeneralAgentsKit'
/Users/admin/builder/spi-builder-workspace/src/Computer.swift:4:8: note: A dependency of main module 'GeneralAgentsKit'
import ScreenCaptureKit
       ^ (in target 'GeneralAgentsKit' from project 'GeneralAgentsKit')
/Users/admin/builder/spi-builder-workspace/src/Extensions/CGImage+toPng.swift:3:14: note: A dependency of main module 'GeneralAgentsKit'
import class AppKit.NSBitmapImageRep
             ^ (in target 'GeneralAgentsKit' from project 'GeneralAgentsKit')
/Users/admin/builder/spi-builder-workspace/src/Models/KeyboardKey.swift:3:8: note: A dependency of main module 'GeneralAgentsKit'
import Carbon.HIToolbox
       ^ (in target 'GeneralAgentsKit' from project 'GeneralAgentsKit')
SwiftDriver GeneralAgentsKit normal arm64 com.apple.xcode.tools.swift.compiler (in target 'GeneralAgentsKit' from project 'GeneralAgentsKit')
    cd /Users/admin/builder/spi-builder-workspace/.swiftpm/xcode
    builtin-SwiftDriver -- /Applications/Xcode-27.0.0-Release.Candidate.app/Contents/Developer/Toolchains/XcodeDefault.xctoolchain/usr/bin/swiftc -parse-as-library -module-name GeneralAgentsKit -Onone @/Users/admin/builder/spi-builder-workspace/.derivedData/Build/Intermediates.noindex/GeneralAgentsKit.build/Debug-watchos/GeneralAgentsKit-t.build/Objects-normal/arm64/GeneralAgentsKit.SwiftFileList -DSWIFT_PACKAGE -DDEBUG -DSWIFT_MODULE_RESOURCE_BUNDLE_UNAVAILABLE -DXcode -plugin-path /Applications/Xcode-27.0.0-Release.Candidate.app/Contents/Developer/Toolchains/XcodeDefault.xctoolchain/usr/lib/swift/host/plugins/testing -enable-experimental-feature DebugDescriptionMacro -sdk /Applications/Xcode-27.0.0-Release.Candidate.app/Contents/Developer/Platforms/WatchOS.platform/Developer/SDKs/WatchOS27.0.sdk -target arm64-apple-watchos9.0 -g -module-cache-path /Users/admin/builder/spi-builder-workspace/.derivedData/ModuleCache.noindex -Xfrontend -serialize-debugging-options -enable-testing -index-store-path /Users/admin/builder/spi-builder-workspace/.derivedData/Index.noindex/DataStore -Xcc -D_LIBCPP_HARDENING_MODE\=_LIBCPP_HARDENING_MODE_DEBUG -swift-version 6 -I /Users/admin/builder/spi-builder-workspace/.derivedData/Build/Products/Debug-watchos -Isystem /Applications/Xcode-27.0.0-Release.Candidate.app/Contents/Developer/Platforms/WatchOS.platform/Developer/usr/lib -F /Users/admin/builder/spi-builder-workspace/.derivedData/Build/Products/Debug-watchos -F /Applications/Xcode-27.0.0-Release.Candidate.app/Contents/Developer/Platforms/WatchOS.platform/Developer/Library/Frameworks -F /Applications/Xcode-27.0.0-Release.Candidate.app/Contents/Developer/Platforms/WatchOS.platform/Developer/SDKs/WatchOS27.0.sdk/Developer/Library/Frameworks -c -j10 -enable-batch-mode -incremental -Xcc -ivfsstatcache -Xcc /Users/admin/builder/spi-builder-workspace/.derivedData/SDKStatCaches.noindex/watchos27.0-24R360-e829b21a6f8c9b70876ba0858053c04477534ef55a1706bf4c1112bbb242f0a2.sdkstatcache -output-file-map /Users/admin/builder/spi-builder-workspace/.derivedData/Build/Intermediates.noindex/GeneralAgentsKit.build/Debug-watchos/GeneralAgentsKit-t.build/Objects-normal/arm64/GeneralAgentsKit-OutputFileMap.json -save-temps -no-color-diagnostics -explicit-module-build -module-cache-path /Users/admin/builder/spi-builder-workspace/.derivedData/Build/Intermediates.noindex/SwiftExplicitPrecompiledModules -clang-scanner-module-cache-path /Users/admin/builder/spi-builder-workspace/.derivedData/ModuleCache.noindex -sdk-module-cache-path /Users/admin/builder/spi-builder-workspace/.derivedData/SDKExplicitPrecompiledModules -emit-dependencies -emit-module -emit-module-path /Users/admin/builder/spi-builder-workspace/.derivedData/Build/Intermediates.noindex/GeneralAgentsKit.build/Debug-watchos/GeneralAgentsKit-t.build/Objects-normal/arm64/GeneralAgentsKit.swiftmodule -serialize-diagnostics -dependency-scan-serialize-diagnostics-path /Users/admin/builder/spi-builder-workspace/.derivedData/Build/Intermediates.noindex/GeneralAgentsKit.build/Debug-watchos/GeneralAgentsKit-t.build/Objects-normal/arm64/GeneralAgentsKit-dependency-scan.dia -validate-clang-modules-once -clang-build-session-file /Users/admin/builder/spi-builder-workspace/.derivedData/ModuleCache.noindex/Session.modulevalidation -Xcc -fmodules-prune-interval\=86400 -Xcc -fmodules-prune-after\=345600 -package-name spi_builder_workspace -emit-const-values -const-gather-protocols-list /Users/admin/builder/spi-builder-workspace/.derivedData/Build/Intermediates.noindex/GeneralAgentsKit.build/Debug-watchos/GeneralAgentsKit-t.build/Objects-normal/arm64/GeneralAgentsKit_const_extract_protocols.json -Xcc -I/Users/admin/builder/spi-builder-workspace/.derivedData/Build/Products/Debug-watchos/include -Xcc -I/Users/admin/builder/spi-builder-workspace/.derivedData/Build/Intermediates.noindex/GeneralAgentsKit.build/Debug-watchos/GeneralAgentsKit-t.build/DerivedSources-normal/arm64 -Xcc -I/Users/admin/builder/spi-builder-workspace/.derivedData/Build/Intermediates.noindex/GeneralAgentsKit.build/Debug-watchos/GeneralAgentsKit-t.build/DerivedSources/arm64 -Xcc -I/Users/admin/builder/spi-builder-workspace/.derivedData/Build/Intermediates.noindex/GeneralAgentsKit.build/Debug-watchos/GeneralAgentsKit-t.build/DerivedSources -Xcc -DSWIFT_PACKAGE -Xcc -DDEBUG\=1 -emit-objc-header -emit-objc-header-path /Users/admin/builder/spi-builder-workspace/.derivedData/Build/Intermediates.noindex/GeneralAgentsKit.build/Debug-watchos/GeneralAgentsKit-t.build/Objects-normal/arm64/GeneralAgentsKit-Swift.h -working-directory /Users/admin/builder/spi-builder-workspace/.swiftpm/xcode -experimental-emit-module-separately -disable-cmo
/Users/admin/builder/spi-builder-workspace/src/Computer.swift:4:8: error: Unable to resolve module dependency: 'ScreenCaptureKit' (in target 'GeneralAgentsKit' from project 'GeneralAgentsKit')
    note: A dependency of main module 'GeneralAgentsKit'
/Users/admin/builder/spi-builder-workspace/src/Extensions/CGImage+toPng.swift:3:14: error: Unable to resolve module dependency: 'AppKit' (in target 'GeneralAgentsKit' from project 'GeneralAgentsKit')
    note: A dependency of main module 'GeneralAgentsKit'
/Users/admin/builder/spi-builder-workspace/src/Models/KeyboardKey.swift:3:8: error: Unable to resolve module dependency: 'Carbon' (in target 'GeneralAgentsKit' from project 'GeneralAgentsKit')
    note: A dependency of main module 'GeneralAgentsKit'
/Users/admin/builder/spi-builder-workspace/src/Computer.swift:4:8: note: A dependency of main module 'GeneralAgentsKit'
import ScreenCaptureKit
       ^ (in target 'GeneralAgentsKit' from project 'GeneralAgentsKit')
/Users/admin/builder/spi-builder-workspace/src/Extensions/CGImage+toPng.swift:3:14: note: A dependency of main module 'GeneralAgentsKit'
import class AppKit.NSBitmapImageRep
             ^ (in target 'GeneralAgentsKit' from project 'GeneralAgentsKit')
/Users/admin/builder/spi-builder-workspace/src/Models/KeyboardKey.swift:3:8: note: A dependency of main module 'GeneralAgentsKit'
import Carbon.HIToolbox
       ^ (in target 'GeneralAgentsKit' from project 'GeneralAgentsKit')
PruneExplicitPrecompiledModules /Users/admin/builder/spi-builder-workspace/.derivedData/Build/Intermediates.noindex/SwiftExplicitPrecompiledModules
PruneExplicitPrecompiledModules /Users/admin/builder/spi-builder-workspace/.derivedData/Build/Intermediates.noindex/ExplicitPrecompiledModules
PruneExplicitPrecompiledModules /Users/admin/builder/spi-builder-workspace/.derivedData/SDKExplicitPrecompiledModules
2026-09-21 23:22:29.562 xcodebuild[647:4116] [MT] IDERunDestination: Supported platforms for the buildables in the current scheme is empty.
** BUILD FAILED **
The following build commands failed:
	SwiftDriver GeneralAgentsKit normal arm64_32 com.apple.xcode.tools.swift.compiler (in target 'GeneralAgentsKit' from project 'GeneralAgentsKit')
	SwiftDriver GeneralAgentsKit normal arm64 com.apple.xcode.tools.swift.compiler (in target 'GeneralAgentsKit' from project 'GeneralAgentsKit')
	Building workspace GeneralAgentsKit with scheme GeneralAgentsKit
(3 failures)
BUILD FAILURE 6.4 watchOS