Build Information
Failed to build Adyen3DS2, reference 2.4.4 (00862a), with Swift 6.4 for tvOS using Xcode 27.0 on 23 Sep 2026 08:13:17 UTC.
Build Command
env DEVELOPER_DIR=/Applications/Xcode-27.0.0-Release.Candidate.app xcrun xcodebuild -IDEClonedSourcePackagesDirPathOverride=$PWD/.dependencies -skipMacroValidation -skipPackagePluginValidation -derivedDataPath $PWD/.derivedData build -scheme Adyen3DS2 -destination generic/platform=tvOSBuild Log
========================================
RunAll
========================================
Builder version: 5.1.0
Interrupt handler set up.
========================================
Checkout
========================================
Clone URL: https://github.com/Adyen/adyen-3ds2-ios.git
Reference: 2.4.4
Initialized empty Git repository in /Users/admin/builder/spi-builder-workspace/.git/
From https://github.com/Adyen/adyen-3ds2-ios
* tag 2.4.4 -> FETCH_HEAD
HEAD is now at 00862ad Merge pull request #53 from Adyen/release-2.4.4
Cloned https://github.com/Adyen/adyen-3ds2-ios.git
Revision (git rev-parse @):
00862adbc079d0be943666a4ad2523deb31f9546
SUCCESS checkout https://github.com/Adyen/adyen-3ds2-ios.git at 2.4.4
========================================
Build
========================================
Selected platform: tvOS
Swift version: 6.4
Building package at path: $PWD
https://github.com/Adyen/adyen-3ds2-ios.git
Command line invocation:
/Applications/Xcode-27.0.0-Release.Candidate.app/Contents/Developer/usr/bin/xcodebuild -IDEClonedSourcePackagesDirPathOverride=/Users/admin/builder/spi-builder-workspace/.dependencies -resolvePackageDependencies
Resolve Package Graph
Resolve Package Graph
Resolved source packages:
Adyen3DS2: /Users/admin/builder/spi-builder-workspace
resolved source packages: Adyen3DS2
2026-09-23 04:12:29.559 xcodebuild[529:3039] [MT] IDERunDestination: Supported platforms for the buildables in the current scheme is empty.
{
"dependencies" : [
],
"manifest_display_name" : "Adyen3DS2",
"name" : "Adyen3DS2",
"path" : "/Users/admin/builder/spi-builder-workspace",
"platforms" : [
{
"name" : "ios",
"version" : "10.0"
},
{
"name" : "macos",
"version" : "10.15"
}
],
"products" : [
{
"name" : "Adyen3DS2",
"targets" : [
"Adyen3DS2"
],
"type" : {
"library" : [
"automatic"
]
}
}
],
"targets" : [
{
"c99name" : "Adyen3DS2",
"module_type" : "BinaryTarget",
"name" : "Adyen3DS2",
"path" : "XCFramework/Dynamic/Adyen3DS2.xcframework",
"product_memberships" : [
"Adyen3DS2"
],
"sources" : [
],
"type" : "binary"
}
],
"tools_version" : "5.3"
}
{
"workspace" : {
"name" : "Adyen3DS2",
"schemes" : [
"Adyen3DS2"
]
}
}
2026-09-23 04:13:11.894 xcodebuild[660:4220] [MT] IDERunDestination: Supported platforms for the buildables in the current scheme is empty.
Running build ...
env DEVELOPER_DIR=/Applications/Xcode-27.0.0-Release.Candidate.app xcrun xcodebuild -IDEClonedSourcePackagesDirPathOverride=$PWD/.dependencies -skipMacroValidation -skipPackagePluginValidation -derivedDataPath $PWD/.derivedData build -scheme Adyen3DS2 -destination generic/platform=tvOS
Command line invocation:
/Applications/Xcode-27.0.0-Release.Candidate.app/Contents/Developer/usr/bin/xcodebuild -IDEClonedSourcePackagesDirPathOverride=/Users/admin/builder/spi-builder-workspace/.dependencies -skipMacroValidation -skipPackagePluginValidation -derivedDataPath /Users/admin/builder/spi-builder-workspace/.derivedData build -scheme Adyen3DS2 -destination generic/platform=tvOS
Resolve Package Graph
Resolved source packages:
Adyen3DS2: /Users/admin/builder/spi-builder-workspace
ComputePackagePrebuildTargetDependencyGraph
Prepare packages
CreateBuildRequest
SendProjectDescription
CreateBuildOperation
ComputeTargetDependencyGraph
note: Building targets in dependency order
note: Target dependency graph (1 target)
Target 'Adyen3DS2-product' in project 'Adyen3DS2' (no dependencies)
GatherProvisioningInputs
CreateBuildDescription
ExecuteExternalTool /Applications/Xcode-27.0.0-Release.Candidate.app/Contents/Developer/Toolchains/XcodeDefault.xctoolchain/usr/bin/clang -v -E -dM -isysroot /Applications/Xcode-27.0.0-Release.Candidate.app/Contents/Developer/Platforms/AppleTVOS.platform/Developer/SDKs/AppleTVOS27.0.sdk -x c -c /dev/null
Build description signature: bea265a8b306647044953956ab9ae0f4
Build description path: /Users/admin/builder/spi-builder-workspace/.derivedData/Build/Intermediates.noindex/XCBuildData/bea265a8b306647044953956ab9ae0f4.xcbuilddata
/Users/admin/builder/spi-builder-workspace/XCFramework/Dynamic/Adyen3DS2.xcframework:1:1: error: While building for tvOS, no library for this platform was found in '/Users/admin/builder/spi-builder-workspace/XCFramework/Dynamic/Adyen3DS2.xcframework'. (in target 'Adyen3DS2-product' from project 'Adyen3DS2')
2026-09-23 04:13:13.437 xcodebuild[661:4263] [MT] IDERunDestination: Supported platforms for the buildables in the current scheme is empty.
** BUILD FAILED **
The following build commands failed:
Building workspace Adyen3DS2 with scheme Adyen3DS2
(1 failure)
Command line invocation:
/Applications/Xcode-27.0.0-Release.Candidate.app/Contents/Developer/usr/bin/xcodebuild -IDEClonedSourcePackagesDirPathOverride=/Users/admin/builder/spi-builder-workspace/.dependencies -resolvePackageDependencies
Resolve Package Graph
Resolved source packages:
Adyen3DS2: /Users/admin/builder/spi-builder-workspace
resolved source packages: Adyen3DS2
2026-09-23 04:13:14.975 xcodebuild[673:4367] [MT] IDERunDestination: Supported platforms for the buildables in the current scheme is empty.
{
"dependencies" : [
],
"manifest_display_name" : "Adyen3DS2",
"name" : "Adyen3DS2",
"path" : "/Users/admin/builder/spi-builder-workspace",
"platforms" : [
{
"name" : "ios",
"version" : "10.0"
},
{
"name" : "macos",
"version" : "10.15"
}
],
"products" : [
{
"name" : "Adyen3DS2",
"targets" : [
"Adyen3DS2"
],
"type" : {
"library" : [
"automatic"
]
}
}
],
"targets" : [
{
"c99name" : "Adyen3DS2",
"module_type" : "BinaryTarget",
"name" : "Adyen3DS2",
"path" : "XCFramework/Dynamic/Adyen3DS2.xcframework",
"product_memberships" : [
"Adyen3DS2"
],
"sources" : [
],
"type" : "binary"
}
],
"tools_version" : "5.3"
}
{
"workspace" : {
"name" : "Adyen3DS2",
"schemes" : [
"Adyen3DS2"
]
}
}
2026-09-23 04:13:16.141 xcodebuild[681:4430] [MT] IDERunDestination: Supported platforms for the buildables in the current scheme is empty.
Running build ...
env DEVELOPER_DIR=/Applications/Xcode-27.0.0-Release.Candidate.app xcrun xcodebuild -IDEClonedSourcePackagesDirPathOverride=$PWD/.dependencies -skipMacroValidation -skipPackagePluginValidation -derivedDataPath $PWD/.derivedData build -scheme Adyen3DS2 -destination generic/platform=tvOS
Command line invocation:
/Applications/Xcode-27.0.0-Release.Candidate.app/Contents/Developer/usr/bin/xcodebuild -IDEClonedSourcePackagesDirPathOverride=/Users/admin/builder/spi-builder-workspace/.dependencies -skipMacroValidation -skipPackagePluginValidation -derivedDataPath /Users/admin/builder/spi-builder-workspace/.derivedData build -scheme Adyen3DS2 -destination generic/platform=tvOS
Resolve Package Graph
Resolved source packages:
Adyen3DS2: /Users/admin/builder/spi-builder-workspace
ComputePackagePrebuildTargetDependencyGraph
Prepare packages
CreateBuildRequest
SendProjectDescription
CreateBuildOperation
ComputeTargetDependencyGraph
note: Building targets in dependency order
note: Target dependency graph (1 target)
Target 'Adyen3DS2-product' in project 'Adyen3DS2' (no dependencies)
GatherProvisioningInputs
CreateBuildDescription
/Users/admin/builder/spi-builder-workspace/XCFramework/Dynamic/Adyen3DS2.xcframework:1:1: error: While building for tvOS, no library for this platform was found in '/Users/admin/builder/spi-builder-workspace/XCFramework/Dynamic/Adyen3DS2.xcframework'. (in target 'Adyen3DS2-product' from project 'Adyen3DS2')
2026-09-23 04:13:17.075 xcodebuild[682:4457] [MT] IDERunDestination: Supported platforms for the buildables in the current scheme is empty.
** BUILD FAILED **
The following build commands failed:
Building workspace Adyen3DS2 with scheme Adyen3DS2
(1 failure)
BUILD FAILURE 6.4 tvOS