The Swift Package Index logo.Swift Package Index

Build Information

Failed to build fs-get-app-status, reference main (e23c5e), with Swift 6.4 for watchOS using Xcode 27.0 on 25 Sep 2026 00:51:02 UTC.

Build Command

env DEVELOPER_DIR=/Applications/Xcode-27.0.0-Release.Candidate.app xcrun xcodebuild -IDEClonedSourcePackagesDirPathOverride=$PWD/.dependencies -skipMacroValidation -skipPackagePluginValidation -derivedDataPath $PWD/.derivedData build -scheme fs-get-app-status-Package -destination generic/platform=watchOS

Build Log

ExtractAppIntentsMetadata (in target 'RediStack' from project 'RediStack')
    cd /Users/admin/builder/spi-builder-workspace/.dependencies/checkouts/RediStack
    /Applications/Xcode-27.0.0-Release.Candidate.app/Contents/Developer/Toolchains/XcodeDefault.xctoolchain/usr/bin/appintentsmetadataprocessor --toolchain-dir /var/run/com.apple.security.cryptexd/mnt/com.apple.MobileAsset.MetalToolchain-v27.1.266.1.EgjvIp/Metal.xctoolchain --module-name RediStack --sdk-root /Applications/Xcode-27.0.0-Release.Candidate.app/Contents/Developer/Platforms/WatchOS.platform/Developer/SDKs/WatchOS27.0.sdk --xcode-version 27A266a --platform-family watchOS --deployment-target 9.0 --bundle-identifier redistack.RediStack --output /Users/admin/builder/spi-builder-workspace/.derivedData/Build/Products/Debug-watchos/RediStack.appintents --target-triple arm64-apple-watchos9.0 --target-triple arm64_32-apple-watchos9.0 --binary-file /Users/admin/builder/spi-builder-workspace/.derivedData/Build/Products/Debug-watchos/RediStack.o --dependency-file /Users/admin/builder/spi-builder-workspace/.derivedData/Build/Intermediates.noindex/RediStack.build/Debug-watchos/RediStack-t.build/Objects-normal/arm64/RediStack_dependency_info.dat --dependency-file /Users/admin/builder/spi-builder-workspace/.derivedData/Build/Intermediates.noindex/RediStack.build/Debug-watchos/RediStack-t.build/Objects-normal/arm64_32/RediStack_dependency_info.dat --stringsdata-file /Users/admin/builder/spi-builder-workspace/.derivedData/Build/Intermediates.noindex/RediStack.build/Debug-watchos/RediStack-t.build/Objects-normal/arm64/ExtractedAppShortcutsMetadata.stringsdata --stringsdata-file /Users/admin/builder/spi-builder-workspace/.derivedData/Build/Intermediates.noindex/RediStack.build/Debug-watchos/RediStack-t.build/Objects-normal/arm64_32/ExtractedAppShortcutsMetadata.stringsdata --source-file-list /Users/admin/builder/spi-builder-workspace/.derivedData/Build/Intermediates.noindex/RediStack.build/Debug-watchos/RediStack-t.build/Objects-normal/arm64/RediStack.SwiftFileList --source-file-list /Users/admin/builder/spi-builder-workspace/.derivedData/Build/Intermediates.noindex/RediStack.build/Debug-watchos/RediStack-t.build/Objects-normal/arm64_32/RediStack.SwiftFileList --metadata-file-list /Users/admin/builder/spi-builder-workspace/.derivedData/Build/Intermediates.noindex/RediStack.build/Debug-watchos/RediStack-t.build/RediStack.DependencyMetadataFileList --static-metadata-file-list /Users/admin/builder/spi-builder-workspace/.derivedData/Build/Intermediates.noindex/RediStack.build/Debug-watchos/RediStack-t.build/RediStack.DependencyStaticMetadataFileList --swift-const-vals-list /Users/admin/builder/spi-builder-workspace/.derivedData/Build/Intermediates.noindex/RediStack.build/Debug-watchos/RediStack-t.build/Objects-normal/arm64/RediStack.SwiftConstValuesFileList --swift-const-vals-list /Users/admin/builder/spi-builder-workspace/.derivedData/Build/Intermediates.noindex/RediStack.build/Debug-watchos/RediStack-t.build/Objects-normal/arm64_32/RediStack.SwiftConstValuesFileList --force --compile-time-extraction --deployment-aware-processing --no-app-shortcuts-localization
2026-09-24 20:50:59.641 appintentsmetadataprocessor[8744:33521] Starting appintentsmetadataprocessor export
2026-09-24 20:50:59.709 appintentsmetadataprocessor[8744:33521] Extracted no relevant App Intents symbols, skipping writing output
CreateUniversalBinary /Users/admin/builder/spi-builder-workspace/.derivedData/Build/Products/Debug-watchos/NIOHTTP2.o normal arm64\ arm64_32 (in target 'NIOHTTP2' from project 'swift-nio-http2')
    cd /Users/admin/builder/spi-builder-workspace/.dependencies/checkouts/swift-nio-http2
    /Applications/Xcode-27.0.0-Release.Candidate.app/Contents/Developer/Toolchains/XcodeDefault.xctoolchain/usr/bin/lipo -create /Users/admin/builder/spi-builder-workspace/.derivedData/Build/Intermediates.noindex/swift-nio-http2.build/Debug-watchos/NIOHTTP2-t.build/Objects-normal/arm64/Binary/NIOHTTP2.o /Users/admin/builder/spi-builder-workspace/.derivedData/Build/Intermediates.noindex/swift-nio-http2.build/Debug-watchos/NIOHTTP2-t.build/Objects-normal/arm64_32/Binary/NIOHTTP2.o -output /Users/admin/builder/spi-builder-workspace/.derivedData/Build/Products/Debug-watchos/NIOHTTP2.o
ExtractAppIntentsMetadata (in target 'NIOTransportServices' from project 'swift-nio-transport-services')
    cd /Users/admin/builder/spi-builder-workspace/.dependencies/checkouts/swift-nio-transport-services
    /Applications/Xcode-27.0.0-Release.Candidate.app/Contents/Developer/Toolchains/XcodeDefault.xctoolchain/usr/bin/appintentsmetadataprocessor --toolchain-dir /var/run/com.apple.security.cryptexd/mnt/com.apple.MobileAsset.MetalToolchain-v27.1.266.1.EgjvIp/Metal.xctoolchain --module-name NIOTransportServices --sdk-root /Applications/Xcode-27.0.0-Release.Candidate.app/Contents/Developer/Platforms/WatchOS.platform/Developer/SDKs/WatchOS27.0.sdk --xcode-version 27A266a --platform-family watchOS --deployment-target 9.0 --bundle-identifier swift-nio-transport-services.NIOTransportServices --output /Users/admin/builder/spi-builder-workspace/.derivedData/Build/Products/Debug-watchos/NIOTransportServices.appintents --target-triple arm64-apple-watchos9.0 --target-triple arm64_32-apple-watchos9.0 --binary-file /Users/admin/builder/spi-builder-workspace/.derivedData/Build/Products/Debug-watchos/NIOTransportServices.o --dependency-file /Users/admin/builder/spi-builder-workspace/.derivedData/Build/Intermediates.noindex/swift-nio-transport-services.build/Debug-watchos/NIOTransportServices-t.build/Objects-normal/arm64/NIOTransportServices_dependency_info.dat --dependency-file /Users/admin/builder/spi-builder-workspace/.derivedData/Build/Intermediates.noindex/swift-nio-transport-services.build/Debug-watchos/NIOTransportServices-t.build/Objects-normal/arm64_32/NIOTransportServices_dependency_info.dat --stringsdata-file /Users/admin/builder/spi-builder-workspace/.derivedData/Build/Intermediates.noindex/swift-nio-transport-services.build/Debug-watchos/NIOTransportServices-t.build/Objects-normal/arm64/ExtractedAppShortcutsMetadata.stringsdata --stringsdata-file /Users/admin/builder/spi-builder-workspace/.derivedData/Build/Intermediates.noindex/swift-nio-transport-services.build/Debug-watchos/NIOTransportServices-t.build/Objects-normal/arm64_32/ExtractedAppShortcutsMetadata.stringsdata --source-file-list /Users/admin/builder/spi-builder-workspace/.derivedData/Build/Intermediates.noindex/swift-nio-transport-services.build/Debug-watchos/NIOTransportServices-t.build/Objects-normal/arm64/NIOTransportServices.SwiftFileList --source-file-list /Users/admin/builder/spi-builder-workspace/.derivedData/Build/Intermediates.noindex/swift-nio-transport-services.build/Debug-watchos/NIOTransportServices-t.build/Objects-normal/arm64_32/NIOTransportServices.SwiftFileList --metadata-file-list /Users/admin/builder/spi-builder-workspace/.derivedData/Build/Intermediates.noindex/swift-nio-transport-services.build/Debug-watchos/NIOTransportServices-t.build/NIOTransportServices.DependencyMetadataFileList --static-metadata-file-list /Users/admin/builder/spi-builder-workspace/.derivedData/Build/Intermediates.noindex/swift-nio-transport-services.build/Debug-watchos/NIOTransportServices-t.build/NIOTransportServices.DependencyStaticMetadataFileList --swift-const-vals-list /Users/admin/builder/spi-builder-workspace/.derivedData/Build/Intermediates.noindex/swift-nio-transport-services.build/Debug-watchos/NIOTransportServices-t.build/Objects-normal/arm64/NIOTransportServices.SwiftConstValuesFileList --swift-const-vals-list /Users/admin/builder/spi-builder-workspace/.derivedData/Build/Intermediates.noindex/swift-nio-transport-services.build/Debug-watchos/NIOTransportServices-t.build/Objects-normal/arm64_32/NIOTransportServices.SwiftConstValuesFileList --force --compile-time-extraction --deployment-aware-processing --no-app-shortcuts-localization
2026-09-24 20:50:59.645 appintentsmetadataprocessor[8747:33524] Starting appintentsmetadataprocessor export
2026-09-24 20:50:59.711 appintentsmetadataprocessor[8747:33524] Extracted no relevant App Intents symbols, skipping writing output
ExtractAppIntentsMetadata (in target 'NIOHTTP2' from project 'swift-nio-http2')
    cd /Users/admin/builder/spi-builder-workspace/.dependencies/checkouts/swift-nio-http2
    /Applications/Xcode-27.0.0-Release.Candidate.app/Contents/Developer/Toolchains/XcodeDefault.xctoolchain/usr/bin/appintentsmetadataprocessor --toolchain-dir /var/run/com.apple.security.cryptexd/mnt/com.apple.MobileAsset.MetalToolchain-v27.1.266.1.EgjvIp/Metal.xctoolchain --module-name NIOHTTP2 --sdk-root /Applications/Xcode-27.0.0-Release.Candidate.app/Contents/Developer/Platforms/WatchOS.platform/Developer/SDKs/WatchOS27.0.sdk --xcode-version 27A266a --platform-family watchOS --deployment-target 9.0 --bundle-identifier swift-nio-http2.NIOHTTP2 --output /Users/admin/builder/spi-builder-workspace/.derivedData/Build/Products/Debug-watchos/NIOHTTP2.appintents --target-triple arm64-apple-watchos9.0 --target-triple arm64_32-apple-watchos9.0 --binary-file /Users/admin/builder/spi-builder-workspace/.derivedData/Build/Products/Debug-watchos/NIOHTTP2.o --dependency-file /Users/admin/builder/spi-builder-workspace/.derivedData/Build/Intermediates.noindex/swift-nio-http2.build/Debug-watchos/NIOHTTP2-t.build/Objects-normal/arm64/NIOHTTP2_dependency_info.dat --dependency-file /Users/admin/builder/spi-builder-workspace/.derivedData/Build/Intermediates.noindex/swift-nio-http2.build/Debug-watchos/NIOHTTP2-t.build/Objects-normal/arm64_32/NIOHTTP2_dependency_info.dat --stringsdata-file /Users/admin/builder/spi-builder-workspace/.derivedData/Build/Intermediates.noindex/swift-nio-http2.build/Debug-watchos/NIOHTTP2-t.build/Objects-normal/arm64/ExtractedAppShortcutsMetadata.stringsdata --stringsdata-file /Users/admin/builder/spi-builder-workspace/.derivedData/Build/Intermediates.noindex/swift-nio-http2.build/Debug-watchos/NIOHTTP2-t.build/Objects-normal/arm64_32/ExtractedAppShortcutsMetadata.stringsdata --source-file-list /Users/admin/builder/spi-builder-workspace/.derivedData/Build/Intermediates.noindex/swift-nio-http2.build/Debug-watchos/NIOHTTP2-t.build/Objects-normal/arm64/NIOHTTP2.SwiftFileList --source-file-list /Users/admin/builder/spi-builder-workspace/.derivedData/Build/Intermediates.noindex/swift-nio-http2.build/Debug-watchos/NIOHTTP2-t.build/Objects-normal/arm64_32/NIOHTTP2.SwiftFileList --metadata-file-list /Users/admin/builder/spi-builder-workspace/.derivedData/Build/Intermediates.noindex/swift-nio-http2.build/Debug-watchos/NIOHTTP2-t.build/NIOHTTP2.DependencyMetadataFileList --static-metadata-file-list /Users/admin/builder/spi-builder-workspace/.derivedData/Build/Intermediates.noindex/swift-nio-http2.build/Debug-watchos/NIOHTTP2-t.build/NIOHTTP2.DependencyStaticMetadataFileList --swift-const-vals-list /Users/admin/builder/spi-builder-workspace/.derivedData/Build/Intermediates.noindex/swift-nio-http2.build/Debug-watchos/NIOHTTP2-t.build/Objects-normal/arm64/NIOHTTP2.SwiftConstValuesFileList --swift-const-vals-list /Users/admin/builder/spi-builder-workspace/.derivedData/Build/Intermediates.noindex/swift-nio-http2.build/Debug-watchos/NIOHTTP2-t.build/Objects-normal/arm64_32/NIOHTTP2.SwiftConstValuesFileList --force --compile-time-extraction --deployment-aware-processing --no-app-shortcuts-localization
2026-09-24 20:50:59.653 appintentsmetadataprocessor[8748:33525] Starting appintentsmetadataprocessor export
2026-09-24 20:50:59.757 appintentsmetadataprocessor[8748:33525] Extracted no relevant App Intents symbols, skipping writing output
CreateUniversalBinary /Users/admin/builder/spi-builder-workspace/.derivedData/Build/Products/Debug-watchos/MongoCore.o normal arm64\ arm64_32 (in target 'MongoCore' from project 'MongoKitten')
    cd /Users/admin/builder/spi-builder-workspace/.dependencies/checkouts/MongoKitten
    /Applications/Xcode-27.0.0-Release.Candidate.app/Contents/Developer/Toolchains/XcodeDefault.xctoolchain/usr/bin/lipo -create /Users/admin/builder/spi-builder-workspace/.derivedData/Build/Intermediates.noindex/MongoKitten.build/Debug-watchos/MongoCore-t.build/Objects-normal/arm64/Binary/MongoCore.o /Users/admin/builder/spi-builder-workspace/.derivedData/Build/Intermediates.noindex/MongoKitten.build/Debug-watchos/MongoCore-t.build/Objects-normal/arm64_32/Binary/MongoCore.o -output /Users/admin/builder/spi-builder-workspace/.derivedData/Build/Products/Debug-watchos/MongoCore.o
Ld /Users/admin/builder/spi-builder-workspace/.derivedData/Build/Intermediates.noindex/swift-certificates.build/Debug-watchos/X509-t.build/Objects-normal/arm64_32/Binary/X509.o normal arm64_32 (in target 'X509' from project 'swift-certificates')
    cd /Users/admin/builder/spi-builder-workspace/.dependencies/checkouts/swift-certificates
    /Applications/Xcode-27.0.0-Release.Candidate.app/Contents/Developer/Toolchains/XcodeDefault.xctoolchain/usr/bin/clang -Xlinker -reproducible -target arm64_32-apple-watchos9.0 -r -isysroot /Applications/Xcode-27.0.0-Release.Candidate.app/Contents/Developer/Platforms/WatchOS.platform/Developer/SDKs/WatchOS27.0.sdk -O0 -w -Xlinker -no_warn_duplicate_libraries -F/Users/admin/builder/spi-builder-workspace/.derivedData/Build/Intermediates.noindex/EagerLinkingTBDs/Debug-watchos -F/Users/admin/builder/spi-builder-workspace/.derivedData/Build/Products/Debug-watchos/PackageFrameworks -F/Users/admin/builder/spi-builder-workspace/.derivedData/Build/Products/Debug-watchos -iframework /Applications/Xcode-27.0.0-Release.Candidate.app/Contents/Developer/Platforms/WatchOS.platform/Developer/Library/Frameworks -iframework /Applications/Xcode-27.0.0-Release.Candidate.app/Contents/Developer/Platforms/WatchOS.platform/Developer/SDKs/WatchOS27.0.sdk/Developer/Library/Frameworks -filelist /Users/admin/builder/spi-builder-workspace/.derivedData/Build/Intermediates.noindex/swift-certificates.build/Debug-watchos/X509-t.build/Objects-normal/arm64_32/X509.LinkFileList -nostdlib -Xlinker -object_path_lto -Xlinker /Users/admin/builder/spi-builder-workspace/.derivedData/Build/Intermediates.noindex/swift-certificates.build/Debug-watchos/X509-t.build/Objects-normal/arm64_32/X509_lto.o -Xlinker -no_deduplicate -Xlinker -debug_variant -Xlinker -dependency_info -Xlinker /Users/admin/builder/spi-builder-workspace/.derivedData/Build/Intermediates.noindex/swift-certificates.build/Debug-watchos/X509-t.build/Objects-normal/arm64_32/X509_dependency_info.dat -fobjc-link-runtime -L/Applications/Xcode-27.0.0-Release.Candidate.app/Contents/Developer/Toolchains/XcodeDefault.xctoolchain/usr/lib/swift/watchos -L/usr/lib/swift -Xlinker -add_ast_path -Xlinker /Users/admin/builder/spi-builder-workspace/.derivedData/Build/Intermediates.noindex/swift-certificates.build/Debug-watchos/X509-t.build/Objects-normal/arm64_32/X509.swiftmodule -o /Users/admin/builder/spi-builder-workspace/.derivedData/Build/Intermediates.noindex/swift-certificates.build/Debug-watchos/X509-t.build/Objects-normal/arm64_32/Binary/X509.o
Ld /Users/admin/builder/spi-builder-workspace/.derivedData/Build/Intermediates.noindex/swift-certificates.build/Debug-watchos/X509-t.build/Objects-normal/arm64/Binary/X509.o normal arm64 (in target 'X509' from project 'swift-certificates')
    cd /Users/admin/builder/spi-builder-workspace/.dependencies/checkouts/swift-certificates
    /Applications/Xcode-27.0.0-Release.Candidate.app/Contents/Developer/Toolchains/XcodeDefault.xctoolchain/usr/bin/clang -Xlinker -reproducible -target arm64-apple-watchos9.0 -r -isysroot /Applications/Xcode-27.0.0-Release.Candidate.app/Contents/Developer/Platforms/WatchOS.platform/Developer/SDKs/WatchOS27.0.sdk -O0 -w -Xlinker -no_warn_duplicate_libraries -F/Users/admin/builder/spi-builder-workspace/.derivedData/Build/Intermediates.noindex/EagerLinkingTBDs/Debug-watchos -F/Users/admin/builder/spi-builder-workspace/.derivedData/Build/Products/Debug-watchos/PackageFrameworks -F/Users/admin/builder/spi-builder-workspace/.derivedData/Build/Products/Debug-watchos -iframework /Applications/Xcode-27.0.0-Release.Candidate.app/Contents/Developer/Platforms/WatchOS.platform/Developer/Library/Frameworks -iframework /Applications/Xcode-27.0.0-Release.Candidate.app/Contents/Developer/Platforms/WatchOS.platform/Developer/SDKs/WatchOS27.0.sdk/Developer/Library/Frameworks -filelist /Users/admin/builder/spi-builder-workspace/.derivedData/Build/Intermediates.noindex/swift-certificates.build/Debug-watchos/X509-t.build/Objects-normal/arm64/X509.LinkFileList -nostdlib -Xlinker -object_path_lto -Xlinker /Users/admin/builder/spi-builder-workspace/.derivedData/Build/Intermediates.noindex/swift-certificates.build/Debug-watchos/X509-t.build/Objects-normal/arm64/X509_lto.o -Xlinker -no_deduplicate -Xlinker -debug_variant -Xlinker -dependency_info -Xlinker /Users/admin/builder/spi-builder-workspace/.derivedData/Build/Intermediates.noindex/swift-certificates.build/Debug-watchos/X509-t.build/Objects-normal/arm64/X509_dependency_info.dat -fobjc-link-runtime -L/Applications/Xcode-27.0.0-Release.Candidate.app/Contents/Developer/Toolchains/XcodeDefault.xctoolchain/usr/lib/swift/watchos -L/usr/lib/swift -Xlinker -add_ast_path -Xlinker /Users/admin/builder/spi-builder-workspace/.derivedData/Build/Intermediates.noindex/swift-certificates.build/Debug-watchos/X509-t.build/Objects-normal/arm64/X509.swiftmodule -o /Users/admin/builder/spi-builder-workspace/.derivedData/Build/Intermediates.noindex/swift-certificates.build/Debug-watchos/X509-t.build/Objects-normal/arm64/Binary/X509.o
SwiftDriver MongoKittenCore normal arm64_32 com.apple.xcode.tools.swift.compiler (in target 'MongoKittenCore' from project 'MongoKitten')
    cd /Users/admin/builder/spi-builder-workspace/.swiftpm/xcode
    builtin-SwiftDriver -- /Applications/Xcode-27.0.0-Release.Candidate.app/Contents/Developer/Toolchains/XcodeDefault.xctoolchain/usr/bin/swiftc -parse-as-library -module-name MongoKittenCore -Onone @/Users/admin/builder/spi-builder-workspace/.derivedData/Build/Intermediates.noindex/MongoKitten.build/Debug-watchos/MongoKittenCore-t.build/Objects-normal/arm64_32/MongoKittenCore.SwiftFileList -DSWIFT_PACKAGE -DDEBUG -DSWIFT_MODULE_RESOURCE_BUNDLE_UNAVAILABLE -Xcc -fmodule-map-file\=/Users/admin/builder/spi-builder-workspace/.derivedData/Build/Intermediates.noindex/GeneratedModuleMaps-watchos/CNIOBoringSSLShims.modulemap -Xcc -fmodule-map-file\=/Users/admin/builder/spi-builder-workspace/.dependencies/checkouts/swift-nio-ssl/Sources/CNIOBoringSSL/include/module.modulemap -Xcc -fmodule-map-file\=/Users/admin/builder/spi-builder-workspace/.dependencies/checkouts/swift-atomics/Sources/_AtomicsShims/include/module.modulemap -Xcc -fmodule-map-file\=/Users/admin/builder/spi-builder-workspace/.derivedData/Build/Intermediates.noindex/GeneratedModuleMaps-watchos/CNIOPosix.modulemap -Xcc -fmodule-map-file\=/Users/admin/builder/spi-builder-workspace/.derivedData/Build/Intermediates.noindex/GeneratedModuleMaps-watchos/CNIOWASI.modulemap -Xcc -fmodule-map-file\=/Users/admin/builder/spi-builder-workspace/.dependencies/checkouts/swift-nio/Sources/CNIOWindows/include/module.modulemap -Xcc -fmodule-map-file\=/Users/admin/builder/spi-builder-workspace/.derivedData/Build/Intermediates.noindex/GeneratedModuleMaps-watchos/CNIOLinux.modulemap -Xcc -fmodule-map-file\=/Users/admin/builder/spi-builder-workspace/.derivedData/Build/Intermediates.noindex/GeneratedModuleMaps-watchos/CNIODarwin.modulemap -Xcc -fmodule-map-file\=/Users/admin/builder/spi-builder-workspace/.derivedData/Build/Intermediates.noindex/GeneratedModuleMaps-watchos/CNIOFreeBSD.modulemap -Xcc -fmodule-map-file\=/Users/admin/builder/spi-builder-workspace/.derivedData/Build/Intermediates.noindex/GeneratedModuleMaps-watchos/CNIOOpenBSD.modulemap -Xcc -fmodule-map-file\=/Users/admin/builder/spi-builder-workspace/.derivedData/Build/Intermediates.noindex/GeneratedModuleMaps-watchos/CNIOAtomics.modulemap -DXcode -enable-experimental-feature StrictConcurrency\=complete -plugin-path /Applications/Xcode-27.0.0-Release.Candidate.app/Contents/Developer/Toolchains/XcodeDefault.xctoolchain/usr/lib/swift/host/plugins/testing -enable-experimental-feature DebugDescriptionMacro -sdk /Applications/Xcode-27.0.0-Release.Candidate.app/Contents/Developer/Platforms/WatchOS.platform/Developer/SDKs/WatchOS27.0.sdk -target arm64_32-apple-watchos9.0 -g -module-cache-path /Users/admin/builder/spi-builder-workspace/.derivedData/ModuleCache.noindex -Xfrontend -serialize-debugging-options -profile-coverage-mapping -profile-generate -enable-testing -suppress-warnings -index-store-path /Users/admin/builder/spi-builder-workspace/.derivedData/Index.noindex/DataStore -Xcc -D_LIBCPP_HARDENING_MODE\=_LIBCPP_HARDENING_MODE_DEBUG -swift-version 6 -I /Users/admin/builder/spi-builder-workspace/.derivedData/Build/Products/Debug-watchos -Isystem /Applications/Xcode-27.0.0-Release.Candidate.app/Contents/Developer/Platforms/WatchOS.platform/Developer/usr/lib -F /Users/admin/builder/spi-builder-workspace/.derivedData/Build/Products/Debug-watchos/PackageFrameworks -F /Users/admin/builder/spi-builder-workspace/.derivedData/Build/Products/Debug-watchos -F /Applications/Xcode-27.0.0-Release.Candidate.app/Contents/Developer/Platforms/WatchOS.platform/Developer/Library/Frameworks -F /Applications/Xcode-27.0.0-Release.Candidate.app/Contents/Developer/Platforms/WatchOS.platform/Developer/SDKs/WatchOS27.0.sdk/Developer/Library/Frameworks -c -j10 -enable-batch-mode -incremental -Xcc -ivfsstatcache -Xcc /Users/admin/builder/spi-builder-workspace/.derivedData/SDKStatCaches.noindex/watchos27.0-24R360-e829b21a6f8c9b70876ba0858053c04477534ef55a1706bf4c1112bbb242f0a2.sdkstatcache -output-file-map /Users/admin/builder/spi-builder-workspace/.derivedData/Build/Intermediates.noindex/MongoKitten.build/Debug-watchos/MongoKittenCore-t.build/Objects-normal/arm64_32/MongoKittenCore-OutputFileMap.json -save-temps -no-color-diagnostics -explicit-module-build -module-cache-path /Users/admin/builder/spi-builder-workspace/.derivedData/Build/Intermediates.noindex/SwiftExplicitPrecompiledModules -clang-scanner-module-cache-path /Users/admin/builder/spi-builder-workspace/.derivedData/ModuleCache.noindex -sdk-module-cache-path /Users/admin/builder/spi-builder-workspace/.derivedData/SDKExplicitPrecompiledModules -emit-dependencies -emit-module -emit-module-path /Users/admin/builder/spi-builder-workspace/.derivedData/Build/Intermediates.noindex/MongoKitten.build/Debug-watchos/MongoKittenCore-t.build/Objects-normal/arm64_32/MongoKittenCore.swiftmodule -serialize-diagnostics -dependency-scan-serialize-diagnostics-path /Users/admin/builder/spi-builder-workspace/.derivedData/Build/Intermediates.noindex/MongoKitten.build/Debug-watchos/MongoKittenCore-t.build/Objects-normal/arm64_32/MongoKittenCore-dependency-scan.dia -user-module-version 7.16.3 -validate-clang-modules-once -clang-build-session-file /Users/admin/builder/spi-builder-workspace/.derivedData/ModuleCache.noindex/Session.modulevalidation -Xcc -fmodules-prune-interval\=86400 -Xcc -fmodules-prune-after\=345600 -package-name mongokitten -emit-const-values -const-gather-protocols-list /Users/admin/builder/spi-builder-workspace/.derivedData/Build/Intermediates.noindex/MongoKitten.build/Debug-watchos/MongoKittenCore-t.build/Objects-normal/arm64_32/MongoKittenCore_const_extract_protocols.json -Xcc -I/Users/admin/builder/spi-builder-workspace/.dependencies/checkouts/swift-nio-ssl/Sources/CNIOBoringSSLShims/include -Xcc -I/Users/admin/builder/spi-builder-workspace/.dependencies/checkouts/swift-nio-ssl/Sources/CNIOBoringSSL/include -Xcc -I/Users/admin/builder/spi-builder-workspace/.dependencies/checkouts/swift-atomics/Sources/_AtomicsShims/include -Xcc -I/Users/admin/builder/spi-builder-workspace/.dependencies/checkouts/swift-nio/Sources/CNIOPosix/include -Xcc -I/Users/admin/builder/spi-builder-workspace/.dependencies/checkouts/swift-nio/Sources/CNIOWASI/include -Xcc -I/Users/admin/builder/spi-builder-workspace/.dependencies/checkouts/swift-nio/Sources/CNIOWindows/include -Xcc -I/Users/admin/builder/spi-builder-workspace/.dependencies/checkouts/swift-nio/Sources/CNIOLinux/include -Xcc -I/Users/admin/builder/spi-builder-workspace/.dependencies/checkouts/swift-nio/Sources/CNIODarwin/include -Xcc -I/Users/admin/builder/spi-builder-workspace/.dependencies/checkouts/swift-nio/Sources/CNIOFreeBSD/include -Xcc -I/Users/admin/builder/spi-builder-workspace/.dependencies/checkouts/swift-nio/Sources/CNIOOpenBSD/include -Xcc -I/Users/admin/builder/spi-builder-workspace/.dependencies/checkouts/swift-nio/Sources/CNIOAtomics/include -Xcc -I/Users/admin/builder/spi-builder-workspace/.derivedData/Build/Products/Debug-watchos/include -Xcc -I/Users/admin/builder/spi-builder-workspace/.derivedData/Build/Intermediates.noindex/MongoKitten.build/Debug-watchos/MongoKittenCore-t.build/DerivedSources-normal/arm64_32 -Xcc -I/Users/admin/builder/spi-builder-workspace/.derivedData/Build/Intermediates.noindex/MongoKitten.build/Debug-watchos/MongoKittenCore-t.build/DerivedSources/arm64_32 -Xcc -I/Users/admin/builder/spi-builder-workspace/.derivedData/Build/Intermediates.noindex/MongoKitten.build/Debug-watchos/MongoKittenCore-t.build/DerivedSources -Xcc -DSWIFT_PACKAGE -Xcc -DDEBUG\=1 -emit-objc-header -emit-objc-header-path /Users/admin/builder/spi-builder-workspace/.derivedData/Build/Intermediates.noindex/MongoKitten.build/Debug-watchos/MongoKittenCore-t.build/Objects-normal/arm64_32/MongoKittenCore-Swift.h -working-directory /Users/admin/builder/spi-builder-workspace/.swiftpm/xcode -experimental-emit-module-separately -disable-cmo
SwiftDriver MongoKittenCore normal arm64 com.apple.xcode.tools.swift.compiler (in target 'MongoKittenCore' from project 'MongoKitten')
    cd /Users/admin/builder/spi-builder-workspace/.swiftpm/xcode
    builtin-SwiftDriver -- /Applications/Xcode-27.0.0-Release.Candidate.app/Contents/Developer/Toolchains/XcodeDefault.xctoolchain/usr/bin/swiftc -parse-as-library -module-name MongoKittenCore -Onone @/Users/admin/builder/spi-builder-workspace/.derivedData/Build/Intermediates.noindex/MongoKitten.build/Debug-watchos/MongoKittenCore-t.build/Objects-normal/arm64/MongoKittenCore.SwiftFileList -DSWIFT_PACKAGE -DDEBUG -DSWIFT_MODULE_RESOURCE_BUNDLE_UNAVAILABLE -Xcc -fmodule-map-file\=/Users/admin/builder/spi-builder-workspace/.derivedData/Build/Intermediates.noindex/GeneratedModuleMaps-watchos/CNIOBoringSSLShims.modulemap -Xcc -fmodule-map-file\=/Users/admin/builder/spi-builder-workspace/.dependencies/checkouts/swift-nio-ssl/Sources/CNIOBoringSSL/include/module.modulemap -Xcc -fmodule-map-file\=/Users/admin/builder/spi-builder-workspace/.dependencies/checkouts/swift-atomics/Sources/_AtomicsShims/include/module.modulemap -Xcc -fmodule-map-file\=/Users/admin/builder/spi-builder-workspace/.derivedData/Build/Intermediates.noindex/GeneratedModuleMaps-watchos/CNIOPosix.modulemap -Xcc -fmodule-map-file\=/Users/admin/builder/spi-builder-workspace/.derivedData/Build/Intermediates.noindex/GeneratedModuleMaps-watchos/CNIOWASI.modulemap -Xcc -fmodule-map-file\=/Users/admin/builder/spi-builder-workspace/.dependencies/checkouts/swift-nio/Sources/CNIOWindows/include/module.modulemap -Xcc -fmodule-map-file\=/Users/admin/builder/spi-builder-workspace/.derivedData/Build/Intermediates.noindex/GeneratedModuleMaps-watchos/CNIOLinux.modulemap -Xcc -fmodule-map-file\=/Users/admin/builder/spi-builder-workspace/.derivedData/Build/Intermediates.noindex/GeneratedModuleMaps-watchos/CNIODarwin.modulemap -Xcc -fmodule-map-file\=/Users/admin/builder/spi-builder-workspace/.derivedData/Build/Intermediates.noindex/GeneratedModuleMaps-watchos/CNIOFreeBSD.modulemap -Xcc -fmodule-map-file\=/Users/admin/builder/spi-builder-workspace/.derivedData/Build/Intermediates.noindex/GeneratedModuleMaps-watchos/CNIOOpenBSD.modulemap -Xcc -fmodule-map-file\=/Users/admin/builder/spi-builder-workspace/.derivedData/Build/Intermediates.noindex/GeneratedModuleMaps-watchos/CNIOAtomics.modulemap -DXcode -enable-experimental-feature StrictConcurrency\=complete -plugin-path /Applications/Xcode-27.0.0-Release.Candidate.app/Contents/Developer/Toolchains/XcodeDefault.xctoolchain/usr/lib/swift/host/plugins/testing -enable-experimental-feature DebugDescriptionMacro -sdk /Applications/Xcode-27.0.0-Release.Candidate.app/Contents/Developer/Platforms/WatchOS.platform/Developer/SDKs/WatchOS27.0.sdk -target arm64-apple-watchos9.0 -g -module-cache-path /Users/admin/builder/spi-builder-workspace/.derivedData/ModuleCache.noindex -Xfrontend -serialize-debugging-options -profile-coverage-mapping -profile-generate -enable-testing -suppress-warnings -index-store-path /Users/admin/builder/spi-builder-workspace/.derivedData/Index.noindex/DataStore -Xcc -D_LIBCPP_HARDENING_MODE\=_LIBCPP_HARDENING_MODE_DEBUG -swift-version 6 -I /Users/admin/builder/spi-builder-workspace/.derivedData/Build/Products/Debug-watchos -Isystem /Applications/Xcode-27.0.0-Release.Candidate.app/Contents/Developer/Platforms/WatchOS.platform/Developer/usr/lib -F /Users/admin/builder/spi-builder-workspace/.derivedData/Build/Products/Debug-watchos/PackageFrameworks -F /Users/admin/builder/spi-builder-workspace/.derivedData/Build/Products/Debug-watchos -F /Applications/Xcode-27.0.0-Release.Candidate.app/Contents/Developer/Platforms/WatchOS.platform/Developer/Library/Frameworks -F /Applications/Xcode-27.0.0-Release.Candidate.app/Contents/Developer/Platforms/WatchOS.platform/Developer/SDKs/WatchOS27.0.sdk/Developer/Library/Frameworks -c -j10 -enable-batch-mode -incremental -Xcc -ivfsstatcache -Xcc /Users/admin/builder/spi-builder-workspace/.derivedData/SDKStatCaches.noindex/watchos27.0-24R360-e829b21a6f8c9b70876ba0858053c04477534ef55a1706bf4c1112bbb242f0a2.sdkstatcache -output-file-map /Users/admin/builder/spi-builder-workspace/.derivedData/Build/Intermediates.noindex/MongoKitten.build/Debug-watchos/MongoKittenCore-t.build/Objects-normal/arm64/MongoKittenCore-OutputFileMap.json -save-temps -no-color-diagnostics -explicit-module-build -module-cache-path /Users/admin/builder/spi-builder-workspace/.derivedData/Build/Intermediates.noindex/SwiftExplicitPrecompiledModules -clang-scanner-module-cache-path /Users/admin/builder/spi-builder-workspace/.derivedData/ModuleCache.noindex -sdk-module-cache-path /Users/admin/builder/spi-builder-workspace/.derivedData/SDKExplicitPrecompiledModules -emit-dependencies -emit-module -emit-module-path /Users/admin/builder/spi-builder-workspace/.derivedData/Build/Intermediates.noindex/MongoKitten.build/Debug-watchos/MongoKittenCore-t.build/Objects-normal/arm64/MongoKittenCore.swiftmodule -serialize-diagnostics -dependency-scan-serialize-diagnostics-path /Users/admin/builder/spi-builder-workspace/.derivedData/Build/Intermediates.noindex/MongoKitten.build/Debug-watchos/MongoKittenCore-t.build/Objects-normal/arm64/MongoKittenCore-dependency-scan.dia -user-module-version 7.16.3 -validate-clang-modules-once -clang-build-session-file /Users/admin/builder/spi-builder-workspace/.derivedData/ModuleCache.noindex/Session.modulevalidation -Xcc -fmodules-prune-interval\=86400 -Xcc -fmodules-prune-after\=345600 -package-name mongokitten -emit-const-values -const-gather-protocols-list /Users/admin/builder/spi-builder-workspace/.derivedData/Build/Intermediates.noindex/MongoKitten.build/Debug-watchos/MongoKittenCore-t.build/Objects-normal/arm64/MongoKittenCore_const_extract_protocols.json -Xcc -I/Users/admin/builder/spi-builder-workspace/.dependencies/checkouts/swift-nio-ssl/Sources/CNIOBoringSSLShims/include -Xcc -I/Users/admin/builder/spi-builder-workspace/.dependencies/checkouts/swift-nio-ssl/Sources/CNIOBoringSSL/include -Xcc -I/Users/admin/builder/spi-builder-workspace/.dependencies/checkouts/swift-atomics/Sources/_AtomicsShims/include -Xcc -I/Users/admin/builder/spi-builder-workspace/.dependencies/checkouts/swift-nio/Sources/CNIOPosix/include -Xcc -I/Users/admin/builder/spi-builder-workspace/.dependencies/checkouts/swift-nio/Sources/CNIOWASI/include -Xcc -I/Users/admin/builder/spi-builder-workspace/.dependencies/checkouts/swift-nio/Sources/CNIOWindows/include -Xcc -I/Users/admin/builder/spi-builder-workspace/.dependencies/checkouts/swift-nio/Sources/CNIOLinux/include -Xcc -I/Users/admin/builder/spi-builder-workspace/.dependencies/checkouts/swift-nio/Sources/CNIODarwin/include -Xcc -I/Users/admin/builder/spi-builder-workspace/.dependencies/checkouts/swift-nio/Sources/CNIOFreeBSD/include -Xcc -I/Users/admin/builder/spi-builder-workspace/.dependencies/checkouts/swift-nio/Sources/CNIOOpenBSD/include -Xcc -I/Users/admin/builder/spi-builder-workspace/.dependencies/checkouts/swift-nio/Sources/CNIOAtomics/include -Xcc -I/Users/admin/builder/spi-builder-workspace/.derivedData/Build/Products/Debug-watchos/include -Xcc -I/Users/admin/builder/spi-builder-workspace/.derivedData/Build/Intermediates.noindex/MongoKitten.build/Debug-watchos/MongoKittenCore-t.build/DerivedSources-normal/arm64 -Xcc -I/Users/admin/builder/spi-builder-workspace/.derivedData/Build/Intermediates.noindex/MongoKitten.build/Debug-watchos/MongoKittenCore-t.build/DerivedSources/arm64 -Xcc -I/Users/admin/builder/spi-builder-workspace/.derivedData/Build/Intermediates.noindex/MongoKitten.build/Debug-watchos/MongoKittenCore-t.build/DerivedSources -Xcc -DSWIFT_PACKAGE -Xcc -DDEBUG\=1 -emit-objc-header -emit-objc-header-path /Users/admin/builder/spi-builder-workspace/.derivedData/Build/Intermediates.noindex/MongoKitten.build/Debug-watchos/MongoKittenCore-t.build/Objects-normal/arm64/MongoKittenCore-Swift.h -working-directory /Users/admin/builder/spi-builder-workspace/.swiftpm/xcode -experimental-emit-module-separately -disable-cmo
CreateUniversalBinary /Users/admin/builder/spi-builder-workspace/.derivedData/Build/Products/Debug-watchos/X509.o normal arm64\ arm64_32 (in target 'X509' from project 'swift-certificates')
    cd /Users/admin/builder/spi-builder-workspace/.dependencies/checkouts/swift-certificates
    /Applications/Xcode-27.0.0-Release.Candidate.app/Contents/Developer/Toolchains/XcodeDefault.xctoolchain/usr/bin/lipo -create /Users/admin/builder/spi-builder-workspace/.derivedData/Build/Intermediates.noindex/swift-certificates.build/Debug-watchos/X509-t.build/Objects-normal/arm64/Binary/X509.o /Users/admin/builder/spi-builder-workspace/.derivedData/Build/Intermediates.noindex/swift-certificates.build/Debug-watchos/X509-t.build/Objects-normal/arm64_32/Binary/X509.o -output /Users/admin/builder/spi-builder-workspace/.derivedData/Build/Products/Debug-watchos/X509.o
ExtractAppIntentsMetadata (in target 'MongoCore' from project 'MongoKitten')
    cd /Users/admin/builder/spi-builder-workspace/.dependencies/checkouts/MongoKitten
    /Applications/Xcode-27.0.0-Release.Candidate.app/Contents/Developer/Toolchains/XcodeDefault.xctoolchain/usr/bin/appintentsmetadataprocessor --toolchain-dir /var/run/com.apple.security.cryptexd/mnt/com.apple.MobileAsset.MetalToolchain-v27.1.266.1.EgjvIp/Metal.xctoolchain --module-name MongoCore --sdk-root /Applications/Xcode-27.0.0-Release.Candidate.app/Contents/Developer/Platforms/WatchOS.platform/Developer/SDKs/WatchOS27.0.sdk --xcode-version 27A266a --platform-family watchOS --deployment-target 9.0 --bundle-identifier mongokitten.MongoCore --output /Users/admin/builder/spi-builder-workspace/.derivedData/Build/Products/Debug-watchos/MongoCore.appintents --target-triple arm64-apple-watchos9.0 --target-triple arm64_32-apple-watchos9.0 --binary-file /Users/admin/builder/spi-builder-workspace/.derivedData/Build/Products/Debug-watchos/MongoCore.o --dependency-file /Users/admin/builder/spi-builder-workspace/.derivedData/Build/Intermediates.noindex/MongoKitten.build/Debug-watchos/MongoCore-t.build/Objects-normal/arm64/MongoCore_dependency_info.dat --dependency-file /Users/admin/builder/spi-builder-workspace/.derivedData/Build/Intermediates.noindex/MongoKitten.build/Debug-watchos/MongoCore-t.build/Objects-normal/arm64_32/MongoCore_dependency_info.dat --stringsdata-file /Users/admin/builder/spi-builder-workspace/.derivedData/Build/Intermediates.noindex/MongoKitten.build/Debug-watchos/MongoCore-t.build/Objects-normal/arm64/ExtractedAppShortcutsMetadata.stringsdata --stringsdata-file /Users/admin/builder/spi-builder-workspace/.derivedData/Build/Intermediates.noindex/MongoKitten.build/Debug-watchos/MongoCore-t.build/Objects-normal/arm64_32/ExtractedAppShortcutsMetadata.stringsdata --source-file-list /Users/admin/builder/spi-builder-workspace/.derivedData/Build/Intermediates.noindex/MongoKitten.build/Debug-watchos/MongoCore-t.build/Objects-normal/arm64/MongoCore.SwiftFileList --source-file-list /Users/admin/builder/spi-builder-workspace/.derivedData/Build/Intermediates.noindex/MongoKitten.build/Debug-watchos/MongoCore-t.build/Objects-normal/arm64_32/MongoCore.SwiftFileList --metadata-file-list /Users/admin/builder/spi-builder-workspace/.derivedData/Build/Intermediates.noindex/MongoKitten.build/Debug-watchos/MongoCore-t.build/MongoCore.DependencyMetadataFileList --static-metadata-file-list /Users/admin/builder/spi-builder-workspace/.derivedData/Build/Intermediates.noindex/MongoKitten.build/Debug-watchos/MongoCore-t.build/MongoCore.DependencyStaticMetadataFileList --swift-const-vals-list /Users/admin/builder/spi-builder-workspace/.derivedData/Build/Intermediates.noindex/MongoKitten.build/Debug-watchos/MongoCore-t.build/Objects-normal/arm64/MongoCore.SwiftConstValuesFileList --swift-const-vals-list /Users/admin/builder/spi-builder-workspace/.derivedData/Build/Intermediates.noindex/MongoKitten.build/Debug-watchos/MongoCore-t.build/Objects-normal/arm64_32/MongoCore.SwiftConstValuesFileList --force --compile-time-extraction --deployment-aware-processing --no-app-shortcuts-localization
2026-09-24 20:50:59.774 appintentsmetadataprocessor[8755:33587] Starting appintentsmetadataprocessor export
2026-09-24 20:50:59.831 appintentsmetadataprocessor[8755:33587] Extracted no relevant App Intents symbols, skipping writing output
ExtractAppIntentsMetadata (in target 'X509' from project 'swift-certificates')
    cd /Users/admin/builder/spi-builder-workspace/.dependencies/checkouts/swift-certificates
    /Applications/Xcode-27.0.0-Release.Candidate.app/Contents/Developer/Toolchains/XcodeDefault.xctoolchain/usr/bin/appintentsmetadataprocessor --toolchain-dir /var/run/com.apple.security.cryptexd/mnt/com.apple.MobileAsset.MetalToolchain-v27.1.266.1.EgjvIp/Metal.xctoolchain --module-name X509 --sdk-root /Applications/Xcode-27.0.0-Release.Candidate.app/Contents/Developer/Platforms/WatchOS.platform/Developer/SDKs/WatchOS27.0.sdk --xcode-version 27A266a --platform-family watchOS --deployment-target 9.0 --bundle-identifier swift-certificates.X509 --output /Users/admin/builder/spi-builder-workspace/.derivedData/Build/Products/Debug-watchos/X509.appintents --target-triple arm64-apple-watchos9.0 --target-triple arm64_32-apple-watchos9.0 --binary-file /Users/admin/builder/spi-builder-workspace/.derivedData/Build/Products/Debug-watchos/X509.o --dependency-file /Users/admin/builder/spi-builder-workspace/.derivedData/Build/Intermediates.noindex/swift-certificates.build/Debug-watchos/X509-t.build/Objects-normal/arm64/X509_dependency_info.dat --dependency-file /Users/admin/builder/spi-builder-workspace/.derivedData/Build/Intermediates.noindex/swift-certificates.build/Debug-watchos/X509-t.build/Objects-normal/arm64_32/X509_dependency_info.dat --stringsdata-file /Users/admin/builder/spi-builder-workspace/.derivedData/Build/Intermediates.noindex/swift-certificates.build/Debug-watchos/X509-t.build/Objects-normal/arm64/ExtractedAppShortcutsMetadata.stringsdata --stringsdata-file /Users/admin/builder/spi-builder-workspace/.derivedData/Build/Intermediates.noindex/swift-certificates.build/Debug-watchos/X509-t.build/Objects-normal/arm64_32/ExtractedAppShortcutsMetadata.stringsdata --source-file-list /Users/admin/builder/spi-builder-workspace/.derivedData/Build/Intermediates.noindex/swift-certificates.build/Debug-watchos/X509-t.build/Objects-normal/arm64/X509.SwiftFileList --source-file-list /Users/admin/builder/spi-builder-workspace/.derivedData/Build/Intermediates.noindex/swift-certificates.build/Debug-watchos/X509-t.build/Objects-normal/arm64_32/X509.SwiftFileList --metadata-file-list /Users/admin/builder/spi-builder-workspace/.derivedData/Build/Intermediates.noindex/swift-certificates.build/Debug-watchos/X509-t.build/X509.DependencyMetadataFileList --static-metadata-file-list /Users/admin/builder/spi-builder-workspace/.derivedData/Build/Intermediates.noindex/swift-certificates.build/Debug-watchos/X509-t.build/X509.DependencyStaticMetadataFileList --swift-const-vals-list /Users/admin/builder/spi-builder-workspace/.derivedData/Build/Intermediates.noindex/swift-certificates.build/Debug-watchos/X509-t.build/Objects-normal/arm64/X509.SwiftConstValuesFileList --swift-const-vals-list /Users/admin/builder/spi-builder-workspace/.derivedData/Build/Intermediates.noindex/swift-certificates.build/Debug-watchos/X509-t.build/Objects-normal/arm64_32/X509.SwiftConstValuesFileList --force --compile-time-extraction --deployment-aware-processing --no-app-shortcuts-localization
2026-09-24 20:50:59.780 appintentsmetadataprocessor[8756:33588] Starting appintentsmetadataprocessor export
2026-09-24 20:50:59.846 appintentsmetadataprocessor[8756:33588] Extracted no relevant App Intents symbols, skipping writing output
Ld /Users/admin/builder/spi-builder-workspace/.derivedData/Build/Intermediates.noindex/websocket-kit.build/Debug-watchos/WebSocketKit-t.build/Objects-normal/arm64_32/Binary/WebSocketKit.o normal arm64_32 (in target 'WebSocketKit' from project 'websocket-kit')
    cd /Users/admin/builder/spi-builder-workspace/.dependencies/checkouts/websocket-kit
    /Applications/Xcode-27.0.0-Release.Candidate.app/Contents/Developer/Toolchains/XcodeDefault.xctoolchain/usr/bin/clang -Xlinker -reproducible -target arm64_32-apple-watchos9.0 -r -isysroot /Applications/Xcode-27.0.0-Release.Candidate.app/Contents/Developer/Platforms/WatchOS.platform/Developer/SDKs/WatchOS27.0.sdk -O0 -w -Xlinker -no_warn_duplicate_libraries -F/Users/admin/builder/spi-builder-workspace/.derivedData/Build/Intermediates.noindex/EagerLinkingTBDs/Debug-watchos -F/Users/admin/builder/spi-builder-workspace/.derivedData/Build/Products/Debug-watchos/PackageFrameworks -F/Users/admin/builder/spi-builder-workspace/.derivedData/Build/Products/Debug-watchos -iframework /Applications/Xcode-27.0.0-Release.Candidate.app/Contents/Developer/Platforms/WatchOS.platform/Developer/Library/Frameworks -iframework /Applications/Xcode-27.0.0-Release.Candidate.app/Contents/Developer/Platforms/WatchOS.platform/Developer/SDKs/WatchOS27.0.sdk/Developer/Library/Frameworks -filelist /Users/admin/builder/spi-builder-workspace/.derivedData/Build/Intermediates.noindex/websocket-kit.build/Debug-watchos/WebSocketKit-t.build/Objects-normal/arm64_32/WebSocketKit.LinkFileList -nostdlib -Xlinker -object_path_lto -Xlinker /Users/admin/builder/spi-builder-workspace/.derivedData/Build/Intermediates.noindex/websocket-kit.build/Debug-watchos/WebSocketKit-t.build/Objects-normal/arm64_32/WebSocketKit_lto.o -Xlinker -no_deduplicate -Xlinker -debug_variant -Xlinker -dependency_info -Xlinker /Users/admin/builder/spi-builder-workspace/.derivedData/Build/Intermediates.noindex/websocket-kit.build/Debug-watchos/WebSocketKit-t.build/Objects-normal/arm64_32/WebSocketKit_dependency_info.dat -fobjc-link-runtime -L/Applications/Xcode-27.0.0-Release.Candidate.app/Contents/Developer/Toolchains/XcodeDefault.xctoolchain/usr/lib/swift/watchos -L/usr/lib/swift -Xlinker -add_ast_path -Xlinker /Users/admin/builder/spi-builder-workspace/.derivedData/Build/Intermediates.noindex/websocket-kit.build/Debug-watchos/WebSocketKit-t.build/Objects-normal/arm64_32/WebSocketKit.swiftmodule -o /Users/admin/builder/spi-builder-workspace/.derivedData/Build/Intermediates.noindex/websocket-kit.build/Debug-watchos/WebSocketKit-t.build/Objects-normal/arm64_32/Binary/WebSocketKit.o
Ld /Users/admin/builder/spi-builder-workspace/.derivedData/Build/Intermediates.noindex/websocket-kit.build/Debug-watchos/WebSocketKit-t.build/Objects-normal/arm64/Binary/WebSocketKit.o normal arm64 (in target 'WebSocketKit' from project 'websocket-kit')
    cd /Users/admin/builder/spi-builder-workspace/.dependencies/checkouts/websocket-kit
    /Applications/Xcode-27.0.0-Release.Candidate.app/Contents/Developer/Toolchains/XcodeDefault.xctoolchain/usr/bin/clang -Xlinker -reproducible -target arm64-apple-watchos9.0 -r -isysroot /Applications/Xcode-27.0.0-Release.Candidate.app/Contents/Developer/Platforms/WatchOS.platform/Developer/SDKs/WatchOS27.0.sdk -O0 -w -Xlinker -no_warn_duplicate_libraries -F/Users/admin/builder/spi-builder-workspace/.derivedData/Build/Intermediates.noindex/EagerLinkingTBDs/Debug-watchos -F/Users/admin/builder/spi-builder-workspace/.derivedData/Build/Products/Debug-watchos/PackageFrameworks -F/Users/admin/builder/spi-builder-workspace/.derivedData/Build/Products/Debug-watchos -iframework /Applications/Xcode-27.0.0-Release.Candidate.app/Contents/Developer/Platforms/WatchOS.platform/Developer/Library/Frameworks -iframework /Applications/Xcode-27.0.0-Release.Candidate.app/Contents/Developer/Platforms/WatchOS.platform/Developer/SDKs/WatchOS27.0.sdk/Developer/Library/Frameworks -filelist /Users/admin/builder/spi-builder-workspace/.derivedData/Build/Intermediates.noindex/websocket-kit.build/Debug-watchos/WebSocketKit-t.build/Objects-normal/arm64/WebSocketKit.LinkFileList -nostdlib -Xlinker -object_path_lto -Xlinker /Users/admin/builder/spi-builder-workspace/.derivedData/Build/Intermediates.noindex/websocket-kit.build/Debug-watchos/WebSocketKit-t.build/Objects-normal/arm64/WebSocketKit_lto.o -Xlinker -no_deduplicate -Xlinker -debug_variant -Xlinker -dependency_info -Xlinker /Users/admin/builder/spi-builder-workspace/.derivedData/Build/Intermediates.noindex/websocket-kit.build/Debug-watchos/WebSocketKit-t.build/Objects-normal/arm64/WebSocketKit_dependency_info.dat -fobjc-link-runtime -L/Applications/Xcode-27.0.0-Release.Candidate.app/Contents/Developer/Toolchains/XcodeDefault.xctoolchain/usr/lib/swift/watchos -L/usr/lib/swift -Xlinker -add_ast_path -Xlinker /Users/admin/builder/spi-builder-workspace/.derivedData/Build/Intermediates.noindex/websocket-kit.build/Debug-watchos/WebSocketKit-t.build/Objects-normal/arm64/WebSocketKit.swiftmodule -o /Users/admin/builder/spi-builder-workspace/.derivedData/Build/Intermediates.noindex/websocket-kit.build/Debug-watchos/WebSocketKit-t.build/Objects-normal/arm64/Binary/WebSocketKit.o
Ld /Users/admin/builder/spi-builder-workspace/.derivedData/Build/Intermediates.noindex/postgres-nio.build/Debug-watchos/PostgresNIO-t.build/Objects-normal/arm64_32/Binary/PostgresNIO.o normal arm64_32 (in target 'PostgresNIO' from project 'postgres-nio')
    cd /Users/admin/builder/spi-builder-workspace/.dependencies/checkouts/postgres-nio
    /Applications/Xcode-27.0.0-Release.Candidate.app/Contents/Developer/Toolchains/XcodeDefault.xctoolchain/usr/bin/clang -Xlinker -reproducible -target arm64_32-apple-watchos9.0 -r -isysroot /Applications/Xcode-27.0.0-Release.Candidate.app/Contents/Developer/Platforms/WatchOS.platform/Developer/SDKs/WatchOS27.0.sdk -O0 -w -Xlinker -no_warn_duplicate_libraries -F/Users/admin/builder/spi-builder-workspace/.derivedData/Build/Intermediates.noindex/EagerLinkingTBDs/Debug-watchos -F/Users/admin/builder/spi-builder-workspace/.derivedData/Build/Products/Debug-watchos/PackageFrameworks -F/Users/admin/builder/spi-builder-workspace/.derivedData/Build/Products/Debug-watchos -iframework /Applications/Xcode-27.0.0-Release.Candidate.app/Contents/Developer/Platforms/WatchOS.platform/Developer/Library/Frameworks -iframework /Applications/Xcode-27.0.0-Release.Candidate.app/Contents/Developer/Platforms/WatchOS.platform/Developer/SDKs/WatchOS27.0.sdk/Developer/Library/Frameworks -filelist /Users/admin/builder/spi-builder-workspace/.derivedData/Build/Intermediates.noindex/postgres-nio.build/Debug-watchos/PostgresNIO-t.build/Objects-normal/arm64_32/PostgresNIO.LinkFileList -nostdlib -Xlinker -object_path_lto -Xlinker /Users/admin/builder/spi-builder-workspace/.derivedData/Build/Intermediates.noindex/postgres-nio.build/Debug-watchos/PostgresNIO-t.build/Objects-normal/arm64_32/PostgresNIO_lto.o -Xlinker -no_deduplicate -Xlinker -debug_variant -Xlinker -dependency_info -Xlinker /Users/admin/builder/spi-builder-workspace/.derivedData/Build/Intermediates.noindex/postgres-nio.build/Debug-watchos/PostgresNIO-t.build/Objects-normal/arm64_32/PostgresNIO_dependency_info.dat -fobjc-link-runtime -L/Applications/Xcode-27.0.0-Release.Candidate.app/Contents/Developer/Toolchains/XcodeDefault.xctoolchain/usr/lib/swift/watchos -L/usr/lib/swift -Xlinker -add_ast_path -Xlinker /Users/admin/builder/spi-builder-workspace/.derivedData/Build/Intermediates.noindex/postgres-nio.build/Debug-watchos/PostgresNIO-t.build/Objects-normal/arm64_32/PostgresNIO.swiftmodule -o /Users/admin/builder/spi-builder-workspace/.derivedData/Build/Intermediates.noindex/postgres-nio.build/Debug-watchos/PostgresNIO-t.build/Objects-normal/arm64_32/Binary/PostgresNIO.o
Ld /Users/admin/builder/spi-builder-workspace/.derivedData/Build/Intermediates.noindex/postgres-nio.build/Debug-watchos/PostgresNIO-t.build/Objects-normal/arm64/Binary/PostgresNIO.o normal arm64 (in target 'PostgresNIO' from project 'postgres-nio')
    cd /Users/admin/builder/spi-builder-workspace/.dependencies/checkouts/postgres-nio
    /Applications/Xcode-27.0.0-Release.Candidate.app/Contents/Developer/Toolchains/XcodeDefault.xctoolchain/usr/bin/clang -Xlinker -reproducible -target arm64-apple-watchos9.0 -r -isysroot /Applications/Xcode-27.0.0-Release.Candidate.app/Contents/Developer/Platforms/WatchOS.platform/Developer/SDKs/WatchOS27.0.sdk -O0 -w -Xlinker -no_warn_duplicate_libraries -F/Users/admin/builder/spi-builder-workspace/.derivedData/Build/Intermediates.noindex/EagerLinkingTBDs/Debug-watchos -F/Users/admin/builder/spi-builder-workspace/.derivedData/Build/Products/Debug-watchos/PackageFrameworks -F/Users/admin/builder/spi-builder-workspace/.derivedData/Build/Products/Debug-watchos -iframework /Applications/Xcode-27.0.0-Release.Candidate.app/Contents/Developer/Platforms/WatchOS.platform/Developer/Library/Frameworks -iframework /Applications/Xcode-27.0.0-Release.Candidate.app/Contents/Developer/Platforms/WatchOS.platform/Developer/SDKs/WatchOS27.0.sdk/Developer/Library/Frameworks -filelist /Users/admin/builder/spi-builder-workspace/.derivedData/Build/Intermediates.noindex/postgres-nio.build/Debug-watchos/PostgresNIO-t.build/Objects-normal/arm64/PostgresNIO.LinkFileList -nostdlib -Xlinker -object_path_lto -Xlinker /Users/admin/builder/spi-builder-workspace/.derivedData/Build/Intermediates.noindex/postgres-nio.build/Debug-watchos/PostgresNIO-t.build/Objects-normal/arm64/PostgresNIO_lto.o -Xlinker -no_deduplicate -Xlinker -debug_variant -Xlinker -dependency_info -Xlinker /Users/admin/builder/spi-builder-workspace/.derivedData/Build/Intermediates.noindex/postgres-nio.build/Debug-watchos/PostgresNIO-t.build/Objects-normal/arm64/PostgresNIO_dependency_info.dat -fobjc-link-runtime -L/Applications/Xcode-27.0.0-Release.Candidate.app/Contents/Developer/Toolchains/XcodeDefault.xctoolchain/usr/lib/swift/watchos -L/usr/lib/swift -Xlinker -add_ast_path -Xlinker /Users/admin/builder/spi-builder-workspace/.derivedData/Build/Intermediates.noindex/postgres-nio.build/Debug-watchos/PostgresNIO-t.build/Objects-normal/arm64/PostgresNIO.swiftmodule -o /Users/admin/builder/spi-builder-workspace/.derivedData/Build/Intermediates.noindex/postgres-nio.build/Debug-watchos/PostgresNIO-t.build/Objects-normal/arm64/Binary/PostgresNIO.o
CreateUniversalBinary /Users/admin/builder/spi-builder-workspace/.derivedData/Build/Products/Debug-watchos/WebSocketKit.o normal arm64\ arm64_32 (in target 'WebSocketKit' from project 'websocket-kit')
    cd /Users/admin/builder/spi-builder-workspace/.dependencies/checkouts/websocket-kit
    /Applications/Xcode-27.0.0-Release.Candidate.app/Contents/Developer/Toolchains/XcodeDefault.xctoolchain/usr/bin/lipo -create /Users/admin/builder/spi-builder-workspace/.derivedData/Build/Intermediates.noindex/websocket-kit.build/Debug-watchos/WebSocketKit-t.build/Objects-normal/arm64/Binary/WebSocketKit.o /Users/admin/builder/spi-builder-workspace/.derivedData/Build/Intermediates.noindex/websocket-kit.build/Debug-watchos/WebSocketKit-t.build/Objects-normal/arm64_32/Binary/WebSocketKit.o -output /Users/admin/builder/spi-builder-workspace/.derivedData/Build/Products/Debug-watchos/WebSocketKit.o
CreateUniversalBinary /Users/admin/builder/spi-builder-workspace/.derivedData/Build/Products/Debug-watchos/PostgresNIO.o normal arm64\ arm64_32 (in target 'PostgresNIO' from project 'postgres-nio')
    cd /Users/admin/builder/spi-builder-workspace/.dependencies/checkouts/postgres-nio
    /Applications/Xcode-27.0.0-Release.Candidate.app/Contents/Developer/Toolchains/XcodeDefault.xctoolchain/usr/bin/lipo -create /Users/admin/builder/spi-builder-workspace/.derivedData/Build/Intermediates.noindex/postgres-nio.build/Debug-watchos/PostgresNIO-t.build/Objects-normal/arm64/Binary/PostgresNIO.o /Users/admin/builder/spi-builder-workspace/.derivedData/Build/Intermediates.noindex/postgres-nio.build/Debug-watchos/PostgresNIO-t.build/Objects-normal/arm64_32/Binary/PostgresNIO.o -output /Users/admin/builder/spi-builder-workspace/.derivedData/Build/Products/Debug-watchos/PostgresNIO.o
ExtractAppIntentsMetadata (in target 'WebSocketKit' from project 'websocket-kit')
    cd /Users/admin/builder/spi-builder-workspace/.dependencies/checkouts/websocket-kit
    /Applications/Xcode-27.0.0-Release.Candidate.app/Contents/Developer/Toolchains/XcodeDefault.xctoolchain/usr/bin/appintentsmetadataprocessor --toolchain-dir /var/run/com.apple.security.cryptexd/mnt/com.apple.MobileAsset.MetalToolchain-v27.1.266.1.EgjvIp/Metal.xctoolchain --module-name WebSocketKit --sdk-root /Applications/Xcode-27.0.0-Release.Candidate.app/Contents/Developer/Platforms/WatchOS.platform/Developer/SDKs/WatchOS27.0.sdk --xcode-version 27A266a --platform-family watchOS --deployment-target 9.0 --bundle-identifier websocket-kit.WebSocketKit --output /Users/admin/builder/spi-builder-workspace/.derivedData/Build/Products/Debug-watchos/WebSocketKit.appintents --target-triple arm64-apple-watchos9.0 --target-triple arm64_32-apple-watchos9.0 --binary-file /Users/admin/builder/spi-builder-workspace/.derivedData/Build/Products/Debug-watchos/WebSocketKit.o --dependency-file /Users/admin/builder/spi-builder-workspace/.derivedData/Build/Intermediates.noindex/websocket-kit.build/Debug-watchos/WebSocketKit-t.build/Objects-normal/arm64/WebSocketKit_dependency_info.dat --dependency-file /Users/admin/builder/spi-builder-workspace/.derivedData/Build/Intermediates.noindex/websocket-kit.build/Debug-watchos/WebSocketKit-t.build/Objects-normal/arm64_32/WebSocketKit_dependency_info.dat --stringsdata-file /Users/admin/builder/spi-builder-workspace/.derivedData/Build/Intermediates.noindex/websocket-kit.build/Debug-watchos/WebSocketKit-t.build/Objects-normal/arm64/ExtractedAppShortcutsMetadata.stringsdata --stringsdata-file /Users/admin/builder/spi-builder-workspace/.derivedData/Build/Intermediates.noindex/websocket-kit.build/Debug-watchos/WebSocketKit-t.build/Objects-normal/arm64_32/ExtractedAppShortcutsMetadata.stringsdata --source-file-list /Users/admin/builder/spi-builder-workspace/.derivedData/Build/Intermediates.noindex/websocket-kit.build/Debug-watchos/WebSocketKit-t.build/Objects-normal/arm64/WebSocketKit.SwiftFileList --source-file-list /Users/admin/builder/spi-builder-workspace/.derivedData/Build/Intermediates.noindex/websocket-kit.build/Debug-watchos/WebSocketKit-t.build/Objects-normal/arm64_32/WebSocketKit.SwiftFileList --metadata-file-list /Users/admin/builder/spi-builder-workspace/.derivedData/Build/Intermediates.noindex/websocket-kit.build/Debug-watchos/WebSocketKit-t.build/WebSocketKit.DependencyMetadataFileList --static-metadata-file-list /Users/admin/builder/spi-builder-workspace/.derivedData/Build/Intermediates.noindex/websocket-kit.build/Debug-watchos/WebSocketKit-t.build/WebSocketKit.DependencyStaticMetadataFileList --swift-const-vals-list /Users/admin/builder/spi-builder-workspace/.derivedData/Build/Intermediates.noindex/websocket-kit.build/Debug-watchos/WebSocketKit-t.build/Objects-normal/arm64/WebSocketKit.SwiftConstValuesFileList --swift-const-vals-list /Users/admin/builder/spi-builder-workspace/.derivedData/Build/Intermediates.noindex/websocket-kit.build/Debug-watchos/WebSocketKit-t.build/Objects-normal/arm64_32/WebSocketKit.SwiftConstValuesFileList --force --compile-time-extraction --deployment-aware-processing --no-app-shortcuts-localization
2026-09-24 20:50:59.961 appintentsmetadataprocessor[8767:33711] Starting appintentsmetadataprocessor export
2026-09-24 20:51:00.035 appintentsmetadataprocessor[8767:33711] Extracted no relevant App Intents symbols, skipping writing output
ExtractAppIntentsMetadata (in target 'PostgresNIO' from project 'postgres-nio')
    cd /Users/admin/builder/spi-builder-workspace/.dependencies/checkouts/postgres-nio
    /Applications/Xcode-27.0.0-Release.Candidate.app/Contents/Developer/Toolchains/XcodeDefault.xctoolchain/usr/bin/appintentsmetadataprocessor --toolchain-dir /var/run/com.apple.security.cryptexd/mnt/com.apple.MobileAsset.MetalToolchain-v27.1.266.1.EgjvIp/Metal.xctoolchain --module-name PostgresNIO --sdk-root /Applications/Xcode-27.0.0-Release.Candidate.app/Contents/Developer/Platforms/WatchOS.platform/Developer/SDKs/WatchOS27.0.sdk --xcode-version 27A266a --platform-family watchOS --deployment-target 9.0 --bundle-identifier postgres-nio.PostgresNIO --output /Users/admin/builder/spi-builder-workspace/.derivedData/Build/Products/Debug-watchos/PostgresNIO.appintents --target-triple arm64-apple-watchos9.0 --target-triple arm64_32-apple-watchos9.0 --binary-file /Users/admin/builder/spi-builder-workspace/.derivedData/Build/Products/Debug-watchos/PostgresNIO.o --dependency-file /Users/admin/builder/spi-builder-workspace/.derivedData/Build/Intermediates.noindex/postgres-nio.build/Debug-watchos/PostgresNIO-t.build/Objects-normal/arm64/PostgresNIO_dependency_info.dat --dependency-file /Users/admin/builder/spi-builder-workspace/.derivedData/Build/Intermediates.noindex/postgres-nio.build/Debug-watchos/PostgresNIO-t.build/Objects-normal/arm64_32/PostgresNIO_dependency_info.dat --stringsdata-file /Users/admin/builder/spi-builder-workspace/.derivedData/Build/Intermediates.noindex/postgres-nio.build/Debug-watchos/PostgresNIO-t.build/Objects-normal/arm64/ExtractedAppShortcutsMetadata.stringsdata --stringsdata-file /Users/admin/builder/spi-builder-workspace/.derivedData/Build/Intermediates.noindex/postgres-nio.build/Debug-watchos/PostgresNIO-t.build/Objects-normal/arm64_32/ExtractedAppShortcutsMetadata.stringsdata --source-file-list /Users/admin/builder/spi-builder-workspace/.derivedData/Build/Intermediates.noindex/postgres-nio.build/Debug-watchos/PostgresNIO-t.build/Objects-normal/arm64/PostgresNIO.SwiftFileList --source-file-list /Users/admin/builder/spi-builder-workspace/.derivedData/Build/Intermediates.noindex/postgres-nio.build/Debug-watchos/PostgresNIO-t.build/Objects-normal/arm64_32/PostgresNIO.SwiftFileList --metadata-file-list /Users/admin/builder/spi-builder-workspace/.derivedData/Build/Intermediates.noindex/postgres-nio.build/Debug-watchos/PostgresNIO-t.build/PostgresNIO.DependencyMetadataFileList --static-metadata-file-list /Users/admin/builder/spi-builder-workspace/.derivedData/Build/Intermediates.noindex/postgres-nio.build/Debug-watchos/PostgresNIO-t.build/PostgresNIO.DependencyStaticMetadataFileList --swift-const-vals-list /Users/admin/builder/spi-builder-workspace/.derivedData/Build/Intermediates.noindex/postgres-nio.build/Debug-watchos/PostgresNIO-t.build/Objects-normal/arm64/PostgresNIO.SwiftConstValuesFileList --swift-const-vals-list /Users/admin/builder/spi-builder-workspace/.derivedData/Build/Intermediates.noindex/postgres-nio.build/Debug-watchos/PostgresNIO-t.build/Objects-normal/arm64_32/PostgresNIO.SwiftConstValuesFileList --force --compile-time-extraction --deployment-aware-processing --no-app-shortcuts-localization
2026-09-24 20:50:59.967 appintentsmetadataprocessor[8768:33712] Starting appintentsmetadataprocessor export
2026-09-24 20:51:00.073 appintentsmetadataprocessor[8768:33712] Extracted no relevant App Intents symbols, skipping writing output
Ld /Users/admin/builder/spi-builder-workspace/.derivedData/Build/Intermediates.noindex/fluent-kit.build/Debug-watchos/FluentSQL-t.build/Objects-normal/arm64_32/Binary/FluentSQL.o normal arm64_32 (in target 'FluentSQL' from project 'fluent-kit')
    cd /Users/admin/builder/spi-builder-workspace/.dependencies/checkouts/fluent-kit
    /Applications/Xcode-27.0.0-Release.Candidate.app/Contents/Developer/Toolchains/XcodeDefault.xctoolchain/usr/bin/clang -Xlinker -reproducible -target arm64_32-apple-watchos9.0 -r -isysroot /Applications/Xcode-27.0.0-Release.Candidate.app/Contents/Developer/Platforms/WatchOS.platform/Developer/SDKs/WatchOS27.0.sdk -O0 -w -Xlinker -no_warn_duplicate_libraries -F/Users/admin/builder/spi-builder-workspace/.derivedData/Build/Intermediates.noindex/EagerLinkingTBDs/Debug-watchos -F/Users/admin/builder/spi-builder-workspace/.derivedData/Build/Products/Debug-watchos/PackageFrameworks -F/Users/admin/builder/spi-builder-workspace/.derivedData/Build/Products/Debug-watchos -iframework /Applications/Xcode-27.0.0-Release.Candidate.app/Contents/Developer/Platforms/WatchOS.platform/Developer/Library/Frameworks -iframework /Applications/Xcode-27.0.0-Release.Candidate.app/Contents/Developer/Platforms/WatchOS.platform/Developer/SDKs/WatchOS27.0.sdk/Developer/Library/Frameworks -filelist /Users/admin/builder/spi-builder-workspace/.derivedData/Build/Intermediates.noindex/fluent-kit.build/Debug-watchos/FluentSQL-t.build/Objects-normal/arm64_32/FluentSQL.LinkFileList -nostdlib -Xlinker -object_path_lto -Xlinker /Users/admin/builder/spi-builder-workspace/.derivedData/Build/Intermediates.noindex/fluent-kit.build/Debug-watchos/FluentSQL-t.build/Objects-normal/arm64_32/FluentSQL_lto.o -Xlinker -no_deduplicate -Xlinker -debug_variant -Xlinker -dependency_info -Xlinker /Users/admin/builder/spi-builder-workspace/.derivedData/Build/Intermediates.noindex/fluent-kit.build/Debug-watchos/FluentSQL-t.build/Objects-normal/arm64_32/FluentSQL_dependency_info.dat -fobjc-link-runtime -L/Applications/Xcode-27.0.0-Release.Candidate.app/Contents/Developer/Toolchains/XcodeDefault.xctoolchain/usr/lib/swift/watchos -L/usr/lib/swift -Xlinker -add_ast_path -Xlinker /Users/admin/builder/spi-builder-workspace/.derivedData/Build/Intermediates.noindex/fluent-kit.build/Debug-watchos/FluentSQL-t.build/Objects-normal/arm64_32/FluentSQL.swiftmodule -o /Users/admin/builder/spi-builder-workspace/.derivedData/Build/Intermediates.noindex/fluent-kit.build/Debug-watchos/FluentSQL-t.build/Objects-normal/arm64_32/Binary/FluentSQL.o
Ld /Users/admin/builder/spi-builder-workspace/.derivedData/Build/Intermediates.noindex/fluent-kit.build/Debug-watchos/FluentSQL-t.build/Objects-normal/arm64/Binary/FluentSQL.o normal arm64 (in target 'FluentSQL' from project 'fluent-kit')
    cd /Users/admin/builder/spi-builder-workspace/.dependencies/checkouts/fluent-kit
    /Applications/Xcode-27.0.0-Release.Candidate.app/Contents/Developer/Toolchains/XcodeDefault.xctoolchain/usr/bin/clang -Xlinker -reproducible -target arm64-apple-watchos9.0 -r -isysroot /Applications/Xcode-27.0.0-Release.Candidate.app/Contents/Developer/Platforms/WatchOS.platform/Developer/SDKs/WatchOS27.0.sdk -O0 -w -Xlinker -no_warn_duplicate_libraries -F/Users/admin/builder/spi-builder-workspace/.derivedData/Build/Intermediates.noindex/EagerLinkingTBDs/Debug-watchos -F/Users/admin/builder/spi-builder-workspace/.derivedData/Build/Products/Debug-watchos/PackageFrameworks -F/Users/admin/builder/spi-builder-workspace/.derivedData/Build/Products/Debug-watchos -iframework /Applications/Xcode-27.0.0-Release.Candidate.app/Contents/Developer/Platforms/WatchOS.platform/Developer/Library/Frameworks -iframework /Applications/Xcode-27.0.0-Release.Candidate.app/Contents/Developer/Platforms/WatchOS.platform/Developer/SDKs/WatchOS27.0.sdk/Developer/Library/Frameworks -filelist /Users/admin/builder/spi-builder-workspace/.derivedData/Build/Intermediates.noindex/fluent-kit.build/Debug-watchos/FluentSQL-t.build/Objects-normal/arm64/FluentSQL.LinkFileList -nostdlib -Xlinker -object_path_lto -Xlinker /Users/admin/builder/spi-builder-workspace/.derivedData/Build/Intermediates.noindex/fluent-kit.build/Debug-watchos/FluentSQL-t.build/Objects-normal/arm64/FluentSQL_lto.o -Xlinker -no_deduplicate -Xlinker -debug_variant -Xlinker -dependency_info -Xlinker /Users/admin/builder/spi-builder-workspace/.derivedData/Build/Intermediates.noindex/fluent-kit.build/Debug-watchos/FluentSQL-t.build/Objects-normal/arm64/FluentSQL_dependency_info.dat -fobjc-link-runtime -L/Applications/Xcode-27.0.0-Release.Candidate.app/Contents/Developer/Toolchains/XcodeDefault.xctoolchain/usr/lib/swift/watchos -L/usr/lib/swift -Xlinker -add_ast_path -Xlinker /Users/admin/builder/spi-builder-workspace/.derivedData/Build/Intermediates.noindex/fluent-kit.build/Debug-watchos/FluentSQL-t.build/Objects-normal/arm64/FluentSQL.swiftmodule -o /Users/admin/builder/spi-builder-workspace/.derivedData/Build/Intermediates.noindex/fluent-kit.build/Debug-watchos/FluentSQL-t.build/Objects-normal/arm64/Binary/FluentSQL.o
Ld /Users/admin/builder/spi-builder-workspace/.derivedData/Build/Intermediates.noindex/DNSClient.build/Debug-watchos/DNSClient-t.build/Objects-normal/arm64_32/Binary/DNSClient.o normal arm64_32 (in target 'DNSClient' from project 'DNSClient')
    cd /Users/admin/builder/spi-builder-workspace/.dependencies/checkouts/DNSClient
    /Applications/Xcode-27.0.0-Release.Candidate.app/Contents/Developer/Toolchains/XcodeDefault.xctoolchain/usr/bin/clang -Xlinker -reproducible -target arm64_32-apple-watchos9.0 -r -isysroot /Applications/Xcode-27.0.0-Release.Candidate.app/Contents/Developer/Platforms/WatchOS.platform/Developer/SDKs/WatchOS27.0.sdk -O0 -w -Xlinker -no_warn_duplicate_libraries -F/Users/admin/builder/spi-builder-workspace/.derivedData/Build/Intermediates.noindex/EagerLinkingTBDs/Debug-watchos -F/Users/admin/builder/spi-builder-workspace/.derivedData/Build/Products/Debug-watchos/PackageFrameworks -F/Users/admin/builder/spi-builder-workspace/.derivedData/Build/Products/Debug-watchos -iframework /Applications/Xcode-27.0.0-Release.Candidate.app/Contents/Developer/Platforms/WatchOS.platform/Developer/Library/Frameworks -iframework /Applications/Xcode-27.0.0-Release.Candidate.app/Contents/Developer/Platforms/WatchOS.platform/Developer/SDKs/WatchOS27.0.sdk/Developer/Library/Frameworks -filelist /Users/admin/builder/spi-builder-workspace/.derivedData/Build/Intermediates.noindex/DNSClient.build/Debug-watchos/DNSClient-t.build/Objects-normal/arm64_32/DNSClient.LinkFileList -nostdlib -Xlinker -object_path_lto -Xlinker /Users/admin/builder/spi-builder-workspace/.derivedData/Build/Intermediates.noindex/DNSClient.build/Debug-watchos/DNSClient-t.build/Objects-normal/arm64_32/DNSClient_lto.o -Xlinker -no_deduplicate -Xlinker -debug_variant -Xlinker -dependency_info -Xlinker /Users/admin/builder/spi-builder-workspace/.derivedData/Build/Intermediates.noindex/DNSClient.build/Debug-watchos/DNSClient-t.build/Objects-normal/arm64_32/DNSClient_dependency_info.dat -fobjc-link-runtime -L/Applications/Xcode-27.0.0-Release.Candidate.app/Contents/Developer/Toolchains/XcodeDefault.xctoolchain/usr/lib/swift/watchos -L/usr/lib/swift -Xlinker -add_ast_path -Xlinker /Users/admin/builder/spi-builder-workspace/.derivedData/Build/Intermediates.noindex/DNSClient.build/Debug-watchos/DNSClient-t.build/Objects-normal/arm64_32/DNSClient.swiftmodule -o /Users/admin/builder/spi-builder-workspace/.derivedData/Build/Intermediates.noindex/DNSClient.build/Debug-watchos/DNSClient-t.build/Objects-normal/arm64_32/Binary/DNSClient.o
Ld /Users/admin/builder/spi-builder-workspace/.derivedData/Build/Intermediates.noindex/DNSClient.build/Debug-watchos/DNSClient-t.build/Objects-normal/arm64/Binary/DNSClient.o normal arm64 (in target 'DNSClient' from project 'DNSClient')
    cd /Users/admin/builder/spi-builder-workspace/.dependencies/checkouts/DNSClient
    /Applications/Xcode-27.0.0-Release.Candidate.app/Contents/Developer/Toolchains/XcodeDefault.xctoolchain/usr/bin/clang -Xlinker -reproducible -target arm64-apple-watchos9.0 -r -isysroot /Applications/Xcode-27.0.0-Release.Candidate.app/Contents/Developer/Platforms/WatchOS.platform/Developer/SDKs/WatchOS27.0.sdk -O0 -w -Xlinker -no_warn_duplicate_libraries -F/Users/admin/builder/spi-builder-workspace/.derivedData/Build/Intermediates.noindex/EagerLinkingTBDs/Debug-watchos -F/Users/admin/builder/spi-builder-workspace/.derivedData/Build/Products/Debug-watchos/PackageFrameworks -F/Users/admin/builder/spi-builder-workspace/.derivedData/Build/Products/Debug-watchos -iframework /Applications/Xcode-27.0.0-Release.Candidate.app/Contents/Developer/Platforms/WatchOS.platform/Developer/Library/Frameworks -iframework /Applications/Xcode-27.0.0-Release.Candidate.app/Contents/Developer/Platforms/WatchOS.platform/Developer/SDKs/WatchOS27.0.sdk/Developer/Library/Frameworks -filelist /Users/admin/builder/spi-builder-workspace/.derivedData/Build/Intermediates.noindex/DNSClient.build/Debug-watchos/DNSClient-t.build/Objects-normal/arm64/DNSClient.LinkFileList -nostdlib -Xlinker -object_path_lto -Xlinker /Users/admin/builder/spi-builder-workspace/.derivedData/Build/Intermediates.noindex/DNSClient.build/Debug-watchos/DNSClient-t.build/Objects-normal/arm64/DNSClient_lto.o -Xlinker -no_deduplicate -Xlinker -debug_variant -Xlinker -dependency_info -Xlinker /Users/admin/builder/spi-builder-workspace/.derivedData/Build/Intermediates.noindex/DNSClient.build/Debug-watchos/DNSClient-t.build/Objects-normal/arm64/DNSClient_dependency_info.dat -fobjc-link-runtime -L/Applications/Xcode-27.0.0-Release.Candidate.app/Contents/Developer/Toolchains/XcodeDefault.xctoolchain/usr/lib/swift/watchos -L/usr/lib/swift -Xlinker -add_ast_path -Xlinker /Users/admin/builder/spi-builder-workspace/.derivedData/Build/Intermediates.noindex/DNSClient.build/Debug-watchos/DNSClient-t.build/Objects-normal/arm64/DNSClient.swiftmodule -o /Users/admin/builder/spi-builder-workspace/.derivedData/Build/Intermediates.noindex/DNSClient.build/Debug-watchos/DNSClient-t.build/Objects-normal/arm64/Binary/DNSClient.o
CreateUniversalBinary /Users/admin/builder/spi-builder-workspace/.derivedData/Build/Products/Debug-watchos/FluentSQL.o normal arm64\ arm64_32 (in target 'FluentSQL' from project 'fluent-kit')
    cd /Users/admin/builder/spi-builder-workspace/.dependencies/checkouts/fluent-kit
    /Applications/Xcode-27.0.0-Release.Candidate.app/Contents/Developer/Toolchains/XcodeDefault.xctoolchain/usr/bin/lipo -create /Users/admin/builder/spi-builder-workspace/.derivedData/Build/Intermediates.noindex/fluent-kit.build/Debug-watchos/FluentSQL-t.build/Objects-normal/arm64/Binary/FluentSQL.o /Users/admin/builder/spi-builder-workspace/.derivedData/Build/Intermediates.noindex/fluent-kit.build/Debug-watchos/FluentSQL-t.build/Objects-normal/arm64_32/Binary/FluentSQL.o -output /Users/admin/builder/spi-builder-workspace/.derivedData/Build/Products/Debug-watchos/FluentSQL.o
CreateUniversalBinary /Users/admin/builder/spi-builder-workspace/.derivedData/Build/Products/Debug-watchos/DNSClient.o normal arm64\ arm64_32 (in target 'DNSClient' from project 'DNSClient')
    cd /Users/admin/builder/spi-builder-workspace/.dependencies/checkouts/DNSClient
    /Applications/Xcode-27.0.0-Release.Candidate.app/Contents/Developer/Toolchains/XcodeDefault.xctoolchain/usr/bin/lipo -create /Users/admin/builder/spi-builder-workspace/.derivedData/Build/Intermediates.noindex/DNSClient.build/Debug-watchos/DNSClient-t.build/Objects-normal/arm64/Binary/DNSClient.o /Users/admin/builder/spi-builder-workspace/.derivedData/Build/Intermediates.noindex/DNSClient.build/Debug-watchos/DNSClient-t.build/Objects-normal/arm64_32/Binary/DNSClient.o -output /Users/admin/builder/spi-builder-workspace/.derivedData/Build/Products/Debug-watchos/DNSClient.o
ExtractAppIntentsMetadata (in target 'FluentSQL' from project 'fluent-kit')
    cd /Users/admin/builder/spi-builder-workspace/.dependencies/checkouts/fluent-kit
    /Applications/Xcode-27.0.0-Release.Candidate.app/Contents/Developer/Toolchains/XcodeDefault.xctoolchain/usr/bin/appintentsmetadataprocessor --toolchain-dir /var/run/com.apple.security.cryptexd/mnt/com.apple.MobileAsset.MetalToolchain-v27.1.266.1.EgjvIp/Metal.xctoolchain --module-name FluentSQL --sdk-root /Applications/Xcode-27.0.0-Release.Candidate.app/Contents/Developer/Platforms/WatchOS.platform/Developer/SDKs/WatchOS27.0.sdk --xcode-version 27A266a --platform-family watchOS --deployment-target 9.0 --bundle-identifier fluent-kit.FluentSQL --output /Users/admin/builder/spi-builder-workspace/.derivedData/Build/Products/Debug-watchos/FluentSQL.appintents --target-triple arm64-apple-watchos9.0 --target-triple arm64_32-apple-watchos9.0 --binary-file /Users/admin/builder/spi-builder-workspace/.derivedData/Build/Products/Debug-watchos/FluentSQL.o --dependency-file /Users/admin/builder/spi-builder-workspace/.derivedData/Build/Intermediates.noindex/fluent-kit.build/Debug-watchos/FluentSQL-t.build/Objects-normal/arm64/FluentSQL_dependency_info.dat --dependency-file /Users/admin/builder/spi-builder-workspace/.derivedData/Build/Intermediates.noindex/fluent-kit.build/Debug-watchos/FluentSQL-t.build/Objects-normal/arm64_32/FluentSQL_dependency_info.dat --stringsdata-file /Users/admin/builder/spi-builder-workspace/.derivedData/Build/Intermediates.noindex/fluent-kit.build/Debug-watchos/FluentSQL-t.build/Objects-normal/arm64/ExtractedAppShortcutsMetadata.stringsdata --stringsdata-file /Users/admin/builder/spi-builder-workspace/.derivedData/Build/Intermediates.noindex/fluent-kit.build/Debug-watchos/FluentSQL-t.build/Objects-normal/arm64_32/ExtractedAppShortcutsMetadata.stringsdata --source-file-list /Users/admin/builder/spi-builder-workspace/.derivedData/Build/Intermediates.noindex/fluent-kit.build/Debug-watchos/FluentSQL-t.build/Objects-normal/arm64/FluentSQL.SwiftFileList --source-file-list /Users/admin/builder/spi-builder-workspace/.derivedData/Build/Intermediates.noindex/fluent-kit.build/Debug-watchos/FluentSQL-t.build/Objects-normal/arm64_32/FluentSQL.SwiftFileList --metadata-file-list /Users/admin/builder/spi-builder-workspace/.derivedData/Build/Intermediates.noindex/fluent-kit.build/Debug-watchos/FluentSQL-t.build/FluentSQL.DependencyMetadataFileList --static-metadata-file-list /Users/admin/builder/spi-builder-workspace/.derivedData/Build/Intermediates.noindex/fluent-kit.build/Debug-watchos/FluentSQL-t.build/FluentSQL.DependencyStaticMetadataFileList --swift-const-vals-list /Users/admin/builder/spi-builder-workspace/.derivedData/Build/Intermediates.noindex/fluent-kit.build/Debug-watchos/FluentSQL-t.build/Objects-normal/arm64/FluentSQL.SwiftConstValuesFileList --swift-const-vals-list /Users/admin/builder/spi-builder-workspace/.derivedData/Build/Intermediates.noindex/fluent-kit.build/Debug-watchos/FluentSQL-t.build/Objects-normal/arm64_32/FluentSQL.SwiftConstValuesFileList --force --compile-time-extraction --deployment-aware-processing --no-app-shortcuts-localization
2026-09-24 20:51:00.158 appintentsmetadataprocessor[8779:33791] Starting appintentsmetadataprocessor export
2026-09-24 20:51:00.239 appintentsmetadataprocessor[8779:33791] Extracted no relevant App Intents symbols, skipping writing output
Ld /Users/admin/builder/spi-builder-workspace/.derivedData/Build/Intermediates.noindex/postgres-kit.build/Debug-watchos/PostgresKit-t.build/Objects-normal/arm64_32/Binary/PostgresKit.o normal arm64_32 (in target 'PostgresKit' from project 'postgres-kit')
    cd /Users/admin/builder/spi-builder-workspace/.dependencies/checkouts/postgres-kit
    /Applications/Xcode-27.0.0-Release.Candidate.app/Contents/Developer/Toolchains/XcodeDefault.xctoolchain/usr/bin/clang -Xlinker -reproducible -target arm64_32-apple-watchos9.0 -r -isysroot /Applications/Xcode-27.0.0-Release.Candidate.app/Contents/Developer/Platforms/WatchOS.platform/Developer/SDKs/WatchOS27.0.sdk -O0 -w -Xlinker -no_warn_duplicate_libraries -F/Users/admin/builder/spi-builder-workspace/.derivedData/Build/Intermediates.noindex/EagerLinkingTBDs/Debug-watchos -F/Users/admin/builder/spi-builder-workspace/.derivedData/Build/Products/Debug-watchos/PackageFrameworks -F/Users/admin/builder/spi-builder-workspace/.derivedData/Build/Products/Debug-watchos -iframework /Applications/Xcode-27.0.0-Release.Candidate.app/Contents/Developer/Platforms/WatchOS.platform/Developer/Library/Frameworks -iframework /Applications/Xcode-27.0.0-Release.Candidate.app/Contents/Developer/Platforms/WatchOS.platform/Developer/SDKs/WatchOS27.0.sdk/Developer/Library/Frameworks -filelist /Users/admin/builder/spi-builder-workspace/.derivedData/Build/Intermediates.noindex/postgres-kit.build/Debug-watchos/PostgresKit-t.build/Objects-normal/arm64_32/PostgresKit.LinkFileList -nostdlib -Xlinker -object_path_lto -Xlinker /Users/admin/builder/spi-builder-workspace/.derivedData/Build/Intermediates.noindex/postgres-kit.build/Debug-watchos/PostgresKit-t.build/Objects-normal/arm64_32/PostgresKit_lto.o -Xlinker -no_deduplicate -Xlinker -debug_variant -Xlinker -dependency_info -Xlinker /Users/admin/builder/spi-builder-workspace/.derivedData/Build/Intermediates.noindex/postgres-kit.build/Debug-watchos/PostgresKit-t.build/Objects-normal/arm64_32/PostgresKit_dependency_info.dat -fobjc-link-runtime -L/Applications/Xcode-27.0.0-Release.Candidate.app/Contents/Developer/Toolchains/XcodeDefault.xctoolchain/usr/lib/swift/watchos -L/usr/lib/swift -Xlinker -add_ast_path -Xlinker /Users/admin/builder/spi-builder-workspace/.derivedData/Build/Intermediates.noindex/postgres-kit.build/Debug-watchos/PostgresKit-t.build/Objects-normal/arm64_32/PostgresKit.swiftmodule -o /Users/admin/builder/spi-builder-workspace/.derivedData/Build/Intermediates.noindex/postgres-kit.build/Debug-watchos/PostgresKit-t.build/Objects-normal/arm64_32/Binary/PostgresKit.o
Ld /Users/admin/builder/spi-builder-workspace/.derivedData/Build/Intermediates.noindex/postgres-kit.build/Debug-watchos/PostgresKit-t.build/Objects-normal/arm64/Binary/PostgresKit.o normal arm64 (in target 'PostgresKit' from project 'postgres-kit')
    cd /Users/admin/builder/spi-builder-workspace/.dependencies/checkouts/postgres-kit
    /Applications/Xcode-27.0.0-Release.Candidate.app/Contents/Developer/Toolchains/XcodeDefault.xctoolchain/usr/bin/clang -Xlinker -reproducible -target arm64-apple-watchos9.0 -r -isysroot /Applications/Xcode-27.0.0-Release.Candidate.app/Contents/Developer/Platforms/WatchOS.platform/Developer/SDKs/WatchOS27.0.sdk -O0 -w -Xlinker -no_warn_duplicate_libraries -F/Users/admin/builder/spi-builder-workspace/.derivedData/Build/Intermediates.noindex/EagerLinkingTBDs/Debug-watchos -F/Users/admin/builder/spi-builder-workspace/.derivedData/Build/Products/Debug-watchos/PackageFrameworks -F/Users/admin/builder/spi-builder-workspace/.derivedData/Build/Products/Debug-watchos -iframework /Applications/Xcode-27.0.0-Release.Candidate.app/Contents/Developer/Platforms/WatchOS.platform/Developer/Library/Frameworks -iframework /Applications/Xcode-27.0.0-Release.Candidate.app/Contents/Developer/Platforms/WatchOS.platform/Developer/SDKs/WatchOS27.0.sdk/Developer/Library/Frameworks -filelist /Users/admin/builder/spi-builder-workspace/.derivedData/Build/Intermediates.noindex/postgres-kit.build/Debug-watchos/PostgresKit-t.build/Objects-normal/arm64/PostgresKit.LinkFileList -nostdlib -Xlinker -object_path_lto -Xlinker /Users/admin/builder/spi-builder-workspace/.derivedData/Build/Intermediates.noindex/postgres-kit.build/Debug-watchos/PostgresKit-t.build/Objects-normal/arm64/PostgresKit_lto.o -Xlinker -no_deduplicate -Xlinker -debug_variant -Xlinker -dependency_info -Xlinker /Users/admin/builder/spi-builder-workspace/.derivedData/Build/Intermediates.noindex/postgres-kit.build/Debug-watchos/PostgresKit-t.build/Objects-normal/arm64/PostgresKit_dependency_info.dat -fobjc-link-runtime -L/Applications/Xcode-27.0.0-Release.Candidate.app/Contents/Developer/Toolchains/XcodeDefault.xctoolchain/usr/lib/swift/watchos -L/usr/lib/swift -Xlinker -add_ast_path -Xlinker /Users/admin/builder/spi-builder-workspace/.derivedData/Build/Intermediates.noindex/postgres-kit.build/Debug-watchos/PostgresKit-t.build/Objects-normal/arm64/PostgresKit.swiftmodule -o /Users/admin/builder/spi-builder-workspace/.derivedData/Build/Intermediates.noindex/postgres-kit.build/Debug-watchos/PostgresKit-t.build/Objects-normal/arm64/Binary/PostgresKit.o
CreateUniversalBinary /Users/admin/builder/spi-builder-workspace/.derivedData/Build/Products/Debug-watchos/PostgresKit.o normal arm64\ arm64_32 (in target 'PostgresKit' from project 'postgres-kit')
    cd /Users/admin/builder/spi-builder-workspace/.dependencies/checkouts/postgres-kit
    /Applications/Xcode-27.0.0-Release.Candidate.app/Contents/Developer/Toolchains/XcodeDefault.xctoolchain/usr/bin/lipo -create /Users/admin/builder/spi-builder-workspace/.derivedData/Build/Intermediates.noindex/postgres-kit.build/Debug-watchos/PostgresKit-t.build/Objects-normal/arm64/Binary/PostgresKit.o /Users/admin/builder/spi-builder-workspace/.derivedData/Build/Intermediates.noindex/postgres-kit.build/Debug-watchos/PostgresKit-t.build/Objects-normal/arm64_32/Binary/PostgresKit.o -output /Users/admin/builder/spi-builder-workspace/.derivedData/Build/Products/Debug-watchos/PostgresKit.o
ExtractAppIntentsMetadata (in target 'PostgresKit' from project 'postgres-kit')
    cd /Users/admin/builder/spi-builder-workspace/.dependencies/checkouts/postgres-kit
    /Applications/Xcode-27.0.0-Release.Candidate.app/Contents/Developer/Toolchains/XcodeDefault.xctoolchain/usr/bin/appintentsmetadataprocessor --toolchain-dir /var/run/com.apple.security.cryptexd/mnt/com.apple.MobileAsset.MetalToolchain-v27.1.266.1.EgjvIp/Metal.xctoolchain --module-name PostgresKit --sdk-root /Applications/Xcode-27.0.0-Release.Candidate.app/Contents/Developer/Platforms/WatchOS.platform/Developer/SDKs/WatchOS27.0.sdk --xcode-version 27A266a --platform-family watchOS --deployment-target 9.0 --bundle-identifier postgres-kit.PostgresKit --output /Users/admin/builder/spi-builder-workspace/.derivedData/Build/Products/Debug-watchos/PostgresKit.appintents --target-triple arm64-apple-watchos9.0 --target-triple arm64_32-apple-watchos9.0 --binary-file /Users/admin/builder/spi-builder-workspace/.derivedData/Build/Products/Debug-watchos/PostgresKit.o --dependency-file /Users/admin/builder/spi-builder-workspace/.derivedData/Build/Intermediates.noindex/postgres-kit.build/Debug-watchos/PostgresKit-t.build/Objects-normal/arm64/PostgresKit_dependency_info.dat --dependency-file /Users/admin/builder/spi-builder-workspace/.derivedData/Build/Intermediates.noindex/postgres-kit.build/Debug-watchos/PostgresKit-t.build/Objects-normal/arm64_32/PostgresKit_dependency_info.dat --stringsdata-file /Users/admin/builder/spi-builder-workspace/.derivedData/Build/Intermediates.noindex/postgres-kit.build/Debug-watchos/PostgresKit-t.build/Objects-normal/arm64/ExtractedAppShortcutsMetadata.stringsdata --stringsdata-file /Users/admin/builder/spi-builder-workspace/.derivedData/Build/Intermediates.noindex/postgres-kit.build/Debug-watchos/PostgresKit-t.build/Objects-normal/arm64_32/ExtractedAppShortcutsMetadata.stringsdata --source-file-list /Users/admin/builder/spi-builder-workspace/.derivedData/Build/Intermediates.noindex/postgres-kit.build/Debug-watchos/PostgresKit-t.build/Objects-normal/arm64/PostgresKit.SwiftFileList --source-file-list /Users/admin/builder/spi-builder-workspace/.derivedData/Build/Intermediates.noindex/postgres-kit.build/Debug-watchos/PostgresKit-t.build/Objects-normal/arm64_32/PostgresKit.SwiftFileList --metadata-file-list /Users/admin/builder/spi-builder-workspace/.derivedData/Build/Intermediates.noindex/postgres-kit.build/Debug-watchos/PostgresKit-t.build/PostgresKit.DependencyMetadataFileList --static-metadata-file-list /Users/admin/builder/spi-builder-workspace/.derivedData/Build/Intermediates.noindex/postgres-kit.build/Debug-watchos/PostgresKit-t.build/PostgresKit.DependencyStaticMetadataFileList --swift-const-vals-list /Users/admin/builder/spi-builder-workspace/.derivedData/Build/Intermediates.noindex/postgres-kit.build/Debug-watchos/PostgresKit-t.build/Objects-normal/arm64/PostgresKit.SwiftConstValuesFileList --swift-const-vals-list /Users/admin/builder/spi-builder-workspace/.derivedData/Build/Intermediates.noindex/postgres-kit.build/Debug-watchos/PostgresKit-t.build/Objects-normal/arm64_32/PostgresKit.SwiftConstValuesFileList --force --compile-time-extraction --deployment-aware-processing --no-app-shortcuts-localization
2026-09-24 20:51:00.242 appintentsmetadataprocessor[8785:33819] Starting appintentsmetadataprocessor export
2026-09-24 20:51:00.308 appintentsmetadataprocessor[8785:33819] Extracted no relevant App Intents symbols, skipping writing output
ExtractAppIntentsMetadata (in target 'DNSClient' from project 'DNSClient')
    cd /Users/admin/builder/spi-builder-workspace/.dependencies/checkouts/DNSClient
    /Applications/Xcode-27.0.0-Release.Candidate.app/Contents/Developer/Toolchains/XcodeDefault.xctoolchain/usr/bin/appintentsmetadataprocessor --toolchain-dir /var/run/com.apple.security.cryptexd/mnt/com.apple.MobileAsset.MetalToolchain-v27.1.266.1.EgjvIp/Metal.xctoolchain --module-name DNSClient --sdk-root /Applications/Xcode-27.0.0-Release.Candidate.app/Contents/Developer/Platforms/WatchOS.platform/Developer/SDKs/WatchOS27.0.sdk --xcode-version 27A266a --platform-family watchOS --deployment-target 9.0 --bundle-identifier dnsclient.DNSClient --output /Users/admin/builder/spi-builder-workspace/.derivedData/Build/Products/Debug-watchos/DNSClient.appintents --target-triple arm64-apple-watchos9.0 --target-triple arm64_32-apple-watchos9.0 --binary-file /Users/admin/builder/spi-builder-workspace/.derivedData/Build/Products/Debug-watchos/DNSClient.o --dependency-file /Users/admin/builder/spi-builder-workspace/.derivedData/Build/Intermediates.noindex/DNSClient.build/Debug-watchos/DNSClient-t.build/Objects-normal/arm64/DNSClient_dependency_info.dat --dependency-file /Users/admin/builder/spi-builder-workspace/.derivedData/Build/Intermediates.noindex/DNSClient.build/Debug-watchos/DNSClient-t.build/Objects-normal/arm64_32/DNSClient_dependency_info.dat --stringsdata-file /Users/admin/builder/spi-builder-workspace/.derivedData/Build/Intermediates.noindex/DNSClient.build/Debug-watchos/DNSClient-t.build/Objects-normal/arm64/ExtractedAppShortcutsMetadata.stringsdata --stringsdata-file /Users/admin/builder/spi-builder-workspace/.derivedData/Build/Intermediates.noindex/DNSClient.build/Debug-watchos/DNSClient-t.build/Objects-normal/arm64_32/ExtractedAppShortcutsMetadata.stringsdata --source-file-list /Users/admin/builder/spi-builder-workspace/.derivedData/Build/Intermediates.noindex/DNSClient.build/Debug-watchos/DNSClient-t.build/Objects-normal/arm64/DNSClient.SwiftFileList --source-file-list /Users/admin/builder/spi-builder-workspace/.derivedData/Build/Intermediates.noindex/DNSClient.build/Debug-watchos/DNSClient-t.build/Objects-normal/arm64_32/DNSClient.SwiftFileList --metadata-file-list /Users/admin/builder/spi-builder-workspace/.derivedData/Build/Intermediates.noindex/DNSClient.build/Debug-watchos/DNSClient-t.build/DNSClient.DependencyMetadataFileList --static-metadata-file-list /Users/admin/builder/spi-builder-workspace/.derivedData/Build/Intermediates.noindex/DNSClient.build/Debug-watchos/DNSClient-t.build/DNSClient.DependencyStaticMetadataFileList --swift-const-vals-list /Users/admin/builder/spi-builder-workspace/.derivedData/Build/Intermediates.noindex/DNSClient.build/Debug-watchos/DNSClient-t.build/Objects-normal/arm64/DNSClient.SwiftConstValuesFileList --swift-const-vals-list /Users/admin/builder/spi-builder-workspace/.derivedData/Build/Intermediates.noindex/DNSClient.build/Debug-watchos/DNSClient-t.build/Objects-normal/arm64_32/DNSClient.SwiftConstValuesFileList --force --compile-time-extraction --deployment-aware-processing --no-app-shortcuts-localization
2026-09-24 20:51:00.258 appintentsmetadataprocessor[8786:33820] Starting appintentsmetadataprocessor export
2026-09-24 20:51:00.325 appintentsmetadataprocessor[8786:33820] Extracted no relevant App Intents symbols, skipping writing output
SwiftCompile normal arm64_32 Compiling\ FluentPostgresError.swift /Users/admin/builder/spi-builder-workspace/.dependencies/checkouts/fluent-postgres-driver/Sources/FluentPostgresDriver/FluentPostgresError.swift (in target 'FluentPostgresDriver' from project 'fluent-postgres-driver')
SwiftCompile normal arm64_32 /Users/admin/builder/spi-builder-workspace/.dependencies/checkouts/fluent-postgres-driver/Sources/FluentPostgresDriver/FluentPostgresError.swift (in target 'FluentPostgresDriver' from project 'fluent-postgres-driver')
    cd /Users/admin/builder/spi-builder-workspace/.swiftpm/xcode
    builtin-SwiftPerFileCompile FluentPostgresError.swift
SwiftCompile normal arm64_32 Compiling\ Database+execute.swift,\ DatabaseID+PostgreSQL.swift /Users/admin/builder/spi-builder-workspace/.dependencies/checkouts/fluent-postgres-driver/Sources/FluentPostgresDriver/Database+execute.swift /Users/admin/builder/spi-builder-workspace/.dependencies/checkouts/fluent-postgres-driver/Sources/FluentPostgresDriver/DatabaseID+PostgreSQL.swift (in target 'FluentPostgresDriver' from project 'fluent-postgres-driver')
SwiftCompile normal arm64_32 /Users/admin/builder/spi-builder-workspace/.dependencies/checkouts/fluent-postgres-driver/Sources/FluentPostgresDriver/Database+execute.swift (in target 'FluentPostgresDriver' from project 'fluent-postgres-driver')
    cd /Users/admin/builder/spi-builder-workspace/.swiftpm/xcode
    builtin-SwiftPerFileCompile Database+execute.swift
SwiftCompile normal arm64_32 /Users/admin/builder/spi-builder-workspace/.dependencies/checkouts/fluent-postgres-driver/Sources/FluentPostgresDriver/DatabaseID+PostgreSQL.swift (in target 'FluentPostgresDriver' from project 'fluent-postgres-driver')
    cd /Users/admin/builder/spi-builder-workspace/.swiftpm/xcode
    builtin-SwiftPerFileCompile DatabaseID+PostgreSQL.swift
SwiftEmitModule normal arm64_32 Emitting\ module\ for\ FluentPostgresDriver (in target 'FluentPostgresDriver' from project 'fluent-postgres-driver')
SwiftCompile normal arm64_32 (in target 'FluentPostgresDriver' from project 'fluent-postgres-driver')
    cd /Users/admin/builder/spi-builder-workspace/.swiftpm/xcode

SwiftCompile normal arm64_32 Compiling\ FluentPostgresClientConfiguration.swift,\ FluentPostgresClientDatabase.swift /Users/admin/builder/spi-builder-workspace/.dependencies/checkouts/fluent-postgres-driver/Sources/FluentPostgresDriver/FluentPostgresClientConfiguration.swift /Users/admin/builder/spi-builder-workspace/.dependencies/checkouts/fluent-postgres-driver/Sources/FluentPostgresDriver/FluentPostgresClientDatabase.swift (in target 'FluentPostgresDriver' from project 'fluent-postgres-driver')
SwiftCompile normal arm64_32 /Users/admin/builder/spi-builder-workspace/.dependencies/checkouts/fluent-postgres-driver/Sources/FluentPostgresDriver/FluentPostgresClientConfiguration.swift (in target 'FluentPostgresDriver' from project 'fluent-postgres-driver')
    cd /Users/admin/builder/spi-builder-workspace/.swiftpm/xcode
    builtin-SwiftPerFileCompile FluentPostgresClientConfiguration.swift
SwiftCompile normal arm64_32 /Users/admin/builder/spi-builder-workspace/.dependencies/checkouts/fluent-postgres-driver/Sources/FluentPostgresDriver/FluentPostgresClientDatabase.swift (in target 'FluentPostgresDriver' from project 'fluent-postgres-driver')
    cd /Users/admin/builder/spi-builder-workspace/.swiftpm/xcode
    builtin-SwiftPerFileCompile FluentPostgresClientDatabase.swift
SwiftEmitModule normal arm64 Emitting\ module\ for\ FluentPostgresDriver (in target 'FluentPostgresDriver' from project 'fluent-postgres-driver')
SwiftCompile normal arm64 (in target 'FluentPostgresDriver' from project 'fluent-postgres-driver')
    cd /Users/admin/builder/spi-builder-workspace/.swiftpm/xcode

SwiftDriverJobDiscovery normal arm64_32 Compiling FluentPostgresError.swift (in target 'FluentPostgresDriver' from project 'fluent-postgres-driver')
SwiftCompile normal arm64 Compiling\ PostgresConverterDelegate.swift /Users/admin/builder/spi-builder-workspace/.dependencies/checkouts/fluent-postgres-driver/Sources/FluentPostgresDriver/PostgresConverterDelegate.swift (in target 'FluentPostgresDriver' from project 'fluent-postgres-driver')
SwiftCompile normal arm64 /Users/admin/builder/spi-builder-workspace/.dependencies/checkouts/fluent-postgres-driver/Sources/FluentPostgresDriver/PostgresConverterDelegate.swift (in target 'FluentPostgresDriver' from project 'fluent-postgres-driver')
    cd /Users/admin/builder/spi-builder-workspace/.swiftpm/xcode
    builtin-SwiftPerFileCompile PostgresConverterDelegate.swift
SwiftCompile normal arm64 Compiling\ FluentPostgresClientDriver.swift,\ FluentPostgresConfiguration.swift /Users/admin/builder/spi-builder-workspace/.dependencies/checkouts/fluent-postgres-driver/Sources/FluentPostgresDriver/FluentPostgresClientDriver.swift /Users/admin/builder/spi-builder-workspace/.dependencies/checkouts/fluent-postgres-driver/Sources/FluentPostgresDriver/FluentPostgresConfiguration.swift (in target 'FluentPostgresDriver' from project 'fluent-postgres-driver')
SwiftCompile normal arm64 /Users/admin/builder/spi-builder-workspace/.dependencies/checkouts/fluent-postgres-driver/Sources/FluentPostgresDriver/FluentPostgresClientDriver.swift (in target 'FluentPostgresDriver' from project 'fluent-postgres-driver')
    cd /Users/admin/builder/spi-builder-workspace/.swiftpm/xcode
    builtin-SwiftPerFileCompile FluentPostgresClientDriver.swift
SwiftCompile normal arm64 /Users/admin/builder/spi-builder-workspace/.dependencies/checkouts/fluent-postgres-driver/Sources/FluentPostgresDriver/FluentPostgresConfiguration.swift (in target 'FluentPostgresDriver' from project 'fluent-postgres-driver')
    cd /Users/admin/builder/spi-builder-workspace/.swiftpm/xcode
    builtin-SwiftPerFileCompile FluentPostgresConfiguration.swift
SwiftDriverJobDiscovery normal arm64_32 Compiling Database+execute.swift, DatabaseID+PostgreSQL.swift (in target 'FluentPostgresDriver' from project 'fluent-postgres-driver')
SwiftCompile normal arm64_32 Compiling\ PostgresConverterDelegate.swift /Users/admin/builder/spi-builder-workspace/.dependencies/checkouts/fluent-postgres-driver/Sources/FluentPostgresDriver/PostgresConverterDelegate.swift (in target 'FluentPostgresDriver' from project 'fluent-postgres-driver')
SwiftCompile normal arm64_32 /Users/admin/builder/spi-builder-workspace/.dependencies/checkouts/fluent-postgres-driver/Sources/FluentPostgresDriver/PostgresConverterDelegate.swift (in target 'FluentPostgresDriver' from project 'fluent-postgres-driver')
    cd /Users/admin/builder/spi-builder-workspace/.swiftpm/xcode
    builtin-SwiftPerFileCompile PostgresConverterDelegate.swift
SwiftCompile normal arm64_32 Compiling\ FluentPostgresDatabase.swift /Users/admin/builder/spi-builder-workspace/.dependencies/checkouts/fluent-postgres-driver/Sources/FluentPostgresDriver/FluentPostgresDatabase.swift (in target 'FluentPostgresDriver' from project 'fluent-postgres-driver')
SwiftCompile normal arm64_32 /Users/admin/builder/spi-builder-workspace/.dependencies/checkouts/fluent-postgres-driver/Sources/FluentPostgresDriver/FluentPostgresDatabase.swift (in target 'FluentPostgresDriver' from project 'fluent-postgres-driver')
    cd /Users/admin/builder/spi-builder-workspace/.swiftpm/xcode
    builtin-SwiftPerFileCompile FluentPostgresDatabase.swift
SwiftDriverJobDiscovery normal arm64 Compiling PostgresConverterDelegate.swift (in target 'FluentPostgresDriver' from project 'fluent-postgres-driver')
SwiftCompile normal arm64_32 Compiling\ PostgresError+Database.swift /Users/admin/builder/spi-builder-workspace/.dependencies/checkouts/fluent-postgres-driver/Sources/FluentPostgresDriver/PostgresError+Database.swift (in target 'FluentPostgresDriver' from project 'fluent-postgres-driver')
SwiftCompile normal arm64_32 /Users/admin/builder/spi-builder-workspace/.dependencies/checkouts/fluent-postgres-driver/Sources/FluentPostgresDriver/PostgresError+Database.swift (in target 'FluentPostgresDriver' from project 'fluent-postgres-driver')
    cd /Users/admin/builder/spi-builder-workspace/.swiftpm/xcode
    builtin-SwiftPerFileCompile PostgresError+Database.swift
SwiftCompile normal arm64 Compiling\ FluentPostgresClientConfiguration.swift,\ FluentPostgresClientDatabase.swift /Users/admin/builder/spi-builder-workspace/.dependencies/checkouts/fluent-postgres-driver/Sources/FluentPostgresDriver/FluentPostgresClientConfiguration.swift /Users/admin/builder/spi-builder-workspace/.dependencies/checkouts/fluent-postgres-driver/Sources/FluentPostgresDriver/FluentPostgresClientDatabase.swift (in target 'FluentPostgresDriver' from project 'fluent-postgres-driver')
SwiftCompile normal arm64 /Users/admin/builder/spi-builder-workspace/.dependencies/checkouts/fluent-postgres-driver/Sources/FluentPostgresDriver/FluentPostgresClientConfiguration.swift (in target 'FluentPostgresDriver' from project 'fluent-postgres-driver')
    cd /Users/admin/builder/spi-builder-workspace/.swiftpm/xcode
    builtin-SwiftPerFileCompile FluentPostgresClientConfiguration.swift
SwiftCompile normal arm64 /Users/admin/builder/spi-builder-workspace/.dependencies/checkouts/fluent-postgres-driver/Sources/FluentPostgresDriver/FluentPostgresClientDatabase.swift (in target 'FluentPostgresDriver' from project 'fluent-postgres-driver')
    cd /Users/admin/builder/spi-builder-workspace/.swiftpm/xcode
    builtin-SwiftPerFileCompile FluentPostgresClientDatabase.swift
SwiftCompile normal arm64_32 Compiling\ FluentPostgresConfiguration+Deprecated.swift,\ Exports.swift /Users/admin/builder/spi-builder-workspace/.dependencies/checkouts/fluent-postgres-driver/Sources/FluentPostgresDriver/Deprecations/FluentPostgresConfiguration+Deprecated.swift /Users/admin/builder/spi-builder-workspace/.dependencies/checkouts/fluent-postgres-driver/Sources/FluentPostgresDriver/Exports.swift (in target 'FluentPostgresDriver' from project 'fluent-postgres-driver')
SwiftCompile normal arm64_32 /Users/admin/builder/spi-builder-workspace/.dependencies/checkouts/fluent-postgres-driver/Sources/FluentPostgresDriver/Deprecations/FluentPostgresConfiguration+Deprecated.swift (in target 'FluentPostgresDriver' from project 'fluent-postgres-driver')
    cd /Users/admin/builder/spi-builder-workspace/.swiftpm/xcode
    builtin-SwiftPerFileCompile FluentPostgresConfiguration+Deprecated.swift
SwiftCompile normal arm64_32 /Users/admin/builder/spi-builder-workspace/.dependencies/checkouts/fluent-postgres-driver/Sources/FluentPostgresDriver/Exports.swift (in target 'FluentPostgresDriver' from project 'fluent-postgres-driver')
    cd /Users/admin/builder/spi-builder-workspace/.swiftpm/xcode
    builtin-SwiftPerFileCompile Exports.swift
SwiftDriverJobDiscovery normal arm64_32 Compiling FluentPostgresClientConfiguration.swift, FluentPostgresClientDatabase.swift (in target 'FluentPostgresDriver' from project 'fluent-postgres-driver')
SwiftDriverJobDiscovery normal arm64_32 Compiling PostgresConverterDelegate.swift (in target 'FluentPostgresDriver' from project 'fluent-postgres-driver')
SwiftDriverJobDiscovery normal arm64 Compiling FluentPostgresClientDriver.swift, FluentPostgresConfiguration.swift (in target 'FluentPostgresDriver' from project 'fluent-postgres-driver')
SwiftCompile normal arm64_32 Compiling\ FluentPostgresDriver.swift /Users/admin/builder/spi-builder-workspace/.dependencies/checkouts/fluent-postgres-driver/Sources/FluentPostgresDriver/FluentPostgresDriver.swift (in target 'FluentPostgresDriver' from project 'fluent-postgres-driver')
SwiftCompile normal arm64_32 /Users/admin/builder/spi-builder-workspace/.dependencies/checkouts/fluent-postgres-driver/Sources/FluentPostgresDriver/FluentPostgresDriver.swift (in target 'FluentPostgresDriver' from project 'fluent-postgres-driver')
    cd /Users/admin/builder/spi-builder-workspace/.swiftpm/xcode
    builtin-SwiftPerFileCompile FluentPostgresDriver.swift
SwiftDriverJobDiscovery normal arm64_32 Compiling PostgresError+Database.swift (in target 'FluentPostgresDriver' from project 'fluent-postgres-driver')
SwiftCompile normal arm64 Compiling\ PostgresRow+Database.swift /Users/admin/builder/spi-builder-workspace/.dependencies/checkouts/fluent-postgres-driver/Sources/FluentPostgresDriver/PostgresRow+Database.swift (in target 'FluentPostgresDriver' from project 'fluent-postgres-driver')
SwiftCompile normal arm64 /Users/admin/builder/spi-builder-workspace/.dependencies/checkouts/fluent-postgres-driver/Sources/FluentPostgresDriver/PostgresRow+Database.swift (in target 'FluentPostgresDriver' from project 'fluent-postgres-driver')
    cd /Users/admin/builder/spi-builder-workspace/.swiftpm/xcode
    builtin-SwiftPerFileCompile PostgresRow+Database.swift
SwiftDriverJobDiscovery normal arm64_32 Compiling FluentPostgresDatabase.swift (in target 'FluentPostgresDriver' from project 'fluent-postgres-driver')
SwiftCompile normal arm64_32 Compiling\ PostgresRow+Database.swift /Users/admin/builder/spi-builder-workspace/.dependencies/checkouts/fluent-postgres-driver/Sources/FluentPostgresDriver/PostgresRow+Database.swift (in target 'FluentPostgresDriver' from project 'fluent-postgres-driver')
SwiftCompile normal arm64_32 /Users/admin/builder/spi-builder-workspace/.dependencies/checkouts/fluent-postgres-driver/Sources/FluentPostgresDriver/PostgresRow+Database.swift (in target 'FluentPostgresDriver' from project 'fluent-postgres-driver')
    cd /Users/admin/builder/spi-builder-workspace/.swiftpm/xcode
    builtin-SwiftPerFileCompile PostgresRow+Database.swift
SwiftDriverJobDiscovery normal arm64_32 Compiling FluentPostgresDriver.swift (in target 'FluentPostgresDriver' from project 'fluent-postgres-driver')
SwiftCompile normal arm64 Compiling\ FluentPostgresDatabase.swift /Users/admin/builder/spi-builder-workspace/.dependencies/checkouts/fluent-postgres-driver/Sources/FluentPostgresDriver/FluentPostgresDatabase.swift (in target 'FluentPostgresDriver' from project 'fluent-postgres-driver')
SwiftCompile normal arm64 /Users/admin/builder/spi-builder-workspace/.dependencies/checkouts/fluent-postgres-driver/Sources/FluentPostgresDriver/FluentPostgresDatabase.swift (in target 'FluentPostgresDriver' from project 'fluent-postgres-driver')
    cd /Users/admin/builder/spi-builder-workspace/.swiftpm/xcode
    builtin-SwiftPerFileCompile FluentPostgresDatabase.swift
SwiftDriverJobDiscovery normal arm64_32 Compiling FluentPostgresConfiguration+Deprecated.swift, Exports.swift (in target 'FluentPostgresDriver' from project 'fluent-postgres-driver')
SwiftCompile normal arm64 Compiling\ FluentPostgresError.swift /Users/admin/builder/spi-builder-workspace/.dependencies/checkouts/fluent-postgres-driver/Sources/FluentPostgresDriver/FluentPostgresError.swift (in target 'FluentPostgresDriver' from project 'fluent-postgres-driver')
SwiftCompile normal arm64 /Users/admin/builder/spi-builder-workspace/.dependencies/checkouts/fluent-postgres-driver/Sources/FluentPostgresDriver/FluentPostgresError.swift (in target 'FluentPostgresDriver' from project 'fluent-postgres-driver')
    cd /Users/admin/builder/spi-builder-workspace/.swiftpm/xcode
    builtin-SwiftPerFileCompile FluentPostgresError.swift
SwiftEmitModule normal arm64 Emitting\ module\ for\ MongoKittenCore (in target 'MongoKittenCore' from project 'MongoKitten')
SwiftCompile normal arm64 (in target 'MongoKittenCore' from project 'MongoKitten')
    cd /Users/admin/builder/spi-builder-workspace/.swiftpm/xcode

SwiftEmitModule normal arm64_32 Emitting\ module\ for\ MongoKittenCore (in target 'MongoKittenCore' from project 'MongoKitten')
SwiftCompile normal arm64_32 (in target 'MongoKittenCore' from project 'MongoKitten')
    cd /Users/admin/builder/spi-builder-workspace/.swiftpm/xcode

SwiftDriverJobDiscovery normal arm64 Compiling PostgresRow+Database.swift (in target 'FluentPostgresDriver' from project 'fluent-postgres-driver')
SwiftCompile normal arm64_32 Compiling\ FindAndModify.swift,\ Insert.swift /Users/admin/builder/spi-builder-workspace/.dependencies/checkouts/MongoKitten/Sources/MongoKittenCore/Commands/FindAndModify.swift /Users/admin/builder/spi-builder-workspace/.dependencies/checkouts/MongoKitten/Sources/MongoKittenCore/Commands/Insert.swift (in target 'MongoKittenCore' from project 'MongoKitten')
SwiftCompile normal arm64_32 /Users/admin/builder/spi-builder-workspace/.dependencies/checkouts/MongoKitten/Sources/MongoKittenCore/Commands/FindAndModify.swift (in target 'MongoKittenCore' from project 'MongoKitten')
    cd /Users/admin/builder/spi-builder-workspace/.swiftpm/xcode
    builtin-SwiftPerFileCompile FindAndModify.swift
SwiftCompile normal arm64_32 /Users/admin/builder/spi-builder-workspace/.dependencies/checkouts/MongoKitten/Sources/MongoKittenCore/Commands/Insert.swift (in target 'MongoKittenCore' from project 'MongoKitten')
    cd /Users/admin/builder/spi-builder-workspace/.swiftpm/xcode
    builtin-SwiftPerFileCompile Insert.swift
SwiftDriverJobDiscovery normal arm64 Compiling FluentPostgresClientConfiguration.swift, FluentPostgresClientDatabase.swift (in target 'FluentPostgresDriver' from project 'fluent-postgres-driver')
SwiftCompile normal arm64 Compiling\ Count.swift,\ CreateIndexes.swift /Users/admin/builder/spi-builder-workspace/.dependencies/checkouts/MongoKitten/Sources/MongoKittenCore/Commands/Count.swift /Users/admin/builder/spi-builder-workspace/.dependencies/checkouts/MongoKitten/Sources/MongoKittenCore/Commands/CreateIndexes.swift (in target 'MongoKittenCore' from project 'MongoKitten')
SwiftCompile normal arm64 /Users/admin/builder/spi-builder-workspace/.dependencies/checkouts/MongoKitten/Sources/MongoKittenCore/Commands/Count.swift (in target 'MongoKittenCore' from project 'MongoKitten')
    cd /Users/admin/builder/spi-builder-workspace/.swiftpm/xcode
    builtin-SwiftPerFileCompile Count.swift
SwiftCompile normal arm64 /Users/admin/builder/spi-builder-workspace/.dependencies/checkouts/MongoKitten/Sources/MongoKittenCore/Commands/CreateIndexes.swift (in target 'MongoKittenCore' from project 'MongoKitten')
    cd /Users/admin/builder/spi-builder-workspace/.swiftpm/xcode
    builtin-SwiftPerFileCompile CreateIndexes.swift
SwiftDriverJobDiscovery normal arm64 Compiling FluentPostgresError.swift (in target 'FluentPostgresDriver' from project 'fluent-postgres-driver')
SwiftCompile normal arm64_32 Compiling\ QueryBuilder.swift,\ Sorting.swift /Users/admin/builder/spi-builder-workspace/.dependencies/checkouts/MongoKitten/Sources/MongoKittenCore/QueryPrimitives/QueryBuilder.swift /Users/admin/builder/spi-builder-workspace/.dependencies/checkouts/MongoKitten/Sources/MongoKittenCore/QueryPrimitives/Sorting.swift (in target 'MongoKittenCore' from project 'MongoKitten')
SwiftCompile normal arm64_32 /Users/admin/builder/spi-builder-workspace/.dependencies/checkouts/MongoKitten/Sources/MongoKittenCore/QueryPrimitives/QueryBuilder.swift (in target 'MongoKittenCore' from project 'MongoKitten')
    cd /Users/admin/builder/spi-builder-workspace/.swiftpm/xcode
    builtin-SwiftPerFileCompile QueryBuilder.swift
SwiftCompile normal arm64_32 /Users/admin/builder/spi-builder-workspace/.dependencies/checkouts/MongoKitten/Sources/MongoKittenCore/QueryPrimitives/Sorting.swift (in target 'MongoKittenCore' from project 'MongoKitten')
    cd /Users/admin/builder/spi-builder-workspace/.swiftpm/xcode
    builtin-SwiftPerFileCompile Sorting.swift
SwiftDriverJobDiscovery normal arm64_32 Compiling PostgresRow+Database.swift (in target 'FluentPostgresDriver' from project 'fluent-postgres-driver')
SwiftCompile normal arm64 Compiling\ Delete.swift,\ Distinct.swift /Users/admin/builder/spi-builder-workspace/.dependencies/checkouts/MongoKitten/Sources/MongoKittenCore/Commands/Delete.swift /Users/admin/builder/spi-builder-workspace/.dependencies/checkouts/MongoKitten/Sources/MongoKittenCore/Commands/Distinct.swift (in target 'MongoKittenCore' from project 'MongoKitten')
SwiftCompile normal arm64 /Users/admin/builder/spi-builder-workspace/.dependencies/checkouts/MongoKitten/Sources/MongoKittenCore/Commands/Delete.swift (in target 'MongoKittenCore' from project 'MongoKitten')
    cd /Users/admin/builder/spi-builder-workspace/.swiftpm/xcode
    builtin-SwiftPerFileCompile Delete.swift
SwiftCompile normal arm64 /Users/admin/builder/spi-builder-workspace/.dependencies/checkouts/MongoKitten/Sources/MongoKittenCore/Commands/Distinct.swift (in target 'MongoKittenCore' from project 'MongoKitten')
    cd /Users/admin/builder/spi-builder-workspace/.swiftpm/xcode
    builtin-SwiftPerFileCompile Distinct.swift
SwiftDriverJobDiscovery normal arm64 Compiling FluentPostgresDatabase.swift (in target 'FluentPostgresDriver' from project 'fluent-postgres-driver')
SwiftCompile normal arm64_32 Compiling\ Drop.swift,\ DropIndexes.swift /Users/admin/builder/spi-builder-workspace/.dependencies/checkouts/MongoKitten/Sources/MongoKittenCore/Commands/Drop.swift /Users/admin/builder/spi-builder-workspace/.dependencies/checkouts/MongoKitten/Sources/MongoKittenCore/Commands/DropIndexes.swift (in target 'MongoKittenCore' from project 'MongoKitten')
SwiftCompile normal arm64_32 /Users/admin/builder/spi-builder-workspace/.dependencies/checkouts/MongoKitten/Sources/MongoKittenCore/Commands/Drop.swift (in target 'MongoKittenCore' from project 'MongoKitten')
    cd /Users/admin/builder/spi-builder-workspace/.swiftpm/xcode
    builtin-SwiftPerFileCompile Drop.swift
SwiftCompile normal arm64_32 /Users/admin/builder/spi-builder-workspace/.dependencies/checkouts/MongoKitten/Sources/MongoKittenCore/Commands/DropIndexes.swift (in target 'MongoKittenCore' from project 'MongoKitten')
    cd /Users/admin/builder/spi-builder-workspace/.swiftpm/xcode
    builtin-SwiftPerFileCompile DropIndexes.swift
SwiftDriverJobDiscovery normal arm64 Emitting module for MongoKittenCore (in target 'MongoKittenCore' from project 'MongoKitten')
SwiftDriver\ Compilation\ Requirements MongoKittenCore normal arm64 com.apple.xcode.tools.swift.compiler (in target 'MongoKittenCore' from project 'MongoKitten')
    cd /Users/admin/builder/spi-builder-workspace/.swiftpm/xcode
    builtin-Swift-Compilation-Requirements -- /Applications/Xcode-27.0.0-Release.Candidate.app/Contents/Developer/Toolchains/XcodeDefault.xctoolchain/usr/bin/swiftc -parse-as-library -module-name MongoKittenCore -Onone @/Users/admin/builder/spi-builder-workspace/.derivedData/Build/Intermediates.noindex/MongoKitten.build/Debug-watchos/MongoKittenCore-t.build/Objects-normal/arm64/MongoKittenCore.SwiftFileList -DSWIFT_PACKAGE -DDEBUG -DSWIFT_MODULE_RESOURCE_BUNDLE_UNAVAILABLE -Xcc -fmodule-map-file\=/Users/admin/builder/spi-builder-workspace/.derivedData/Build/Intermediates.noindex/GeneratedModuleMaps-watchos/CNIOBoringSSLShims.modulemap -Xcc -fmodule-map-file\=/Users/admin/builder/spi-builder-workspace/.dependencies/checkouts/swift-nio-ssl/Sources/CNIOBoringSSL/include/module.modulemap -Xcc -fmodule-map-file\=/Users/admin/builder/spi-builder-workspace/.dependencies/checkouts/swift-atomics/Sources/_AtomicsShims/include/module.modulemap -Xcc -fmodule-map-file\=/Users/admin/builder/spi-builder-workspace/.derivedData/Build/Intermediates.noindex/GeneratedModuleMaps-watchos/CNIOPosix.modulemap -Xcc -fmodule-map-file\=/Users/admin/builder/spi-builder-workspace/.derivedData/Build/Intermediates.noindex/GeneratedModuleMaps-watchos/CNIOWASI.modulemap -Xcc -fmodule-map-file\=/Users/admin/builder/spi-builder-workspace/.dependencies/checkouts/swift-nio/Sources/CNIOWindows/include/module.modulemap -Xcc -fmodule-map-file\=/Users/admin/builder/spi-builder-workspace/.derivedData/Build/Intermediates.noindex/GeneratedModuleMaps-watchos/CNIOLinux.modulemap -Xcc -fmodule-map-file\=/Users/admin/builder/spi-builder-workspace/.derivedData/Build/Intermediates.noindex/GeneratedModuleMaps-watchos/CNIODarwin.modulemap -Xcc -fmodule-map-file\=/Users/admin/builder/spi-builder-workspace/.derivedData/Build/Intermediates.noindex/GeneratedModuleMaps-watchos/CNIOFreeBSD.modulemap -Xcc -fmodule-map-file\=/Users/admin/builder/spi-builder-workspace/.derivedData/Build/Intermediates.noindex/GeneratedModuleMaps-watchos/CNIOOpenBSD.modulemap -Xcc -fmodule-map-file\=/Users/admin/builder/spi-builder-workspace/.derivedData/Build/Intermediates.noindex/GeneratedModuleMaps-watchos/CNIOAtomics.modulemap -DXcode -enable-experimental-feature StrictConcurrency\=complete -plugin-path /Applications/Xcode-27.0.0-Release.Candidate.app/Contents/Developer/Toolchains/XcodeDefault.xctoolchain/usr/lib/swift/host/plugins/testing -enable-experimental-feature DebugDescriptionMacro -sdk /Applications/Xcode-27.0.0-Release.Candidate.app/Contents/Developer/Platforms/WatchOS.platform/Developer/SDKs/WatchOS27.0.sdk -target arm64-apple-watchos9.0 -g -module-cache-path /Users/admin/builder/spi-builder-workspace/.derivedData/ModuleCache.noindex -Xfrontend -serialize-debugging-options -profile-coverage-mapping -profile-generate -enable-testing -suppress-warnings -index-store-path /Users/admin/builder/spi-builder-workspace/.derivedData/Index.noindex/DataStore -Xcc -D_LIBCPP_HARDENING_MODE\=_LIBCPP_HARDENING_MODE_DEBUG -swift-version 6 -I /Users/admin/builder/spi-builder-workspace/.derivedData/Build/Products/Debug-watchos -Isystem /Applications/Xcode-27.0.0-Release.Candidate.app/Contents/Developer/Platforms/WatchOS.platform/Developer/usr/lib -F /Users/admin/builder/spi-builder-workspace/.derivedData/Build/Products/Debug-watchos/PackageFrameworks -F /Users/admin/builder/spi-builder-workspace/.derivedData/Build/Products/Debug-watchos -F /Applications/Xcode-27.0.0-Release.Candidate.app/Contents/Developer/Platforms/WatchOS.platform/Developer/Library/Frameworks -F /Applications/Xcode-27.0.0-Release.Candidate.app/Contents/Developer/Platforms/WatchOS.platform/Developer/SDKs/WatchOS27.0.sdk/Developer/Library/Frameworks -c -j10 -enable-batch-mode -incremental -Xcc -ivfsstatcache -Xcc /Users/admin/builder/spi-builder-workspace/.derivedData/SDKStatCaches.noindex/watchos27.0-24R360-e829b21a6f8c9b70876ba0858053c04477534ef55a1706bf4c1112bbb242f0a2.sdkstatcache -output-file-map /Users/admin/builder/spi-builder-workspace/.derivedData/Build/Intermediates.noindex/MongoKitten.build/Debug-watchos/MongoKittenCore-t.build/Objects-normal/arm64/MongoKittenCore-OutputFileMap.json -save-temps -no-color-diagnostics -explicit-module-build -module-cache-path /Users/admin/builder/spi-builder-workspace/.derivedData/Build/Intermediates.noindex/SwiftExplicitPrecompiledModules -clang-scanner-module-cache-path /Users/admin/builder/spi-builder-workspace/.derivedData/ModuleCache.noindex -sdk-module-cache-path /Users/admin/builder/spi-builder-workspace/.derivedData/SDKExplicitPrecompiledModules -emit-dependencies -emit-module -emit-module-path /Users/admin/builder/spi-builder-workspace/.derivedData/Build/Intermediates.noindex/MongoKitten.build/Debug-watchos/MongoKittenCore-t.build/Objects-normal/arm64/MongoKittenCore.swiftmodule -serialize-diagnostics -dependency-scan-serialize-diagnostics-path /Users/admin/builder/spi-builder-workspace/.derivedData/Build/Intermediates.noindex/MongoKitten.build/Debug-watchos/MongoKittenCore-t.build/Objects-normal/arm64/MongoKittenCore-dependency-scan.dia -user-module-version 7.16.3 -validate-clang-modules-once -clang-build-session-file /Users/admin/builder/spi-builder-workspace/.derivedData/ModuleCache.noindex/Session.modulevalidation -Xcc -fmodules-prune-interval\=86400 -Xcc -fmodules-prune-after\=345600 -package-name mongokitten -emit-const-values -const-gather-protocols-list /Users/admin/builder/spi-builder-workspace/.derivedData/Build/Intermediates.noindex/MongoKitten.build/Debug-watchos/MongoKittenCore-t.build/Objects-normal/arm64/MongoKittenCore_const_extract_protocols.json -Xcc -I/Users/admin/builder/spi-builder-workspace/.dependencies/checkouts/swift-nio-ssl/Sources/CNIOBoringSSLShims/include -Xcc -I/Users/admin/builder/spi-builder-workspace/.dependencies/checkouts/swift-nio-ssl/Sources/CNIOBoringSSL/include -Xcc -I/Users/admin/builder/spi-builder-workspace/.dependencies/checkouts/swift-atomics/Sources/_AtomicsShims/include -Xcc -I/Users/admin/builder/spi-builder-workspace/.dependencies/checkouts/swift-nio/Sources/CNIOPosix/include -Xcc -I/Users/admin/builder/spi-builder-workspace/.dependencies/checkouts/swift-nio/Sources/CNIOWASI/include -Xcc -I/Users/admin/builder/spi-builder-workspace/.dependencies/checkouts/swift-nio/Sources/CNIOWindows/include -Xcc -I/Users/admin/builder/spi-builder-workspace/.dependencies/checkouts/swift-nio/Sources/CNIOLinux/include -Xcc -I/Users/admin/builder/spi-builder-workspace/.dependencies/checkouts/swift-nio/Sources/CNIODarwin/include -Xcc -I/Users/admin/builder/spi-builder-workspace/.dependencies/checkouts/swift-nio/Sources/CNIOFreeBSD/include -Xcc -I/Users/admin/builder/spi-builder-workspace/.dependencies/checkouts/swift-nio/Sources/CNIOOpenBSD/include -Xcc -I/Users/admin/builder/spi-builder-workspace/.dependencies/checkouts/swift-nio/Sources/CNIOAtomics/include -Xcc -I/Users/admin/builder/spi-builder-workspace/.derivedData/Build/Products/Debug-watchos/include -Xcc -I/Users/admin/builder/spi-builder-workspace/.derivedData/Build/Intermediates.noindex/MongoKitten.build/Debug-watchos/MongoKittenCore-t.build/DerivedSources-normal/arm64 -Xcc -I/Users/admin/builder/spi-builder-workspace/.derivedData/Build/Intermediates.noindex/MongoKitten.build/Debug-watchos/MongoKittenCore-t.build/DerivedSources/arm64 -Xcc -I/Users/admin/builder/spi-builder-workspace/.derivedData/Build/Intermediates.noindex/MongoKitten.build/Debug-watchos/MongoKittenCore-t.build/DerivedSources -Xcc -DSWIFT_PACKAGE -Xcc -DDEBUG\=1 -emit-objc-header -emit-objc-header-path /Users/admin/builder/spi-builder-workspace/.derivedData/Build/Intermediates.noindex/MongoKitten.build/Debug-watchos/MongoKittenCore-t.build/Objects-normal/arm64/MongoKittenCore-Swift.h -working-directory /Users/admin/builder/spi-builder-workspace/.swiftpm/xcode -experimental-emit-module-separately -disable-cmo
SwiftDriverJobDiscovery normal arm64_32 Emitting module for MongoKittenCore (in target 'MongoKittenCore' from project 'MongoKitten')
SwiftDriver\ Compilation\ Requirements MongoKittenCore normal arm64_32 com.apple.xcode.tools.swift.compiler (in target 'MongoKittenCore' from project 'MongoKitten')
    cd /Users/admin/builder/spi-builder-workspace/.swiftpm/xcode
    builtin-Swift-Compilation-Requirements -- /Applications/Xcode-27.0.0-Release.Candidate.app/Contents/Developer/Toolchains/XcodeDefault.xctoolchain/usr/bin/swiftc -parse-as-library -module-name MongoKittenCore -Onone @/Users/admin/builder/spi-builder-workspace/.derivedData/Build/Intermediates.noindex/MongoKitten.build/Debug-watchos/MongoKittenCore-t.build/Objects-normal/arm64_32/MongoKittenCore.SwiftFileList -DSWIFT_PACKAGE -DDEBUG -DSWIFT_MODULE_RESOURCE_BUNDLE_UNAVAILABLE -Xcc -fmodule-map-file\=/Users/admin/builder/spi-builder-workspace/.derivedData/Build/Intermediates.noindex/GeneratedModuleMaps-watchos/CNIOBoringSSLShims.modulemap -Xcc -fmodule-map-file\=/Users/admin/builder/spi-builder-workspace/.dependencies/checkouts/swift-nio-ssl/Sources/CNIOBoringSSL/include/module.modulemap -Xcc -fmodule-map-file\=/Users/admin/builder/spi-builder-workspace/.dependencies/checkouts/swift-atomics/Sources/_AtomicsShims/include/module.modulemap -Xcc -fmodule-map-file\=/Users/admin/builder/spi-builder-workspace/.derivedData/Build/Intermediates.noindex/GeneratedModuleMaps-watchos/CNIOPosix.modulemap -Xcc -fmodule-map-file\=/Users/admin/builder/spi-builder-workspace/.derivedData/Build/Intermediates.noindex/GeneratedModuleMaps-watchos/CNIOWASI.modulemap -Xcc -fmodule-map-file\=/Users/admin/builder/spi-builder-workspace/.dependencies/checkouts/swift-nio/Sources/CNIOWindows/include/module.modulemap -Xcc -fmodule-map-file\=/Users/admin/builder/spi-builder-workspace/.derivedData/Build/Intermediates.noindex/GeneratedModuleMaps-watchos/CNIOLinux.modulemap -Xcc -fmodule-map-file\=/Users/admin/builder/spi-builder-workspace/.derivedData/Build/Intermediates.noindex/GeneratedModuleMaps-watchos/CNIODarwin.modulemap -Xcc -fmodule-map-file\=/Users/admin/builder/spi-builder-workspace/.derivedData/Build/Intermediates.noindex/GeneratedModuleMaps-watchos/CNIOFreeBSD.modulemap -Xcc -fmodule-map-file\=/Users/admin/builder/spi-builder-workspace/.derivedData/Build/Intermediates.noindex/GeneratedModuleMaps-watchos/CNIOOpenBSD.modulemap -Xcc -fmodule-map-file\=/Users/admin/builder/spi-builder-workspace/.derivedData/Build/Intermediates.noindex/GeneratedModuleMaps-watchos/CNIOAtomics.modulemap -DXcode -enable-experimental-feature StrictConcurrency\=complete -plugin-path /Applications/Xcode-27.0.0-Release.Candidate.app/Contents/Developer/Toolchains/XcodeDefault.xctoolchain/usr/lib/swift/host/plugins/testing -enable-experimental-feature DebugDescriptionMacro -sdk /Applications/Xcode-27.0.0-Release.Candidate.app/Contents/Developer/Platforms/WatchOS.platform/Developer/SDKs/WatchOS27.0.sdk -target arm64_32-apple-watchos9.0 -g -module-cache-path /Users/admin/builder/spi-builder-workspace/.derivedData/ModuleCache.noindex -Xfrontend -serialize-debugging-options -profile-coverage-mapping -profile-generate -enable-testing -suppress-warnings -index-store-path /Users/admin/builder/spi-builder-workspace/.derivedData/Index.noindex/DataStore -Xcc -D_LIBCPP_HARDENING_MODE\=_LIBCPP_HARDENING_MODE_DEBUG -swift-version 6 -I /Users/admin/builder/spi-builder-workspace/.derivedData/Build/Products/Debug-watchos -Isystem /Applications/Xcode-27.0.0-Release.Candidate.app/Contents/Developer/Platforms/WatchOS.platform/Developer/usr/lib -F /Users/admin/builder/spi-builder-workspace/.derivedData/Build/Products/Debug-watchos/PackageFrameworks -F /Users/admin/builder/spi-builder-workspace/.derivedData/Build/Products/Debug-watchos -F /Applications/Xcode-27.0.0-Release.Candidate.app/Contents/Developer/Platforms/WatchOS.platform/Developer/Library/Frameworks -F /Applications/Xcode-27.0.0-Release.Candidate.app/Contents/Developer/Platforms/WatchOS.platform/Developer/SDKs/WatchOS27.0.sdk/Developer/Library/Frameworks -c -j10 -enable-batch-mode -incremental -Xcc -ivfsstatcache -Xcc /Users/admin/builder/spi-builder-workspace/.derivedData/SDKStatCaches.noindex/watchos27.0-24R360-e829b21a6f8c9b70876ba0858053c04477534ef55a1706bf4c1112bbb242f0a2.sdkstatcache -output-file-map /Users/admin/builder/spi-builder-workspace/.derivedData/Build/Intermediates.noindex/MongoKitten.build/Debug-watchos/MongoKittenCore-t.build/Objects-normal/arm64_32/MongoKittenCore-OutputFileMap.json -save-temps -no-color-diagnostics -explicit-module-build -module-cache-path /Users/admin/builder/spi-builder-workspace/.derivedData/Build/Intermediates.noindex/SwiftExplicitPrecompiledModules -clang-scanner-module-cache-path /Users/admin/builder/spi-builder-workspace/.derivedData/ModuleCache.noindex -sdk-module-cache-path /Users/admin/builder/spi-builder-workspace/.derivedData/SDKExplicitPrecompiledModules -emit-dependencies -emit-module -emit-module-path /Users/admin/builder/spi-builder-workspace/.derivedData/Build/Intermediates.noindex/MongoKitten.build/Debug-watchos/MongoKittenCore-t.build/Objects-normal/arm64_32/MongoKittenCore.swiftmodule -serialize-diagnostics -dependency-scan-serialize-diagnostics-path /Users/admin/builder/spi-builder-workspace/.derivedData/Build/Intermediates.noindex/MongoKitten.build/Debug-watchos/MongoKittenCore-t.build/Objects-normal/arm64_32/MongoKittenCore-dependency-scan.dia -user-module-version 7.16.3 -validate-clang-modules-once -clang-build-session-file /Users/admin/builder/spi-builder-workspace/.derivedData/ModuleCache.noindex/Session.modulevalidation -Xcc -fmodules-prune-interval\=86400 -Xcc -fmodules-prune-after\=345600 -package-name mongokitten -emit-const-values -const-gather-protocols-list /Users/admin/builder/spi-builder-workspace/.derivedData/Build/Intermediates.noindex/MongoKitten.build/Debug-watchos/MongoKittenCore-t.build/Objects-normal/arm64_32/MongoKittenCore_const_extract_protocols.json -Xcc -I/Users/admin/builder/spi-builder-workspace/.dependencies/checkouts/swift-nio-ssl/Sources/CNIOBoringSSLShims/include -Xcc -I/Users/admin/builder/spi-builder-workspace/.dependencies/checkouts/swift-nio-ssl/Sources/CNIOBoringSSL/include -Xcc -I/Users/admin/builder/spi-builder-workspace/.dependencies/checkouts/swift-atomics/Sources/_AtomicsShims/include -Xcc -I/Users/admin/builder/spi-builder-workspace/.dependencies/checkouts/swift-nio/Sources/CNIOPosix/include -Xcc -I/Users/admin/builder/spi-builder-workspace/.dependencies/checkouts/swift-nio/Sources/CNIOWASI/include -Xcc -I/Users/admin/builder/spi-builder-workspace/.dependencies/checkouts/swift-nio/Sources/CNIOWindows/include -Xcc -I/Users/admin/builder/spi-builder-workspace/.dependencies/checkouts/swift-nio/Sources/CNIOLinux/include -Xcc -I/Users/admin/builder/spi-builder-workspace/.dependencies/checkouts/swift-nio/Sources/CNIODarwin/include -Xcc -I/Users/admin/builder/spi-builder-workspace/.dependencies/checkouts/swift-nio/Sources/CNIOFreeBSD/include -Xcc -I/Users/admin/builder/spi-builder-workspace/.dependencies/checkouts/swift-nio/Sources/CNIOOpenBSD/include -Xcc -I/Users/admin/builder/spi-builder-workspace/.dependencies/checkouts/swift-nio/Sources/CNIOAtomics/include -Xcc -I/Users/admin/builder/spi-builder-workspace/.derivedData/Build/Products/Debug-watchos/include -Xcc -I/Users/admin/builder/spi-builder-workspace/.derivedData/Build/Intermediates.noindex/MongoKitten.build/Debug-watchos/MongoKittenCore-t.build/DerivedSources-normal/arm64_32 -Xcc -I/Users/admin/builder/spi-builder-workspace/.derivedData/Build/Intermediates.noindex/MongoKitten.build/Debug-watchos/MongoKittenCore-t.build/DerivedSources/arm64_32 -Xcc -I/Users/admin/builder/spi-builder-workspace/.derivedData/Build/Intermediates.noindex/MongoKitten.build/Debug-watchos/MongoKittenCore-t.build/DerivedSources -Xcc -DSWIFT_PACKAGE -Xcc -DDEBUG\=1 -emit-objc-header -emit-objc-header-path /Users/admin/builder/spi-builder-workspace/.derivedData/Build/Intermediates.noindex/MongoKitten.build/Debug-watchos/MongoKittenCore-t.build/Objects-normal/arm64_32/MongoKittenCore-Swift.h -working-directory /Users/admin/builder/spi-builder-workspace/.swiftpm/xcode -experimental-emit-module-separately -disable-cmo
Copy /Users/admin/builder/spi-builder-workspace/.derivedData/Build/Products/Debug-watchos/MongoKittenCore.swiftmodule/arm64-apple-watchos.swiftmodule /Users/admin/builder/spi-builder-workspace/.derivedData/Build/Intermediates.noindex/MongoKitten.build/Debug-watchos/MongoKittenCore-t.build/Objects-normal/arm64/MongoKittenCore.swiftmodule (in target 'MongoKittenCore' from project 'MongoKitten')
    cd /Users/admin/builder/spi-builder-workspace/.dependencies/checkouts/MongoKitten
    builtin-copy -exclude .DS_Store -exclude CVS -exclude .svn -exclude .git -exclude .hg -resolve-src-symlinks -rename /Users/admin/builder/spi-builder-workspace/.derivedData/Build/Intermediates.noindex/MongoKitten.build/Debug-watchos/MongoKittenCore-t.build/Objects-normal/arm64/MongoKittenCore.swiftmodule /Users/admin/builder/spi-builder-workspace/.derivedData/Build/Products/Debug-watchos/MongoKittenCore.swiftmodule/arm64-apple-watchos.swiftmodule
SwiftMergeGeneratedHeaders /Users/admin/builder/spi-builder-workspace/.derivedData/Build/Intermediates.noindex/GeneratedModuleMaps-watchos/MongoKittenCore-Swift.h /Users/admin/builder/spi-builder-workspace/.derivedData/Build/Intermediates.noindex/MongoKitten.build/Debug-watchos/MongoKittenCore-t.build/Objects-normal/arm64/MongoKittenCore-Swift.h /Users/admin/builder/spi-builder-workspace/.derivedData/Build/Intermediates.noindex/MongoKitten.build/Debug-watchos/MongoKittenCore-t.build/Objects-normal/arm64_32/MongoKittenCore-Swift.h (in target 'MongoKittenCore' from project 'MongoKitten')
    cd /Users/admin/builder/spi-builder-workspace/.dependencies/checkouts/MongoKitten
    builtin-swiftHeaderTool -arch arm64 /Users/admin/builder/spi-builder-workspace/.derivedData/Build/Intermediates.noindex/MongoKitten.build/Debug-watchos/MongoKittenCore-t.build/Objects-normal/arm64/MongoKittenCore-Swift.h -arch arm64_32 /Users/admin/builder/spi-builder-workspace/.derivedData/Build/Intermediates.noindex/MongoKitten.build/Debug-watchos/MongoKittenCore-t.build/Objects-normal/arm64_32/MongoKittenCore-Swift.h -o /Users/admin/builder/spi-builder-workspace/.derivedData/Build/Intermediates.noindex/GeneratedModuleMaps-watchos/MongoKittenCore-Swift.h
Copy /Users/admin/builder/spi-builder-workspace/.derivedData/Build/Products/Debug-watchos/MongoKittenCore.swiftmodule/arm64_32-apple-watchos.swiftmodule /Users/admin/builder/spi-builder-workspace/.derivedData/Build/Intermediates.noindex/MongoKitten.build/Debug-watchos/MongoKittenCore-t.build/Objects-normal/arm64_32/MongoKittenCore.swiftmodule (in target 'MongoKittenCore' from project 'MongoKitten')
    cd /Users/admin/builder/spi-builder-workspace/.dependencies/checkouts/MongoKitten
    builtin-copy -exclude .DS_Store -exclude CVS -exclude .svn -exclude .git -exclude .hg -resolve-src-symlinks -rename /Users/admin/builder/spi-builder-workspace/.derivedData/Build/Intermediates.noindex/MongoKitten.build/Debug-watchos/MongoKittenCore-t.build/Objects-normal/arm64_32/MongoKittenCore.swiftmodule /Users/admin/builder/spi-builder-workspace/.derivedData/Build/Products/Debug-watchos/MongoKittenCore.swiftmodule/arm64_32-apple-watchos.swiftmodule
Copy /Users/admin/builder/spi-builder-workspace/.derivedData/Build/Products/Debug-watchos/MongoKittenCore.swiftmodule/arm64_32-apple-watchos.swiftdoc /Users/admin/builder/spi-builder-workspace/.derivedData/Build/Intermediates.noindex/MongoKitten.build/Debug-watchos/MongoKittenCore-t.build/Objects-normal/arm64_32/MongoKittenCore.swiftdoc (in target 'MongoKittenCore' from project 'MongoKitten')
    cd /Users/admin/builder/spi-builder-workspace/.dependencies/checkouts/MongoKitten
    builtin-copy -exclude .DS_Store -exclude CVS -exclude .svn -exclude .git -exclude .hg -resolve-src-symlinks -rename /Users/admin/builder/spi-builder-workspace/.derivedData/Build/Intermediates.noindex/MongoKitten.build/Debug-watchos/MongoKittenCore-t.build/Objects-normal/arm64_32/MongoKittenCore.swiftdoc /Users/admin/builder/spi-builder-workspace/.derivedData/Build/Products/Debug-watchos/MongoKittenCore.swiftmodule/arm64_32-apple-watchos.swiftdoc
Copy /Users/admin/builder/spi-builder-workspace/.derivedData/Build/Products/Debug-watchos/MongoKittenCore.swiftmodule/arm64_32-apple-watchos.abi.json /Users/admin/builder/spi-builder-workspace/.derivedData/Build/Intermediates.noindex/MongoKitten.build/Debug-watchos/MongoKittenCore-t.build/Objects-normal/arm64_32/MongoKittenCore.abi.json (in target 'MongoKittenCore' from project 'MongoKitten')
    cd /Users/admin/builder/spi-builder-workspace/.dependencies/checkouts/MongoKitten
    builtin-copy -exclude .DS_Store -exclude CVS -exclude .svn -exclude .git -exclude .hg -resolve-src-symlinks -rename /Users/admin/builder/spi-builder-workspace/.derivedData/Build/Intermediates.noindex/MongoKitten.build/Debug-watchos/MongoKittenCore-t.build/Objects-normal/arm64_32/MongoKittenCore.abi.json /Users/admin/builder/spi-builder-workspace/.derivedData/Build/Products/Debug-watchos/MongoKittenCore.swiftmodule/arm64_32-apple-watchos.abi.json
Copy /Users/admin/builder/spi-builder-workspace/.derivedData/Build/Products/Debug-watchos/MongoKittenCore.swiftmodule/arm64-apple-watchos.swiftdoc /Users/admin/builder/spi-builder-workspace/.derivedData/Build/Intermediates.noindex/MongoKitten.build/Debug-watchos/MongoKittenCore-t.build/Objects-normal/arm64/MongoKittenCore.swiftdoc (in target 'MongoKittenCore' from project 'MongoKitten')
    cd /Users/admin/builder/spi-builder-workspace/.dependencies/checkouts/MongoKitten
    builtin-copy -exclude .DS_Store -exclude CVS -exclude .svn -exclude .git -exclude .hg -resolve-src-symlinks -rename /Users/admin/builder/spi-builder-workspace/.derivedData/Build/Intermediates.noindex/MongoKitten.build/Debug-watchos/MongoKittenCore-t.build/Objects-normal/arm64/MongoKittenCore.swiftdoc /Users/admin/builder/spi-builder-workspace/.derivedData/Build/Products/Debug-watchos/MongoKittenCore.swiftmodule/arm64-apple-watchos.swiftdoc
Copy /Users/admin/builder/spi-builder-workspace/.derivedData/Build/Products/Debug-watchos/MongoKittenCore.swiftmodule/arm64-apple-watchos.abi.json /Users/admin/builder/spi-builder-workspace/.derivedData/Build/Intermediates.noindex/MongoKitten.build/Debug-watchos/MongoKittenCore-t.build/Objects-normal/arm64/MongoKittenCore.abi.json (in target 'MongoKittenCore' from project 'MongoKitten')
    cd /Users/admin/builder/spi-builder-workspace/.dependencies/checkouts/MongoKitten
    builtin-copy -exclude .DS_Store -exclude CVS -exclude .svn -exclude .git -exclude .hg -resolve-src-symlinks -rename /Users/admin/builder/spi-builder-workspace/.derivedData/Build/Intermediates.noindex/MongoKitten.build/Debug-watchos/MongoKittenCore-t.build/Objects-normal/arm64/MongoKittenCore.abi.json /Users/admin/builder/spi-builder-workspace/.derivedData/Build/Products/Debug-watchos/MongoKittenCore.swiftmodule/arm64-apple-watchos.abi.json
Copy /Users/admin/builder/spi-builder-workspace/.derivedData/Build/Products/Debug-watchos/MongoKittenCore.swiftmodule/Project/arm64_32-apple-watchos.swiftsourceinfo /Users/admin/builder/spi-builder-workspace/.derivedData/Build/Intermediates.noindex/MongoKitten.build/Debug-watchos/MongoKittenCore-t.build/Objects-normal/arm64_32/MongoKittenCore.swiftsourceinfo (in target 'MongoKittenCore' from project 'MongoKitten')
    cd /Users/admin/builder/spi-builder-workspace/.dependencies/checkouts/MongoKitten
    builtin-copy -exclude .DS_Store -exclude CVS -exclude .svn -exclude .git -exclude .hg -resolve-src-symlinks -rename /Users/admin/builder/spi-builder-workspace/.derivedData/Build/Intermediates.noindex/MongoKitten.build/Debug-watchos/MongoKittenCore-t.build/Objects-normal/arm64_32/MongoKittenCore.swiftsourceinfo /Users/admin/builder/spi-builder-workspace/.derivedData/Build/Products/Debug-watchos/MongoKittenCore.swiftmodule/Project/arm64_32-apple-watchos.swiftsourceinfo
Copy /Users/admin/builder/spi-builder-workspace/.derivedData/Build/Products/Debug-watchos/MongoKittenCore.swiftmodule/Project/arm64-apple-watchos.swiftsourceinfo /Users/admin/builder/spi-builder-workspace/.derivedData/Build/Intermediates.noindex/MongoKitten.build/Debug-watchos/MongoKittenCore-t.build/Objects-normal/arm64/MongoKittenCore.swiftsourceinfo (in target 'MongoKittenCore' from project 'MongoKitten')
    cd /Users/admin/builder/spi-builder-workspace/.dependencies/checkouts/MongoKitten
    builtin-copy -exclude .DS_Store -exclude CVS -exclude .svn -exclude .git -exclude .hg -resolve-src-symlinks -rename /Users/admin/builder/spi-builder-workspace/.derivedData/Build/Intermediates.noindex/MongoKitten.build/Debug-watchos/MongoKittenCore-t.build/Objects-normal/arm64/MongoKittenCore.swiftsourceinfo /Users/admin/builder/spi-builder-workspace/.derivedData/Build/Products/Debug-watchos/MongoKittenCore.swiftmodule/Project/arm64-apple-watchos.swiftsourceinfo
SwiftCompile normal arm64_32 Compiling\ ListCollections.swift,\ ListDatabases.swift /Users/admin/builder/spi-builder-workspace/.dependencies/checkouts/MongoKitten/Sources/MongoKittenCore/Commands/ListCollections.swift /Users/admin/builder/spi-builder-workspace/.dependencies/checkouts/MongoKitten/Sources/MongoKittenCore/Commands/ListDatabases.swift (in target 'MongoKittenCore' from project 'MongoKitten')
SwiftCompile normal arm64_32 /Users/admin/builder/spi-builder-workspace/.dependencies/checkouts/MongoKitten/Sources/MongoKittenCore/Commands/ListCollections.swift (in target 'MongoKittenCore' from project 'MongoKitten')
    cd /Users/admin/builder/spi-builder-workspace/.swiftpm/xcode
    builtin-SwiftPerFileCompile ListCollections.swift
SwiftCompile normal arm64_32 /Users/admin/builder/spi-builder-workspace/.dependencies/checkouts/MongoKitten/Sources/MongoKittenCore/Commands/ListDatabases.swift (in target 'MongoKittenCore' from project 'MongoKitten')
    cd /Users/admin/builder/spi-builder-workspace/.swiftpm/xcode
    builtin-SwiftPerFileCompile ListDatabases.swift
SwiftCompile normal arm64_32 Compiling\ FieldPath.swift,\ Projection.swift /Users/admin/builder/spi-builder-workspace/.dependencies/checkouts/MongoKitten/Sources/MongoKittenCore/FieldPath.swift /Users/admin/builder/spi-builder-workspace/.dependencies/checkouts/MongoKitten/Sources/MongoKittenCore/QueryPrimitives/Projection.swift (in target 'MongoKittenCore' from project 'MongoKitten')
SwiftCompile normal arm64_32 /Users/admin/builder/spi-builder-workspace/.dependencies/checkouts/MongoKitten/Sources/MongoKittenCore/FieldPath.swift (in target 'MongoKittenCore' from project 'MongoKitten')
    cd /Users/admin/builder/spi-builder-workspace/.swiftpm/xcode
    builtin-SwiftPerFileCompile FieldPath.swift
SwiftCompile normal arm64_32 /Users/admin/builder/spi-builder-workspace/.dependencies/checkouts/MongoKitten/Sources/MongoKittenCore/QueryPrimitives/Projection.swift (in target 'MongoKittenCore' from project 'MongoKitten')
    cd /Users/admin/builder/spi-builder-workspace/.swiftpm/xcode
    builtin-SwiftPerFileCompile Projection.swift
SwiftDriverJobDiscovery normal arm64_32 Compiling QueryBuilder.swift, Sorting.swift (in target 'MongoKittenCore' from project 'MongoKitten')
SwiftCompile normal arm64 Compiling\ Update.swift,\ Cursor.swift /Users/admin/builder/spi-builder-workspace/.dependencies/checkouts/MongoKitten/Sources/MongoKittenCore/Commands/Update.swift /Users/admin/builder/spi-builder-workspace/.dependencies/checkouts/MongoKitten/Sources/MongoKittenCore/Cursor.swift (in target 'MongoKittenCore' from project 'MongoKitten')
SwiftCompile normal arm64 /Users/admin/builder/spi-builder-workspace/.dependencies/checkouts/MongoKitten/Sources/MongoKittenCore/Commands/Update.swift (in target 'MongoKittenCore' from project 'MongoKitten')
    cd /Users/admin/builder/spi-builder-workspace/.swiftpm/xcode
    builtin-SwiftPerFileCompile Update.swift
SwiftCompile normal arm64 /Users/admin/builder/spi-builder-workspace/.dependencies/checkouts/MongoKitten/Sources/MongoKittenCore/Cursor.swift (in target 'MongoKittenCore' from project 'MongoKitten')
    cd /Users/admin/builder/spi-builder-workspace/.swiftpm/xcode
    builtin-SwiftPerFileCompile Cursor.swift
SwiftCompile normal arm64 Compiling\ QueryBuilder.swift,\ Sorting.swift /Users/admin/builder/spi-builder-workspace/.dependencies/checkouts/MongoKitten/Sources/MongoKittenCore/QueryPrimitives/QueryBuilder.swift /Users/admin/builder/spi-builder-workspace/.dependencies/checkouts/MongoKitten/Sources/MongoKittenCore/QueryPrimitives/Sorting.swift (in target 'MongoKittenCore' from project 'MongoKitten')
SwiftCompile normal arm64 /Users/admin/builder/spi-builder-workspace/.dependencies/checkouts/MongoKitten/Sources/MongoKittenCore/QueryPrimitives/QueryBuilder.swift (in target 'MongoKittenCore' from project 'MongoKitten')
    cd /Users/admin/builder/spi-builder-workspace/.swiftpm/xcode
    builtin-SwiftPerFileCompile QueryBuilder.swift
SwiftCompile normal arm64 /Users/admin/builder/spi-builder-workspace/.dependencies/checkouts/MongoKitten/Sources/MongoKittenCore/QueryPrimitives/Sorting.swift (in target 'MongoKittenCore' from project 'MongoKitten')
    cd /Users/admin/builder/spi-builder-workspace/.swiftpm/xcode
    builtin-SwiftPerFileCompile Sorting.swift
SwiftCompile normal arm64_32 Compiling\ Aggregate.swift,\ CollMod.swift /Users/admin/builder/spi-builder-workspace/.dependencies/checkouts/MongoKitten/Sources/MongoKittenCore/Commands/Aggregate.swift /Users/admin/builder/spi-builder-workspace/.dependencies/checkouts/MongoKitten/Sources/MongoKittenCore/Commands/CollMod.swift (in target 'MongoKittenCore' from project 'MongoKitten')
SwiftCompile normal arm64_32 /Users/admin/builder/spi-builder-workspace/.dependencies/checkouts/MongoKitten/Sources/MongoKittenCore/Commands/Aggregate.swift (in target 'MongoKittenCore' from project 'MongoKitten')
    cd /Users/admin/builder/spi-builder-workspace/.swiftpm/xcode
    builtin-SwiftPerFileCompile Aggregate.swift
SwiftCompile normal arm64_32 /Users/admin/builder/spi-builder-workspace/.dependencies/checkouts/MongoKitten/Sources/MongoKittenCore/Commands/CollMod.swift (in target 'MongoKittenCore' from project 'MongoKitten')
    cd /Users/admin/builder/spi-builder-workspace/.swiftpm/xcode
    builtin-SwiftPerFileCompile CollMod.swift
SwiftCompile normal arm64_32 Compiling\ Explain.swift,\ Find.swift /Users/admin/builder/spi-builder-workspace/.dependencies/checkouts/MongoKitten/Sources/MongoKittenCore/Commands/Explain.swift /Users/admin/builder/spi-builder-workspace/.dependencies/checkouts/MongoKitten/Sources/MongoKittenCore/Commands/Find.swift (in target 'MongoKittenCore' from project 'MongoKitten')
SwiftCompile normal arm64_32 /Users/admin/builder/spi-builder-workspace/.dependencies/checkouts/MongoKitten/Sources/MongoKittenCore/Commands/Explain.swift (in target 'MongoKittenCore' from project 'MongoKitten')
    cd /Users/admin/builder/spi-builder-workspace/.swiftpm/xcode
    builtin-SwiftPerFileCompile Explain.swift
SwiftCompile normal arm64_32 /Users/admin/builder/spi-builder-workspace/.dependencies/checkouts/MongoKitten/Sources/MongoKittenCore/Commands/Find.swift (in target 'MongoKittenCore' from project 'MongoKitten')
    cd /Users/admin/builder/spi-builder-workspace/.swiftpm/xcode
    builtin-SwiftPerFileCompile Find.swift
SwiftDriverJobDiscovery normal arm64 Compiling Count.swift, CreateIndexes.swift (in target 'MongoKittenCore' from project 'MongoKitten')
SwiftCompile normal arm64_32 Compiling\ Delete.swift,\ Distinct.swift /Users/admin/builder/spi-builder-workspace/.dependencies/checkouts/MongoKitten/Sources/MongoKittenCore/Commands/Delete.swift /Users/admin/builder/spi-builder-workspace/.dependencies/checkouts/MongoKitten/Sources/MongoKittenCore/Commands/Distinct.swift (in target 'MongoKittenCore' from project 'MongoKitten')
SwiftCompile normal arm64_32 /Users/admin/builder/spi-builder-workspace/.dependencies/checkouts/MongoKitten/Sources/MongoKittenCore/Commands/Delete.swift (in target 'MongoKittenCore' from project 'MongoKitten')
    cd /Users/admin/builder/spi-builder-workspace/.swiftpm/xcode
    builtin-SwiftPerFileCompile Delete.swift
SwiftCompile normal arm64_32 /Users/admin/builder/spi-builder-workspace/.dependencies/checkouts/MongoKitten/Sources/MongoKittenCore/Commands/Distinct.swift (in target 'MongoKittenCore' from project 'MongoKitten')
    cd /Users/admin/builder/spi-builder-workspace/.swiftpm/xcode
    builtin-SwiftPerFileCompile Distinct.swift
SwiftCompile normal arm64 Compiling\ Explain.swift,\ Find.swift /Users/admin/builder/spi-builder-workspace/.dependencies/checkouts/MongoKitten/Sources/MongoKittenCore/Commands/Explain.swift /Users/admin/builder/spi-builder-workspace/.dependencies/checkouts/MongoKitten/Sources/MongoKittenCore/Commands/Find.swift (in target 'MongoKittenCore' from project 'MongoKitten')
SwiftCompile normal arm64 /Users/admin/builder/spi-builder-workspace/.dependencies/checkouts/MongoKitten/Sources/MongoKittenCore/Commands/Explain.swift (in target 'MongoKittenCore' from project 'MongoKitten')
    cd /Users/admin/builder/spi-builder-workspace/.swiftpm/xcode
    builtin-SwiftPerFileCompile Explain.swift
SwiftCompile normal arm64 /Users/admin/builder/spi-builder-workspace/.dependencies/checkouts/MongoKitten/Sources/MongoKittenCore/Commands/Find.swift (in target 'MongoKittenCore' from project 'MongoKitten')
    cd /Users/admin/builder/spi-builder-workspace/.swiftpm/xcode
    builtin-SwiftPerFileCompile Find.swift
SwiftDriverJobDiscovery normal arm64_32 Compiling FindAndModify.swift, Insert.swift (in target 'MongoKittenCore' from project 'MongoKitten')
SwiftDriverJobDiscovery normal arm64 Compiling Delete.swift, Distinct.swift (in target 'MongoKittenCore' from project 'MongoKitten')
SwiftDriverJobDiscovery normal arm64_32 Compiling Drop.swift, DropIndexes.swift (in target 'MongoKittenCore' from project 'MongoKitten')
SwiftEmitModule normal arm64_32 Emitting\ module\ for\ AsyncHTTPClient (in target 'AsyncHTTPClient' from project 'async-http-client')
SwiftCompile normal arm64_32 (in target 'AsyncHTTPClient' from project 'async-http-client')
    cd /Users/admin/builder/spi-builder-workspace/.swiftpm/xcode

SwiftDriverJobDiscovery normal arm64_32 Compiling ListCollections.swift, ListDatabases.swift (in target 'MongoKittenCore' from project 'MongoKitten')
SwiftEmitModule normal arm64 Emitting\ module\ for\ AsyncHTTPClient (in target 'AsyncHTTPClient' from project 'async-http-client')
SwiftCompile normal arm64 (in target 'AsyncHTTPClient' from project 'async-http-client')
    cd /Users/admin/builder/spi-builder-workspace/.swiftpm/xcode

SwiftDriverJobDiscovery normal arm64_32 Compiling FieldPath.swift, Projection.swift (in target 'MongoKittenCore' from project 'MongoKitten')
SwiftCompile normal arm64_32 Compiling\ Update.swift,\ Cursor.swift /Users/admin/builder/spi-builder-workspace/.dependencies/checkouts/MongoKitten/Sources/MongoKittenCore/Commands/Update.swift /Users/admin/builder/spi-builder-workspace/.dependencies/checkouts/MongoKitten/Sources/MongoKittenCore/Cursor.swift (in target 'MongoKittenCore' from project 'MongoKitten')
SwiftCompile normal arm64_32 /Users/admin/builder/spi-builder-workspace/.dependencies/checkouts/MongoKitten/Sources/MongoKittenCore/Commands/Update.swift (in target 'MongoKittenCore' from project 'MongoKitten')
    cd /Users/admin/builder/spi-builder-workspace/.swiftpm/xcode
    builtin-SwiftPerFileCompile Update.swift
SwiftCompile normal arm64_32 /Users/admin/builder/spi-builder-workspace/.dependencies/checkouts/MongoKitten/Sources/MongoKittenCore/Cursor.swift (in target 'MongoKittenCore' from project 'MongoKitten')
    cd /Users/admin/builder/spi-builder-workspace/.swiftpm/xcode
    builtin-SwiftPerFileCompile Cursor.swift
SwiftDriverJobDiscovery normal arm64 Compiling QueryBuilder.swift, Sorting.swift (in target 'MongoKittenCore' from project 'MongoKitten')
SwiftCompile normal arm64 Compiling\ FieldPath.swift,\ Projection.swift /Users/admin/builder/spi-builder-workspace/.dependencies/checkouts/MongoKitten/Sources/MongoKittenCore/FieldPath.swift /Users/admin/builder/spi-builder-workspace/.dependencies/checkouts/MongoKitten/Sources/MongoKittenCore/QueryPrimitives/Projection.swift (in target 'MongoKittenCore' from project 'MongoKitten')
SwiftCompile normal arm64 /Users/admin/builder/spi-builder-workspace/.dependencies/checkouts/MongoKitten/Sources/MongoKittenCore/FieldPath.swift (in target 'MongoKittenCore' from project 'MongoKitten')
    cd /Users/admin/builder/spi-builder-workspace/.swiftpm/xcode
    builtin-SwiftPerFileCompile FieldPath.swift
SwiftCompile normal arm64 /Users/admin/builder/spi-builder-workspace/.dependencies/checkouts/MongoKitten/Sources/MongoKittenCore/QueryPrimitives/Projection.swift (in target 'MongoKittenCore' from project 'MongoKitten')
    cd /Users/admin/builder/spi-builder-workspace/.swiftpm/xcode
    builtin-SwiftPerFileCompile Projection.swift
SwiftDriverJobDiscovery normal arm64 Compiling Update.swift, Cursor.swift (in target 'MongoKittenCore' from project 'MongoKitten')
SwiftCompile normal arm64 Compiling\ Drop.swift,\ DropIndexes.swift /Users/admin/builder/spi-builder-workspace/.dependencies/checkouts/MongoKitten/Sources/MongoKittenCore/Commands/Drop.swift /Users/admin/builder/spi-builder-workspace/.dependencies/checkouts/MongoKitten/Sources/MongoKittenCore/Commands/DropIndexes.swift (in target 'MongoKittenCore' from project 'MongoKitten')
SwiftCompile normal arm64 /Users/admin/builder/spi-builder-workspace/.dependencies/checkouts/MongoKitten/Sources/MongoKittenCore/Commands/Drop.swift (in target 'MongoKittenCore' from project 'MongoKitten')
    cd /Users/admin/builder/spi-builder-workspace/.swiftpm/xcode
    builtin-SwiftPerFileCompile Drop.swift
SwiftCompile normal arm64 /Users/admin/builder/spi-builder-workspace/.dependencies/checkouts/MongoKitten/Sources/MongoKittenCore/Commands/DropIndexes.swift (in target 'MongoKittenCore' from project 'MongoKitten')
    cd /Users/admin/builder/spi-builder-workspace/.swiftpm/xcode
    builtin-SwiftPerFileCompile DropIndexes.swift
SwiftDriverJobDiscovery normal arm64_32 Compiling Aggregate.swift, CollMod.swift (in target 'MongoKittenCore' from project 'MongoKitten')
SwiftCompile normal arm64 Compiling\ ListCollections.swift,\ ListDatabases.swift /Users/admin/builder/spi-builder-workspace/.dependencies/checkouts/MongoKitten/Sources/MongoKittenCore/Commands/ListCollections.swift /Users/admin/builder/spi-builder-workspace/.dependencies/checkouts/MongoKitten/Sources/MongoKittenCore/Commands/ListDatabases.swift (in target 'MongoKittenCore' from project 'MongoKitten')
SwiftCompile normal arm64 /Users/admin/builder/spi-builder-workspace/.dependencies/checkouts/MongoKitten/Sources/MongoKittenCore/Commands/ListCollections.swift (in target 'MongoKittenCore' from project 'MongoKitten')
    cd /Users/admin/builder/spi-builder-workspace/.swiftpm/xcode
    builtin-SwiftPerFileCompile ListCollections.swift
SwiftCompile normal arm64 /Users/admin/builder/spi-builder-workspace/.dependencies/checkouts/MongoKitten/Sources/MongoKittenCore/Commands/ListDatabases.swift (in target 'MongoKittenCore' from project 'MongoKitten')
    cd /Users/admin/builder/spi-builder-workspace/.swiftpm/xcode
    builtin-SwiftPerFileCompile ListDatabases.swift
SwiftDriverJobDiscovery normal arm64_32 Compiling Explain.swift, Find.swift (in target 'MongoKittenCore' from project 'MongoKitten')
SwiftCompile normal arm64 Compiling\ Aggregate.swift,\ CollMod.swift /Users/admin/builder/spi-builder-workspace/.dependencies/checkouts/MongoKitten/Sources/MongoKittenCore/Commands/Aggregate.swift /Users/admin/builder/spi-builder-workspace/.dependencies/checkouts/MongoKitten/Sources/MongoKittenCore/Commands/CollMod.swift (in target 'MongoKittenCore' from project 'MongoKitten')
SwiftCompile normal arm64 /Users/admin/builder/spi-builder-workspace/.dependencies/checkouts/MongoKitten/Sources/MongoKittenCore/Commands/Aggregate.swift (in target 'MongoKittenCore' from project 'MongoKitten')
    cd /Users/admin/builder/spi-builder-workspace/.swiftpm/xcode
    builtin-SwiftPerFileCompile Aggregate.swift
SwiftCompile normal arm64 /Users/admin/builder/spi-builder-workspace/.dependencies/checkouts/MongoKitten/Sources/MongoKittenCore/Commands/CollMod.swift (in target 'MongoKittenCore' from project 'MongoKitten')
    cd /Users/admin/builder/spi-builder-workspace/.swiftpm/xcode
    builtin-SwiftPerFileCompile CollMod.swift
SwiftDriverJobDiscovery normal arm64 Compiling Explain.swift, Find.swift (in target 'MongoKittenCore' from project 'MongoKitten')
SwiftCompile normal arm64 Compiling\ FindAndModify.swift,\ Insert.swift /Users/admin/builder/spi-builder-workspace/.dependencies/checkouts/MongoKitten/Sources/MongoKittenCore/Commands/FindAndModify.swift /Users/admin/builder/spi-builder-workspace/.dependencies/checkouts/MongoKitten/Sources/MongoKittenCore/Commands/Insert.swift (in target 'MongoKittenCore' from project 'MongoKitten')
SwiftCompile normal arm64 /Users/admin/builder/spi-builder-workspace/.dependencies/checkouts/MongoKitten/Sources/MongoKittenCore/Commands/FindAndModify.swift (in target 'MongoKittenCore' from project 'MongoKitten')
    cd /Users/admin/builder/spi-builder-workspace/.swiftpm/xcode
    builtin-SwiftPerFileCompile FindAndModify.swift
SwiftCompile normal arm64 /Users/admin/builder/spi-builder-workspace/.dependencies/checkouts/MongoKitten/Sources/MongoKittenCore/Commands/Insert.swift (in target 'MongoKittenCore' from project 'MongoKitten')
    cd /Users/admin/builder/spi-builder-workspace/.swiftpm/xcode
    builtin-SwiftPerFileCompile Insert.swift
SwiftCompile normal arm64_32 Compiling\ Count.swift,\ CreateIndexes.swift /Users/admin/builder/spi-builder-workspace/.dependencies/checkouts/MongoKitten/Sources/MongoKittenCore/Commands/Count.swift /Users/admin/builder/spi-builder-workspace/.dependencies/checkouts/MongoKitten/Sources/MongoKittenCore/Commands/CreateIndexes.swift (in target 'MongoKittenCore' from project 'MongoKitten')
SwiftCompile normal arm64_32 /Users/admin/builder/spi-builder-workspace/.dependencies/checkouts/MongoKitten/Sources/MongoKittenCore/Commands/Count.swift (in target 'MongoKittenCore' from project 'MongoKitten')
    cd /Users/admin/builder/spi-builder-workspace/.swiftpm/xcode
    builtin-SwiftPerFileCompile Count.swift
SwiftCompile normal arm64_32 /Users/admin/builder/spi-builder-workspace/.dependencies/checkouts/MongoKitten/Sources/MongoKittenCore/Commands/CreateIndexes.swift (in target 'MongoKittenCore' from project 'MongoKitten')
    cd /Users/admin/builder/spi-builder-workspace/.swiftpm/xcode
    builtin-SwiftPerFileCompile CreateIndexes.swift
SwiftDriverJobDiscovery normal arm64_32 Compiling Delete.swift, Distinct.swift (in target 'MongoKittenCore' from project 'MongoKitten')
SwiftEmitModule normal arm64_32 Emitting\ module\ for\ MongoClient (in target 'MongoClient' from project 'MongoKitten')
SwiftCompile normal arm64_32 (in target 'MongoClient' from project 'MongoKitten')
    cd /Users/admin/builder/spi-builder-workspace/.swiftpm/xcode

SwiftEmitModule normal arm64 Emitting\ module\ for\ MongoClient (in target 'MongoClient' from project 'MongoKitten')
SwiftCompile normal arm64 (in target 'MongoClient' from project 'MongoKitten')
    cd /Users/admin/builder/spi-builder-workspace/.swiftpm/xcode

SwiftDriverJobDiscovery normal arm64 Compiling Drop.swift, DropIndexes.swift (in target 'MongoKittenCore' from project 'MongoKitten')
SwiftDriverJobDiscovery normal arm64 Compiling ListCollections.swift, ListDatabases.swift (in target 'MongoKittenCore' from project 'MongoKitten')
SwiftCompile normal arm64_32 Compiling\ ConnectionPool.swift /Users/admin/builder/spi-builder-workspace/.dependencies/checkouts/MongoKitten/Sources/MongoClient/ConnectionPool.swift (in target 'MongoClient' from project 'MongoKitten')
SwiftCompile normal arm64_32 /Users/admin/builder/spi-builder-workspace/.dependencies/checkouts/MongoKitten/Sources/MongoClient/ConnectionPool.swift (in target 'MongoClient' from project 'MongoKitten')
    cd /Users/admin/builder/spi-builder-workspace/.swiftpm/xcode
    builtin-SwiftPerFileCompile ConnectionPool.swift
SwiftDriverJobDiscovery normal arm64 Compiling FieldPath.swift, Projection.swift (in target 'MongoKittenCore' from project 'MongoKitten')
SwiftCompile normal arm64_32 Compiling\ ConnectionContext.swift /Users/admin/builder/spi-builder-workspace/.dependencies/checkouts/MongoKitten/Sources/MongoClient/ConnectionContext.swift (in target 'MongoClient' from project 'MongoKitten')
SwiftCompile normal arm64_32 /Users/admin/builder/spi-builder-workspace/.dependencies/checkouts/MongoKitten/Sources/MongoClient/ConnectionContext.swift (in target 'MongoClient' from project 'MongoKitten')
    cd /Users/admin/builder/spi-builder-workspace/.swiftpm/xcode
    builtin-SwiftPerFileCompile ConnectionContext.swift
SwiftCompile normal arm64_32 Compiling\ Error.swift /Users/admin/builder/spi-builder-workspace/.dependencies/checkouts/MongoKitten/Sources/MongoClient/Error.swift (in target 'MongoClient' from project 'MongoKitten')
SwiftCompile normal arm64_32 /Users/admin/builder/spi-builder-workspace/.dependencies/checkouts/MongoKitten/Sources/MongoClient/Error.swift (in target 'MongoClient' from project 'MongoKitten')
    cd /Users/admin/builder/spi-builder-workspace/.swiftpm/xcode
    builtin-SwiftPerFileCompile Error.swift
SwiftDriverJobDiscovery normal arm64_32 Compiling Update.swift, Cursor.swift (in target 'MongoKittenCore' from project 'MongoKitten')
SwiftCompile normal arm64_32 Compiling\ Exports.swift /Users/admin/builder/spi-builder-workspace/.dependencies/checkouts/MongoKitten/Sources/MongoClient/Exports.swift (in target 'MongoClient' from project 'MongoKitten')
SwiftCompile normal arm64_32 /Users/admin/builder/spi-builder-workspace/.dependencies/checkouts/MongoKitten/Sources/MongoClient/Exports.swift (in target 'MongoClient' from project 'MongoKitten')
    cd /Users/admin/builder/spi-builder-workspace/.swiftpm/xcode
    builtin-SwiftPerFileCompile Exports.swift
SwiftDriverJobDiscovery normal arm64 Compiling Aggregate.swift, CollMod.swift (in target 'MongoKittenCore' from project 'MongoKitten')
SwiftCompile normal arm64_32 Compiling\ OK.swift /Users/admin/builder/spi-builder-workspace/.dependencies/checkouts/MongoKitten/Sources/MongoClient/Responses/OK.swift (in target 'MongoClient' from project 'MongoKitten')
SwiftCompile normal arm64_32 /Users/admin/builder/spi-builder-workspace/.dependencies/checkouts/MongoKitten/Sources/MongoClient/Responses/OK.swift (in target 'MongoClient' from project 'MongoKitten')
    cd /Users/admin/builder/spi-builder-workspace/.swiftpm/xcode
    builtin-SwiftPerFileCompile OK.swift
SwiftDriverJobDiscovery normal arm64_32 Compiling Count.swift, CreateIndexes.swift (in target 'MongoKittenCore' from project 'MongoKitten')
SwiftCompile normal arm64 Compiling\ Connection.swift,\ ConnectionContext.swift /Users/admin/builder/spi-builder-workspace/.dependencies/checkouts/MongoKitten/Sources/MongoClient/Connection.swift /Users/admin/builder/spi-builder-workspace/.dependencies/checkouts/MongoKitten/Sources/MongoClient/ConnectionContext.swift (in target 'MongoClient' from project 'MongoKitten')
SwiftCompile normal arm64 /Users/admin/builder/spi-builder-workspace/.dependencies/checkouts/MongoKitten/Sources/MongoClient/Connection.swift (in target 'MongoClient' from project 'MongoKitten')
    cd /Users/admin/builder/spi-builder-workspace/.swiftpm/xcode
    builtin-SwiftPerFileCompile Connection.swift
SwiftCompile normal arm64 /Users/admin/builder/spi-builder-workspace/.dependencies/checkouts/MongoKitten/Sources/MongoClient/ConnectionContext.swift (in target 'MongoClient' from project 'MongoKitten')
    cd /Users/admin/builder/spi-builder-workspace/.swiftpm/xcode
    builtin-SwiftPerFileCompile ConnectionContext.swift
SwiftDriverJobDiscovery normal arm64 Compiling FindAndModify.swift, Insert.swift (in target 'MongoKittenCore' from project 'MongoKitten')
SwiftDriver\ Compilation MongoKittenCore normal arm64_32 com.apple.xcode.tools.swift.compiler (in target 'MongoKittenCore' from project 'MongoKitten')
    cd /Users/admin/builder/spi-builder-workspace/.swiftpm/xcode
    builtin-Swift-Compilation -- /Applications/Xcode-27.0.0-Release.Candidate.app/Contents/Developer/Toolchains/XcodeDefault.xctoolchain/usr/bin/swiftc -parse-as-library -module-name MongoKittenCore -Onone @/Users/admin/builder/spi-builder-workspace/.derivedData/Build/Intermediates.noindex/MongoKitten.build/Debug-watchos/MongoKittenCore-t.build/Objects-normal/arm64_32/MongoKittenCore.SwiftFileList -DSWIFT_PACKAGE -DDEBUG -DSWIFT_MODULE_RESOURCE_BUNDLE_UNAVAILABLE -Xcc -fmodule-map-file\=/Users/admin/builder/spi-builder-workspace/.derivedData/Build/Intermediates.noindex/GeneratedModuleMaps-watchos/CNIOBoringSSLShims.modulemap -Xcc -fmodule-map-file\=/Users/admin/builder/spi-builder-workspace/.dependencies/checkouts/swift-nio-ssl/Sources/CNIOBoringSSL/include/module.modulemap -Xcc -fmodule-map-file\=/Users/admin/builder/spi-builder-workspace/.dependencies/checkouts/swift-atomics/Sources/_AtomicsShims/include/module.modulemap -Xcc -fmodule-map-file\=/Users/admin/builder/spi-builder-workspace/.derivedData/Build/Intermediates.noindex/GeneratedModuleMaps-watchos/CNIOPosix.modulemap -Xcc -fmodule-map-file\=/Users/admin/builder/spi-builder-workspace/.derivedData/Build/Intermediates.noindex/GeneratedModuleMaps-watchos/CNIOWASI.modulemap -Xcc -fmodule-map-file\=/Users/admin/builder/spi-builder-workspace/.dependencies/checkouts/swift-nio/Sources/CNIOWindows/include/module.modulemap -Xcc -fmodule-map-file\=/Users/admin/builder/spi-builder-workspace/.derivedData/Build/Intermediates.noindex/GeneratedModuleMaps-watchos/CNIOLinux.modulemap -Xcc -fmodule-map-file\=/Users/admin/builder/spi-builder-workspace/.derivedData/Build/Intermediates.noindex/GeneratedModuleMaps-watchos/CNIODarwin.modulemap -Xcc -fmodule-map-file\=/Users/admin/builder/spi-builder-workspace/.derivedData/Build/Intermediates.noindex/GeneratedModuleMaps-watchos/CNIOFreeBSD.modulemap -Xcc -fmodule-map-file\=/Users/admin/builder/spi-builder-workspace/.derivedData/Build/Intermediates.noindex/GeneratedModuleMaps-watchos/CNIOOpenBSD.modulemap -Xcc -fmodule-map-file\=/Users/admin/builder/spi-builder-workspace/.derivedData/Build/Intermediates.noindex/GeneratedModuleMaps-watchos/CNIOAtomics.modulemap -DXcode -enable-experimental-feature StrictConcurrency\=complete -plugin-path /Applications/Xcode-27.0.0-Release.Candidate.app/Contents/Developer/Toolchains/XcodeDefault.xctoolchain/usr/lib/swift/host/plugins/testing -enable-experimental-feature DebugDescriptionMacro -sdk /Applications/Xcode-27.0.0-Release.Candidate.app/Contents/Developer/Platforms/WatchOS.platform/Developer/SDKs/WatchOS27.0.sdk -target arm64_32-apple-watchos9.0 -g -module-cache-path /Users/admin/builder/spi-builder-workspace/.derivedData/ModuleCache.noindex -Xfrontend -serialize-debugging-options -profile-coverage-mapping -profile-generate -enable-testing -suppress-warnings -index-store-path /Users/admin/builder/spi-builder-workspace/.derivedData/Index.noindex/DataStore -Xcc -D_LIBCPP_HARDENING_MODE\=_LIBCPP_HARDENING_MODE_DEBUG -swift-version 6 -I /Users/admin/builder/spi-builder-workspace/.derivedData/Build/Products/Debug-watchos -Isystem /Applications/Xcode-27.0.0-Release.Candidate.app/Contents/Developer/Platforms/WatchOS.platform/Developer/usr/lib -F /Users/admin/builder/spi-builder-workspace/.derivedData/Build/Products/Debug-watchos/PackageFrameworks -F /Users/admin/builder/spi-builder-workspace/.derivedData/Build/Products/Debug-watchos -F /Applications/Xcode-27.0.0-Release.Candidate.app/Contents/Developer/Platforms/WatchOS.platform/Developer/Library/Frameworks -F /Applications/Xcode-27.0.0-Release.Candidate.app/Contents/Developer/Platforms/WatchOS.platform/Developer/SDKs/WatchOS27.0.sdk/Developer/Library/Frameworks -c -j10 -enable-batch-mode -incremental -Xcc -ivfsstatcache -Xcc /Users/admin/builder/spi-builder-workspace/.derivedData/SDKStatCaches.noindex/watchos27.0-24R360-e829b21a6f8c9b70876ba0858053c04477534ef55a1706bf4c1112bbb242f0a2.sdkstatcache -output-file-map /Users/admin/builder/spi-builder-workspace/.derivedData/Build/Intermediates.noindex/MongoKitten.build/Debug-watchos/MongoKittenCore-t.build/Objects-normal/arm64_32/MongoKittenCore-OutputFileMap.json -save-temps -no-color-diagnostics -explicit-module-build -module-cache-path /Users/admin/builder/spi-builder-workspace/.derivedData/Build/Intermediates.noindex/SwiftExplicitPrecompiledModules -clang-scanner-module-cache-path /Users/admin/builder/spi-builder-workspace/.derivedData/ModuleCache.noindex -sdk-module-cache-path /Users/admin/builder/spi-builder-workspace/.derivedData/SDKExplicitPrecompiledModules -emit-dependencies -emit-module -emit-module-path /Users/admin/builder/spi-builder-workspace/.derivedData/Build/Intermediates.noindex/MongoKitten.build/Debug-watchos/MongoKittenCore-t.build/Objects-normal/arm64_32/MongoKittenCore.swiftmodule -serialize-diagnostics -dependency-scan-serialize-diagnostics-path /Users/admin/builder/spi-builder-workspace/.derivedData/Build/Intermediates.noindex/MongoKitten.build/Debug-watchos/MongoKittenCore-t.build/Objects-normal/arm64_32/MongoKittenCore-dependency-scan.dia -user-module-version 7.16.3 -validate-clang-modules-once -clang-build-session-file /Users/admin/builder/spi-builder-workspace/.derivedData/ModuleCache.noindex/Session.modulevalidation -Xcc -fmodules-prune-interval\=86400 -Xcc -fmodules-prune-after\=345600 -package-name mongokitten -emit-const-values -const-gather-protocols-list /Users/admin/builder/spi-builder-workspace/.derivedData/Build/Intermediates.noindex/MongoKitten.build/Debug-watchos/MongoKittenCore-t.build/Objects-normal/arm64_32/MongoKittenCore_const_extract_protocols.json -Xcc -I/Users/admin/builder/spi-builder-workspace/.dependencies/checkouts/swift-nio-ssl/Sources/CNIOBoringSSLShims/include -Xcc -I/Users/admin/builder/spi-builder-workspace/.dependencies/checkouts/swift-nio-ssl/Sources/CNIOBoringSSL/include -Xcc -I/Users/admin/builder/spi-builder-workspace/.dependencies/checkouts/swift-atomics/Sources/_AtomicsShims/include -Xcc -I/Users/admin/builder/spi-builder-workspace/.dependencies/checkouts/swift-nio/Sources/CNIOPosix/include -Xcc -I/Users/admin/builder/spi-builder-workspace/.dependencies/checkouts/swift-nio/Sources/CNIOWASI/include -Xcc -I/Users/admin/builder/spi-builder-workspace/.dependencies/checkouts/swift-nio/Sources/CNIOWindows/include -Xcc -I/Users/admin/builder/spi-builder-workspace/.dependencies/checkouts/swift-nio/Sources/CNIOLinux/include -Xcc -I/Users/admin/builder/spi-builder-workspace/.dependencies/checkouts/swift-nio/Sources/CNIODarwin/include -Xcc -I/Users/admin/builder/spi-builder-workspace/.dependencies/checkouts/swift-nio/Sources/CNIOFreeBSD/include -Xcc -I/Users/admin/builder/spi-builder-workspace/.dependencies/checkouts/swift-nio/Sources/CNIOOpenBSD/include -Xcc -I/Users/admin/builder/spi-builder-workspace/.dependencies/checkouts/swift-nio/Sources/CNIOAtomics/include -Xcc -I/Users/admin/builder/spi-builder-workspace/.derivedData/Build/Products/Debug-watchos/include -Xcc -I/Users/admin/builder/spi-builder-workspace/.derivedData/Build/Intermediates.noindex/MongoKitten.build/Debug-watchos/MongoKittenCore-t.build/DerivedSources-normal/arm64_32 -Xcc -I/Users/admin/builder/spi-builder-workspace/.derivedData/Build/Intermediates.noindex/MongoKitten.build/Debug-watchos/MongoKittenCore-t.build/DerivedSources/arm64_32 -Xcc -I/Users/admin/builder/spi-builder-workspace/.derivedData/Build/Intermediates.noindex/MongoKitten.build/Debug-watchos/MongoKittenCore-t.build/DerivedSources -Xcc -DSWIFT_PACKAGE -Xcc -DDEBUG\=1 -emit-objc-header -emit-objc-header-path /Users/admin/builder/spi-builder-workspace/.derivedData/Build/Intermediates.noindex/MongoKitten.build/Debug-watchos/MongoKittenCore-t.build/Objects-normal/arm64_32/MongoKittenCore-Swift.h -working-directory /Users/admin/builder/spi-builder-workspace/.swiftpm/xcode -experimental-emit-module-separately -disable-cmo
SwiftDriverJobDiscovery normal arm64_32 Compiling Exports.swift (in target 'MongoClient' from project 'MongoKitten')
SwiftDriver\ Compilation MongoKittenCore normal arm64 com.apple.xcode.tools.swift.compiler (in target 'MongoKittenCore' from project 'MongoKitten')
    cd /Users/admin/builder/spi-builder-workspace/.swiftpm/xcode
    builtin-Swift-Compilation -- /Applications/Xcode-27.0.0-Release.Candidate.app/Contents/Developer/Toolchains/XcodeDefault.xctoolchain/usr/bin/swiftc -parse-as-library -module-name MongoKittenCore -Onone @/Users/admin/builder/spi-builder-workspace/.derivedData/Build/Intermediates.noindex/MongoKitten.build/Debug-watchos/MongoKittenCore-t.build/Objects-normal/arm64/MongoKittenCore.SwiftFileList -DSWIFT_PACKAGE -DDEBUG -DSWIFT_MODULE_RESOURCE_BUNDLE_UNAVAILABLE -Xcc -fmodule-map-file\=/Users/admin/builder/spi-builder-workspace/.derivedData/Build/Intermediates.noindex/GeneratedModuleMaps-watchos/CNIOBoringSSLShims.modulemap -Xcc -fmodule-map-file\=/Users/admin/builder/spi-builder-workspace/.dependencies/checkouts/swift-nio-ssl/Sources/CNIOBoringSSL/include/module.modulemap -Xcc -fmodule-map-file\=/Users/admin/builder/spi-builder-workspace/.dependencies/checkouts/swift-atomics/Sources/_AtomicsShims/include/module.modulemap -Xcc -fmodule-map-file\=/Users/admin/builder/spi-builder-workspace/.derivedData/Build/Intermediates.noindex/GeneratedModuleMaps-watchos/CNIOPosix.modulemap -Xcc -fmodule-map-file\=/Users/admin/builder/spi-builder-workspace/.derivedData/Build/Intermediates.noindex/GeneratedModuleMaps-watchos/CNIOWASI.modulemap -Xcc -fmodule-map-file\=/Users/admin/builder/spi-builder-workspace/.dependencies/checkouts/swift-nio/Sources/CNIOWindows/include/module.modulemap -Xcc -fmodule-map-file\=/Users/admin/builder/spi-builder-workspace/.derivedData/Build/Intermediates.noindex/GeneratedModuleMaps-watchos/CNIOLinux.modulemap -Xcc -fmodule-map-file\=/Users/admin/builder/spi-builder-workspace/.derivedData/Build/Intermediates.noindex/GeneratedModuleMaps-watchos/CNIODarwin.modulemap -Xcc -fmodule-map-file\=/Users/admin/builder/spi-builder-workspace/.derivedData/Build/Intermediates.noindex/GeneratedModuleMaps-watchos/CNIOFreeBSD.modulemap -Xcc -fmodule-map-file\=/Users/admin/builder/spi-builder-workspace/.derivedData/Build/Intermediates.noindex/GeneratedModuleMaps-watchos/CNIOOpenBSD.modulemap -Xcc -fmodule-map-file\=/Users/admin/builder/spi-builder-workspace/.derivedData/Build/Intermediates.noindex/GeneratedModuleMaps-watchos/CNIOAtomics.modulemap -DXcode -enable-experimental-feature StrictConcurrency\=complete -plugin-path /Applications/Xcode-27.0.0-Release.Candidate.app/Contents/Developer/Toolchains/XcodeDefault.xctoolchain/usr/lib/swift/host/plugins/testing -enable-experimental-feature DebugDescriptionMacro -sdk /Applications/Xcode-27.0.0-Release.Candidate.app/Contents/Developer/Platforms/WatchOS.platform/Developer/SDKs/WatchOS27.0.sdk -target arm64-apple-watchos9.0 -g -module-cache-path /Users/admin/builder/spi-builder-workspace/.derivedData/ModuleCache.noindex -Xfrontend -serialize-debugging-options -profile-coverage-mapping -profile-generate -enable-testing -suppress-warnings -index-store-path /Users/admin/builder/spi-builder-workspace/.derivedData/Index.noindex/DataStore -Xcc -D_LIBCPP_HARDENING_MODE\=_LIBCPP_HARDENING_MODE_DEBUG -swift-version 6 -I /Users/admin/builder/spi-builder-workspace/.derivedData/Build/Products/Debug-watchos -Isystem /Applications/Xcode-27.0.0-Release.Candidate.app/Contents/Developer/Platforms/WatchOS.platform/Developer/usr/lib -F /Users/admin/builder/spi-builder-workspace/.derivedData/Build/Products/Debug-watchos/PackageFrameworks -F /Users/admin/builder/spi-builder-workspace/.derivedData/Build/Products/Debug-watchos -F /Applications/Xcode-27.0.0-Release.Candidate.app/Contents/Developer/Platforms/WatchOS.platform/Developer/Library/Frameworks -F /Applications/Xcode-27.0.0-Release.Candidate.app/Contents/Developer/Platforms/WatchOS.platform/Developer/SDKs/WatchOS27.0.sdk/Developer/Library/Frameworks -c -j10 -enable-batch-mode -incremental -Xcc -ivfsstatcache -Xcc /Users/admin/builder/spi-builder-workspace/.derivedData/SDKStatCaches.noindex/watchos27.0-24R360-e829b21a6f8c9b70876ba0858053c04477534ef55a1706bf4c1112bbb242f0a2.sdkstatcache -output-file-map /Users/admin/builder/spi-builder-workspace/.derivedData/Build/Intermediates.noindex/MongoKitten.build/Debug-watchos/MongoKittenCore-t.build/Objects-normal/arm64/MongoKittenCore-OutputFileMap.json -save-temps -no-color-diagnostics -explicit-module-build -module-cache-path /Users/admin/builder/spi-builder-workspace/.derivedData/Build/Intermediates.noindex/SwiftExplicitPrecompiledModules -clang-scanner-module-cache-path /Users/admin/builder/spi-builder-workspace/.derivedData/ModuleCache.noindex -sdk-module-cache-path /Users/admin/builder/spi-builder-workspace/.derivedData/SDKExplicitPrecompiledModules -emit-dependencies -emit-module -emit-module-path /Users/admin/builder/spi-builder-workspace/.derivedData/Build/Intermediates.noindex/MongoKitten.build/Debug-watchos/MongoKittenCore-t.build/Objects-normal/arm64/MongoKittenCore.swiftmodule -serialize-diagnostics -dependency-scan-serialize-diagnostics-path /Users/admin/builder/spi-builder-workspace/.derivedData/Build/Intermediates.noindex/MongoKitten.build/Debug-watchos/MongoKittenCore-t.build/Objects-normal/arm64/MongoKittenCore-dependency-scan.dia -user-module-version 7.16.3 -validate-clang-modules-once -clang-build-session-file /Users/admin/builder/spi-builder-workspace/.derivedData/ModuleCache.noindex/Session.modulevalidation -Xcc -fmodules-prune-interval\=86400 -Xcc -fmodules-prune-after\=345600 -package-name mongokitten -emit-const-values -const-gather-protocols-list /Users/admin/builder/spi-builder-workspace/.derivedData/Build/Intermediates.noindex/MongoKitten.build/Debug-watchos/MongoKittenCore-t.build/Objects-normal/arm64/MongoKittenCore_const_extract_protocols.json -Xcc -I/Users/admin/builder/spi-builder-workspace/.dependencies/checkouts/swift-nio-ssl/Sources/CNIOBoringSSLShims/include -Xcc -I/Users/admin/builder/spi-builder-workspace/.dependencies/checkouts/swift-nio-ssl/Sources/CNIOBoringSSL/include -Xcc -I/Users/admin/builder/spi-builder-workspace/.dependencies/checkouts/swift-atomics/Sources/_AtomicsShims/include -Xcc -I/Users/admin/builder/spi-builder-workspace/.dependencies/checkouts/swift-nio/Sources/CNIOPosix/include -Xcc -I/Users/admin/builder/spi-builder-workspace/.dependencies/checkouts/swift-nio/Sources/CNIOWASI/include -Xcc -I/Users/admin/builder/spi-builder-workspace/.dependencies/checkouts/swift-nio/Sources/CNIOWindows/include -Xcc -I/Users/admin/builder/spi-builder-workspace/.dependencies/checkouts/swift-nio/Sources/CNIOLinux/include -Xcc -I/Users/admin/builder/spi-builder-workspace/.dependencies/checkouts/swift-nio/Sources/CNIODarwin/include -Xcc -I/Users/admin/builder/spi-builder-workspace/.dependencies/checkouts/swift-nio/Sources/CNIOFreeBSD/include -Xcc -I/Users/admin/builder/spi-builder-workspace/.dependencies/checkouts/swift-nio/Sources/CNIOOpenBSD/include -Xcc -I/Users/admin/builder/spi-builder-workspace/.dependencies/checkouts/swift-nio/Sources/CNIOAtomics/include -Xcc -I/Users/admin/builder/spi-builder-workspace/.derivedData/Build/Products/Debug-watchos/include -Xcc -I/Users/admin/builder/spi-builder-workspace/.derivedData/Build/Intermediates.noindex/MongoKitten.build/Debug-watchos/MongoKittenCore-t.build/DerivedSources-normal/arm64 -Xcc -I/Users/admin/builder/spi-builder-workspace/.derivedData/Build/Intermediates.noindex/MongoKitten.build/Debug-watchos/MongoKittenCore-t.build/DerivedSources/arm64 -Xcc -I/Users/admin/builder/spi-builder-workspace/.derivedData/Build/Intermediates.noindex/MongoKitten.build/Debug-watchos/MongoKittenCore-t.build/DerivedSources -Xcc -DSWIFT_PACKAGE -Xcc -DDEBUG\=1 -emit-objc-header -emit-objc-header-path /Users/admin/builder/spi-builder-workspace/.derivedData/Build/Intermediates.noindex/MongoKitten.build/Debug-watchos/MongoKittenCore-t.build/Objects-normal/arm64/MongoKittenCore-Swift.h -working-directory /Users/admin/builder/spi-builder-workspace/.swiftpm/xcode -experimental-emit-module-separately -disable-cmo
SwiftCompile normal arm64 Compiling\ Authenticate.swift,\ Channel+Connection.swift /Users/admin/builder/spi-builder-workspace/.dependencies/checkouts/MongoKitten/Sources/MongoClient/Authenticate.swift /Users/admin/builder/spi-builder-workspace/.dependencies/checkouts/MongoKitten/Sources/MongoClient/Channel+Connection.swift (in target 'MongoClient' from project 'MongoKitten')
SwiftCompile normal arm64 /Users/admin/builder/spi-builder-workspace/.dependencies/checkouts/MongoKitten/Sources/MongoClient/Authenticate.swift (in target 'MongoClient' from project 'MongoKitten')
    cd /Users/admin/builder/spi-builder-workspace/.swiftpm/xcode
    builtin-SwiftPerFileCompile Authenticate.swift
SwiftCompile normal arm64 /Users/admin/builder/spi-builder-workspace/.dependencies/checkouts/MongoKitten/Sources/MongoClient/Channel+Connection.swift (in target 'MongoClient' from project 'MongoKitten')
    cd /Users/admin/builder/spi-builder-workspace/.swiftpm/xcode
    builtin-SwiftPerFileCompile Channel+Connection.swift
SwiftCompile normal arm64_32 Compiling\ Connection.swift /Users/admin/builder/spi-builder-workspace/.dependencies/checkouts/MongoKitten/Sources/MongoClient/Connection.swift (in target 'MongoClient' from project 'MongoKitten')
SwiftCompile normal arm64_32 /Users/admin/builder/spi-builder-workspace/.dependencies/checkouts/MongoKitten/Sources/MongoClient/Connection.swift (in target 'MongoClient' from project 'MongoKitten')
    cd /Users/admin/builder/spi-builder-workspace/.swiftpm/xcode
    builtin-SwiftPerFileCompile Connection.swift
SwiftCompile normal arm64 Compiling\ Authenticate+ChallengeResponse.swift,\ Authenticate+SASL.swift /Users/admin/builder/spi-builder-workspace/.dependencies/checkouts/MongoKitten/Sources/MongoClient/Authenticate+ChallengeResponse.swift /Users/admin/builder/spi-builder-workspace/.dependencies/checkouts/MongoKitten/Sources/MongoClient/Authenticate+SASL.swift (in target 'MongoClient' from project 'MongoKitten')
SwiftCompile normal arm64 /Users/admin/builder/spi-builder-workspace/.dependencies/checkouts/MongoKitten/Sources/MongoClient/Authenticate+ChallengeResponse.swift (in target 'MongoClient' from project 'MongoKitten')
    cd /Users/admin/builder/spi-builder-workspace/.swiftpm/xcode
    builtin-SwiftPerFileCompile Authenticate+ChallengeResponse.swift
SwiftCompile normal arm64 /Users/admin/builder/spi-builder-workspace/.dependencies/checkouts/MongoKitten/Sources/MongoClient/Authenticate+SASL.swift (in target 'MongoClient' from project 'MongoKitten')
    cd /Users/admin/builder/spi-builder-workspace/.swiftpm/xcode
    builtin-SwiftPerFileCompile Authenticate+SASL.swift
SwiftDriverJobDiscovery normal arm64_32 Compiling ConnectionContext.swift (in target 'MongoClient' from project 'MongoKitten')
SwiftCompile normal arm64_32 Compiling\ MongoSingleConnectionPool.swift /Users/admin/builder/spi-builder-workspace/.dependencies/checkouts/MongoKitten/Sources/MongoClient/MongoSingleConnectionPool.swift (in target 'MongoClient' from project 'MongoKitten')
SwiftCompile normal arm64_32 /Users/admin/builder/spi-builder-workspace/.dependencies/checkouts/MongoKitten/Sources/MongoClient/MongoSingleConnectionPool.swift (in target 'MongoClient' from project 'MongoKitten')
    cd /Users/admin/builder/spi-builder-workspace/.swiftpm/xcode
    builtin-SwiftPerFileCompile MongoSingleConnectionPool.swift
SwiftDriverJobDiscovery normal arm64_32 Compiling Error.swift (in target 'MongoClient' from project 'MongoKitten')
SwiftCompile normal arm64 Compiling\ ConnectionPool.swift /Users/admin/builder/spi-builder-workspace/.dependencies/checkouts/MongoKitten/Sources/MongoClient/ConnectionPool.swift (in target 'MongoClient' from project 'MongoKitten')
SwiftCompile normal arm64 /Users/admin/builder/spi-builder-workspace/.dependencies/checkouts/MongoKitten/Sources/MongoClient/ConnectionPool.swift (in target 'MongoClient' from project 'MongoKitten')
    cd /Users/admin/builder/spi-builder-workspace/.swiftpm/xcode
    builtin-SwiftPerFileCompile ConnectionPool.swift
SwiftDriverJobDiscovery normal arm64_32 Compiling ConnectionPool.swift (in target 'MongoClient' from project 'MongoKitten')
SwiftCompile normal arm64_32 Compiling\ Helpers.swift /Users/admin/builder/spi-builder-workspace/.dependencies/checkouts/MongoKitten/Sources/MongoClient/Helpers.swift (in target 'MongoClient' from project 'MongoKitten')
SwiftCompile normal arm64_32 /Users/admin/builder/spi-builder-workspace/.dependencies/checkouts/MongoKitten/Sources/MongoClient/Helpers.swift (in target 'MongoClient' from project 'MongoKitten')
    cd /Users/admin/builder/spi-builder-workspace/.swiftpm/xcode
    builtin-SwiftPerFileCompile Helpers.swift
SwiftDriverJobDiscovery normal arm64_32 Compiling OK.swift (in target 'MongoClient' from project 'MongoKitten')
SwiftCompile normal arm64_32 Compiling\ SASL.swift /Users/admin/builder/spi-builder-workspace/.dependencies/checkouts/MongoKitten/Sources/MongoClient/SASL.swift (in target 'MongoClient' from project 'MongoKitten')
/Users/admin/builder/spi-builder-workspace/.dependencies/checkouts/MongoKitten/Sources/MongoClient/SASL.swift:249:32: error: 'random()' is unavailable in Swift: Use arc4random instead.
247 |             randomNumber = Int(arc4random_uniform(UInt32(maxCharacterIndex)))
248 |             #else
249 |             randomNumber = Int(random() % maxCharacterIndex)
    |                                `- error: 'random()' is unavailable in Swift: Use arc4random instead.
250 |             #endif
251 |
/Applications/Xcode-27.0.0-Release.Candidate.app/Contents/Developer/Platforms/WatchOS.platform/Developer/SDKs/WatchOS.sdk/usr/include/_stdlib.h:250:7: note: 'random()' has been explicitly marked unavailable here
248 |
249 | int	 putenv(char *_LIBC_CSTR) __DARWIN_ALIAS(putenv);
250 | long	 random(void) __swift_unavailable("Use arc4random instead.");
    |       `- note: 'random()' has been explicitly marked unavailable here
251 | int	 rand_r(unsigned *) __swift_unavailable("Use arc4random instead.");
252 | #if (__DARWIN_UNIX03 && !defined(_POSIX_C_SOURCE)) || defined(_DARWIN_C_SOURCE) || defined(_DARWIN_BETTER_REALPATH)
Failed frontend command:
/Applications/Xcode-27.0.0-Release.Candidate.app/Contents/Developer/Toolchains/XcodeDefault.xctoolchain/usr/bin/swift-frontend -frontend -c /Users/admin/builder/spi-builder-workspace/.dependencies/checkouts/MongoKitten/Sources/MongoClient/Authenticate+ChallengeResponse.swift /Users/admin/builder/spi-builder-workspace/.dependencies/checkouts/MongoKitten/Sources/MongoClient/Authenticate+SASL.swift /Users/admin/builder/spi-builder-workspace/.dependencies/checkouts/MongoKitten/Sources/MongoClient/Authenticate.swift /Users/admin/builder/spi-builder-workspace/.dependencies/checkouts/MongoKitten/Sources/MongoClient/Channel+Connection.swift /Users/admin/builder/spi-builder-workspace/.dependencies/checkouts/MongoKitten/Sources/MongoClient/Cluster.swift /Users/admin/builder/spi-builder-workspace/.dependencies/checkouts/MongoKitten/Sources/MongoClient/Connection+Execute.swift /Users/admin/builder/spi-builder-workspace/.dependencies/checkouts/MongoKitten/Sources/MongoClient/Connection.swift /Users/admin/builder/spi-builder-workspace/.dependencies/checkouts/MongoKitten/Sources/MongoClient/ConnectionContext.swift /Users/admin/builder/spi-builder-workspace/.dependencies/checkouts/MongoKitten/Sources/MongoClient/ConnectionPool.swift /Users/admin/builder/spi-builder-workspace/.dependencies/checkouts/MongoKitten/Sources/MongoClient/Cursor.swift /Users/admin/builder/spi-builder-workspace/.dependencies/checkouts/MongoKitten/Sources/MongoClient/Error.swift /Users/admin/builder/spi-builder-workspace/.dependencies/checkouts/MongoKitten/Sources/MongoClient/Exports.swift /Users/admin/builder/spi-builder-workspace/.dependencies/checkouts/MongoKitten/Sources/MongoClient/Helpers.swift /Users/admin/builder/spi-builder-workspace/.dependencies/checkouts/MongoKitten/Sources/MongoClient/InternalCommands/GetMore.swift /Users/admin/builder/spi-builder-workspace/.dependencies/checkouts/MongoKitten/Sources/MongoClient/InternalCommands/IsMaster.swift /Users/admin/builder/spi-builder-workspace/.dependencies/checkouts/MongoKitten/Sources/MongoClient/InternalCommands/KillCursors.swift /Users/admin/builder/spi-builder-workspace/.dependencies/checkouts/MongoKitten/Sources/MongoClient/MongoSingleConnectionPool.swift /Users/admin/builder/spi-builder-workspace/.dependencies/checkouts/MongoKitten/Sources/MongoClient/Responses/MongoCursorResponse.swift /Users/admin/builder/spi-builder-workspace/.dependencies/checkouts/MongoKitten/Sources/MongoClient/Responses/OK.swift -primary-file /Users/admin/builder/spi-builder-workspace/.dependencies/checkouts/MongoKitten/Sources/MongoClient/SASL.swift -emit-dependencies-path /Users/admin/builder/spi-builder-workspace/.derivedData/Build/Intermediates.noindex/MongoKitten.build/Debug-watchos/MongoClient-t.build/Objects-normal/arm64_32/SASL.d -emit-const-values-path /Users/admin/builder/spi-builder-workspace/.derivedData/Build/Intermediates.noindex/MongoKitten.build/Debug-watchos/MongoClient-t.build/Objects-normal/arm64_32/SASL.swiftconstvalues -emit-reference-dependencies-path /Users/admin/builder/spi-builder-workspace/.derivedData/Build/Intermediates.noindex/MongoKitten.build/Debug-watchos/MongoClient-t.build/Objects-normal/arm64_32/SASL.swiftdeps -serialize-diagnostics-path /Users/admin/builder/spi-builder-workspace/.derivedData/Build/Intermediates.noindex/MongoKitten.build/Debug-watchos/MongoClient-t.build/Objects-normal/arm64_32/SASL.dia -target arm64_32-apple-watchos9.0 -module-can-import-version NIOTransportServices 1.28.0.0 0 -disable-cross-import-overlay-search -swift-module-cross-import Darwin /Applications/Xcode-27.0.0-Release.Candidate.app/Contents/Developer/Platforms/WatchOS.platform/Developer/SDKs/WatchOS.sdk/usr/include/Darwin.swiftcrossimport/xlocale.swiftoverlay -load-resolved-plugin /Applications/Xcode-27.0.0-Release.Candidate.app/Contents/Developer/Platforms/WatchOS.platform/Developer/usr/lib/swift/host/plugins/libFoundationMacros.dylib\#/Applications/Xcode-27.0.0-Release.Candidate.app/Contents/Developer/Platforms/WatchOS.platform/Developer/usr/bin/swift-plugin-server\#FoundationMacros -load-resolved-plugin /Applications/Xcode-27.0.0-Release.Candidate.app/Contents/Developer/Platforms/WatchOS.platform/Developer/usr/lib/swift/host/plugins/libObservationMacros.dylib\#/Applications/Xcode-27.0.0-Release.Candidate.app/Contents/Developer/Platforms/WatchOS.platform/Developer/usr/bin/swift-plugin-server\#ObservationMacros -load-resolved-plugin /Applications/Xcode-27.0.0-Release.Candidate.app/Contents/Developer/Platforms/WatchOS.platform/Developer/usr/lib/swift/host/plugins/libSwiftMacros.dylib\#/Applications/Xcode-27.0.0-Release.Candidate.app/Contents/Developer/Platforms/WatchOS.platform/Developer/usr/bin/swift-plugin-server\#SwiftMacros -disable-implicit-swift-modules -Xcc -fno-implicit-modules -Xcc -fno-implicit-module-maps -explicit-swift-module-map-file /Users/admin/builder/spi-builder-workspace/.derivedData/Build/Intermediates.noindex/MongoKitten.build/Debug-watchos/MongoClient-t.build/Objects-normal/arm64_32/MongoClient-dependencies-1.json -enable-objc-interop -sdk /Applications/Xcode-27.0.0-Release.Candidate.app/Contents/Developer/Platforms/WatchOS.platform/Developer/SDKs/WatchOS27.0.sdk -I /Users/admin/builder/spi-builder-workspace/.derivedData/Build/Products/Debug-watchos -Isystem /Applications/Xcode-27.0.0-Release.Candidate.app/Contents/Developer/Platforms/WatchOS.platform/Developer/usr/lib -F /Users/admin/builder/spi-builder-workspace/.derivedData/Build/Products/Debug-watchos/PackageFrameworks -F /Users/admin/builder/spi-builder-workspace/.derivedData/Build/Products/Debug-watchos -F /Applications/Xcode-27.0.0-Release.Candidate.app/Contents/Developer/Platforms/WatchOS.platform/Developer/Library/Frameworks -F /Applications/Xcode-27.0.0-Release.Candidate.app/Contents/Developer/Platforms/WatchOS.platform/Developer/SDKs/WatchOS27.0.sdk/Developer/Library/Frameworks -module-cache-path /Users/admin/builder/spi-builder-workspace/.derivedData/Build/Intermediates.noindex/SwiftExplicitPrecompiledModules -no-color-diagnostics -Xcc -fno-color-diagnostics -enable-testing -g -debug-info-format\=dwarf -dwarf-version\=4 -suppress-warnings -profile-generate -profile-coverage-mapping -swift-version 6 -Onone -D SWIFT_PACKAGE -D DEBUG -D SWIFT_MODULE_RESOURCE_BUNDLE_UNAVAILABLE -D Xcode -serialize-debugging-options -enable-experimental-feature StrictConcurrency\=complete -enable-experimental-feature DebugDescriptionMacro -empty-abi-descriptor -user-module-version 7.16.3 -validate-clang-modules-once -clang-build-session-file /Users/admin/builder/spi-builder-workspace/.derivedData/ModuleCache.noindex/Session.modulevalidation -Xcc -working-directory -Xcc /Users/admin/builder/spi-builder-workspace/.swiftpm/xcode -enable-anonymous-context-mangled-names -file-compilation-dir /Users/admin/builder/spi-builder-workspace/.swiftpm/xcode -Xcc -fmodule-map-file\=/Users/admin/builder/spi-builder-workspace/.derivedData/Build/Intermediates.noindex/GeneratedModuleMaps-watchos/CNIOBoringSSLShims.modulemap -Xcc -fmodule-map-file\=/Users/admin/builder/spi-builder-workspace/.dependencies/checkouts/swift-nio-ssl/Sources/CNIOBoringSSL/include/module.modulemap -Xcc -fmodule-map-file\=/Users/admin/builder/spi-builder-workspace/.dependencies/checkouts/swift-atomics/Sources/_AtomicsShims/include/module.modulemap -Xcc -fmodule-map-file\=/Users/admin/builder/spi-builder-workspace/.derivedData/Build/Intermediates.noindex/GeneratedModuleMaps-watchos/CNIOPosix.modulemap -Xcc -fmodule-map-file\=/Users/admin/builder/spi-builder-workspace/.derivedData/Build/Intermediates.noindex/GeneratedModuleMaps-watchos/CNIOWASI.modulemap -Xcc -fmodule-map-file\=/Users/admin/builder/spi-builder-workspace/.dependencies/checkouts/swift-nio/Sources/CNIOWindows/include/module.modulemap -Xcc -fmodule-map-file\=/Users/admin/builder/spi-builder-workspace/.derivedData/Build/Intermediates.noindex/GeneratedModuleMaps-watchos/CNIOLinux.modulemap -Xcc -fmodule-map-file\=/Users/admin/builder/spi-builder-workspace/.derivedData/Build/Intermediates.noindex/GeneratedModuleMaps-watchos/CNIODarwin.modulemap -Xcc -fmodule-map-file\=/Users/admin/builder/spi-builder-workspace/.derivedData/Build/Intermediates.noindex/GeneratedModuleMaps-watchos/CNIOFreeBSD.modulemap -Xcc -fmodule-map-file\=/Users/admin/builder/spi-builder-workspace/.derivedData/Build/Intermediates.noindex/GeneratedModuleMaps-watchos/CNIOOpenBSD.modulemap -Xcc -fmodule-map-file\=/Users/admin/builder/spi-builder-workspace/.derivedData/Build/Intermediates.noindex/GeneratedModuleMaps-watchos/CNIOAtomics.modulemap -Xcc -D_LIBCPP_HARDENING_MODE\=_LIBCPP_HARDENING_MODE_DEBUG -Xcc -ivfsstatcache -Xcc /Users/admin/builder/spi-builder-workspace/.derivedData/SDKStatCaches.noindex/watchos27.0-24R360-e829b21a6f8c9b70876ba0858053c04477534ef55a1706bf4c1112bbb242f0a2.sdkstatcache -Xcc -fmodules-prune-interval\=86400 -Xcc -fmodules-prune-after\=345600 -Xcc -I/Users/admin/builder/spi-builder-workspace/.dependencies/checkouts/swift-nio-ssl/Sources/CNIOBoringSSLShims/include -Xcc -I/Users/admin/builder/spi-builder-workspace/.dependencies/checkouts/swift-nio-ssl/Sources/CNIOBoringSSL/include -Xcc -I/Users/admin/builder/spi-builder-workspace/.dependencies/checkouts/swift-atomics/Sources/_AtomicsShims/include -Xcc -I/Users/admin/builder/spi-builder-workspace/.dependencies/checkouts/swift-nio/Sources/CNIOPosix/include -Xcc -I/Users/admin/builder/spi-builder-workspace/.dependencies/checkouts/swift-nio/Sources/CNIOWASI/include -Xcc -I/Users/admin/builder/spi-builder-workspace/.dependencies/checkouts/swift-nio/Sources/CNIOWindows/include -Xcc -I/Users/admin/builder/spi-builder-workspace/.dependencies/checkouts/swift-nio/Sources/CNIOLinux/include -Xcc -I/Users/admin/builder/spi-builder-workspace/.dependencies/checkouts/swift-nio/Sources/CNIODarwin/include -Xcc -I/Users/admin/builder/spi-builder-workspace/.dependencies/checkouts/swift-nio/Sources/CNIOFreeBSD/include -Xcc -I/Users/admin/builder/spi-builder-workspace/.dependencies/checkouts/swift-nio/Sources/CNIOOpenBSD/include -Xcc -I/Users/admin/builder/spi-builder-workspace/.dependencies/checkouts/swift-nio/Sources/CNIOAtomics/include -Xcc -I/Users/admin/builder/spi-builder-workspace/.derivedData/Build/Products/Debug-watchos/include -Xcc -I/Users/admin/builder/spi-builder-workspace/.derivedData/Build/Intermediates.noindex/MongoKitten.build/Debug-watchos/MongoClient-t.build/DerivedSources-normal/arm64_32 -Xcc -I/Users/admin/builder/spi-builder-workspace/.derivedData/Build/Intermediates.noindex/MongoKitten.build/Debug-watchos/MongoClient-t.build/DerivedSources/arm64_32 -Xcc -I/Users/admin/builder/spi-builder-workspace/.derivedData/Build/Intermediates.noindex/MongoKitten.build/Debug-watchos/MongoClient-t.build/DerivedSources -Xcc -DSWIFT_PACKAGE -Xcc -DDEBUG\=1 -no-auto-bridging-header-chaining -module-name MongoClient -package-name mongokitten -const-gather-protocols-file /Users/admin/builder/spi-builder-workspace/.derivedData/Build/Intermediates.noindex/MongoKitten.build/Debug-watchos/MongoClient-t.build/Objects-normal/arm64_32/MongoClient_const_extract_protocols.json -disable-clang-spi -clang-target arm64_32-apple-watchos27.0 -target-sdk-version 27.0 -target-sdk-name watchos27.0 -in-process-plugin-server-path /Applications/Xcode-27.0.0-Release.Candidate.app/Contents/Developer/Toolchains/XcodeDefault.xctoolchain/usr/lib/swift/host/libSwiftInProcPluginServer.dylib -parse-as-library -o /Users/admin/builder/spi-builder-workspace/.derivedData/Build/Intermediates.noindex/MongoKitten.build/Debug-watchos/MongoClient-t.build/Objects-normal/arm64_32/SASL.o -debug-module-path /Users/admin/builder/spi-builder-workspace/.derivedData/Build/Intermediates.noindex/MongoKitten.build/Debug-watchos/MongoClient-t.build/Objects-normal/arm64_32/MongoClient.swiftmodule -index-unit-output-path /MongoKitten.build/Debug-watchos/MongoClient-t.build/Objects-normal/arm64_32/SASL.o -index-store-path /Users/admin/builder/spi-builder-workspace/.derivedData/Index.noindex/DataStore -index-system-modules
SwiftCompile normal arm64_32 /Users/admin/builder/spi-builder-workspace/.dependencies/checkouts/MongoKitten/Sources/MongoClient/SASL.swift (in target 'MongoClient' from project 'MongoKitten')
    cd /Users/admin/builder/spi-builder-workspace/.swiftpm/xcode
    builtin-SwiftPerFileCompile SASL.swift
SwiftCompile normal arm64 Compiling\ Cluster.swift,\ Connection+Execute.swift /Users/admin/builder/spi-builder-workspace/.dependencies/checkouts/MongoKitten/Sources/MongoClient/Cluster.swift /Users/admin/builder/spi-builder-workspace/.dependencies/checkouts/MongoKitten/Sources/MongoClient/Connection+Execute.swift (in target 'MongoClient' from project 'MongoKitten')
SwiftCompile normal arm64 /Users/admin/builder/spi-builder-workspace/.dependencies/checkouts/MongoKitten/Sources/MongoClient/Cluster.swift (in target 'MongoClient' from project 'MongoKitten')
    cd /Users/admin/builder/spi-builder-workspace/.swiftpm/xcode
    builtin-SwiftPerFileCompile Cluster.swift
SwiftCompile normal arm64 /Users/admin/builder/spi-builder-workspace/.dependencies/checkouts/MongoKitten/Sources/MongoClient/Connection+Execute.swift (in target 'MongoClient' from project 'MongoKitten')
    cd /Users/admin/builder/spi-builder-workspace/.swiftpm/xcode
    builtin-SwiftPerFileCompile Connection+Execute.swift
SwiftDriverJobDiscovery normal arm64_32 Compiling MongoSingleConnectionPool.swift (in target 'MongoClient' from project 'MongoKitten')
SwiftCompile normal arm64 Compiling\ SASL.swift /Users/admin/builder/spi-builder-workspace/.dependencies/checkouts/MongoKitten/Sources/MongoClient/SASL.swift (in target 'MongoClient' from project 'MongoKitten')
SwiftCompile normal arm64 /Users/admin/builder/spi-builder-workspace/.dependencies/checkouts/MongoKitten/Sources/MongoClient/SASL.swift (in target 'MongoClient' from project 'MongoKitten')
    cd /Users/admin/builder/spi-builder-workspace/.swiftpm/xcode
    builtin-SwiftPerFileCompile SASL.swift
SwiftDriverJobDiscovery normal arm64 Compiling Authenticate.swift, Channel+Connection.swift (in target 'MongoClient' from project 'MongoKitten')
SwiftCompile normal arm64_32 Compiling\ Cluster.swift,\ Connection+Execute.swift /Users/admin/builder/spi-builder-workspace/.dependencies/checkouts/MongoKitten/Sources/MongoClient/Cluster.swift /Users/admin/builder/spi-builder-workspace/.dependencies/checkouts/MongoKitten/Sources/MongoClient/Connection+Execute.swift (in target 'MongoClient' from project 'MongoKitten')
SwiftCompile normal arm64_32 /Users/admin/builder/spi-builder-workspace/.dependencies/checkouts/MongoKitten/Sources/MongoClient/Cluster.swift (in target 'MongoClient' from project 'MongoKitten')
    cd /Users/admin/builder/spi-builder-workspace/.swiftpm/xcode
    builtin-SwiftPerFileCompile Cluster.swift
SwiftCompile normal arm64_32 /Users/admin/builder/spi-builder-workspace/.dependencies/checkouts/MongoKitten/Sources/MongoClient/Connection+Execute.swift (in target 'MongoClient' from project 'MongoKitten')
    cd /Users/admin/builder/spi-builder-workspace/.swiftpm/xcode
    builtin-SwiftPerFileCompile Connection+Execute.swift
SwiftDriverJobDiscovery normal arm64 Compiling ConnectionPool.swift (in target 'MongoClient' from project 'MongoKitten')
SwiftCompile normal arm64_32 Compiling\ Authenticate+SASL.swift /Users/admin/builder/spi-builder-workspace/.dependencies/checkouts/MongoKitten/Sources/MongoClient/Authenticate+SASL.swift (in target 'MongoClient' from project 'MongoKitten')
SwiftCompile normal arm64_32 /Users/admin/builder/spi-builder-workspace/.dependencies/checkouts/MongoKitten/Sources/MongoClient/Authenticate+SASL.swift (in target 'MongoClient' from project 'MongoKitten')
    cd /Users/admin/builder/spi-builder-workspace/.swiftpm/xcode
    builtin-SwiftPerFileCompile Authenticate+SASL.swift
SwiftDriverJobDiscovery normal arm64_32 Compiling Helpers.swift (in target 'MongoClient' from project 'MongoKitten')
SwiftCompile normal arm64 Compiling\ KillCursors.swift /Users/admin/builder/spi-builder-workspace/.dependencies/checkouts/MongoKitten/Sources/MongoClient/InternalCommands/KillCursors.swift (in target 'MongoClient' from project 'MongoKitten')
SwiftCompile normal arm64 /Users/admin/builder/spi-builder-workspace/.dependencies/checkouts/MongoKitten/Sources/MongoClient/InternalCommands/KillCursors.swift (in target 'MongoClient' from project 'MongoKitten')
    cd /Users/admin/builder/spi-builder-workspace/.swiftpm/xcode
    builtin-SwiftPerFileCompile KillCursors.swift
PruneExplicitPrecompiledModules /Users/admin/builder/spi-builder-workspace/.derivedData/Build/Intermediates.noindex/SwiftExplicitPrecompiledModules
PruneExplicitPrecompiledModules /Users/admin/builder/spi-builder-workspace/.derivedData/SDKExplicitPrecompiledModules
PruneExplicitPrecompiledModules /Users/admin/builder/spi-builder-workspace/.derivedData/Build/Intermediates.noindex/ExplicitPrecompiledModules
2026-09-24 20:50:52.995 xcodebuild[8627:32822] [MT] IDERunDestination: Supported platforms for the buildables in the current scheme is empty.
** BUILD FAILED **
The following build commands failed:
	SwiftCompile normal arm64_32 Compiling\ SASL.swift /Users/admin/builder/spi-builder-workspace/.dependencies/checkouts/MongoKitten/Sources/MongoClient/SASL.swift (in target 'MongoClient' from project 'MongoKitten')
	SwiftCompile normal arm64_32 /Users/admin/builder/spi-builder-workspace/.dependencies/checkouts/MongoKitten/Sources/MongoClient/SASL.swift (in target 'MongoClient' from project 'MongoKitten')
	Building workspace fs-get-app-status with scheme fs-get-app-status-Package
(3 failures)
BUILD FAILURE 6.4 watchOS