Build Information
Failed to build FaceCapture, reference 3.0.0 (a17af2), with Swift 6.4 for watchOS using Xcode 27.0 on 24 Sep 2026 12:53:13 UTC.
Build Command
env DEVELOPER_DIR=/Applications/Xcode-27.0.0-Release.Candidate.app xcrun xcodebuild -IDEClonedSourcePackagesDirPathOverride=$PWD/.dependencies -skipMacroValidation -skipPackagePluginValidation -derivedDataPath $PWD/.derivedData build -scheme FaceCapture -destination generic/platform=watchOSBuild Log
========================================
RunAll
========================================
Builder version: 5.1.0
Interrupt handler set up.
========================================
Checkout
========================================
Clone URL: https://github.com/AppliedRecognition/Face-Capture-Apple.git
Reference: 3.0.0
Initialized empty Git repository in /Users/admin/builder/spi-builder-workspace/.git/
From https://github.com/AppliedRecognition/Face-Capture-Apple
* tag 3.0.0 -> FETCH_HEAD
HEAD is now at a17af28 Merge branch 'development'
Cloned https://github.com/AppliedRecognition/Face-Capture-Apple.git
Revision (git rev-parse @):
a17af28ba4c773206ab8c93469d9bbbbb109bd85
SUCCESS checkout https://github.com/AppliedRecognition/Face-Capture-Apple.git at 3.0.0
========================================
Build
========================================
Selected platform: watchOS
Swift version: 6.4
Building package at path: $PWD
https://github.com/AppliedRecognition/Face-Capture-Apple.git
Command line invocation:
/Applications/Xcode-27.0.0-Release.Candidate.app/Contents/Developer/usr/bin/xcodebuild -IDEClonedSourcePackagesDirPathOverride=/Users/admin/builder/spi-builder-workspace/.dependencies -resolvePackageDependencies
Resolve Package Graph
Fetching from https://github.com/AppliedRecognition/Ver-ID-Common-Types-Apple.git
Creating working copy of package ‘Ver-ID-Common-Types-Apple’
Checking out 3.3.0 of package ‘Ver-ID-Common-Types-Apple’
Resolve Package Graph
Resolved source packages:
VerIDCommonTypes: https://github.com/AppliedRecognition/Ver-ID-Common-Types-Apple.git @ 3.3.0
FaceCapture: /Users/admin/builder/spi-builder-workspace
resolved source packages: VerIDCommonTypes, FaceCapture
2026-09-24 08:52:19.696 xcodebuild[528:3039] [MT] IDERunDestination: Supported platforms for the buildables in the current scheme is empty.
2026-09-24 08:52:19.846 xcodebuild[528:3039] [MT] IDERunDestination: Supported platforms for the buildables in the current scheme is empty.
2026-09-24 08:52:21.468 xcodebuild[528:3039] [MT] IDERunDestination: Supported platforms for the buildables in the current scheme is empty.
{
"default_localization" : "en",
"dependencies" : [
{
"identity" : "ver-id-common-types-apple",
"requirement" : {
"range" : [
{
"lower_bound" : "3.2.0",
"upper_bound" : "4.0.0"
}
]
},
"type" : "sourceControl",
"url" : "https://github.com/AppliedRecognition/Ver-ID-Common-Types-Apple.git"
}
],
"manifest_display_name" : "FaceCapture",
"name" : "FaceCapture",
"path" : "/Users/admin/builder/spi-builder-workspace",
"platforms" : [
{
"name" : "ios",
"version" : "15.0"
},
{
"name" : "maccatalyst",
"version" : "15.0"
}
],
"products" : [
{
"name" : "FaceCapture",
"targets" : [
"FaceCapture"
],
"type" : {
"library" : [
"automatic"
]
}
}
],
"targets" : [
{
"c99name" : "FaceCaptureTests",
"module_type" : "SwiftTarget",
"name" : "FaceCaptureTests",
"path" : "Tests/FaceCaptureTests",
"product_dependencies" : [
"VerIDCommonTypes"
],
"resources" : [
{
"path" : "/Users/admin/builder/spi-builder-workspace/Tests/FaceCaptureTests/Resources/Ver-ID.identity",
"rule" : {
"process" : {
}
}
}
],
"sources" : [
"AngleBearingEvaluationTests.swift",
"DefaultFaceTrackingResultTransformDelegateTests.swift",
"FPSMeasurementPluginTests.swift",
"FaceCaptureSessionTests.swift",
"TimeConstrainedCircularBufferTests.swift"
],
"target_dependencies" : [
"FaceCapture"
],
"type" : "test"
},
{
"c99name" : "FaceCapture",
"module_type" : "SwiftTarget",
"name" : "FaceCapture",
"path" : "Sources/FaceCapture",
"product_dependencies" : [
"VerIDCommonTypes"
],
"product_memberships" : [
"FaceCapture"
],
"resources" : [
{
"path" : "/Users/admin/builder/spi-builder-workspace/Sources/FaceCapture/Resources/Media.xcassets",
"rule" : {
"process" : {
}
}
},
{
"path" : "/Users/admin/builder/spi-builder-workspace/Sources/FaceCapture/Resources/en.lproj/Localizable.strings",
"rule" : {
"process" : {
"localization" : "en"
}
}
},
{
"path" : "/Users/admin/builder/spi-builder-workspace/Sources/FaceCapture/Resources/en.lproj/Localizable.stringsdict",
"rule" : {
"process" : {
"localization" : "en"
}
}
},
{
"path" : "/Users/admin/builder/spi-builder-workspace/Sources/FaceCapture/Resources/es.lproj/Localizable.strings",
"rule" : {
"process" : {
"localization" : "es"
}
}
},
{
"path" : "/Users/admin/builder/spi-builder-workspace/Sources/FaceCapture/Resources/es.lproj/Localizable.stringsdict",
"rule" : {
"process" : {
"localization" : "es"
}
}
},
{
"path" : "/Users/admin/builder/spi-builder-workspace/Sources/FaceCapture/Resources/fr.lproj/Localizable.strings",
"rule" : {
"process" : {
"localization" : "fr"
}
}
},
{
"path" : "/Users/admin/builder/spi-builder-workspace/Sources/FaceCapture/Resources/fr.lproj/Localizable.stringsdict",
"rule" : {
"process" : {
"localization" : "fr"
}
}
},
{
"path" : "/Users/admin/builder/spi-builder-workspace/Sources/FaceCapture/Resources/head1.obj",
"rule" : {
"process" : {
}
}
},
{
"path" : "/Users/admin/builder/spi-builder-workspace/Sources/FaceCapture/Resources/head1.obj.mtl",
"rule" : {
"process" : {
}
}
}
],
"sources" : [
"Aliases.swift",
"AngleBearingEvaluation.swift",
"AppleFaceDetection.swift",
"Atomic.swift",
"Bundle.swift",
"CameraControl.swift",
"CameraPreviewView.swift",
"CapturedFace.swift",
"CircularBuffer.swift",
"DefaultFaceTrackingResultTransformDelegate.swift",
"DepthDataConverter.swift",
"DepthLivenessDetection.swift",
"DetectedFaceOval.swift",
"Errors.swift",
"FPSMeasurementPlugin.swift",
"FaceArrow.swift",
"FaceCapture.swift",
"FaceCaptureSession.swift",
"FaceCaptureSessionImageInput.swift",
"FaceCaptureSessionResult.swift",
"FaceCaptureSessionSettings.swift",
"FaceCaptureView.swift",
"FaceCaptureViewConfiguration.swift",
"FaceCaptureViewController.swift",
"FaceCaptureViewState.swift",
"FaceOval.swift",
"FaceTrackingPlugin.swift",
"FaceTrackingResult.swift",
"FaceTrackingResultTransformer.swift",
"HeadView3D.swift",
"LivenessDetectionPlugin.swift",
"PageView.swift",
"SessionFaceTracking.swift",
"TimeConstrainedCircularBuffer.swift",
"TipsView.swift",
"VideoRecordingPlugin.swift"
],
"type" : "library"
}
],
"tools_version" : "5.9"
}
{
"workspace" : {
"name" : "FaceCapture",
"schemes" : [
"FaceCapture"
]
}
}
2026-09-24 08:53:00.797 xcodebuild[663:4043] [MT] IDERunDestination: Supported platforms for the buildables in the current scheme is empty.
2026-09-24 08:53:01.102 xcodebuild[663:4043] [MT] IDERunDestination: Supported platforms for the buildables in the current scheme is empty.
Running build ...
env DEVELOPER_DIR=/Applications/Xcode-27.0.0-Release.Candidate.app xcrun xcodebuild -IDEClonedSourcePackagesDirPathOverride=$PWD/.dependencies -skipMacroValidation -skipPackagePluginValidation -derivedDataPath $PWD/.derivedData build -scheme FaceCapture -destination generic/platform=watchOS
Command line invocation:
/Applications/Xcode-27.0.0-Release.Candidate.app/Contents/Developer/usr/bin/xcodebuild -IDEClonedSourcePackagesDirPathOverride=/Users/admin/builder/spi-builder-workspace/.dependencies -skipMacroValidation -skipPackagePluginValidation -derivedDataPath /Users/admin/builder/spi-builder-workspace/.derivedData build -scheme FaceCapture -destination generic/platform=watchOS
Resolve Package Graph
Resolve Package Graph
Resolved source packages:
FaceCapture: /Users/admin/builder/spi-builder-workspace
VerIDCommonTypes: https://github.com/AppliedRecognition/Ver-ID-Common-Types-Apple.git @ 3.3.0
ComputePackagePrebuildTargetDependencyGraph
Prepare packages
CreateBuildRequest
SendProjectDescription
CreateBuildOperation
ComputeTargetDependencyGraph
note: Building targets in dependency order
note: Target dependency graph (7 targets)
Target 'FaceCaptureTests-product' in project 'FaceCapture'
➜ Explicit dependency on target 'FaceCapture_FaceCaptureTests' in project 'FaceCapture'
➜ Explicit dependency on target 'VerIDCommonTypes-product' in project 'VerIDCommonTypes'
➜ Explicit dependency on target 'FaceCapture' in project 'FaceCapture'
Target 'FaceCapture_FaceCaptureTests' in project 'FaceCapture' (no dependencies)
Target 'FaceCapture-product' in project 'FaceCapture'
➜ Explicit dependency on target 'FaceCapture' in project 'FaceCapture'
➜ Explicit dependency on target 'FaceCapture_FaceCapture' in project 'FaceCapture'
➜ Explicit dependency on target 'VerIDCommonTypes-product' in project 'VerIDCommonTypes'
Target 'FaceCapture' in project 'FaceCapture'
➜ Explicit dependency on target 'FaceCapture_FaceCapture' in project 'FaceCapture'
➜ Explicit dependency on target 'VerIDCommonTypes-product' in project 'VerIDCommonTypes'
Target 'VerIDCommonTypes-product' in project 'VerIDCommonTypes'
➜ Explicit dependency on target 'VerIDCommonTypes' in project 'VerIDCommonTypes'
Target 'VerIDCommonTypes' in project 'VerIDCommonTypes' (no dependencies)
Target 'FaceCapture_FaceCapture' in project 'FaceCapture' (no dependencies)
GatherProvisioningInputs
CreateBuildDescription
ExecuteExternalTool /Applications/Xcode-27.0.0-Release.Candidate.app/Contents/Developer/Toolchains/XcodeDefault.xctoolchain/usr/bin/swiftc --version
ExecuteExternalTool /Applications/Xcode-27.0.0-Release.Candidate.app/Contents/Developer/usr/bin/actool --version --output-format xml1
ExecuteExternalTool /Applications/Xcode-27.0.0-Release.Candidate.app/Contents/Developer/Toolchains/XcodeDefault.xctoolchain/usr/bin/clang -v -E -dM -isysroot /Applications/Xcode-27.0.0-Release.Candidate.app/Contents/Developer/Platforms/WatchOS.platform/Developer/SDKs/WatchOS27.0.sdk -x c -c /dev/null
ExecuteExternalTool /Applications/Xcode-27.0.0-Release.Candidate.app/Contents/Developer/Toolchains/XcodeDefault.xctoolchain/usr/bin/ld -version_details
ReadFileContents /Applications/Xcode-27.0.0-Release.Candidate.app/Contents/Developer/Toolchains/XcodeDefault.xctoolchain/usr/share/docc/features.json
Build description signature: 329037a7687d85243f674351641c3416
Build description path: /Users/admin/builder/spi-builder-workspace/.derivedData/Build/Intermediates.noindex/XCBuildData/329037a7687d85243f674351641c3416.xcbuilddata
CreateBuildDirectory /Users/admin/builder/spi-builder-workspace/.derivedData/ModuleCache.noindex
cd /Users/admin/builder/spi-builder-workspace/.swiftpm/xcode
builtin-create-build-directory /Users/admin/builder/spi-builder-workspace/.derivedData/ModuleCache.noindex
CreateBuildDirectory /Users/admin/builder/spi-builder-workspace/.derivedData/SDKExplicitPrecompiledModules
cd /Users/admin/builder/spi-builder-workspace/.swiftpm/xcode
builtin-create-build-directory /Users/admin/builder/spi-builder-workspace/.derivedData/SDKExplicitPrecompiledModules
CreateBuildDirectory /Users/admin/builder/spi-builder-workspace/.derivedData/CompilationCache.noindex
cd /Users/admin/builder/spi-builder-workspace/.swiftpm/xcode
builtin-create-build-directory /Users/admin/builder/spi-builder-workspace/.derivedData/CompilationCache.noindex
ClangStatCache /Applications/Xcode-27.0.0-Release.Candidate.app/Contents/Developer/Toolchains/XcodeDefault.xctoolchain/usr/bin/clang-stat-cache /Applications/Xcode-27.0.0-Release.Candidate.app/Contents/Developer/Platforms/WatchOS.platform/Developer/SDKs/WatchOS27.0.sdk /Users/admin/builder/spi-builder-workspace/.derivedData/SDKStatCaches.noindex/watchos27.0-24R360-e829b21a6f8c9b70876ba0858053c04477534ef55a1706bf4c1112bbb242f0a2.sdkstatcache
cd /Users/admin/builder/spi-builder-workspace/.swiftpm/xcode
/Applications/Xcode-27.0.0-Release.Candidate.app/Contents/Developer/Toolchains/XcodeDefault.xctoolchain/usr/bin/clang-stat-cache /Applications/Xcode-27.0.0-Release.Candidate.app/Contents/Developer/Platforms/WatchOS.platform/Developer/SDKs/WatchOS27.0.sdk -o /Users/admin/builder/spi-builder-workspace/.derivedData/SDKStatCaches.noindex/watchos27.0-24R360-e829b21a6f8c9b70876ba0858053c04477534ef55a1706bf4c1112bbb242f0a2.sdkstatcache
CreateBuildDirectory /Users/admin/builder/spi-builder-workspace/.derivedData/Build/Products
cd /Users/admin/builder/spi-builder-workspace/.swiftpm/xcode
builtin-create-build-directory /Users/admin/builder/spi-builder-workspace/.derivedData/Build/Products
CreateBuildDirectory /Users/admin/builder/spi-builder-workspace/.derivedData/Build/Intermediates.noindex
cd /Users/admin/builder/spi-builder-workspace/.swiftpm/xcode
builtin-create-build-directory /Users/admin/builder/spi-builder-workspace/.derivedData/Build/Intermediates.noindex
CreateBuildDirectory /Users/admin/builder/spi-builder-workspace/.derivedData/Build/Intermediates.noindex/SwiftExplicitPrecompiledModules
cd /Users/admin/builder/spi-builder-workspace/.swiftpm/xcode
builtin-create-build-directory /Users/admin/builder/spi-builder-workspace/.derivedData/Build/Intermediates.noindex/SwiftExplicitPrecompiledModules
CreateBuildDirectory /Users/admin/builder/spi-builder-workspace/.derivedData/Build/Intermediates.noindex/PrecompiledHeaders
cd /Users/admin/builder/spi-builder-workspace/.swiftpm/xcode
builtin-create-build-directory /Users/admin/builder/spi-builder-workspace/.derivedData/Build/Intermediates.noindex/PrecompiledHeaders
CreateBuildDirectory /Users/admin/builder/spi-builder-workspace/.derivedData/Build/Intermediates.noindex/ExplicitPrecompiledModules
cd /Users/admin/builder/spi-builder-workspace/.swiftpm/xcode
builtin-create-build-directory /Users/admin/builder/spi-builder-workspace/.derivedData/Build/Intermediates.noindex/ExplicitPrecompiledModules
CreateBuildDirectory /Users/admin/builder/spi-builder-workspace/.derivedData/Build/Intermediates.noindex/EagerLinkingTBDs/Debug-watchos
cd /Users/admin/builder/spi-builder-workspace/.swiftpm/xcode
builtin-create-build-directory /Users/admin/builder/spi-builder-workspace/.derivedData/Build/Intermediates.noindex/EagerLinkingTBDs/Debug-watchos
CreateBuildDirectory /Users/admin/builder/spi-builder-workspace/.derivedData/Build/Products/Debug-watchos
cd /Users/admin/builder/spi-builder-workspace/.swiftpm/xcode
builtin-create-build-directory /Users/admin/builder/spi-builder-workspace/.derivedData/Build/Products/Debug-watchos
CreateBuildDirectory /Users/admin/builder/spi-builder-workspace/.derivedData/Build/Products/Debug-watchos/PackageFrameworks
cd /Users/admin/builder/spi-builder-workspace/.swiftpm/xcode
builtin-create-build-directory /Users/admin/builder/spi-builder-workspace/.derivedData/Build/Products/Debug-watchos/PackageFrameworks
WriteAuxiliaryFile /Users/admin/builder/spi-builder-workspace/.derivedData/Build/Intermediates.noindex/VerIDCommonTypes.build/Debug-watchos/VerIDCommonTypes-product-t.build/VerIDCommonTypes.DependencyMetadataFileList (in target 'VerIDCommonTypes-product' from project 'VerIDCommonTypes')
cd /Users/admin/builder/spi-builder-workspace/.dependencies/checkouts/Ver-ID-Common-Types-Apple
write-file /Users/admin/builder/spi-builder-workspace/.derivedData/Build/Intermediates.noindex/VerIDCommonTypes.build/Debug-watchos/VerIDCommonTypes-product-t.build/VerIDCommonTypes.DependencyMetadataFileList
WriteAuxiliaryFile /Users/admin/builder/spi-builder-workspace/.derivedData/Build/Intermediates.noindex/VerIDCommonTypes.build/Debug-watchos/VerIDCommonTypes-product-t.build/empty-VerIDCommonTypes.plist (in target 'VerIDCommonTypes-product' from project 'VerIDCommonTypes')
cd /Users/admin/builder/spi-builder-workspace/.dependencies/checkouts/Ver-ID-Common-Types-Apple
write-file /Users/admin/builder/spi-builder-workspace/.derivedData/Build/Intermediates.noindex/VerIDCommonTypes.build/Debug-watchos/VerIDCommonTypes-product-t.build/empty-VerIDCommonTypes.plist
WriteAuxiliaryFile /Users/admin/builder/spi-builder-workspace/.derivedData/Build/Intermediates.noindex/VerIDCommonTypes.build/Debug-watchos/VerIDCommonTypes-t.build/VerIDCommonTypes.DependencyStaticMetadataFileList (in target 'VerIDCommonTypes' from project 'VerIDCommonTypes')
cd /Users/admin/builder/spi-builder-workspace/.dependencies/checkouts/Ver-ID-Common-Types-Apple
write-file /Users/admin/builder/spi-builder-workspace/.derivedData/Build/Intermediates.noindex/VerIDCommonTypes.build/Debug-watchos/VerIDCommonTypes-t.build/VerIDCommonTypes.DependencyStaticMetadataFileList
WriteAuxiliaryFile /Users/admin/builder/spi-builder-workspace/.derivedData/Build/Intermediates.noindex/VerIDCommonTypes.build/Debug-watchos/VerIDCommonTypes-t.build/VerIDCommonTypes.modulemap (in target 'VerIDCommonTypes' from project 'VerIDCommonTypes')
cd /Users/admin/builder/spi-builder-workspace/.dependencies/checkouts/Ver-ID-Common-Types-Apple
write-file /Users/admin/builder/spi-builder-workspace/.derivedData/Build/Intermediates.noindex/VerIDCommonTypes.build/Debug-watchos/VerIDCommonTypes-t.build/VerIDCommonTypes.modulemap
WriteAuxiliaryFile /Users/admin/builder/spi-builder-workspace/.derivedData/Build/Intermediates.noindex/VerIDCommonTypes.build/Debug-watchos/VerIDCommonTypes-product-t.build/Objects-normal/arm64_32/VerIDCommonTypes.LinkFileList (in target 'VerIDCommonTypes-product' from project 'VerIDCommonTypes')
cd /Users/admin/builder/spi-builder-workspace/.dependencies/checkouts/Ver-ID-Common-Types-Apple
write-file /Users/admin/builder/spi-builder-workspace/.derivedData/Build/Intermediates.noindex/VerIDCommonTypes.build/Debug-watchos/VerIDCommonTypes-product-t.build/Objects-normal/arm64_32/VerIDCommonTypes.LinkFileList
WriteAuxiliaryFile /Users/admin/builder/spi-builder-workspace/.derivedData/Build/Intermediates.noindex/VerIDCommonTypes.build/Debug-watchos/VerIDCommonTypes-t.build/VerIDCommonTypes.DependencyMetadataFileList (in target 'VerIDCommonTypes' from project 'VerIDCommonTypes')
cd /Users/admin/builder/spi-builder-workspace/.dependencies/checkouts/Ver-ID-Common-Types-Apple
write-file /Users/admin/builder/spi-builder-workspace/.derivedData/Build/Intermediates.noindex/VerIDCommonTypes.build/Debug-watchos/VerIDCommonTypes-t.build/VerIDCommonTypes.DependencyMetadataFileList
WriteAuxiliaryFile /Users/admin/builder/spi-builder-workspace/.derivedData/Build/Intermediates.noindex/VerIDCommonTypes.build/Debug-watchos/VerIDCommonTypes-product-t.build/Objects-normal/arm64/VerIDCommonTypes.LinkFileList (in target 'VerIDCommonTypes-product' from project 'VerIDCommonTypes')
cd /Users/admin/builder/spi-builder-workspace/.dependencies/checkouts/Ver-ID-Common-Types-Apple
write-file /Users/admin/builder/spi-builder-workspace/.derivedData/Build/Intermediates.noindex/VerIDCommonTypes.build/Debug-watchos/VerIDCommonTypes-product-t.build/Objects-normal/arm64/VerIDCommonTypes.LinkFileList
WriteAuxiliaryFile /Users/admin/builder/spi-builder-workspace/.derivedData/Build/Intermediates.noindex/VerIDCommonTypes.build/Debug-watchos/VerIDCommonTypes-product-t.build/VerIDCommonTypes.DependencyStaticMetadataFileList (in target 'VerIDCommonTypes-product' from project 'VerIDCommonTypes')
cd /Users/admin/builder/spi-builder-workspace/.dependencies/checkouts/Ver-ID-Common-Types-Apple
write-file /Users/admin/builder/spi-builder-workspace/.derivedData/Build/Intermediates.noindex/VerIDCommonTypes.build/Debug-watchos/VerIDCommonTypes-product-t.build/VerIDCommonTypes.DependencyStaticMetadataFileList
WriteAuxiliaryFile /Users/admin/builder/spi-builder-workspace/.derivedData/Build/Intermediates.noindex/VerIDCommonTypes.build/Debug-watchos/VerIDCommonTypes-t.build/Objects-normal/arm64_32/VerIDCommonTypes_const_extract_protocols.json (in target 'VerIDCommonTypes' from project 'VerIDCommonTypes')
cd /Users/admin/builder/spi-builder-workspace/.dependencies/checkouts/Ver-ID-Common-Types-Apple
write-file /Users/admin/builder/spi-builder-workspace/.derivedData/Build/Intermediates.noindex/VerIDCommonTypes.build/Debug-watchos/VerIDCommonTypes-t.build/Objects-normal/arm64_32/VerIDCommonTypes_const_extract_protocols.json
WriteAuxiliaryFile /Users/admin/builder/spi-builder-workspace/.derivedData/Build/Intermediates.noindex/VerIDCommonTypes.build/Debug-watchos/VerIDCommonTypes-t.build/Objects-normal/arm64_32/VerIDCommonTypes.SwiftConstValuesFileList (in target 'VerIDCommonTypes' from project 'VerIDCommonTypes')
cd /Users/admin/builder/spi-builder-workspace/.dependencies/checkouts/Ver-ID-Common-Types-Apple
write-file /Users/admin/builder/spi-builder-workspace/.derivedData/Build/Intermediates.noindex/VerIDCommonTypes.build/Debug-watchos/VerIDCommonTypes-t.build/Objects-normal/arm64_32/VerIDCommonTypes.SwiftConstValuesFileList
WriteAuxiliaryFile /Users/admin/builder/spi-builder-workspace/.derivedData/Build/Intermediates.noindex/VerIDCommonTypes.build/Debug-watchos/VerIDCommonTypes-t.build/Objects-normal/arm64_32/VerIDCommonTypes.SwiftFileList (in target 'VerIDCommonTypes' from project 'VerIDCommonTypes')
cd /Users/admin/builder/spi-builder-workspace/.dependencies/checkouts/Ver-ID-Common-Types-Apple
write-file /Users/admin/builder/spi-builder-workspace/.derivedData/Build/Intermediates.noindex/VerIDCommonTypes.build/Debug-watchos/VerIDCommonTypes-t.build/Objects-normal/arm64_32/VerIDCommonTypes.SwiftFileList
WriteAuxiliaryFile /Users/admin/builder/spi-builder-workspace/.derivedData/Build/Intermediates.noindex/VerIDCommonTypes.build/Debug-watchos/VerIDCommonTypes-t.build/Objects-normal/arm64_32/VerIDCommonTypes.LinkFileList (in target 'VerIDCommonTypes' from project 'VerIDCommonTypes')
cd /Users/admin/builder/spi-builder-workspace/.dependencies/checkouts/Ver-ID-Common-Types-Apple
write-file /Users/admin/builder/spi-builder-workspace/.derivedData/Build/Intermediates.noindex/VerIDCommonTypes.build/Debug-watchos/VerIDCommonTypes-t.build/Objects-normal/arm64_32/VerIDCommonTypes.LinkFileList
WriteAuxiliaryFile /Users/admin/builder/spi-builder-workspace/.derivedData/Build/Intermediates.noindex/VerIDCommonTypes.build/Debug-watchos/VerIDCommonTypes-t.build/Objects-normal/arm64_32/VerIDCommonTypes-OutputFileMap.json (in target 'VerIDCommonTypes' from project 'VerIDCommonTypes')
cd /Users/admin/builder/spi-builder-workspace/.dependencies/checkouts/Ver-ID-Common-Types-Apple
write-file /Users/admin/builder/spi-builder-workspace/.derivedData/Build/Intermediates.noindex/VerIDCommonTypes.build/Debug-watchos/VerIDCommonTypes-t.build/Objects-normal/arm64_32/VerIDCommonTypes-OutputFileMap.json
WriteAuxiliaryFile /Users/admin/builder/spi-builder-workspace/.derivedData/Build/Intermediates.noindex/VerIDCommonTypes.build/Debug-watchos/VerIDCommonTypes-t.build/Objects-normal/arm64/VerIDCommonTypes.SwiftFileList (in target 'VerIDCommonTypes' from project 'VerIDCommonTypes')
cd /Users/admin/builder/spi-builder-workspace/.dependencies/checkouts/Ver-ID-Common-Types-Apple
write-file /Users/admin/builder/spi-builder-workspace/.derivedData/Build/Intermediates.noindex/VerIDCommonTypes.build/Debug-watchos/VerIDCommonTypes-t.build/Objects-normal/arm64/VerIDCommonTypes.SwiftFileList
WriteAuxiliaryFile /Users/admin/builder/spi-builder-workspace/.derivedData/Build/Intermediates.noindex/VerIDCommonTypes.build/Debug-watchos/VerIDCommonTypes-t.build/Objects-normal/arm64/VerIDCommonTypes.LinkFileList (in target 'VerIDCommonTypes' from project 'VerIDCommonTypes')
cd /Users/admin/builder/spi-builder-workspace/.dependencies/checkouts/Ver-ID-Common-Types-Apple
write-file /Users/admin/builder/spi-builder-workspace/.derivedData/Build/Intermediates.noindex/VerIDCommonTypes.build/Debug-watchos/VerIDCommonTypes-t.build/Objects-normal/arm64/VerIDCommonTypes.LinkFileList
WriteAuxiliaryFile /Users/admin/builder/spi-builder-workspace/.derivedData/Build/Intermediates.noindex/VerIDCommonTypes.build/Debug-watchos/VerIDCommonTypes-t.build/Objects-normal/arm64/VerIDCommonTypes_const_extract_protocols.json (in target 'VerIDCommonTypes' from project 'VerIDCommonTypes')
cd /Users/admin/builder/spi-builder-workspace/.dependencies/checkouts/Ver-ID-Common-Types-Apple
write-file /Users/admin/builder/spi-builder-workspace/.derivedData/Build/Intermediates.noindex/VerIDCommonTypes.build/Debug-watchos/VerIDCommonTypes-t.build/Objects-normal/arm64/VerIDCommonTypes_const_extract_protocols.json
WriteAuxiliaryFile /Users/admin/builder/spi-builder-workspace/.derivedData/Build/Intermediates.noindex/VerIDCommonTypes.build/Debug-watchos/VerIDCommonTypes-t.build/Objects-normal/arm64/VerIDCommonTypes-OutputFileMap.json (in target 'VerIDCommonTypes' from project 'VerIDCommonTypes')
cd /Users/admin/builder/spi-builder-workspace/.dependencies/checkouts/Ver-ID-Common-Types-Apple
write-file /Users/admin/builder/spi-builder-workspace/.derivedData/Build/Intermediates.noindex/VerIDCommonTypes.build/Debug-watchos/VerIDCommonTypes-t.build/Objects-normal/arm64/VerIDCommonTypes-OutputFileMap.json
WriteAuxiliaryFile /Users/admin/builder/spi-builder-workspace/.derivedData/Build/Intermediates.noindex/VerIDCommonTypes.build/Debug-watchos/VerIDCommonTypes-t.build/Objects-normal/arm64/VerIDCommonTypes.SwiftConstValuesFileList (in target 'VerIDCommonTypes' from project 'VerIDCommonTypes')
cd /Users/admin/builder/spi-builder-workspace/.dependencies/checkouts/Ver-ID-Common-Types-Apple
write-file /Users/admin/builder/spi-builder-workspace/.derivedData/Build/Intermediates.noindex/VerIDCommonTypes.build/Debug-watchos/VerIDCommonTypes-t.build/Objects-normal/arm64/VerIDCommonTypes.SwiftConstValuesFileList
Copy /Users/admin/builder/spi-builder-workspace/.derivedData/Build/Intermediates.noindex/GeneratedModuleMaps-watchos/VerIDCommonTypes.modulemap /Users/admin/builder/spi-builder-workspace/.derivedData/Build/Intermediates.noindex/VerIDCommonTypes.build/Debug-watchos/VerIDCommonTypes-t.build/VerIDCommonTypes.modulemap (in target 'VerIDCommonTypes' from project 'VerIDCommonTypes')
cd /Users/admin/builder/spi-builder-workspace/.dependencies/checkouts/Ver-ID-Common-Types-Apple
builtin-copy -exclude .DS_Store -exclude CVS -exclude .svn -exclude .git -exclude .hg -resolve-src-symlinks /Users/admin/builder/spi-builder-workspace/.derivedData/Build/Intermediates.noindex/VerIDCommonTypes.build/Debug-watchos/VerIDCommonTypes-t.build/VerIDCommonTypes.modulemap /Users/admin/builder/spi-builder-workspace/.derivedData/Build/Intermediates.noindex/GeneratedModuleMaps-watchos
WriteAuxiliaryFile /Users/admin/builder/spi-builder-workspace/.derivedData/Build/Intermediates.noindex/FaceCapture.build/Debug-watchos/FaceCapture_FaceCaptureTests-b.build/empty-FaceCapture_FaceCaptureTests.plist (in target 'FaceCapture_FaceCaptureTests' from project 'FaceCapture')
cd /Users/admin/builder/spi-builder-workspace
write-file /Users/admin/builder/spi-builder-workspace/.derivedData/Build/Intermediates.noindex/FaceCapture.build/Debug-watchos/FaceCapture_FaceCaptureTests-b.build/empty-FaceCapture_FaceCaptureTests.plist
WriteAuxiliaryFile /Users/admin/builder/spi-builder-workspace/.derivedData/Build/Intermediates.noindex/FaceCapture.build/Debug-watchos/FaceCapture_FaceCaptureTests-b.build/FaceCapture_FaceCaptureTests.DependencyStaticMetadataFileList (in target 'FaceCapture_FaceCaptureTests' from project 'FaceCapture')
cd /Users/admin/builder/spi-builder-workspace
write-file /Users/admin/builder/spi-builder-workspace/.derivedData/Build/Intermediates.noindex/FaceCapture.build/Debug-watchos/FaceCapture_FaceCaptureTests-b.build/FaceCapture_FaceCaptureTests.DependencyStaticMetadataFileList
WriteAuxiliaryFile /Users/admin/builder/spi-builder-workspace/.derivedData/Build/Intermediates.noindex/FaceCapture.build/Debug-watchos/FaceCapture_FaceCaptureTests-b.build/FaceCapture_FaceCaptureTests.DependencyMetadataFileList (in target 'FaceCapture_FaceCaptureTests' from project 'FaceCapture')
cd /Users/admin/builder/spi-builder-workspace
write-file /Users/admin/builder/spi-builder-workspace/.derivedData/Build/Intermediates.noindex/FaceCapture.build/Debug-watchos/FaceCapture_FaceCaptureTests-b.build/FaceCapture_FaceCaptureTests.DependencyMetadataFileList
WriteAuxiliaryFile /Users/admin/builder/spi-builder-workspace/.derivedData/Build/Intermediates.noindex/FaceCapture.build/Debug-watchos/FaceCapture_FaceCapture-b.build/empty-FaceCapture_FaceCapture.plist (in target 'FaceCapture_FaceCapture' from project 'FaceCapture')
cd /Users/admin/builder/spi-builder-workspace
write-file /Users/admin/builder/spi-builder-workspace/.derivedData/Build/Intermediates.noindex/FaceCapture.build/Debug-watchos/FaceCapture_FaceCapture-b.build/empty-FaceCapture_FaceCapture.plist
WriteAuxiliaryFile /Users/admin/builder/spi-builder-workspace/.derivedData/Build/Intermediates.noindex/FaceCapture.build/Debug-watchos/FaceCapture_FaceCapture-b.build/FaceCapture_FaceCapture.DependencyStaticMetadataFileList (in target 'FaceCapture_FaceCapture' from project 'FaceCapture')
cd /Users/admin/builder/spi-builder-workspace
write-file /Users/admin/builder/spi-builder-workspace/.derivedData/Build/Intermediates.noindex/FaceCapture.build/Debug-watchos/FaceCapture_FaceCapture-b.build/FaceCapture_FaceCapture.DependencyStaticMetadataFileList
WriteAuxiliaryFile /Users/admin/builder/spi-builder-workspace/.derivedData/Build/Intermediates.noindex/FaceCapture.build/Debug-watchos/FaceCapture_FaceCapture-b.build/FaceCapture_FaceCapture.DependencyMetadataFileList (in target 'FaceCapture_FaceCapture' from project 'FaceCapture')
cd /Users/admin/builder/spi-builder-workspace
write-file /Users/admin/builder/spi-builder-workspace/.derivedData/Build/Intermediates.noindex/FaceCapture.build/Debug-watchos/FaceCapture_FaceCapture-b.build/FaceCapture_FaceCapture.DependencyMetadataFileList
WriteAuxiliaryFile /Users/admin/builder/spi-builder-workspace/.derivedData/Build/Intermediates.noindex/FaceCapture.build/Debug-watchos/FaceCaptureTests-p.build/empty-FaceCaptureTests.plist (in target 'FaceCaptureTests-product' from project 'FaceCapture')
cd /Users/admin/builder/spi-builder-workspace
write-file /Users/admin/builder/spi-builder-workspace/.derivedData/Build/Intermediates.noindex/FaceCapture.build/Debug-watchos/FaceCaptureTests-p.build/empty-FaceCaptureTests.plist
WriteAuxiliaryFile /Users/admin/builder/spi-builder-workspace/.derivedData/Build/Intermediates.noindex/FaceCapture.build/Debug-watchos/FaceCaptureTests-p.build/Objects-normal/arm64_32/FaceCaptureTests_const_extract_protocols.json (in target 'FaceCaptureTests-product' from project 'FaceCapture')
cd /Users/admin/builder/spi-builder-workspace
write-file /Users/admin/builder/spi-builder-workspace/.derivedData/Build/Intermediates.noindex/FaceCapture.build/Debug-watchos/FaceCaptureTests-p.build/Objects-normal/arm64_32/FaceCaptureTests_const_extract_protocols.json
WriteAuxiliaryFile /Users/admin/builder/spi-builder-workspace/.derivedData/Build/Intermediates.noindex/FaceCapture.build/Debug-watchos/FaceCaptureTests-p.build/Objects-normal/arm64_32/FaceCaptureTests.SwiftFileList (in target 'FaceCaptureTests-product' from project 'FaceCapture')
cd /Users/admin/builder/spi-builder-workspace
write-file /Users/admin/builder/spi-builder-workspace/.derivedData/Build/Intermediates.noindex/FaceCapture.build/Debug-watchos/FaceCaptureTests-p.build/Objects-normal/arm64_32/FaceCaptureTests.SwiftFileList
WriteAuxiliaryFile /Users/admin/builder/spi-builder-workspace/.derivedData/Build/Intermediates.noindex/FaceCapture.build/Debug-watchos/FaceCaptureTests-p.build/Objects-normal/arm64_32/FaceCaptureTests.SwiftConstValuesFileList (in target 'FaceCaptureTests-product' from project 'FaceCapture')
cd /Users/admin/builder/spi-builder-workspace
write-file /Users/admin/builder/spi-builder-workspace/.derivedData/Build/Intermediates.noindex/FaceCapture.build/Debug-watchos/FaceCaptureTests-p.build/Objects-normal/arm64_32/FaceCaptureTests.SwiftConstValuesFileList
WriteAuxiliaryFile /Users/admin/builder/spi-builder-workspace/.derivedData/Build/Intermediates.noindex/FaceCapture.build/Debug-watchos/FaceCaptureTests-p.build/Objects-normal/arm64_32/FaceCaptureTests.LinkFileList (in target 'FaceCaptureTests-product' from project 'FaceCapture')
cd /Users/admin/builder/spi-builder-workspace
write-file /Users/admin/builder/spi-builder-workspace/.derivedData/Build/Intermediates.noindex/FaceCapture.build/Debug-watchos/FaceCaptureTests-p.build/Objects-normal/arm64_32/FaceCaptureTests.LinkFileList
WriteAuxiliaryFile /Users/admin/builder/spi-builder-workspace/.derivedData/Build/Intermediates.noindex/FaceCapture.build/Debug-watchos/FaceCaptureTests-p.build/Objects-normal/arm64_32/FaceCaptureTests-OutputFileMap.json (in target 'FaceCaptureTests-product' from project 'FaceCapture')
cd /Users/admin/builder/spi-builder-workspace
write-file /Users/admin/builder/spi-builder-workspace/.derivedData/Build/Intermediates.noindex/FaceCapture.build/Debug-watchos/FaceCaptureTests-p.build/Objects-normal/arm64_32/FaceCaptureTests-OutputFileMap.json
WriteAuxiliaryFile /Users/admin/builder/spi-builder-workspace/.derivedData/Build/Intermediates.noindex/FaceCapture.build/Debug-watchos/FaceCaptureTests-p.build/Objects-normal/arm64/FaceCaptureTests.SwiftFileList (in target 'FaceCaptureTests-product' from project 'FaceCapture')
cd /Users/admin/builder/spi-builder-workspace
write-file /Users/admin/builder/spi-builder-workspace/.derivedData/Build/Intermediates.noindex/FaceCapture.build/Debug-watchos/FaceCaptureTests-p.build/Objects-normal/arm64/FaceCaptureTests.SwiftFileList
WriteAuxiliaryFile /Users/admin/builder/spi-builder-workspace/.derivedData/Build/Intermediates.noindex/FaceCapture.build/Debug-watchos/FaceCaptureTests-p.build/Objects-normal/arm64/FaceCaptureTests_const_extract_protocols.json (in target 'FaceCaptureTests-product' from project 'FaceCapture')
cd /Users/admin/builder/spi-builder-workspace
write-file /Users/admin/builder/spi-builder-workspace/.derivedData/Build/Intermediates.noindex/FaceCapture.build/Debug-watchos/FaceCaptureTests-p.build/Objects-normal/arm64/FaceCaptureTests_const_extract_protocols.json
WriteAuxiliaryFile /Users/admin/builder/spi-builder-workspace/.derivedData/Build/Intermediates.noindex/FaceCapture.build/Debug-watchos/FaceCaptureTests-p.build/Objects-normal/arm64/FaceCaptureTests.SwiftConstValuesFileList (in target 'FaceCaptureTests-product' from project 'FaceCapture')
cd /Users/admin/builder/spi-builder-workspace
write-file /Users/admin/builder/spi-builder-workspace/.derivedData/Build/Intermediates.noindex/FaceCapture.build/Debug-watchos/FaceCaptureTests-p.build/Objects-normal/arm64/FaceCaptureTests.SwiftConstValuesFileList
WriteAuxiliaryFile /Users/admin/builder/spi-builder-workspace/.derivedData/Build/Intermediates.noindex/FaceCapture.build/Debug-watchos/FaceCaptureTests-p.build/Objects-normal/arm64/FaceCaptureTests.LinkFileList (in target 'FaceCaptureTests-product' from project 'FaceCapture')
cd /Users/admin/builder/spi-builder-workspace
write-file /Users/admin/builder/spi-builder-workspace/.derivedData/Build/Intermediates.noindex/FaceCapture.build/Debug-watchos/FaceCaptureTests-p.build/Objects-normal/arm64/FaceCaptureTests.LinkFileList
WriteAuxiliaryFile /Users/admin/builder/spi-builder-workspace/.derivedData/Build/Intermediates.noindex/FaceCapture.build/Debug-watchos/FaceCaptureTests-p.build/Objects-normal/arm64/FaceCaptureTests-OutputFileMap.json (in target 'FaceCaptureTests-product' from project 'FaceCapture')
cd /Users/admin/builder/spi-builder-workspace
write-file /Users/admin/builder/spi-builder-workspace/.derivedData/Build/Intermediates.noindex/FaceCapture.build/Debug-watchos/FaceCaptureTests-p.build/Objects-normal/arm64/FaceCaptureTests-OutputFileMap.json
WriteAuxiliaryFile /Users/admin/builder/spi-builder-workspace/.derivedData/Build/Intermediates.noindex/FaceCapture.build/Debug-watchos/FaceCaptureTests-p.build/FaceCaptureTests.DependencyStaticMetadataFileList (in target 'FaceCaptureTests-product' from project 'FaceCapture')
cd /Users/admin/builder/spi-builder-workspace
write-file /Users/admin/builder/spi-builder-workspace/.derivedData/Build/Intermediates.noindex/FaceCapture.build/Debug-watchos/FaceCaptureTests-p.build/FaceCaptureTests.DependencyStaticMetadataFileList
WriteAuxiliaryFile /Users/admin/builder/spi-builder-workspace/.derivedData/Build/Intermediates.noindex/FaceCapture.build/Debug-watchos/FaceCaptureTests-p.build/FaceCaptureTests.DependencyMetadataFileList (in target 'FaceCaptureTests-product' from project 'FaceCapture')
cd /Users/admin/builder/spi-builder-workspace
write-file /Users/admin/builder/spi-builder-workspace/.derivedData/Build/Intermediates.noindex/FaceCapture.build/Debug-watchos/FaceCaptureTests-p.build/FaceCaptureTests.DependencyMetadataFileList
WriteAuxiliaryFile /Users/admin/builder/spi-builder-workspace/.derivedData/Build/Intermediates.noindex/FaceCapture.build/Debug-watchos/FaceCaptureTests-p.build/DerivedSources/resource_bundle_accessor.swift (in target 'FaceCaptureTests-product' from project 'FaceCapture')
cd /Users/admin/builder/spi-builder-workspace
write-file /Users/admin/builder/spi-builder-workspace/.derivedData/Build/Intermediates.noindex/FaceCapture.build/Debug-watchos/FaceCaptureTests-p.build/DerivedSources/resource_bundle_accessor.swift
WriteAuxiliaryFile /Users/admin/builder/spi-builder-workspace/.derivedData/Build/Intermediates.noindex/FaceCapture.build/Debug-watchos/FaceCapture-t.build/Objects-normal/arm64_32/FaceCapture_const_extract_protocols.json (in target 'FaceCapture' from project 'FaceCapture')
cd /Users/admin/builder/spi-builder-workspace
write-file /Users/admin/builder/spi-builder-workspace/.derivedData/Build/Intermediates.noindex/FaceCapture.build/Debug-watchos/FaceCapture-t.build/Objects-normal/arm64_32/FaceCapture_const_extract_protocols.json
WriteAuxiliaryFile /Users/admin/builder/spi-builder-workspace/.derivedData/Build/Intermediates.noindex/FaceCapture.build/Debug-watchos/FaceCapture-t.build/Objects-normal/arm64_32/FaceCapture.SwiftFileList (in target 'FaceCapture' from project 'FaceCapture')
cd /Users/admin/builder/spi-builder-workspace
write-file /Users/admin/builder/spi-builder-workspace/.derivedData/Build/Intermediates.noindex/FaceCapture.build/Debug-watchos/FaceCapture-t.build/Objects-normal/arm64_32/FaceCapture.SwiftFileList
WriteAuxiliaryFile /Users/admin/builder/spi-builder-workspace/.derivedData/Build/Intermediates.noindex/FaceCapture.build/Debug-watchos/FaceCapture-t.build/Objects-normal/arm64_32/FaceCapture.SwiftConstValuesFileList (in target 'FaceCapture' from project 'FaceCapture')
cd /Users/admin/builder/spi-builder-workspace
write-file /Users/admin/builder/spi-builder-workspace/.derivedData/Build/Intermediates.noindex/FaceCapture.build/Debug-watchos/FaceCapture-t.build/Objects-normal/arm64_32/FaceCapture.SwiftConstValuesFileList
WriteAuxiliaryFile /Users/admin/builder/spi-builder-workspace/.derivedData/Build/Intermediates.noindex/FaceCapture.build/Debug-watchos/FaceCapture-t.build/Objects-normal/arm64_32/FaceCapture.LinkFileList (in target 'FaceCapture' from project 'FaceCapture')
cd /Users/admin/builder/spi-builder-workspace
write-file /Users/admin/builder/spi-builder-workspace/.derivedData/Build/Intermediates.noindex/FaceCapture.build/Debug-watchos/FaceCapture-t.build/Objects-normal/arm64_32/FaceCapture.LinkFileList
WriteAuxiliaryFile /Users/admin/builder/spi-builder-workspace/.derivedData/Build/Intermediates.noindex/FaceCapture.build/Debug-watchos/FaceCapture-t.build/Objects-normal/arm64_32/FaceCapture-OutputFileMap.json (in target 'FaceCapture' from project 'FaceCapture')
cd /Users/admin/builder/spi-builder-workspace
write-file /Users/admin/builder/spi-builder-workspace/.derivedData/Build/Intermediates.noindex/FaceCapture.build/Debug-watchos/FaceCapture-t.build/Objects-normal/arm64_32/FaceCapture-OutputFileMap.json
WriteAuxiliaryFile /Users/admin/builder/spi-builder-workspace/.derivedData/Build/Intermediates.noindex/FaceCapture.build/Debug-watchos/FaceCapture-t.build/Objects-normal/arm64/FaceCapture_const_extract_protocols.json (in target 'FaceCapture' from project 'FaceCapture')
cd /Users/admin/builder/spi-builder-workspace
write-file /Users/admin/builder/spi-builder-workspace/.derivedData/Build/Intermediates.noindex/FaceCapture.build/Debug-watchos/FaceCapture-t.build/Objects-normal/arm64/FaceCapture_const_extract_protocols.json
WriteAuxiliaryFile /Users/admin/builder/spi-builder-workspace/.derivedData/Build/Intermediates.noindex/FaceCapture.build/Debug-watchos/FaceCapture-t.build/Objects-normal/arm64/FaceCapture.SwiftFileList (in target 'FaceCapture' from project 'FaceCapture')
cd /Users/admin/builder/spi-builder-workspace
write-file /Users/admin/builder/spi-builder-workspace/.derivedData/Build/Intermediates.noindex/FaceCapture.build/Debug-watchos/FaceCapture-t.build/Objects-normal/arm64/FaceCapture.SwiftFileList
WriteAuxiliaryFile /Users/admin/builder/spi-builder-workspace/.derivedData/Build/Intermediates.noindex/FaceCapture.build/Debug-watchos/FaceCapture-t.build/Objects-normal/arm64/FaceCapture.SwiftConstValuesFileList (in target 'FaceCapture' from project 'FaceCapture')
cd /Users/admin/builder/spi-builder-workspace
write-file /Users/admin/builder/spi-builder-workspace/.derivedData/Build/Intermediates.noindex/FaceCapture.build/Debug-watchos/FaceCapture-t.build/Objects-normal/arm64/FaceCapture.SwiftConstValuesFileList
WriteAuxiliaryFile /Users/admin/builder/spi-builder-workspace/.derivedData/Build/Intermediates.noindex/FaceCapture.build/Debug-watchos/FaceCapture-t.build/Objects-normal/arm64/FaceCapture.LinkFileList (in target 'FaceCapture' from project 'FaceCapture')
cd /Users/admin/builder/spi-builder-workspace
write-file /Users/admin/builder/spi-builder-workspace/.derivedData/Build/Intermediates.noindex/FaceCapture.build/Debug-watchos/FaceCapture-t.build/Objects-normal/arm64/FaceCapture.LinkFileList
WriteAuxiliaryFile /Users/admin/builder/spi-builder-workspace/.derivedData/Build/Intermediates.noindex/FaceCapture.build/Debug-watchos/FaceCapture-t.build/Objects-normal/arm64/FaceCapture-OutputFileMap.json (in target 'FaceCapture' from project 'FaceCapture')
cd /Users/admin/builder/spi-builder-workspace
write-file /Users/admin/builder/spi-builder-workspace/.derivedData/Build/Intermediates.noindex/FaceCapture.build/Debug-watchos/FaceCapture-t.build/Objects-normal/arm64/FaceCapture-OutputFileMap.json
WriteAuxiliaryFile /Users/admin/builder/spi-builder-workspace/.derivedData/Build/Intermediates.noindex/FaceCapture.build/Debug-watchos/FaceCapture-t.build/FaceCapture.modulemap (in target 'FaceCapture' from project 'FaceCapture')
cd /Users/admin/builder/spi-builder-workspace
write-file /Users/admin/builder/spi-builder-workspace/.derivedData/Build/Intermediates.noindex/FaceCapture.build/Debug-watchos/FaceCapture-t.build/FaceCapture.modulemap
WriteAuxiliaryFile /Users/admin/builder/spi-builder-workspace/.derivedData/Build/Intermediates.noindex/FaceCapture.build/Debug-watchos/FaceCapture-t.build/FaceCapture.DependencyStaticMetadataFileList (in target 'FaceCapture' from project 'FaceCapture')
cd /Users/admin/builder/spi-builder-workspace
write-file /Users/admin/builder/spi-builder-workspace/.derivedData/Build/Intermediates.noindex/FaceCapture.build/Debug-watchos/FaceCapture-t.build/FaceCapture.DependencyStaticMetadataFileList
WriteAuxiliaryFile /Users/admin/builder/spi-builder-workspace/.derivedData/Build/Intermediates.noindex/FaceCapture.build/Debug-watchos/FaceCapture-t.build/FaceCapture.DependencyMetadataFileList (in target 'FaceCapture' from project 'FaceCapture')
cd /Users/admin/builder/spi-builder-workspace
write-file /Users/admin/builder/spi-builder-workspace/.derivedData/Build/Intermediates.noindex/FaceCapture.build/Debug-watchos/FaceCapture-t.build/FaceCapture.DependencyMetadataFileList
MkDir /Users/admin/builder/spi-builder-workspace/.derivedData/Build/Products/Debug-watchos/PackageFrameworks/VerIDCommonTypes.framework (in target 'VerIDCommonTypes-product' from project 'VerIDCommonTypes')
cd /Users/admin/builder/spi-builder-workspace/.dependencies/checkouts/Ver-ID-Common-Types-Apple
/bin/mkdir -p /Users/admin/builder/spi-builder-workspace/.derivedData/Build/Products/Debug-watchos/PackageFrameworks/VerIDCommonTypes.framework
WriteAuxiliaryFile /Users/admin/builder/spi-builder-workspace/.derivedData/Build/Intermediates.noindex/FaceCapture.build/Debug-watchos/FaceCapture-t.build/DerivedSources/resource_bundle_accessor.swift (in target 'FaceCapture' from project 'FaceCapture')
cd /Users/admin/builder/spi-builder-workspace
write-file /Users/admin/builder/spi-builder-workspace/.derivedData/Build/Intermediates.noindex/FaceCapture.build/Debug-watchos/FaceCapture-t.build/DerivedSources/resource_bundle_accessor.swift
MkDir /Users/admin/builder/spi-builder-workspace/.derivedData/Build/Products/Debug-watchos/FaceCapture_FaceCaptureTests.bundle (in target 'FaceCapture_FaceCaptureTests' from project 'FaceCapture')
cd /Users/admin/builder/spi-builder-workspace
/bin/mkdir -p /Users/admin/builder/spi-builder-workspace/.derivedData/Build/Products/Debug-watchos/FaceCapture_FaceCaptureTests.bundle
Copy /Users/admin/builder/spi-builder-workspace/.derivedData/Build/Intermediates.noindex/GeneratedModuleMaps-watchos/FaceCapture.modulemap /Users/admin/builder/spi-builder-workspace/.derivedData/Build/Intermediates.noindex/FaceCapture.build/Debug-watchos/FaceCapture-t.build/FaceCapture.modulemap (in target 'FaceCapture' from project 'FaceCapture')
cd /Users/admin/builder/spi-builder-workspace
builtin-copy -exclude .DS_Store -exclude CVS -exclude .svn -exclude .git -exclude .hg -resolve-src-symlinks /Users/admin/builder/spi-builder-workspace/.derivedData/Build/Intermediates.noindex/FaceCapture.build/Debug-watchos/FaceCapture-t.build/FaceCapture.modulemap /Users/admin/builder/spi-builder-workspace/.derivedData/Build/Intermediates.noindex/GeneratedModuleMaps-watchos
MkDir /Users/admin/builder/spi-builder-workspace/.derivedData/Build/Products/Debug-watchos/FaceCapture_FaceCapture.bundle (in target 'FaceCapture_FaceCapture' from project 'FaceCapture')
cd /Users/admin/builder/spi-builder-workspace
/bin/mkdir -p /Users/admin/builder/spi-builder-workspace/.derivedData/Build/Products/Debug-watchos/FaceCapture_FaceCapture.bundle
MkDir /Users/admin/builder/spi-builder-workspace/.derivedData/Build/Products/Debug-watchos/FaceCaptureTests.xctest (in target 'FaceCaptureTests-product' from project 'FaceCapture')
cd /Users/admin/builder/spi-builder-workspace
/bin/mkdir -p /Users/admin/builder/spi-builder-workspace/.derivedData/Build/Products/Debug-watchos/FaceCaptureTests.xctest
ProcessInfoPlistFile /Users/admin/builder/spi-builder-workspace/.derivedData/Build/Products/Debug-watchos/FaceCapture_FaceCaptureTests.bundle/Info.plist /Users/admin/builder/spi-builder-workspace/.derivedData/Build/Intermediates.noindex/FaceCapture.build/Debug-watchos/FaceCapture_FaceCaptureTests-b.build/empty-FaceCapture_FaceCaptureTests.plist (in target 'FaceCapture_FaceCaptureTests' from project 'FaceCapture')
cd /Users/admin/builder/spi-builder-workspace
builtin-infoPlistUtility /Users/admin/builder/spi-builder-workspace/.derivedData/Build/Intermediates.noindex/FaceCapture.build/Debug-watchos/FaceCapture_FaceCaptureTests-b.build/empty-FaceCapture_FaceCaptureTests.plist -producttype com.apple.product-type.bundle -expandbuildsettings -format binary -platform watchos -o /Users/admin/builder/spi-builder-workspace/.derivedData/Build/Products/Debug-watchos/FaceCapture_FaceCaptureTests.bundle/Info.plist
CpResource /Users/admin/builder/spi-builder-workspace/.derivedData/Build/Products/Debug-watchos/FaceCapture_FaceCaptureTests.bundle/Ver-ID.identity /Users/admin/builder/spi-builder-workspace/Tests/FaceCaptureTests/Resources/Ver-ID.identity (in target 'FaceCapture_FaceCaptureTests' from project 'FaceCapture')
cd /Users/admin/builder/spi-builder-workspace
builtin-copy -exclude .DS_Store -exclude CVS -exclude .svn -exclude .git -exclude .hg -resolve-src-symlinks /Users/admin/builder/spi-builder-workspace/Tests/FaceCaptureTests/Resources/Ver-ID.identity /Users/admin/builder/spi-builder-workspace/.derivedData/Build/Products/Debug-watchos/FaceCapture_FaceCaptureTests.bundle
MkDir /Users/admin/builder/spi-builder-workspace/.derivedData/Build/Intermediates.noindex/FaceCapture.build/Debug-watchos/FaceCapture_FaceCapture-b.build/assetcatalog_output/unthinned (in target 'FaceCapture_FaceCapture' from project 'FaceCapture')
cd /Users/admin/builder/spi-builder-workspace
/bin/mkdir -p /Users/admin/builder/spi-builder-workspace/.derivedData/Build/Intermediates.noindex/FaceCapture.build/Debug-watchos/FaceCapture_FaceCapture-b.build/assetcatalog_output/unthinned
CpResource /Users/admin/builder/spi-builder-workspace/.derivedData/Build/Products/Debug-watchos/FaceCapture_FaceCapture.bundle/head1.obj.mtl /Users/admin/builder/spi-builder-workspace/Sources/FaceCapture/Resources/head1.obj.mtl (in target 'FaceCapture_FaceCapture' from project 'FaceCapture')
cd /Users/admin/builder/spi-builder-workspace
builtin-copy -exclude .DS_Store -exclude CVS -exclude .svn -exclude .git -exclude .hg -resolve-src-symlinks /Users/admin/builder/spi-builder-workspace/Sources/FaceCapture/Resources/head1.obj.mtl /Users/admin/builder/spi-builder-workspace/.derivedData/Build/Products/Debug-watchos/FaceCapture_FaceCapture.bundle
MkDir /Users/admin/builder/spi-builder-workspace/.derivedData/Build/Intermediates.noindex/FaceCapture.build/Debug-watchos/FaceCapture_FaceCapture-b.build/assetcatalog_output/thinned (in target 'FaceCapture_FaceCapture' from project 'FaceCapture')
cd /Users/admin/builder/spi-builder-workspace
/bin/mkdir -p /Users/admin/builder/spi-builder-workspace/.derivedData/Build/Intermediates.noindex/FaceCapture.build/Debug-watchos/FaceCapture_FaceCapture-b.build/assetcatalog_output/thinned
CpResource /Users/admin/builder/spi-builder-workspace/.derivedData/Build/Products/Debug-watchos/FaceCapture_FaceCapture.bundle/head1.obj /Users/admin/builder/spi-builder-workspace/Sources/FaceCapture/Resources/head1.obj (in target 'FaceCapture_FaceCapture' from project 'FaceCapture')
cd /Users/admin/builder/spi-builder-workspace
builtin-copy -exclude .DS_Store -exclude CVS -exclude .svn -exclude .git -exclude .hg -resolve-src-symlinks /Users/admin/builder/spi-builder-workspace/Sources/FaceCapture/Resources/head1.obj /Users/admin/builder/spi-builder-workspace/.derivedData/Build/Products/Debug-watchos/FaceCapture_FaceCapture.bundle
CpResource /Users/admin/builder/spi-builder-workspace/.derivedData/Build/Products/Debug-watchos/FaceCapture_FaceCapture.bundle/fr.lproj/Localizable.stringsdict /Users/admin/builder/spi-builder-workspace/Sources/FaceCapture/Resources/fr.lproj/Localizable.stringsdict (in target 'FaceCapture_FaceCapture' from project 'FaceCapture')
cd /Users/admin/builder/spi-builder-workspace
builtin-copy -exclude .DS_Store -exclude CVS -exclude .svn -exclude .git -exclude .hg -resolve-src-symlinks /Users/admin/builder/spi-builder-workspace/Sources/FaceCapture/Resources/fr.lproj/Localizable.stringsdict /Users/admin/builder/spi-builder-workspace/.derivedData/Build/Products/Debug-watchos/FaceCapture_FaceCapture.bundle/fr.lproj
CpResource /Users/admin/builder/spi-builder-workspace/.derivedData/Build/Products/Debug-watchos/FaceCapture_FaceCapture.bundle/fr.lproj/Localizable.strings /Users/admin/builder/spi-builder-workspace/Sources/FaceCapture/Resources/fr.lproj/Localizable.strings (in target 'FaceCapture_FaceCapture' from project 'FaceCapture')
cd /Users/admin/builder/spi-builder-workspace
builtin-copy -exclude .DS_Store -exclude CVS -exclude .svn -exclude .git -exclude .hg -resolve-src-symlinks /Users/admin/builder/spi-builder-workspace/Sources/FaceCapture/Resources/fr.lproj/Localizable.strings /Users/admin/builder/spi-builder-workspace/.derivedData/Build/Products/Debug-watchos/FaceCapture_FaceCapture.bundle/fr.lproj
CpResource /Users/admin/builder/spi-builder-workspace/.derivedData/Build/Products/Debug-watchos/FaceCapture_FaceCapture.bundle/es.lproj/Localizable.stringsdict /Users/admin/builder/spi-builder-workspace/Sources/FaceCapture/Resources/es.lproj/Localizable.stringsdict (in target 'FaceCapture_FaceCapture' from project 'FaceCapture')
cd /Users/admin/builder/spi-builder-workspace
builtin-copy -exclude .DS_Store -exclude CVS -exclude .svn -exclude .git -exclude .hg -resolve-src-symlinks /Users/admin/builder/spi-builder-workspace/Sources/FaceCapture/Resources/es.lproj/Localizable.stringsdict /Users/admin/builder/spi-builder-workspace/.derivedData/Build/Products/Debug-watchos/FaceCapture_FaceCapture.bundle/es.lproj
CpResource /Users/admin/builder/spi-builder-workspace/.derivedData/Build/Products/Debug-watchos/FaceCapture_FaceCapture.bundle/es.lproj/Localizable.strings /Users/admin/builder/spi-builder-workspace/Sources/FaceCapture/Resources/es.lproj/Localizable.strings (in target 'FaceCapture_FaceCapture' from project 'FaceCapture')
cd /Users/admin/builder/spi-builder-workspace
builtin-copy -exclude .DS_Store -exclude CVS -exclude .svn -exclude .git -exclude .hg -resolve-src-symlinks /Users/admin/builder/spi-builder-workspace/Sources/FaceCapture/Resources/es.lproj/Localizable.strings /Users/admin/builder/spi-builder-workspace/.derivedData/Build/Products/Debug-watchos/FaceCapture_FaceCapture.bundle/es.lproj
CpResource /Users/admin/builder/spi-builder-workspace/.derivedData/Build/Products/Debug-watchos/FaceCapture_FaceCapture.bundle/en.lproj/Localizable.strings /Users/admin/builder/spi-builder-workspace/Sources/FaceCapture/Resources/en.lproj/Localizable.strings (in target 'FaceCapture_FaceCapture' from project 'FaceCapture')
cd /Users/admin/builder/spi-builder-workspace
builtin-copy -exclude .DS_Store -exclude CVS -exclude .svn -exclude .git -exclude .hg -resolve-src-symlinks /Users/admin/builder/spi-builder-workspace/Sources/FaceCapture/Resources/en.lproj/Localizable.strings /Users/admin/builder/spi-builder-workspace/.derivedData/Build/Products/Debug-watchos/FaceCapture_FaceCapture.bundle/en.lproj
CpResource /Users/admin/builder/spi-builder-workspace/.derivedData/Build/Products/Debug-watchos/FaceCapture_FaceCapture.bundle/en.lproj/Localizable.stringsdict /Users/admin/builder/spi-builder-workspace/Sources/FaceCapture/Resources/en.lproj/Localizable.stringsdict (in target 'FaceCapture_FaceCapture' from project 'FaceCapture')
cd /Users/admin/builder/spi-builder-workspace
builtin-copy -exclude .DS_Store -exclude CVS -exclude .svn -exclude .git -exclude .hg -resolve-src-symlinks /Users/admin/builder/spi-builder-workspace/Sources/FaceCapture/Resources/en.lproj/Localizable.stringsdict /Users/admin/builder/spi-builder-workspace/.derivedData/Build/Products/Debug-watchos/FaceCapture_FaceCapture.bundle/en.lproj
CompileAssetCatalogVariant thinned /Users/admin/builder/spi-builder-workspace/.derivedData/Build/Products/Debug-watchos/FaceCapture_FaceCapture.bundle /Users/admin/builder/spi-builder-workspace/Sources/FaceCapture/Resources/Media.xcassets (in target 'FaceCapture_FaceCapture' from project 'FaceCapture')
cd /Users/admin/builder/spi-builder-workspace
/Applications/Xcode-27.0.0-Release.Candidate.app/Contents/Developer/usr/bin/actool /Users/admin/builder/spi-builder-workspace/Sources/FaceCapture/Resources/Media.xcassets --compile /Users/admin/builder/spi-builder-workspace/.derivedData/Build/Intermediates.noindex/FaceCapture.build/Debug-watchos/FaceCapture_FaceCapture-b.build/assetcatalog_output/thinned --output-format human-readable-text --notices --warnings --export-dependency-info /Users/admin/builder/spi-builder-workspace/.derivedData/Build/Intermediates.noindex/FaceCapture.build/Debug-watchos/FaceCapture_FaceCapture-b.build/assetcatalog_dependencies_thinned --output-partial-info-plist /Users/admin/builder/spi-builder-workspace/.derivedData/Build/Intermediates.noindex/FaceCapture.build/Debug-watchos/FaceCapture_FaceCapture-b.build/assetcatalog_generated_info.plist_thinned --compress-pngs --enable-on-demand-resources NO --development-region en --target-device watch --minimum-deployment-target 9.0 --platform watchos
/* com.apple.actool.compilation-results */
/Users/admin/builder/spi-builder-workspace/.derivedData/Build/Intermediates.noindex/FaceCapture.build/Debug-watchos/FaceCapture_FaceCapture-b.build/assetcatalog_generated_info.plist_thinned
/Users/admin/builder/spi-builder-workspace/.derivedData/Build/Intermediates.noindex/FaceCapture.build/Debug-watchos/FaceCapture_FaceCapture-b.build/assetcatalog_output/thinned/Assets.car
RegisterExecutionPolicyException /Users/admin/builder/spi-builder-workspace/.derivedData/Build/Products/Debug-watchos/FaceCapture_FaceCaptureTests.bundle (in target 'FaceCapture_FaceCaptureTests' from project 'FaceCapture')
cd /Users/admin/builder/spi-builder-workspace
builtin-RegisterExecutionPolicyException /Users/admin/builder/spi-builder-workspace/.derivedData/Build/Products/Debug-watchos/FaceCapture_FaceCaptureTests.bundle
Touch /Users/admin/builder/spi-builder-workspace/.derivedData/Build/Products/Debug-watchos/FaceCapture_FaceCaptureTests.bundle (in target 'FaceCapture_FaceCaptureTests' from project 'FaceCapture')
cd /Users/admin/builder/spi-builder-workspace
/usr/bin/touch -c /Users/admin/builder/spi-builder-workspace/.derivedData/Build/Products/Debug-watchos/FaceCapture_FaceCaptureTests.bundle
SwiftDriver VerIDCommonTypes normal arm64 com.apple.xcode.tools.swift.compiler (in target 'VerIDCommonTypes' from project 'VerIDCommonTypes')
cd /Users/admin/builder/spi-builder-workspace/.swiftpm/xcode
builtin-SwiftDriver -- /Applications/Xcode-27.0.0-Release.Candidate.app/Contents/Developer/Toolchains/XcodeDefault.xctoolchain/usr/bin/swiftc -parse-as-library -module-name VerIDCommonTypes -Onone @/Users/admin/builder/spi-builder-workspace/.derivedData/Build/Intermediates.noindex/VerIDCommonTypes.build/Debug-watchos/VerIDCommonTypes-t.build/Objects-normal/arm64/VerIDCommonTypes.SwiftFileList -DSWIFT_PACKAGE -DDEBUG -DSWIFT_MODULE_RESOURCE_BUNDLE_UNAVAILABLE -DXcode -plugin-path /Applications/Xcode-27.0.0-Release.Candidate.app/Contents/Developer/Toolchains/XcodeDefault.xctoolchain/usr/lib/swift/host/plugins/testing -enable-experimental-feature DebugDescriptionMacro -sdk /Applications/Xcode-27.0.0-Release.Candidate.app/Contents/Developer/Platforms/WatchOS.platform/Developer/SDKs/WatchOS27.0.sdk -target arm64-apple-watchos9.0 -g -module-cache-path /Users/admin/builder/spi-builder-workspace/.derivedData/ModuleCache.noindex -Xfrontend -serialize-debugging-options -profile-coverage-mapping -profile-generate -enable-testing -suppress-warnings -index-store-path /Users/admin/builder/spi-builder-workspace/.derivedData/Index.noindex/DataStore -Xcc -D_LIBCPP_HARDENING_MODE\=_LIBCPP_HARDENING_MODE_DEBUG -swift-version 5 -I /Users/admin/builder/spi-builder-workspace/.derivedData/Build/Products/Debug-watchos -Isystem /Applications/Xcode-27.0.0-Release.Candidate.app/Contents/Developer/Platforms/WatchOS.platform/Developer/usr/lib -F /Users/admin/builder/spi-builder-workspace/.derivedData/Build/Products/Debug-watchos -F /Applications/Xcode-27.0.0-Release.Candidate.app/Contents/Developer/Platforms/WatchOS.platform/Developer/Library/Frameworks -F /Applications/Xcode-27.0.0-Release.Candidate.app/Contents/Developer/Platforms/WatchOS.platform/Developer/SDKs/WatchOS27.0.sdk/Developer/Library/Frameworks -c -j10 -enable-batch-mode -incremental -Xcc -ivfsstatcache -Xcc /Users/admin/builder/spi-builder-workspace/.derivedData/SDKStatCaches.noindex/watchos27.0-24R360-e829b21a6f8c9b70876ba0858053c04477534ef55a1706bf4c1112bbb242f0a2.sdkstatcache -output-file-map /Users/admin/builder/spi-builder-workspace/.derivedData/Build/Intermediates.noindex/VerIDCommonTypes.build/Debug-watchos/VerIDCommonTypes-t.build/Objects-normal/arm64/VerIDCommonTypes-OutputFileMap.json -save-temps -no-color-diagnostics -explicit-module-build -module-cache-path /Users/admin/builder/spi-builder-workspace/.derivedData/Build/Intermediates.noindex/SwiftExplicitPrecompiledModules -clang-scanner-module-cache-path /Users/admin/builder/spi-builder-workspace/.derivedData/ModuleCache.noindex -sdk-module-cache-path /Users/admin/builder/spi-builder-workspace/.derivedData/SDKExplicitPrecompiledModules -emit-dependencies -emit-module -emit-module-path /Users/admin/builder/spi-builder-workspace/.derivedData/Build/Intermediates.noindex/VerIDCommonTypes.build/Debug-watchos/VerIDCommonTypes-t.build/Objects-normal/arm64/VerIDCommonTypes.swiftmodule -serialize-diagnostics -dependency-scan-serialize-diagnostics-path /Users/admin/builder/spi-builder-workspace/.derivedData/Build/Intermediates.noindex/VerIDCommonTypes.build/Debug-watchos/VerIDCommonTypes-t.build/Objects-normal/arm64/VerIDCommonTypes-dependency-scan.dia -validate-clang-modules-once -clang-build-session-file /Users/admin/builder/spi-builder-workspace/.derivedData/ModuleCache.noindex/Session.modulevalidation -Xcc -fmodules-prune-interval\=86400 -Xcc -fmodules-prune-after\=345600 -package-name ver_id_common_types_apple -emit-const-values -const-gather-protocols-list /Users/admin/builder/spi-builder-workspace/.derivedData/Build/Intermediates.noindex/VerIDCommonTypes.build/Debug-watchos/VerIDCommonTypes-t.build/Objects-normal/arm64/VerIDCommonTypes_const_extract_protocols.json -Xcc -I/Users/admin/builder/spi-builder-workspace/.derivedData/Build/Products/Debug-watchos/include -Xcc -I/Users/admin/builder/spi-builder-workspace/.derivedData/Build/Intermediates.noindex/VerIDCommonTypes.build/Debug-watchos/VerIDCommonTypes-t.build/DerivedSources-normal/arm64 -Xcc -I/Users/admin/builder/spi-builder-workspace/.derivedData/Build/Intermediates.noindex/VerIDCommonTypes.build/Debug-watchos/VerIDCommonTypes-t.build/DerivedSources/arm64 -Xcc -I/Users/admin/builder/spi-builder-workspace/.derivedData/Build/Intermediates.noindex/VerIDCommonTypes.build/Debug-watchos/VerIDCommonTypes-t.build/DerivedSources -Xcc -DSWIFT_PACKAGE -Xcc -DDEBUG\=1 -emit-objc-header -emit-objc-header-path /Users/admin/builder/spi-builder-workspace/.derivedData/Build/Intermediates.noindex/VerIDCommonTypes.build/Debug-watchos/VerIDCommonTypes-t.build/Objects-normal/arm64/VerIDCommonTypes-Swift.h -working-directory /Users/admin/builder/spi-builder-workspace/.swiftpm/xcode -experimental-emit-module-separately -disable-cmo
/Users/admin/builder/spi-builder-workspace/.dependencies/checkouts/Ver-ID-Common-Types-Apple/Sources/VerIDCommonTypes/Image.swift:17:8: error: Unable to resolve module dependency: 'CoreImage' (in target 'VerIDCommonTypes' from project 'VerIDCommonTypes')
note: A dependency of main module 'VerIDCommonTypes'
/Users/admin/builder/spi-builder-workspace/.dependencies/checkouts/Ver-ID-Common-Types-Apple/Sources/VerIDCommonTypes/Image.swift:17:8: note: A dependency of main module 'VerIDCommonTypes'
import CoreImage
^ (in target 'VerIDCommonTypes' from project 'VerIDCommonTypes')
SwiftDriver VerIDCommonTypes normal arm64_32 com.apple.xcode.tools.swift.compiler (in target 'VerIDCommonTypes' from project 'VerIDCommonTypes')
cd /Users/admin/builder/spi-builder-workspace/.swiftpm/xcode
builtin-SwiftDriver -- /Applications/Xcode-27.0.0-Release.Candidate.app/Contents/Developer/Toolchains/XcodeDefault.xctoolchain/usr/bin/swiftc -parse-as-library -module-name VerIDCommonTypes -Onone @/Users/admin/builder/spi-builder-workspace/.derivedData/Build/Intermediates.noindex/VerIDCommonTypes.build/Debug-watchos/VerIDCommonTypes-t.build/Objects-normal/arm64_32/VerIDCommonTypes.SwiftFileList -DSWIFT_PACKAGE -DDEBUG -DSWIFT_MODULE_RESOURCE_BUNDLE_UNAVAILABLE -DXcode -plugin-path /Applications/Xcode-27.0.0-Release.Candidate.app/Contents/Developer/Toolchains/XcodeDefault.xctoolchain/usr/lib/swift/host/plugins/testing -enable-experimental-feature DebugDescriptionMacro -sdk /Applications/Xcode-27.0.0-Release.Candidate.app/Contents/Developer/Platforms/WatchOS.platform/Developer/SDKs/WatchOS27.0.sdk -target arm64_32-apple-watchos9.0 -g -module-cache-path /Users/admin/builder/spi-builder-workspace/.derivedData/ModuleCache.noindex -Xfrontend -serialize-debugging-options -profile-coverage-mapping -profile-generate -enable-testing -suppress-warnings -index-store-path /Users/admin/builder/spi-builder-workspace/.derivedData/Index.noindex/DataStore -Xcc -D_LIBCPP_HARDENING_MODE\=_LIBCPP_HARDENING_MODE_DEBUG -swift-version 5 -I /Users/admin/builder/spi-builder-workspace/.derivedData/Build/Products/Debug-watchos -Isystem /Applications/Xcode-27.0.0-Release.Candidate.app/Contents/Developer/Platforms/WatchOS.platform/Developer/usr/lib -F /Users/admin/builder/spi-builder-workspace/.derivedData/Build/Products/Debug-watchos -F /Applications/Xcode-27.0.0-Release.Candidate.app/Contents/Developer/Platforms/WatchOS.platform/Developer/Library/Frameworks -F /Applications/Xcode-27.0.0-Release.Candidate.app/Contents/Developer/Platforms/WatchOS.platform/Developer/SDKs/WatchOS27.0.sdk/Developer/Library/Frameworks -c -j10 -enable-batch-mode -incremental -Xcc -ivfsstatcache -Xcc /Users/admin/builder/spi-builder-workspace/.derivedData/SDKStatCaches.noindex/watchos27.0-24R360-e829b21a6f8c9b70876ba0858053c04477534ef55a1706bf4c1112bbb242f0a2.sdkstatcache -output-file-map /Users/admin/builder/spi-builder-workspace/.derivedData/Build/Intermediates.noindex/VerIDCommonTypes.build/Debug-watchos/VerIDCommonTypes-t.build/Objects-normal/arm64_32/VerIDCommonTypes-OutputFileMap.json -save-temps -no-color-diagnostics -explicit-module-build -module-cache-path /Users/admin/builder/spi-builder-workspace/.derivedData/Build/Intermediates.noindex/SwiftExplicitPrecompiledModules -clang-scanner-module-cache-path /Users/admin/builder/spi-builder-workspace/.derivedData/ModuleCache.noindex -sdk-module-cache-path /Users/admin/builder/spi-builder-workspace/.derivedData/SDKExplicitPrecompiledModules -emit-dependencies -emit-module -emit-module-path /Users/admin/builder/spi-builder-workspace/.derivedData/Build/Intermediates.noindex/VerIDCommonTypes.build/Debug-watchos/VerIDCommonTypes-t.build/Objects-normal/arm64_32/VerIDCommonTypes.swiftmodule -serialize-diagnostics -dependency-scan-serialize-diagnostics-path /Users/admin/builder/spi-builder-workspace/.derivedData/Build/Intermediates.noindex/VerIDCommonTypes.build/Debug-watchos/VerIDCommonTypes-t.build/Objects-normal/arm64_32/VerIDCommonTypes-dependency-scan.dia -validate-clang-modules-once -clang-build-session-file /Users/admin/builder/spi-builder-workspace/.derivedData/ModuleCache.noindex/Session.modulevalidation -Xcc -fmodules-prune-interval\=86400 -Xcc -fmodules-prune-after\=345600 -package-name ver_id_common_types_apple -emit-const-values -const-gather-protocols-list /Users/admin/builder/spi-builder-workspace/.derivedData/Build/Intermediates.noindex/VerIDCommonTypes.build/Debug-watchos/VerIDCommonTypes-t.build/Objects-normal/arm64_32/VerIDCommonTypes_const_extract_protocols.json -Xcc -I/Users/admin/builder/spi-builder-workspace/.derivedData/Build/Products/Debug-watchos/include -Xcc -I/Users/admin/builder/spi-builder-workspace/.derivedData/Build/Intermediates.noindex/VerIDCommonTypes.build/Debug-watchos/VerIDCommonTypes-t.build/DerivedSources-normal/arm64_32 -Xcc -I/Users/admin/builder/spi-builder-workspace/.derivedData/Build/Intermediates.noindex/VerIDCommonTypes.build/Debug-watchos/VerIDCommonTypes-t.build/DerivedSources/arm64_32 -Xcc -I/Users/admin/builder/spi-builder-workspace/.derivedData/Build/Intermediates.noindex/VerIDCommonTypes.build/Debug-watchos/VerIDCommonTypes-t.build/DerivedSources -Xcc -DSWIFT_PACKAGE -Xcc -DDEBUG\=1 -emit-objc-header -emit-objc-header-path /Users/admin/builder/spi-builder-workspace/.derivedData/Build/Intermediates.noindex/VerIDCommonTypes.build/Debug-watchos/VerIDCommonTypes-t.build/Objects-normal/arm64_32/VerIDCommonTypes-Swift.h -working-directory /Users/admin/builder/spi-builder-workspace/.swiftpm/xcode -experimental-emit-module-separately -disable-cmo
/Users/admin/builder/spi-builder-workspace/.dependencies/checkouts/Ver-ID-Common-Types-Apple/Sources/VerIDCommonTypes/Image.swift:17:8: error: Unable to resolve module dependency: 'CoreImage' (in target 'VerIDCommonTypes' from project 'VerIDCommonTypes')
note: A dependency of main module 'VerIDCommonTypes'
/Users/admin/builder/spi-builder-workspace/.dependencies/checkouts/Ver-ID-Common-Types-Apple/Sources/VerIDCommonTypes/Image.swift:17:8: note: A dependency of main module 'VerIDCommonTypes'
import CoreImage
^ (in target 'VerIDCommonTypes' from project 'VerIDCommonTypes')
LinkAssetCatalog /Users/admin/builder/spi-builder-workspace/Sources/FaceCapture/Resources/Media.xcassets (in target 'FaceCapture_FaceCapture' from project 'FaceCapture')
cd /Users/admin/builder/spi-builder-workspace
builtin-linkAssetCatalog --thinned /Users/admin/builder/spi-builder-workspace/.derivedData/Build/Intermediates.noindex/FaceCapture.build/Debug-watchos/FaceCapture_FaceCapture-b.build/assetcatalog_output/thinned --thinned-dependencies /Users/admin/builder/spi-builder-workspace/.derivedData/Build/Intermediates.noindex/FaceCapture.build/Debug-watchos/FaceCapture_FaceCapture-b.build/assetcatalog_dependencies_thinned --thinned-info-plist-content /Users/admin/builder/spi-builder-workspace/.derivedData/Build/Intermediates.noindex/FaceCapture.build/Debug-watchos/FaceCapture_FaceCapture-b.build/assetcatalog_generated_info.plist_thinned --unthinned /Users/admin/builder/spi-builder-workspace/.derivedData/Build/Intermediates.noindex/FaceCapture.build/Debug-watchos/FaceCapture_FaceCapture-b.build/assetcatalog_output/unthinned --unthinned-dependencies /Users/admin/builder/spi-builder-workspace/.derivedData/Build/Intermediates.noindex/FaceCapture.build/Debug-watchos/FaceCapture_FaceCapture-b.build/assetcatalog_dependencies_unthinned --unthinned-info-plist-content /Users/admin/builder/spi-builder-workspace/.derivedData/Build/Intermediates.noindex/FaceCapture.build/Debug-watchos/FaceCapture_FaceCapture-b.build/assetcatalog_generated_info.plist_unthinned --output /Users/admin/builder/spi-builder-workspace/.derivedData/Build/Products/Debug-watchos/FaceCapture_FaceCapture.bundle --plist-output /Users/admin/builder/spi-builder-workspace/.derivedData/Build/Intermediates.noindex/FaceCapture.build/Debug-watchos/FaceCapture_FaceCapture-b.build/assetcatalog_generated_info.plist
note: Emplaced /Users/admin/builder/spi-builder-workspace/.derivedData/Build/Products/Debug-watchos/FaceCapture_FaceCapture.bundle/Assets.car (in target 'FaceCapture_FaceCapture' from project 'FaceCapture')
ProcessInfoPlistFile /Users/admin/builder/spi-builder-workspace/.derivedData/Build/Products/Debug-watchos/FaceCapture_FaceCapture.bundle/Info.plist /Users/admin/builder/spi-builder-workspace/.derivedData/Build/Intermediates.noindex/FaceCapture.build/Debug-watchos/FaceCapture_FaceCapture-b.build/empty-FaceCapture_FaceCapture.plist (in target 'FaceCapture_FaceCapture' from project 'FaceCapture')
cd /Users/admin/builder/spi-builder-workspace
builtin-infoPlistUtility /Users/admin/builder/spi-builder-workspace/.derivedData/Build/Intermediates.noindex/FaceCapture.build/Debug-watchos/FaceCapture_FaceCapture-b.build/empty-FaceCapture_FaceCapture.plist -producttype com.apple.product-type.bundle -expandbuildsettings -format binary -platform watchos -additionalcontentfile /Users/admin/builder/spi-builder-workspace/.derivedData/Build/Intermediates.noindex/FaceCapture.build/Debug-watchos/FaceCapture_FaceCapture-b.build/assetcatalog_generated_info.plist -o /Users/admin/builder/spi-builder-workspace/.derivedData/Build/Products/Debug-watchos/FaceCapture_FaceCapture.bundle/Info.plist
RegisterExecutionPolicyException /Users/admin/builder/spi-builder-workspace/.derivedData/Build/Products/Debug-watchos/FaceCapture_FaceCapture.bundle (in target 'FaceCapture_FaceCapture' from project 'FaceCapture')
cd /Users/admin/builder/spi-builder-workspace
builtin-RegisterExecutionPolicyException /Users/admin/builder/spi-builder-workspace/.derivedData/Build/Products/Debug-watchos/FaceCapture_FaceCapture.bundle
Touch /Users/admin/builder/spi-builder-workspace/.derivedData/Build/Products/Debug-watchos/FaceCapture_FaceCapture.bundle (in target 'FaceCapture_FaceCapture' from project 'FaceCapture')
cd /Users/admin/builder/spi-builder-workspace
/usr/bin/touch -c /Users/admin/builder/spi-builder-workspace/.derivedData/Build/Products/Debug-watchos/FaceCapture_FaceCapture.bundle
PruneExplicitPrecompiledModules /Users/admin/builder/spi-builder-workspace/.derivedData/Build/Intermediates.noindex/ExplicitPrecompiledModules
PruneExplicitPrecompiledModules /Users/admin/builder/spi-builder-workspace/.derivedData/Build/Intermediates.noindex/SwiftExplicitPrecompiledModules
PruneExplicitPrecompiledModules /Users/admin/builder/spi-builder-workspace/.derivedData/SDKExplicitPrecompiledModules
2026-09-24 08:53:02.076 xcodebuild[696:4332] [MT] IDERunDestination: Supported platforms for the buildables in the current scheme is empty.
2026-09-24 08:53:02.335 xcodebuild[696:4332] [MT] IDERunDestination: Supported platforms for the buildables in the current scheme is empty.
** BUILD FAILED **
The following build commands failed:
SwiftDriver VerIDCommonTypes normal arm64 com.apple.xcode.tools.swift.compiler (in target 'VerIDCommonTypes' from project 'VerIDCommonTypes')
SwiftDriver VerIDCommonTypes normal arm64_32 com.apple.xcode.tools.swift.compiler (in target 'VerIDCommonTypes' from project 'VerIDCommonTypes')
Building workspace FaceCapture with scheme FaceCapture
(3 failures)
Command line invocation:
/Applications/Xcode-27.0.0-Release.Candidate.app/Contents/Developer/usr/bin/xcodebuild -IDEClonedSourcePackagesDirPathOverride=/Users/admin/builder/spi-builder-workspace/.dependencies -resolvePackageDependencies
Resolve Package Graph
Resolved source packages:
VerIDCommonTypes: https://github.com/AppliedRecognition/Ver-ID-Common-Types-Apple.git @ 3.3.0
FaceCapture: /Users/admin/builder/spi-builder-workspace
resolved source packages: VerIDCommonTypes, FaceCapture
2026-09-24 08:53:09.665 xcodebuild[745:4792] [MT] IDERunDestination: Supported platforms for the buildables in the current scheme is empty.
2026-09-24 08:53:09.819 xcodebuild[745:4792] [MT] IDERunDestination: Supported platforms for the buildables in the current scheme is empty.
{
"default_localization" : "en",
"dependencies" : [
{
"identity" : "ver-id-common-types-apple",
"requirement" : {
"range" : [
{
"lower_bound" : "3.2.0",
"upper_bound" : "4.0.0"
}
]
},
"type" : "sourceControl",
"url" : "https://github.com/AppliedRecognition/Ver-ID-Common-Types-Apple.git"
}
],
"manifest_display_name" : "FaceCapture",
"name" : "FaceCapture",
"path" : "/Users/admin/builder/spi-builder-workspace",
"platforms" : [
{
"name" : "ios",
"version" : "15.0"
},
{
"name" : "maccatalyst",
"version" : "15.0"
}
],
"products" : [
{
"name" : "FaceCapture",
"targets" : [
"FaceCapture"
],
"type" : {
"library" : [
"automatic"
]
}
}
],
"targets" : [
{
"c99name" : "FaceCaptureTests",
"module_type" : "SwiftTarget",
"name" : "FaceCaptureTests",
"path" : "Tests/FaceCaptureTests",
"product_dependencies" : [
"VerIDCommonTypes"
],
"resources" : [
{
"path" : "/Users/admin/builder/spi-builder-workspace/Tests/FaceCaptureTests/Resources/Ver-ID.identity",
"rule" : {
"process" : {
}
}
}
],
"sources" : [
"AngleBearingEvaluationTests.swift",
"DefaultFaceTrackingResultTransformDelegateTests.swift",
"FPSMeasurementPluginTests.swift",
"FaceCaptureSessionTests.swift",
"TimeConstrainedCircularBufferTests.swift"
],
"target_dependencies" : [
"FaceCapture"
],
"type" : "test"
},
{
"c99name" : "FaceCapture",
"module_type" : "SwiftTarget",
"name" : "FaceCapture",
"path" : "Sources/FaceCapture",
"product_dependencies" : [
"VerIDCommonTypes"
],
"product_memberships" : [
"FaceCapture"
],
"resources" : [
{
"path" : "/Users/admin/builder/spi-builder-workspace/Sources/FaceCapture/Resources/Media.xcassets",
"rule" : {
"process" : {
}
}
},
{
"path" : "/Users/admin/builder/spi-builder-workspace/Sources/FaceCapture/Resources/en.lproj/Localizable.strings",
"rule" : {
"process" : {
"localization" : "en"
}
}
},
{
"path" : "/Users/admin/builder/spi-builder-workspace/Sources/FaceCapture/Resources/en.lproj/Localizable.stringsdict",
"rule" : {
"process" : {
"localization" : "en"
}
}
},
{
"path" : "/Users/admin/builder/spi-builder-workspace/Sources/FaceCapture/Resources/es.lproj/Localizable.strings",
"rule" : {
"process" : {
"localization" : "es"
}
}
},
{
"path" : "/Users/admin/builder/spi-builder-workspace/Sources/FaceCapture/Resources/es.lproj/Localizable.stringsdict",
"rule" : {
"process" : {
"localization" : "es"
}
}
},
{
"path" : "/Users/admin/builder/spi-builder-workspace/Sources/FaceCapture/Resources/fr.lproj/Localizable.strings",
"rule" : {
"process" : {
"localization" : "fr"
}
}
},
{
"path" : "/Users/admin/builder/spi-builder-workspace/Sources/FaceCapture/Resources/fr.lproj/Localizable.stringsdict",
"rule" : {
"process" : {
"localization" : "fr"
}
}
},
{
"path" : "/Users/admin/builder/spi-builder-workspace/Sources/FaceCapture/Resources/head1.obj",
"rule" : {
"process" : {
}
}
},
{
"path" : "/Users/admin/builder/spi-builder-workspace/Sources/FaceCapture/Resources/head1.obj.mtl",
"rule" : {
"process" : {
}
}
}
],
"sources" : [
"Aliases.swift",
"AngleBearingEvaluation.swift",
"AppleFaceDetection.swift",
"Atomic.swift",
"Bundle.swift",
"CameraControl.swift",
"CameraPreviewView.swift",
"CapturedFace.swift",
"CircularBuffer.swift",
"DefaultFaceTrackingResultTransformDelegate.swift",
"DepthDataConverter.swift",
"DepthLivenessDetection.swift",
"DetectedFaceOval.swift",
"Errors.swift",
"FPSMeasurementPlugin.swift",
"FaceArrow.swift",
"FaceCapture.swift",
"FaceCaptureSession.swift",
"FaceCaptureSessionImageInput.swift",
"FaceCaptureSessionResult.swift",
"FaceCaptureSessionSettings.swift",
"FaceCaptureView.swift",
"FaceCaptureViewConfiguration.swift",
"FaceCaptureViewController.swift",
"FaceCaptureViewState.swift",
"FaceOval.swift",
"FaceTrackingPlugin.swift",
"FaceTrackingResult.swift",
"FaceTrackingResultTransformer.swift",
"HeadView3D.swift",
"LivenessDetectionPlugin.swift",
"PageView.swift",
"SessionFaceTracking.swift",
"TimeConstrainedCircularBuffer.swift",
"TipsView.swift",
"VideoRecordingPlugin.swift"
],
"type" : "library"
}
],
"tools_version" : "5.9"
}
{
"workspace" : {
"name" : "FaceCapture",
"schemes" : [
"FaceCapture"
]
}
}
2026-09-24 08:53:11.096 xcodebuild[753:4865] [MT] IDERunDestination: Supported platforms for the buildables in the current scheme is empty.
2026-09-24 08:53:11.227 xcodebuild[753:4865] [MT] IDERunDestination: Supported platforms for the buildables in the current scheme is empty.
Running build ...
env DEVELOPER_DIR=/Applications/Xcode-27.0.0-Release.Candidate.app xcrun xcodebuild -IDEClonedSourcePackagesDirPathOverride=$PWD/.dependencies -skipMacroValidation -skipPackagePluginValidation -derivedDataPath $PWD/.derivedData build -scheme FaceCapture -destination generic/platform=watchOS
Command line invocation:
/Applications/Xcode-27.0.0-Release.Candidate.app/Contents/Developer/usr/bin/xcodebuild -IDEClonedSourcePackagesDirPathOverride=/Users/admin/builder/spi-builder-workspace/.dependencies -skipMacroValidation -skipPackagePluginValidation -derivedDataPath /Users/admin/builder/spi-builder-workspace/.derivedData build -scheme FaceCapture -destination generic/platform=watchOS
Resolve Package Graph
Resolved source packages:
FaceCapture: /Users/admin/builder/spi-builder-workspace
VerIDCommonTypes: https://github.com/AppliedRecognition/Ver-ID-Common-Types-Apple.git @ 3.3.0
ComputePackagePrebuildTargetDependencyGraph
Prepare packages
CreateBuildRequest
SendProjectDescription
CreateBuildOperation
ComputeTargetDependencyGraph
note: Building targets in dependency order
note: Target dependency graph (7 targets)
Target 'FaceCaptureTests-product' in project 'FaceCapture'
➜ Explicit dependency on target 'FaceCapture_FaceCaptureTests' in project 'FaceCapture'
➜ Explicit dependency on target 'VerIDCommonTypes-product' in project 'VerIDCommonTypes'
➜ Explicit dependency on target 'FaceCapture' in project 'FaceCapture'
Target 'FaceCapture_FaceCaptureTests' in project 'FaceCapture' (no dependencies)
Target 'FaceCapture-product' in project 'FaceCapture'
➜ Explicit dependency on target 'FaceCapture' in project 'FaceCapture'
➜ Explicit dependency on target 'FaceCapture_FaceCapture' in project 'FaceCapture'
➜ Explicit dependency on target 'VerIDCommonTypes-product' in project 'VerIDCommonTypes'
Target 'FaceCapture' in project 'FaceCapture'
➜ Explicit dependency on target 'FaceCapture_FaceCapture' in project 'FaceCapture'
➜ Explicit dependency on target 'VerIDCommonTypes-product' in project 'VerIDCommonTypes'
Target 'VerIDCommonTypes-product' in project 'VerIDCommonTypes'
➜ Explicit dependency on target 'VerIDCommonTypes' in project 'VerIDCommonTypes'
Target 'VerIDCommonTypes' in project 'VerIDCommonTypes' (no dependencies)
Target 'FaceCapture_FaceCapture' in project 'FaceCapture' (no dependencies)
GatherProvisioningInputs
CreateBuildDescription
ClangStatCache /Applications/Xcode-27.0.0-Release.Candidate.app/Contents/Developer/Toolchains/XcodeDefault.xctoolchain/usr/bin/clang-stat-cache /Applications/Xcode-27.0.0-Release.Candidate.app/Contents/Developer/Platforms/WatchOS.platform/Developer/SDKs/WatchOS27.0.sdk /Users/admin/builder/spi-builder-workspace/.derivedData/SDKStatCaches.noindex/watchos27.0-24R360-e829b21a6f8c9b70876ba0858053c04477534ef55a1706bf4c1112bbb242f0a2.sdkstatcache
cd /Users/admin/builder/spi-builder-workspace/.swiftpm/xcode
/Applications/Xcode-27.0.0-Release.Candidate.app/Contents/Developer/Toolchains/XcodeDefault.xctoolchain/usr/bin/clang-stat-cache /Applications/Xcode-27.0.0-Release.Candidate.app/Contents/Developer/Platforms/WatchOS.platform/Developer/SDKs/WatchOS27.0.sdk -o /Users/admin/builder/spi-builder-workspace/.derivedData/SDKStatCaches.noindex/watchos27.0-24R360-e829b21a6f8c9b70876ba0858053c04477534ef55a1706bf4c1112bbb242f0a2.sdkstatcache
SwiftDriver VerIDCommonTypes normal arm64_32 com.apple.xcode.tools.swift.compiler (in target 'VerIDCommonTypes' from project 'VerIDCommonTypes')
cd /Users/admin/builder/spi-builder-workspace/.swiftpm/xcode
builtin-SwiftDriver -- /Applications/Xcode-27.0.0-Release.Candidate.app/Contents/Developer/Toolchains/XcodeDefault.xctoolchain/usr/bin/swiftc -parse-as-library -module-name VerIDCommonTypes -Onone @/Users/admin/builder/spi-builder-workspace/.derivedData/Build/Intermediates.noindex/VerIDCommonTypes.build/Debug-watchos/VerIDCommonTypes-t.build/Objects-normal/arm64_32/VerIDCommonTypes.SwiftFileList -DSWIFT_PACKAGE -DDEBUG -DSWIFT_MODULE_RESOURCE_BUNDLE_UNAVAILABLE -DXcode -plugin-path /Applications/Xcode-27.0.0-Release.Candidate.app/Contents/Developer/Toolchains/XcodeDefault.xctoolchain/usr/lib/swift/host/plugins/testing -enable-experimental-feature DebugDescriptionMacro -sdk /Applications/Xcode-27.0.0-Release.Candidate.app/Contents/Developer/Platforms/WatchOS.platform/Developer/SDKs/WatchOS27.0.sdk -target arm64_32-apple-watchos9.0 -g -module-cache-path /Users/admin/builder/spi-builder-workspace/.derivedData/ModuleCache.noindex -Xfrontend -serialize-debugging-options -profile-coverage-mapping -profile-generate -enable-testing -suppress-warnings -index-store-path /Users/admin/builder/spi-builder-workspace/.derivedData/Index.noindex/DataStore -Xcc -D_LIBCPP_HARDENING_MODE\=_LIBCPP_HARDENING_MODE_DEBUG -swift-version 5 -I /Users/admin/builder/spi-builder-workspace/.derivedData/Build/Products/Debug-watchos -Isystem /Applications/Xcode-27.0.0-Release.Candidate.app/Contents/Developer/Platforms/WatchOS.platform/Developer/usr/lib -F /Users/admin/builder/spi-builder-workspace/.derivedData/Build/Products/Debug-watchos -F /Applications/Xcode-27.0.0-Release.Candidate.app/Contents/Developer/Platforms/WatchOS.platform/Developer/Library/Frameworks -F /Applications/Xcode-27.0.0-Release.Candidate.app/Contents/Developer/Platforms/WatchOS.platform/Developer/SDKs/WatchOS27.0.sdk/Developer/Library/Frameworks -c -j10 -enable-batch-mode -incremental -Xcc -ivfsstatcache -Xcc /Users/admin/builder/spi-builder-workspace/.derivedData/SDKStatCaches.noindex/watchos27.0-24R360-e829b21a6f8c9b70876ba0858053c04477534ef55a1706bf4c1112bbb242f0a2.sdkstatcache -output-file-map /Users/admin/builder/spi-builder-workspace/.derivedData/Build/Intermediates.noindex/VerIDCommonTypes.build/Debug-watchos/VerIDCommonTypes-t.build/Objects-normal/arm64_32/VerIDCommonTypes-OutputFileMap.json -save-temps -no-color-diagnostics -explicit-module-build -module-cache-path /Users/admin/builder/spi-builder-workspace/.derivedData/Build/Intermediates.noindex/SwiftExplicitPrecompiledModules -clang-scanner-module-cache-path /Users/admin/builder/spi-builder-workspace/.derivedData/ModuleCache.noindex -sdk-module-cache-path /Users/admin/builder/spi-builder-workspace/.derivedData/SDKExplicitPrecompiledModules -emit-dependencies -emit-module -emit-module-path /Users/admin/builder/spi-builder-workspace/.derivedData/Build/Intermediates.noindex/VerIDCommonTypes.build/Debug-watchos/VerIDCommonTypes-t.build/Objects-normal/arm64_32/VerIDCommonTypes.swiftmodule -serialize-diagnostics -dependency-scan-serialize-diagnostics-path /Users/admin/builder/spi-builder-workspace/.derivedData/Build/Intermediates.noindex/VerIDCommonTypes.build/Debug-watchos/VerIDCommonTypes-t.build/Objects-normal/arm64_32/VerIDCommonTypes-dependency-scan.dia -validate-clang-modules-once -clang-build-session-file /Users/admin/builder/spi-builder-workspace/.derivedData/ModuleCache.noindex/Session.modulevalidation -Xcc -fmodules-prune-interval\=86400 -Xcc -fmodules-prune-after\=345600 -package-name ver_id_common_types_apple -emit-const-values -const-gather-protocols-list /Users/admin/builder/spi-builder-workspace/.derivedData/Build/Intermediates.noindex/VerIDCommonTypes.build/Debug-watchos/VerIDCommonTypes-t.build/Objects-normal/arm64_32/VerIDCommonTypes_const_extract_protocols.json -Xcc -I/Users/admin/builder/spi-builder-workspace/.derivedData/Build/Products/Debug-watchos/include -Xcc -I/Users/admin/builder/spi-builder-workspace/.derivedData/Build/Intermediates.noindex/VerIDCommonTypes.build/Debug-watchos/VerIDCommonTypes-t.build/DerivedSources-normal/arm64_32 -Xcc -I/Users/admin/builder/spi-builder-workspace/.derivedData/Build/Intermediates.noindex/VerIDCommonTypes.build/Debug-watchos/VerIDCommonTypes-t.build/DerivedSources/arm64_32 -Xcc -I/Users/admin/builder/spi-builder-workspace/.derivedData/Build/Intermediates.noindex/VerIDCommonTypes.build/Debug-watchos/VerIDCommonTypes-t.build/DerivedSources -Xcc -DSWIFT_PACKAGE -Xcc -DDEBUG\=1 -emit-objc-header -emit-objc-header-path /Users/admin/builder/spi-builder-workspace/.derivedData/Build/Intermediates.noindex/VerIDCommonTypes.build/Debug-watchos/VerIDCommonTypes-t.build/Objects-normal/arm64_32/VerIDCommonTypes-Swift.h -working-directory /Users/admin/builder/spi-builder-workspace/.swiftpm/xcode -experimental-emit-module-separately -disable-cmo
/Users/admin/builder/spi-builder-workspace/.dependencies/checkouts/Ver-ID-Common-Types-Apple/Sources/VerIDCommonTypes/Image.swift:17:8: error: Unable to resolve module dependency: 'CoreImage' (in target 'VerIDCommonTypes' from project 'VerIDCommonTypes')
note: A dependency of main module 'VerIDCommonTypes'
/Users/admin/builder/spi-builder-workspace/.dependencies/checkouts/Ver-ID-Common-Types-Apple/Sources/VerIDCommonTypes/Image.swift:17:8: note: A dependency of main module 'VerIDCommonTypes'
import CoreImage
^ (in target 'VerIDCommonTypes' from project 'VerIDCommonTypes')
SwiftDriver VerIDCommonTypes normal arm64 com.apple.xcode.tools.swift.compiler (in target 'VerIDCommonTypes' from project 'VerIDCommonTypes')
cd /Users/admin/builder/spi-builder-workspace/.swiftpm/xcode
builtin-SwiftDriver -- /Applications/Xcode-27.0.0-Release.Candidate.app/Contents/Developer/Toolchains/XcodeDefault.xctoolchain/usr/bin/swiftc -parse-as-library -module-name VerIDCommonTypes -Onone @/Users/admin/builder/spi-builder-workspace/.derivedData/Build/Intermediates.noindex/VerIDCommonTypes.build/Debug-watchos/VerIDCommonTypes-t.build/Objects-normal/arm64/VerIDCommonTypes.SwiftFileList -DSWIFT_PACKAGE -DDEBUG -DSWIFT_MODULE_RESOURCE_BUNDLE_UNAVAILABLE -DXcode -plugin-path /Applications/Xcode-27.0.0-Release.Candidate.app/Contents/Developer/Toolchains/XcodeDefault.xctoolchain/usr/lib/swift/host/plugins/testing -enable-experimental-feature DebugDescriptionMacro -sdk /Applications/Xcode-27.0.0-Release.Candidate.app/Contents/Developer/Platforms/WatchOS.platform/Developer/SDKs/WatchOS27.0.sdk -target arm64-apple-watchos9.0 -g -module-cache-path /Users/admin/builder/spi-builder-workspace/.derivedData/ModuleCache.noindex -Xfrontend -serialize-debugging-options -profile-coverage-mapping -profile-generate -enable-testing -suppress-warnings -index-store-path /Users/admin/builder/spi-builder-workspace/.derivedData/Index.noindex/DataStore -Xcc -D_LIBCPP_HARDENING_MODE\=_LIBCPP_HARDENING_MODE_DEBUG -swift-version 5 -I /Users/admin/builder/spi-builder-workspace/.derivedData/Build/Products/Debug-watchos -Isystem /Applications/Xcode-27.0.0-Release.Candidate.app/Contents/Developer/Platforms/WatchOS.platform/Developer/usr/lib -F /Users/admin/builder/spi-builder-workspace/.derivedData/Build/Products/Debug-watchos -F /Applications/Xcode-27.0.0-Release.Candidate.app/Contents/Developer/Platforms/WatchOS.platform/Developer/Library/Frameworks -F /Applications/Xcode-27.0.0-Release.Candidate.app/Contents/Developer/Platforms/WatchOS.platform/Developer/SDKs/WatchOS27.0.sdk/Developer/Library/Frameworks -c -j10 -enable-batch-mode -incremental -Xcc -ivfsstatcache -Xcc /Users/admin/builder/spi-builder-workspace/.derivedData/SDKStatCaches.noindex/watchos27.0-24R360-e829b21a6f8c9b70876ba0858053c04477534ef55a1706bf4c1112bbb242f0a2.sdkstatcache -output-file-map /Users/admin/builder/spi-builder-workspace/.derivedData/Build/Intermediates.noindex/VerIDCommonTypes.build/Debug-watchos/VerIDCommonTypes-t.build/Objects-normal/arm64/VerIDCommonTypes-OutputFileMap.json -save-temps -no-color-diagnostics -explicit-module-build -module-cache-path /Users/admin/builder/spi-builder-workspace/.derivedData/Build/Intermediates.noindex/SwiftExplicitPrecompiledModules -clang-scanner-module-cache-path /Users/admin/builder/spi-builder-workspace/.derivedData/ModuleCache.noindex -sdk-module-cache-path /Users/admin/builder/spi-builder-workspace/.derivedData/SDKExplicitPrecompiledModules -emit-dependencies -emit-module -emit-module-path /Users/admin/builder/spi-builder-workspace/.derivedData/Build/Intermediates.noindex/VerIDCommonTypes.build/Debug-watchos/VerIDCommonTypes-t.build/Objects-normal/arm64/VerIDCommonTypes.swiftmodule -serialize-diagnostics -dependency-scan-serialize-diagnostics-path /Users/admin/builder/spi-builder-workspace/.derivedData/Build/Intermediates.noindex/VerIDCommonTypes.build/Debug-watchos/VerIDCommonTypes-t.build/Objects-normal/arm64/VerIDCommonTypes-dependency-scan.dia -validate-clang-modules-once -clang-build-session-file /Users/admin/builder/spi-builder-workspace/.derivedData/ModuleCache.noindex/Session.modulevalidation -Xcc -fmodules-prune-interval\=86400 -Xcc -fmodules-prune-after\=345600 -package-name ver_id_common_types_apple -emit-const-values -const-gather-protocols-list /Users/admin/builder/spi-builder-workspace/.derivedData/Build/Intermediates.noindex/VerIDCommonTypes.build/Debug-watchos/VerIDCommonTypes-t.build/Objects-normal/arm64/VerIDCommonTypes_const_extract_protocols.json -Xcc -I/Users/admin/builder/spi-builder-workspace/.derivedData/Build/Products/Debug-watchos/include -Xcc -I/Users/admin/builder/spi-builder-workspace/.derivedData/Build/Intermediates.noindex/VerIDCommonTypes.build/Debug-watchos/VerIDCommonTypes-t.build/DerivedSources-normal/arm64 -Xcc -I/Users/admin/builder/spi-builder-workspace/.derivedData/Build/Intermediates.noindex/VerIDCommonTypes.build/Debug-watchos/VerIDCommonTypes-t.build/DerivedSources/arm64 -Xcc -I/Users/admin/builder/spi-builder-workspace/.derivedData/Build/Intermediates.noindex/VerIDCommonTypes.build/Debug-watchos/VerIDCommonTypes-t.build/DerivedSources -Xcc -DSWIFT_PACKAGE -Xcc -DDEBUG\=1 -emit-objc-header -emit-objc-header-path /Users/admin/builder/spi-builder-workspace/.derivedData/Build/Intermediates.noindex/VerIDCommonTypes.build/Debug-watchos/VerIDCommonTypes-t.build/Objects-normal/arm64/VerIDCommonTypes-Swift.h -working-directory /Users/admin/builder/spi-builder-workspace/.swiftpm/xcode -experimental-emit-module-separately -disable-cmo
/Users/admin/builder/spi-builder-workspace/.dependencies/checkouts/Ver-ID-Common-Types-Apple/Sources/VerIDCommonTypes/Image.swift:17:8: error: Unable to resolve module dependency: 'CoreImage' (in target 'VerIDCommonTypes' from project 'VerIDCommonTypes')
note: A dependency of main module 'VerIDCommonTypes'
/Users/admin/builder/spi-builder-workspace/.dependencies/checkouts/Ver-ID-Common-Types-Apple/Sources/VerIDCommonTypes/Image.swift:17:8: note: A dependency of main module 'VerIDCommonTypes'
import CoreImage
^ (in target 'VerIDCommonTypes' from project 'VerIDCommonTypes')
PruneExplicitPrecompiledModules /Users/admin/builder/spi-builder-workspace/.derivedData/Build/Intermediates.noindex/SwiftExplicitPrecompiledModules
PruneExplicitPrecompiledModules /Users/admin/builder/spi-builder-workspace/.derivedData/Build/Intermediates.noindex/ExplicitPrecompiledModules
PruneExplicitPrecompiledModules /Users/admin/builder/spi-builder-workspace/.derivedData/SDKExplicitPrecompiledModules
2026-09-24 08:53:12.156 xcodebuild[754:4889] [MT] IDERunDestination: Supported platforms for the buildables in the current scheme is empty.
** BUILD FAILED **
The following build commands failed:
SwiftDriver VerIDCommonTypes normal arm64_32 com.apple.xcode.tools.swift.compiler (in target 'VerIDCommonTypes' from project 'VerIDCommonTypes')
SwiftDriver VerIDCommonTypes normal arm64 com.apple.xcode.tools.swift.compiler (in target 'VerIDCommonTypes' from project 'VerIDCommonTypes')
Building workspace FaceCapture with scheme FaceCapture
(3 failures)
BUILD FAILURE 6.4 watchOS