The Swift Package Index logo.Swift Package Index

Build Information

Failed to build SideMenuTransition, reference v1.0.0 (d7ae11), with Swift 6.4 for macOS (Xcode) using Xcode 27.0 on 18 Sep 2026 02:12:50 UTC.

Build Command

env DEVELOPER_DIR=/Applications/Xcode-27.0.0-Release.Candidate.app xcrun xcodebuild -IDEClonedSourcePackagesDirPathOverride=$PWD/.dependencies -skipMacroValidation -skipPackagePluginValidation -derivedDataPath $PWD/.derivedData build -scheme SideMenuTransition -destination platform=macOS,arch=arm64

Build Log

========================================
RunAll
========================================
Builder version: 5.1.0
Interrupt handler set up.
========================================
Checkout
========================================
Clone URL: https://github.com/darrarski/SideMenuTransition-iOS.git
Reference: v1.0.0
Initialized empty Git repository in /Users/admin/builder/spi-builder-workspace/.git/
From https://github.com/darrarski/SideMenuTransition-iOS
 * tag               v1.0.0     -> FETCH_HEAD
HEAD is now at d7ae113 Merge pull request #3 from darrarski/bruno-spm-support
Cloned https://github.com/darrarski/SideMenuTransition-iOS.git
Revision (git rev-parse @):
d7ae11316e50eb75bd17860b147eedd22f6b5707
SUCCESS checkout https://github.com/darrarski/SideMenuTransition-iOS.git at v1.0.0
========================================
Build
========================================
Selected platform:         macosXcodebuild
Swift version:             6.4
Building package at path:  $PWD
https://github.com/darrarski/SideMenuTransition-iOS.git
Command line invocation:
    /Applications/Xcode-27.0.0-Release.Candidate.app/Contents/Developer/usr/bin/xcodebuild -IDEClonedSourcePackagesDirPathOverride=/Users/admin/builder/spi-builder-workspace/.dependencies -resolvePackageDependencies
Resolve Package Graph
Fetching from https://github.com/Quick/Quick
Fetching from https://github.com/Quick/Nimble
Fetching from https://github.com/mattgallagher/CwlPreconditionTesting.git
Fetching from https://github.com/mattgallagher/CwlCatchException.git
Creating working copy of package ‘CwlPreconditionTesting’
Checking out 2.2.2 of package ‘CwlPreconditionTesting’
Creating working copy of package ‘Nimble’
Checking out 9.2.1 of package ‘Nimble’
Creating working copy of package ‘CwlCatchException’
Checking out 2.2.1 of package ‘CwlCatchException’
Creating working copy of package ‘Quick’
Checking out 3.1.2 of package ‘Quick’
Resolve Package Graph
Resolved source packages:
  Nimble: https://github.com/Quick/Nimble @ 9.2.1
  Quick: https://github.com/Quick/Quick @ 3.1.2
  SideMenuTransition: /Users/admin/builder/spi-builder-workspace
  CwlCatchException: https://github.com/mattgallagher/CwlCatchException.git @ 2.2.1
  CwlPreconditionTesting: https://github.com/mattgallagher/CwlPreconditionTesting.git @ 2.2.2
resolved source packages: Nimble, Quick, SideMenuTransition, CwlCatchException, CwlPreconditionTesting
2026-09-17 22:11:38.675 xcodebuild[523:3007] [MT] IDERunDestination: Supported platforms for the buildables in the current scheme is empty.
2026-09-17 22:11:38.825 xcodebuild[523:3007] [MT] IDERunDestination: Supported platforms for the buildables in the current scheme is empty.
2026-09-17 22:11:40.510 xcodebuild[523:3007] [MT] IDERunDestination: Supported platforms for the buildables in the current scheme is empty.
{
  "dependencies" : [
    {
      "identity" : "nimble",
      "requirement" : {
        "range" : [
          {
            "lower_bound" : "9.0.0",
            "upper_bound" : "10.0.0"
          }
        ]
      },
      "type" : "sourceControl",
      "url" : "https://github.com/Quick/Nimble"
    },
    {
      "identity" : "quick",
      "requirement" : {
        "range" : [
          {
            "lower_bound" : "3.0.0",
            "upper_bound" : "4.0.0"
          }
        ]
      },
      "type" : "sourceControl",
      "url" : "https://github.com/Quick/Quick"
    }
  ],
  "manifest_display_name" : "SideMenuTransition",
  "name" : "SideMenuTransition",
  "path" : "/Users/admin/builder/spi-builder-workspace",
  "platforms" : [
    {
      "name" : "ios",
      "version" : "13.0"
    }
  ],
  "products" : [
    {
      "name" : "SideMenuTransition",
      "targets" : [
        "SideMenuTransition"
      ],
      "type" : {
        "library" : [
          "automatic"
        ]
      }
    }
  ],
  "targets" : [
    {
      "c99name" : "SideMenuTransitionTests",
      "module_type" : "SwiftTarget",
      "name" : "SideMenuTransitionTests",
      "path" : "Tests/SideMenuTransitionTests",
      "product_dependencies" : [
        "Quick",
        "Nimble"
      ],
      "sources" : [
        "SideMenuAnimatorTests.swift",
        "SideMenuDismissInteractorTests.swift",
        "SideMenuDismissTransitionTests.swift",
        "SideMenuPresentInteractorTests.swift",
        "SideMenuPresentTransitionTests.swift",
        "SideMenuPresenterTests.swift"
      ],
      "target_dependencies" : [
        "SideMenuTransition"
      ],
      "type" : "test"
    },
    {
      "c99name" : "SideMenuTransition",
      "module_type" : "SwiftTarget",
      "name" : "SideMenuTransition",
      "path" : "Sources/SideMenuTransition",
      "product_memberships" : [
        "SideMenuTransition"
      ],
      "sources" : [
        "SideMenuAnimator.swift",
        "SideMenuDismissInteractor.swift",
        "SideMenuDismissTransition.swift",
        "SideMenuPresentInteractor.swift",
        "SideMenuPresentTransition.swift",
        "SideMenuPresenter.swift",
        "UIViewAnimating.swift"
      ],
      "type" : "library"
    }
  ],
  "tools_version" : "5.3"
}
{
  "workspace" : {
    "name" : "SideMenuTransition",
    "schemes" : [
      "SideMenuTransition"
    ]
  }
}
2026-09-17 22:12:38.786 xcodebuild[844:4877] [MT] IDERunDestination: Supported platforms for the buildables in the current scheme is empty.
2026-09-17 22:12:39.039 xcodebuild[844:4877] [MT] IDERunDestination: Supported platforms for the buildables in the current scheme is empty.
Running build ...
env DEVELOPER_DIR=/Applications/Xcode-27.0.0-Release.Candidate.app xcrun xcodebuild -IDEClonedSourcePackagesDirPathOverride=$PWD/.dependencies -skipMacroValidation -skipPackagePluginValidation -derivedDataPath $PWD/.derivedData build -scheme SideMenuTransition -destination platform=macOS,arch=arm64
Command line invocation:
    /Applications/Xcode-27.0.0-Release.Candidate.app/Contents/Developer/usr/bin/xcodebuild -IDEClonedSourcePackagesDirPathOverride=/Users/admin/builder/spi-builder-workspace/.dependencies -skipMacroValidation -skipPackagePluginValidation -derivedDataPath /Users/admin/builder/spi-builder-workspace/.derivedData build -scheme SideMenuTransition -destination platform=macOS,arch=arm64
Resolve Package Graph
Resolve Package Graph
Resolved source packages:
  CwlCatchException: https://github.com/mattgallagher/CwlCatchException.git @ 2.2.1
  SideMenuTransition: /Users/admin/builder/spi-builder-workspace
  Nimble: https://github.com/Quick/Nimble @ 9.2.1
  CwlPreconditionTesting: https://github.com/mattgallagher/CwlPreconditionTesting.git @ 2.2.2
  Quick: https://github.com/Quick/Quick @ 3.1.2
ComputePackagePrebuildTargetDependencyGraph
Prepare packages
CreateBuildRequest
SendProjectDescription
CreateBuildOperation
ComputeTargetDependencyGraph
note: Building targets in dependency order
note: Target dependency graph (2 targets)
    Target 'SideMenuTransition-product' in project 'SideMenuTransition'
        ➜ Explicit dependency on target 'SideMenuTransition' in project 'SideMenuTransition'
    Target 'SideMenuTransition' in project 'SideMenuTransition' (no dependencies)
GatherProvisioningInputs
CreateBuildDescription
ExecuteExternalTool /Applications/Xcode-27.0.0-Release.Candidate.app/Contents/Developer/Toolchains/XcodeDefault.xctoolchain/usr/bin/clang -v -E -dM -isysroot /Applications/Xcode-27.0.0-Release.Candidate.app/Contents/Developer/Platforms/MacOSX.platform/Developer/SDKs/MacOSX27.0.sdk -x c -c /dev/null
ExecuteExternalTool /Applications/Xcode-27.0.0-Release.Candidate.app/Contents/Developer/Toolchains/XcodeDefault.xctoolchain/usr/bin/swiftc --version
ExecuteExternalTool /Applications/Xcode-27.0.0-Release.Candidate.app/Contents/Developer/Toolchains/XcodeDefault.xctoolchain/usr/bin/ld -version_details
Build description signature: 585aa86c6bf9e6b042a30abdf097cdfa
Build description path: /Users/admin/builder/spi-builder-workspace/.derivedData/Build/Intermediates.noindex/XCBuildData/585aa86c6bf9e6b042a30abdf097cdfa.xcbuilddata
CreateBuildDirectory /Users/admin/builder/spi-builder-workspace/.derivedData/SDKExplicitPrecompiledModules
    cd /Users/admin/builder/spi-builder-workspace/.swiftpm/xcode
    builtin-create-build-directory /Users/admin/builder/spi-builder-workspace/.derivedData/SDKExplicitPrecompiledModules
CreateBuildDirectory /Users/admin/builder/spi-builder-workspace/.derivedData/ModuleCache.noindex
    cd /Users/admin/builder/spi-builder-workspace/.swiftpm/xcode
    builtin-create-build-directory /Users/admin/builder/spi-builder-workspace/.derivedData/ModuleCache.noindex
CreateBuildDirectory /Users/admin/builder/spi-builder-workspace/.derivedData/CompilationCache.noindex
    cd /Users/admin/builder/spi-builder-workspace/.swiftpm/xcode
    builtin-create-build-directory /Users/admin/builder/spi-builder-workspace/.derivedData/CompilationCache.noindex
CreateBuildDirectory /Users/admin/builder/spi-builder-workspace/.derivedData/Build/Products
    cd /Users/admin/builder/spi-builder-workspace/.swiftpm/xcode
    builtin-create-build-directory /Users/admin/builder/spi-builder-workspace/.derivedData/Build/Products
CreateBuildDirectory /Users/admin/builder/spi-builder-workspace/.derivedData/Build/Intermediates.noindex
    cd /Users/admin/builder/spi-builder-workspace/.swiftpm/xcode
    builtin-create-build-directory /Users/admin/builder/spi-builder-workspace/.derivedData/Build/Intermediates.noindex
ClangStatCache /Applications/Xcode-27.0.0-Release.Candidate.app/Contents/Developer/Toolchains/XcodeDefault.xctoolchain/usr/bin/clang-stat-cache /Applications/Xcode-27.0.0-Release.Candidate.app/Contents/Developer/Platforms/MacOSX.platform/Developer/SDKs/MacOSX27.0.sdk /Users/admin/builder/spi-builder-workspace/.derivedData/SDKStatCaches.noindex/macosx27.0-26A425-e829b21a6f8c9b70876ba0858053c0446a22442a12e9d48fe1a705f55a1adfc4.sdkstatcache
    cd /Users/admin/builder/spi-builder-workspace/.swiftpm/xcode
    /Applications/Xcode-27.0.0-Release.Candidate.app/Contents/Developer/Toolchains/XcodeDefault.xctoolchain/usr/bin/clang-stat-cache /Applications/Xcode-27.0.0-Release.Candidate.app/Contents/Developer/Platforms/MacOSX.platform/Developer/SDKs/MacOSX27.0.sdk -o /Users/admin/builder/spi-builder-workspace/.derivedData/SDKStatCaches.noindex/macosx27.0-26A425-e829b21a6f8c9b70876ba0858053c0446a22442a12e9d48fe1a705f55a1adfc4.sdkstatcache
CreateBuildDirectory /Users/admin/builder/spi-builder-workspace/.derivedData/Build/Intermediates.noindex/SwiftExplicitPrecompiledModules
    cd /Users/admin/builder/spi-builder-workspace/.swiftpm/xcode
    builtin-create-build-directory /Users/admin/builder/spi-builder-workspace/.derivedData/Build/Intermediates.noindex/SwiftExplicitPrecompiledModules
CreateBuildDirectory /Users/admin/builder/spi-builder-workspace/.derivedData/Build/Intermediates.noindex/PrecompiledHeaders
    cd /Users/admin/builder/spi-builder-workspace/.swiftpm/xcode
    builtin-create-build-directory /Users/admin/builder/spi-builder-workspace/.derivedData/Build/Intermediates.noindex/PrecompiledHeaders
CreateBuildDirectory /Users/admin/builder/spi-builder-workspace/.derivedData/Build/Intermediates.noindex/ExplicitPrecompiledModules
    cd /Users/admin/builder/spi-builder-workspace/.swiftpm/xcode
    builtin-create-build-directory /Users/admin/builder/spi-builder-workspace/.derivedData/Build/Intermediates.noindex/ExplicitPrecompiledModules
CreateBuildDirectory /Users/admin/builder/spi-builder-workspace/.derivedData/Build/Intermediates.noindex/EagerLinkingTBDs/Debug
    cd /Users/admin/builder/spi-builder-workspace/.swiftpm/xcode
    builtin-create-build-directory /Users/admin/builder/spi-builder-workspace/.derivedData/Build/Intermediates.noindex/EagerLinkingTBDs/Debug
CreateBuildDirectory /Users/admin/builder/spi-builder-workspace/.derivedData/Build/Products/Debug
    cd /Users/admin/builder/spi-builder-workspace/.swiftpm/xcode
    builtin-create-build-directory /Users/admin/builder/spi-builder-workspace/.derivedData/Build/Products/Debug
CreateBuildDirectory /Users/admin/builder/spi-builder-workspace/.derivedData/Build/Products/Debug/PackageFrameworks
    cd /Users/admin/builder/spi-builder-workspace/.swiftpm/xcode
    builtin-create-build-directory /Users/admin/builder/spi-builder-workspace/.derivedData/Build/Products/Debug/PackageFrameworks
WriteAuxiliaryFile /Users/admin/builder/spi-builder-workspace/.derivedData/Build/Intermediates.noindex/SideMenuTransition.build/Debug/SideMenuTransition-t.build/SideMenuTransition.modulemap (in target 'SideMenuTransition' from project 'SideMenuTransition')
    cd /Users/admin/builder/spi-builder-workspace
    write-file /Users/admin/builder/spi-builder-workspace/.derivedData/Build/Intermediates.noindex/SideMenuTransition.build/Debug/SideMenuTransition-t.build/SideMenuTransition.modulemap
WriteAuxiliaryFile /Users/admin/builder/spi-builder-workspace/.derivedData/Build/Intermediates.noindex/SideMenuTransition.build/Debug/SideMenuTransition-t.build/SideMenuTransition.DependencyStaticMetadataFileList (in target 'SideMenuTransition' from project 'SideMenuTransition')
    cd /Users/admin/builder/spi-builder-workspace
    write-file /Users/admin/builder/spi-builder-workspace/.derivedData/Build/Intermediates.noindex/SideMenuTransition.build/Debug/SideMenuTransition-t.build/SideMenuTransition.DependencyStaticMetadataFileList
WriteAuxiliaryFile /Users/admin/builder/spi-builder-workspace/.derivedData/Build/Intermediates.noindex/SideMenuTransition.build/Debug/SideMenuTransition-t.build/SideMenuTransition.DependencyMetadataFileList (in target 'SideMenuTransition' from project 'SideMenuTransition')
    cd /Users/admin/builder/spi-builder-workspace
    write-file /Users/admin/builder/spi-builder-workspace/.derivedData/Build/Intermediates.noindex/SideMenuTransition.build/Debug/SideMenuTransition-t.build/SideMenuTransition.DependencyMetadataFileList
WriteAuxiliaryFile /Users/admin/builder/spi-builder-workspace/.derivedData/Build/Intermediates.noindex/SideMenuTransition.build/Debug/SideMenuTransition-t.build/Objects-normal/arm64/SideMenuTransition_const_extract_protocols.json (in target 'SideMenuTransition' from project 'SideMenuTransition')
    cd /Users/admin/builder/spi-builder-workspace
    write-file /Users/admin/builder/spi-builder-workspace/.derivedData/Build/Intermediates.noindex/SideMenuTransition.build/Debug/SideMenuTransition-t.build/Objects-normal/arm64/SideMenuTransition_const_extract_protocols.json
WriteAuxiliaryFile /Users/admin/builder/spi-builder-workspace/.derivedData/Build/Intermediates.noindex/SideMenuTransition.build/Debug/SideMenuTransition-t.build/Objects-normal/arm64/SideMenuTransition.SwiftConstValuesFileList (in target 'SideMenuTransition' from project 'SideMenuTransition')
    cd /Users/admin/builder/spi-builder-workspace
    write-file /Users/admin/builder/spi-builder-workspace/.derivedData/Build/Intermediates.noindex/SideMenuTransition.build/Debug/SideMenuTransition-t.build/Objects-normal/arm64/SideMenuTransition.SwiftConstValuesFileList
WriteAuxiliaryFile /Users/admin/builder/spi-builder-workspace/.derivedData/Build/Intermediates.noindex/SideMenuTransition.build/Debug/SideMenuTransition-t.build/Objects-normal/arm64/SideMenuTransition.LinkFileList (in target 'SideMenuTransition' from project 'SideMenuTransition')
    cd /Users/admin/builder/spi-builder-workspace
    write-file /Users/admin/builder/spi-builder-workspace/.derivedData/Build/Intermediates.noindex/SideMenuTransition.build/Debug/SideMenuTransition-t.build/Objects-normal/arm64/SideMenuTransition.LinkFileList
WriteAuxiliaryFile /Users/admin/builder/spi-builder-workspace/.derivedData/Build/Intermediates.noindex/SideMenuTransition.build/Debug/SideMenuTransition-t.build/Objects-normal/arm64/SideMenuTransition.SwiftFileList (in target 'SideMenuTransition' from project 'SideMenuTransition')
    cd /Users/admin/builder/spi-builder-workspace
    write-file /Users/admin/builder/spi-builder-workspace/.derivedData/Build/Intermediates.noindex/SideMenuTransition.build/Debug/SideMenuTransition-t.build/Objects-normal/arm64/SideMenuTransition.SwiftFileList
WriteAuxiliaryFile /Users/admin/builder/spi-builder-workspace/.derivedData/Build/Intermediates.noindex/SideMenuTransition.build/Debug/SideMenuTransition-t.build/Objects-normal/arm64/SideMenuTransition-OutputFileMap.json (in target 'SideMenuTransition' from project 'SideMenuTransition')
    cd /Users/admin/builder/spi-builder-workspace
    write-file /Users/admin/builder/spi-builder-workspace/.derivedData/Build/Intermediates.noindex/SideMenuTransition.build/Debug/SideMenuTransition-t.build/Objects-normal/arm64/SideMenuTransition-OutputFileMap.json
Copy /Users/admin/builder/spi-builder-workspace/.derivedData/Build/Intermediates.noindex/GeneratedModuleMaps/SideMenuTransition.modulemap /Users/admin/builder/spi-builder-workspace/.derivedData/Build/Intermediates.noindex/SideMenuTransition.build/Debug/SideMenuTransition-t.build/SideMenuTransition.modulemap (in target 'SideMenuTransition' from project 'SideMenuTransition')
    cd /Users/admin/builder/spi-builder-workspace
    builtin-copy -exclude .DS_Store -exclude CVS -exclude .svn -exclude .git -exclude .hg -resolve-src-symlinks /Users/admin/builder/spi-builder-workspace/.derivedData/Build/Intermediates.noindex/SideMenuTransition.build/Debug/SideMenuTransition-t.build/SideMenuTransition.modulemap /Users/admin/builder/spi-builder-workspace/.derivedData/Build/Intermediates.noindex/GeneratedModuleMaps
SwiftDriver SideMenuTransition normal arm64 com.apple.xcode.tools.swift.compiler (in target 'SideMenuTransition' from project 'SideMenuTransition')
    cd /Users/admin/builder/spi-builder-workspace/.swiftpm/xcode
    builtin-SwiftDriver -- /Applications/Xcode-27.0.0-Release.Candidate.app/Contents/Developer/Toolchains/XcodeDefault.xctoolchain/usr/bin/swiftc -parse-as-library -module-name SideMenuTransition -Onone @/Users/admin/builder/spi-builder-workspace/.derivedData/Build/Intermediates.noindex/SideMenuTransition.build/Debug/SideMenuTransition-t.build/Objects-normal/arm64/SideMenuTransition.SwiftFileList -DSWIFT_PACKAGE -DDEBUG -DSWIFT_MODULE_RESOURCE_BUNDLE_UNAVAILABLE -DXcode -plugin-path /Applications/Xcode-27.0.0-Release.Candidate.app/Contents/Developer/Toolchains/XcodeDefault.xctoolchain/usr/lib/swift/host/plugins/testing -enable-experimental-feature DebugDescriptionMacro -sdk /Applications/Xcode-27.0.0-Release.Candidate.app/Contents/Developer/Platforms/MacOSX.platform/Developer/SDKs/MacOSX27.0.sdk -target arm64-apple-macos12.0 -g -module-cache-path /Users/admin/builder/spi-builder-workspace/.derivedData/ModuleCache.noindex -Xfrontend -serialize-debugging-options -enable-testing -index-store-path /Users/admin/builder/spi-builder-workspace/.derivedData/Index.noindex/DataStore -Xcc -D_LIBCPP_HARDENING_MODE\=_LIBCPP_HARDENING_MODE_DEBUG -swift-version 5 -I /Users/admin/builder/spi-builder-workspace/.derivedData/Build/Products/Debug -Isystem /Applications/Xcode-27.0.0-Release.Candidate.app/Contents/Developer/Platforms/MacOSX.platform/Developer/usr/lib -F /Users/admin/builder/spi-builder-workspace/.derivedData/Build/Products/Debug -F /Applications/Xcode-27.0.0-Release.Candidate.app/Contents/Developer/Platforms/MacOSX.platform/Developer/Library/Frameworks -c -j10 -enable-batch-mode -incremental -Xcc -ivfsstatcache -Xcc /Users/admin/builder/spi-builder-workspace/.derivedData/SDKStatCaches.noindex/macosx27.0-26A425-e829b21a6f8c9b70876ba0858053c0446a22442a12e9d48fe1a705f55a1adfc4.sdkstatcache -output-file-map /Users/admin/builder/spi-builder-workspace/.derivedData/Build/Intermediates.noindex/SideMenuTransition.build/Debug/SideMenuTransition-t.build/Objects-normal/arm64/SideMenuTransition-OutputFileMap.json -save-temps -no-color-diagnostics -explicit-module-build -module-cache-path /Users/admin/builder/spi-builder-workspace/.derivedData/Build/Intermediates.noindex/SwiftExplicitPrecompiledModules -clang-scanner-module-cache-path /Users/admin/builder/spi-builder-workspace/.derivedData/ModuleCache.noindex -sdk-module-cache-path /Users/admin/builder/spi-builder-workspace/.derivedData/SDKExplicitPrecompiledModules -emit-dependencies -emit-module -emit-module-path /Users/admin/builder/spi-builder-workspace/.derivedData/Build/Intermediates.noindex/SideMenuTransition.build/Debug/SideMenuTransition-t.build/Objects-normal/arm64/SideMenuTransition.swiftmodule -serialize-diagnostics -dependency-scan-serialize-diagnostics-path /Users/admin/builder/spi-builder-workspace/.derivedData/Build/Intermediates.noindex/SideMenuTransition.build/Debug/SideMenuTransition-t.build/Objects-normal/arm64/SideMenuTransition-dependency-scan.dia -validate-clang-modules-once -clang-build-session-file /Users/admin/builder/spi-builder-workspace/.derivedData/ModuleCache.noindex/Session.modulevalidation -Xcc -fmodules-prune-interval\=86400 -Xcc -fmodules-prune-after\=345600 -emit-const-values -const-gather-protocols-list /Users/admin/builder/spi-builder-workspace/.derivedData/Build/Intermediates.noindex/SideMenuTransition.build/Debug/SideMenuTransition-t.build/Objects-normal/arm64/SideMenuTransition_const_extract_protocols.json -Xcc -I/Users/admin/builder/spi-builder-workspace/.derivedData/Build/Products/Debug/include -Xcc -I/Users/admin/builder/spi-builder-workspace/.derivedData/Build/Intermediates.noindex/SideMenuTransition.build/Debug/SideMenuTransition-t.build/DerivedSources-normal/arm64 -Xcc -I/Users/admin/builder/spi-builder-workspace/.derivedData/Build/Intermediates.noindex/SideMenuTransition.build/Debug/SideMenuTransition-t.build/DerivedSources/arm64 -Xcc -I/Users/admin/builder/spi-builder-workspace/.derivedData/Build/Intermediates.noindex/SideMenuTransition.build/Debug/SideMenuTransition-t.build/DerivedSources -Xcc -DSWIFT_PACKAGE -Xcc -DDEBUG\=1 -emit-objc-header -emit-objc-header-path /Users/admin/builder/spi-builder-workspace/.derivedData/Build/Intermediates.noindex/SideMenuTransition.build/Debug/SideMenuTransition-t.build/Objects-normal/arm64/SideMenuTransition-Swift.h -working-directory /Users/admin/builder/spi-builder-workspace/.swiftpm/xcode -experimental-emit-module-separately -disable-cmo
/Users/admin/builder/spi-builder-workspace/Sources/SideMenuTransition/SideMenuAnimator.swift:1:8: error: Unable to resolve module dependency: 'UIKit' (in target 'SideMenuTransition' from project 'SideMenuTransition')
    note: A dependency of main module 'SideMenuTransition'
    /Users/admin/builder/spi-builder-workspace/Sources/SideMenuTransition/SideMenuDismissInteractor.swift:1:8: note: Also imported here
    /Users/admin/builder/spi-builder-workspace/Sources/SideMenuTransition/SideMenuDismissTransition.swift:1:8: note: Also imported here
    /Users/admin/builder/spi-builder-workspace/Sources/SideMenuTransition/SideMenuPresentInteractor.swift:1:8: note: Also imported here
    /Users/admin/builder/spi-builder-workspace/Sources/SideMenuTransition/SideMenuPresentTransition.swift:1:8: note: Also imported here
    /Users/admin/builder/spi-builder-workspace/Sources/SideMenuTransition/SideMenuPresenter.swift:1:8: note: Also imported here
    /Users/admin/builder/spi-builder-workspace/Sources/SideMenuTransition/UIViewAnimating.swift:1:8: note: Also imported here
/Users/admin/builder/spi-builder-workspace/Sources/SideMenuTransition/SideMenuAnimator.swift:1:8: note: A dependency of main module 'SideMenuTransition'
import UIKit
       ^ (in target 'SideMenuTransition' from project 'SideMenuTransition')
/Users/admin/builder/spi-builder-workspace/Sources/SideMenuTransition/SideMenuDismissInteractor.swift:1:8: note: Also imported here
import UIKit
       ^ (in target 'SideMenuTransition' from project 'SideMenuTransition')
/Users/admin/builder/spi-builder-workspace/Sources/SideMenuTransition/SideMenuDismissTransition.swift:1:8: note: Also imported here
import UIKit
       ^ (in target 'SideMenuTransition' from project 'SideMenuTransition')
/Users/admin/builder/spi-builder-workspace/Sources/SideMenuTransition/SideMenuPresentInteractor.swift:1:8: note: Also imported here
import UIKit
       ^ (in target 'SideMenuTransition' from project 'SideMenuTransition')
/Users/admin/builder/spi-builder-workspace/Sources/SideMenuTransition/SideMenuPresentTransition.swift:1:8: note: Also imported here
import UIKit
       ^ (in target 'SideMenuTransition' from project 'SideMenuTransition')
/Users/admin/builder/spi-builder-workspace/Sources/SideMenuTransition/SideMenuPresenter.swift:1:8: note: Also imported here
import UIKit
       ^ (in target 'SideMenuTransition' from project 'SideMenuTransition')
/Users/admin/builder/spi-builder-workspace/Sources/SideMenuTransition/UIViewAnimating.swift:1:8: note: Also imported here
import UIKit
       ^ (in target 'SideMenuTransition' from project 'SideMenuTransition')
PruneExplicitPrecompiledModules /Users/admin/builder/spi-builder-workspace/.derivedData/Build/Intermediates.noindex/ExplicitPrecompiledModules
PruneExplicitPrecompiledModules /Users/admin/builder/spi-builder-workspace/.derivedData/Build/Intermediates.noindex/SwiftExplicitPrecompiledModules
PruneExplicitPrecompiledModules /Users/admin/builder/spi-builder-workspace/.derivedData/SDKExplicitPrecompiledModules
2026-09-17 22:12:39.845 xcodebuild[845:4924] [MT] IDERunDestination: Supported platforms for the buildables in the current scheme is empty.
2026-09-17 22:12:39.946 xcodebuild[845:4924] [MT] IDERunDestination: Supported platforms for the buildables in the current scheme is empty.
--- xcodebuild: WARNING: Using the first of multiple matching destinations:
{ platform:macOS, arch:arm64, id:675def227dddf2561a8309de25ff0911626ad8e5, name:My Mac }
{ platform:macOS, arch:arm64, variant:Mac Catalyst, id:675def227dddf2561a8309de25ff0911626ad8e5, name:My Mac }
{ platform:macOS, arch:arm64, variant:DriverKit, id:675def227dddf2561a8309de25ff0911626ad8e5, name:My Mac }
{ platform:macOS, arch:arm64, variant:Designed for [iPad,iPhone], id:675def227dddf2561a8309de25ff0911626ad8e5, name:My Mac }
** BUILD FAILED **
The following build commands failed:
	SwiftDriver SideMenuTransition normal arm64 com.apple.xcode.tools.swift.compiler (in target 'SideMenuTransition' from project 'SideMenuTransition')
	Building workspace SideMenuTransition with scheme SideMenuTransition
(2 failures)
Command line invocation:
    /Applications/Xcode-27.0.0-Release.Candidate.app/Contents/Developer/usr/bin/xcodebuild -IDEClonedSourcePackagesDirPathOverride=/Users/admin/builder/spi-builder-workspace/.dependencies -resolvePackageDependencies
Resolve Package Graph
Resolved source packages:
  Quick: https://github.com/Quick/Quick @ 3.1.2
  SideMenuTransition: /Users/admin/builder/spi-builder-workspace
  CwlPreconditionTesting: https://github.com/mattgallagher/CwlPreconditionTesting.git @ 2.2.2
  Nimble: https://github.com/Quick/Nimble @ 9.2.1
  CwlCatchException: https://github.com/mattgallagher/CwlCatchException.git @ 2.2.1
resolved source packages: Quick, SideMenuTransition, CwlPreconditionTesting, Nimble, CwlCatchException
2026-09-17 22:12:46.978 xcodebuild[893:5223] [MT] IDERunDestination: Supported platforms for the buildables in the current scheme is empty.
2026-09-17 22:12:47.122 xcodebuild[893:5223] [MT] IDERunDestination: Supported platforms for the buildables in the current scheme is empty.
{
  "dependencies" : [
    {
      "identity" : "nimble",
      "requirement" : {
        "range" : [
          {
            "lower_bound" : "9.0.0",
            "upper_bound" : "10.0.0"
          }
        ]
      },
      "type" : "sourceControl",
      "url" : "https://github.com/Quick/Nimble"
    },
    {
      "identity" : "quick",
      "requirement" : {
        "range" : [
          {
            "lower_bound" : "3.0.0",
            "upper_bound" : "4.0.0"
          }
        ]
      },
      "type" : "sourceControl",
      "url" : "https://github.com/Quick/Quick"
    }
  ],
  "manifest_display_name" : "SideMenuTransition",
  "name" : "SideMenuTransition",
  "path" : "/Users/admin/builder/spi-builder-workspace",
  "platforms" : [
    {
      "name" : "ios",
      "version" : "13.0"
    }
  ],
  "products" : [
    {
      "name" : "SideMenuTransition",
      "targets" : [
        "SideMenuTransition"
      ],
      "type" : {
        "library" : [
          "automatic"
        ]
      }
    }
  ],
  "targets" : [
    {
      "c99name" : "SideMenuTransitionTests",
      "module_type" : "SwiftTarget",
      "name" : "SideMenuTransitionTests",
      "path" : "Tests/SideMenuTransitionTests",
      "product_dependencies" : [
        "Quick",
        "Nimble"
      ],
      "sources" : [
        "SideMenuAnimatorTests.swift",
        "SideMenuDismissInteractorTests.swift",
        "SideMenuDismissTransitionTests.swift",
        "SideMenuPresentInteractorTests.swift",
        "SideMenuPresentTransitionTests.swift",
        "SideMenuPresenterTests.swift"
      ],
      "target_dependencies" : [
        "SideMenuTransition"
      ],
      "type" : "test"
    },
    {
      "c99name" : "SideMenuTransition",
      "module_type" : "SwiftTarget",
      "name" : "SideMenuTransition",
      "path" : "Sources/SideMenuTransition",
      "product_memberships" : [
        "SideMenuTransition"
      ],
      "sources" : [
        "SideMenuAnimator.swift",
        "SideMenuDismissInteractor.swift",
        "SideMenuDismissTransition.swift",
        "SideMenuPresentInteractor.swift",
        "SideMenuPresentTransition.swift",
        "SideMenuPresenter.swift",
        "UIViewAnimating.swift"
      ],
      "type" : "library"
    }
  ],
  "tools_version" : "5.3"
}
{
  "workspace" : {
    "name" : "SideMenuTransition",
    "schemes" : [
      "SideMenuTransition"
    ]
  }
}
2026-09-17 22:12:48.333 xcodebuild[901:5293] [MT] IDERunDestination: Supported platforms for the buildables in the current scheme is empty.
2026-09-17 22:12:48.478 xcodebuild[901:5293] [MT] IDERunDestination: Supported platforms for the buildables in the current scheme is empty.
Running build ...
env DEVELOPER_DIR=/Applications/Xcode-27.0.0-Release.Candidate.app xcrun xcodebuild -IDEClonedSourcePackagesDirPathOverride=$PWD/.dependencies -skipMacroValidation -skipPackagePluginValidation -derivedDataPath $PWD/.derivedData build -scheme SideMenuTransition -destination platform=macOS,arch=arm64
Command line invocation:
    /Applications/Xcode-27.0.0-Release.Candidate.app/Contents/Developer/usr/bin/xcodebuild -IDEClonedSourcePackagesDirPathOverride=/Users/admin/builder/spi-builder-workspace/.dependencies -skipMacroValidation -skipPackagePluginValidation -derivedDataPath /Users/admin/builder/spi-builder-workspace/.derivedData build -scheme SideMenuTransition -destination platform=macOS,arch=arm64
Resolve Package Graph
Resolved source packages:
  CwlPreconditionTesting: https://github.com/mattgallagher/CwlPreconditionTesting.git @ 2.2.2
  CwlCatchException: https://github.com/mattgallagher/CwlCatchException.git @ 2.2.1
  Nimble: https://github.com/Quick/Nimble @ 9.2.1
  SideMenuTransition: /Users/admin/builder/spi-builder-workspace
  Quick: https://github.com/Quick/Quick @ 3.1.2
ComputePackagePrebuildTargetDependencyGraph
Prepare packages
CreateBuildRequest
SendProjectDescription
CreateBuildOperation
ComputeTargetDependencyGraph
note: Building targets in dependency order
note: Target dependency graph (2 targets)
    Target 'SideMenuTransition-product' in project 'SideMenuTransition'
        ➜ Explicit dependency on target 'SideMenuTransition' in project 'SideMenuTransition'
    Target 'SideMenuTransition' in project 'SideMenuTransition' (no dependencies)
GatherProvisioningInputs
CreateBuildDescription
ClangStatCache /Applications/Xcode-27.0.0-Release.Candidate.app/Contents/Developer/Toolchains/XcodeDefault.xctoolchain/usr/bin/clang-stat-cache /Applications/Xcode-27.0.0-Release.Candidate.app/Contents/Developer/Platforms/MacOSX.platform/Developer/SDKs/MacOSX27.0.sdk /Users/admin/builder/spi-builder-workspace/.derivedData/SDKStatCaches.noindex/macosx27.0-26A425-e829b21a6f8c9b70876ba0858053c0446a22442a12e9d48fe1a705f55a1adfc4.sdkstatcache
    cd /Users/admin/builder/spi-builder-workspace/.swiftpm/xcode
    /Applications/Xcode-27.0.0-Release.Candidate.app/Contents/Developer/Toolchains/XcodeDefault.xctoolchain/usr/bin/clang-stat-cache /Applications/Xcode-27.0.0-Release.Candidate.app/Contents/Developer/Platforms/MacOSX.platform/Developer/SDKs/MacOSX27.0.sdk -o /Users/admin/builder/spi-builder-workspace/.derivedData/SDKStatCaches.noindex/macosx27.0-26A425-e829b21a6f8c9b70876ba0858053c0446a22442a12e9d48fe1a705f55a1adfc4.sdkstatcache
SwiftDriver SideMenuTransition normal arm64 com.apple.xcode.tools.swift.compiler (in target 'SideMenuTransition' from project 'SideMenuTransition')
    cd /Users/admin/builder/spi-builder-workspace/.swiftpm/xcode
    builtin-SwiftDriver -- /Applications/Xcode-27.0.0-Release.Candidate.app/Contents/Developer/Toolchains/XcodeDefault.xctoolchain/usr/bin/swiftc -parse-as-library -module-name SideMenuTransition -Onone @/Users/admin/builder/spi-builder-workspace/.derivedData/Build/Intermediates.noindex/SideMenuTransition.build/Debug/SideMenuTransition-t.build/Objects-normal/arm64/SideMenuTransition.SwiftFileList -DSWIFT_PACKAGE -DDEBUG -DSWIFT_MODULE_RESOURCE_BUNDLE_UNAVAILABLE -DXcode -plugin-path /Applications/Xcode-27.0.0-Release.Candidate.app/Contents/Developer/Toolchains/XcodeDefault.xctoolchain/usr/lib/swift/host/plugins/testing -enable-experimental-feature DebugDescriptionMacro -sdk /Applications/Xcode-27.0.0-Release.Candidate.app/Contents/Developer/Platforms/MacOSX.platform/Developer/SDKs/MacOSX27.0.sdk -target arm64-apple-macos12.0 -g -module-cache-path /Users/admin/builder/spi-builder-workspace/.derivedData/ModuleCache.noindex -Xfrontend -serialize-debugging-options -enable-testing -index-store-path /Users/admin/builder/spi-builder-workspace/.derivedData/Index.noindex/DataStore -Xcc -D_LIBCPP_HARDENING_MODE\=_LIBCPP_HARDENING_MODE_DEBUG -swift-version 5 -I /Users/admin/builder/spi-builder-workspace/.derivedData/Build/Products/Debug -Isystem /Applications/Xcode-27.0.0-Release.Candidate.app/Contents/Developer/Platforms/MacOSX.platform/Developer/usr/lib -F /Users/admin/builder/spi-builder-workspace/.derivedData/Build/Products/Debug -F /Applications/Xcode-27.0.0-Release.Candidate.app/Contents/Developer/Platforms/MacOSX.platform/Developer/Library/Frameworks -c -j10 -enable-batch-mode -incremental -Xcc -ivfsstatcache -Xcc /Users/admin/builder/spi-builder-workspace/.derivedData/SDKStatCaches.noindex/macosx27.0-26A425-e829b21a6f8c9b70876ba0858053c0446a22442a12e9d48fe1a705f55a1adfc4.sdkstatcache -output-file-map /Users/admin/builder/spi-builder-workspace/.derivedData/Build/Intermediates.noindex/SideMenuTransition.build/Debug/SideMenuTransition-t.build/Objects-normal/arm64/SideMenuTransition-OutputFileMap.json -save-temps -no-color-diagnostics -explicit-module-build -module-cache-path /Users/admin/builder/spi-builder-workspace/.derivedData/Build/Intermediates.noindex/SwiftExplicitPrecompiledModules -clang-scanner-module-cache-path /Users/admin/builder/spi-builder-workspace/.derivedData/ModuleCache.noindex -sdk-module-cache-path /Users/admin/builder/spi-builder-workspace/.derivedData/SDKExplicitPrecompiledModules -emit-dependencies -emit-module -emit-module-path /Users/admin/builder/spi-builder-workspace/.derivedData/Build/Intermediates.noindex/SideMenuTransition.build/Debug/SideMenuTransition-t.build/Objects-normal/arm64/SideMenuTransition.swiftmodule -serialize-diagnostics -dependency-scan-serialize-diagnostics-path /Users/admin/builder/spi-builder-workspace/.derivedData/Build/Intermediates.noindex/SideMenuTransition.build/Debug/SideMenuTransition-t.build/Objects-normal/arm64/SideMenuTransition-dependency-scan.dia -validate-clang-modules-once -clang-build-session-file /Users/admin/builder/spi-builder-workspace/.derivedData/ModuleCache.noindex/Session.modulevalidation -Xcc -fmodules-prune-interval\=86400 -Xcc -fmodules-prune-after\=345600 -emit-const-values -const-gather-protocols-list /Users/admin/builder/spi-builder-workspace/.derivedData/Build/Intermediates.noindex/SideMenuTransition.build/Debug/SideMenuTransition-t.build/Objects-normal/arm64/SideMenuTransition_const_extract_protocols.json -Xcc -I/Users/admin/builder/spi-builder-workspace/.derivedData/Build/Products/Debug/include -Xcc -I/Users/admin/builder/spi-builder-workspace/.derivedData/Build/Intermediates.noindex/SideMenuTransition.build/Debug/SideMenuTransition-t.build/DerivedSources-normal/arm64 -Xcc -I/Users/admin/builder/spi-builder-workspace/.derivedData/Build/Intermediates.noindex/SideMenuTransition.build/Debug/SideMenuTransition-t.build/DerivedSources/arm64 -Xcc -I/Users/admin/builder/spi-builder-workspace/.derivedData/Build/Intermediates.noindex/SideMenuTransition.build/Debug/SideMenuTransition-t.build/DerivedSources -Xcc -DSWIFT_PACKAGE -Xcc -DDEBUG\=1 -emit-objc-header -emit-objc-header-path /Users/admin/builder/spi-builder-workspace/.derivedData/Build/Intermediates.noindex/SideMenuTransition.build/Debug/SideMenuTransition-t.build/Objects-normal/arm64/SideMenuTransition-Swift.h -working-directory /Users/admin/builder/spi-builder-workspace/.swiftpm/xcode -experimental-emit-module-separately -disable-cmo
/Users/admin/builder/spi-builder-workspace/Sources/SideMenuTransition/SideMenuAnimator.swift:1:8: error: Unable to resolve module dependency: 'UIKit' (in target 'SideMenuTransition' from project 'SideMenuTransition')
    note: A dependency of main module 'SideMenuTransition'
    /Users/admin/builder/spi-builder-workspace/Sources/SideMenuTransition/SideMenuDismissInteractor.swift:1:8: note: Also imported here
    /Users/admin/builder/spi-builder-workspace/Sources/SideMenuTransition/SideMenuDismissTransition.swift:1:8: note: Also imported here
    /Users/admin/builder/spi-builder-workspace/Sources/SideMenuTransition/SideMenuPresentInteractor.swift:1:8: note: Also imported here
    /Users/admin/builder/spi-builder-workspace/Sources/SideMenuTransition/SideMenuPresentTransition.swift:1:8: note: Also imported here
    /Users/admin/builder/spi-builder-workspace/Sources/SideMenuTransition/SideMenuPresenter.swift:1:8: note: Also imported here
    /Users/admin/builder/spi-builder-workspace/Sources/SideMenuTransition/UIViewAnimating.swift:1:8: note: Also imported here
/Users/admin/builder/spi-builder-workspace/Sources/SideMenuTransition/SideMenuAnimator.swift:1:8: note: A dependency of main module 'SideMenuTransition'
import UIKit
       ^ (in target 'SideMenuTransition' from project 'SideMenuTransition')
/Users/admin/builder/spi-builder-workspace/Sources/SideMenuTransition/SideMenuDismissInteractor.swift:1:8: note: Also imported here
import UIKit
       ^ (in target 'SideMenuTransition' from project 'SideMenuTransition')
/Users/admin/builder/spi-builder-workspace/Sources/SideMenuTransition/SideMenuDismissTransition.swift:1:8: note: Also imported here
import UIKit
       ^ (in target 'SideMenuTransition' from project 'SideMenuTransition')
/Users/admin/builder/spi-builder-workspace/Sources/SideMenuTransition/SideMenuPresentInteractor.swift:1:8: note: Also imported here
import UIKit
       ^ (in target 'SideMenuTransition' from project 'SideMenuTransition')
/Users/admin/builder/spi-builder-workspace/Sources/SideMenuTransition/SideMenuPresentTransition.swift:1:8: note: Also imported here
import UIKit
       ^ (in target 'SideMenuTransition' from project 'SideMenuTransition')
/Users/admin/builder/spi-builder-workspace/Sources/SideMenuTransition/SideMenuPresenter.swift:1:8: note: Also imported here
import UIKit
       ^ (in target 'SideMenuTransition' from project 'SideMenuTransition')
/Users/admin/builder/spi-builder-workspace/Sources/SideMenuTransition/UIViewAnimating.swift:1:8: note: Also imported here
import UIKit
       ^ (in target 'SideMenuTransition' from project 'SideMenuTransition')
PruneExplicitPrecompiledModules /Users/admin/builder/spi-builder-workspace/.derivedData/SDKExplicitPrecompiledModules
PruneExplicitPrecompiledModules /Users/admin/builder/spi-builder-workspace/.derivedData/Build/Intermediates.noindex/ExplicitPrecompiledModules
PruneExplicitPrecompiledModules /Users/admin/builder/spi-builder-workspace/.derivedData/Build/Intermediates.noindex/SwiftExplicitPrecompiledModules
2026-09-17 22:12:49.418 xcodebuild[902:5316] [MT] IDERunDestination: Supported platforms for the buildables in the current scheme is empty.
2026-09-17 22:12:49.523 xcodebuild[902:5316] [MT] IDERunDestination: Supported platforms for the buildables in the current scheme is empty.
--- xcodebuild: WARNING: Using the first of multiple matching destinations:
{ platform:macOS, arch:arm64, id:675def227dddf2561a8309de25ff0911626ad8e5, name:My Mac }
{ platform:macOS, arch:arm64, variant:Mac Catalyst, id:675def227dddf2561a8309de25ff0911626ad8e5, name:My Mac }
{ platform:macOS, arch:arm64, variant:DriverKit, id:675def227dddf2561a8309de25ff0911626ad8e5, name:My Mac }
{ platform:macOS, arch:arm64, variant:Designed for [iPad,iPhone], id:675def227dddf2561a8309de25ff0911626ad8e5, name:My Mac }
** BUILD FAILED **
The following build commands failed:
	SwiftDriver SideMenuTransition normal arm64 com.apple.xcode.tools.swift.compiler (in target 'SideMenuTransition' from project 'SideMenuTransition')
	Building workspace SideMenuTransition with scheme SideMenuTransition
(2 failures)
BUILD FAILURE 6.4 macosXcodebuild