Build Information
Failed to build AdjustSdk, reference v5.8.0 (06aaed), with Swift 6.4 for tvOS using Xcode 27.0 on 26 Sep 2026 21:32:32 UTC.
Build Command
env DEVELOPER_DIR=/Applications/Xcode-27.0.0-Release.Candidate.app xcrun xcodebuild -IDEClonedSourcePackagesDirPathOverride=$PWD/.dependencies -skipMacroValidation -skipPackagePluginValidation -derivedDataPath $PWD/.derivedData build -scheme AdjustSdk-Package -destination generic/platform=tvOSBuild Log
ScanDependencies /Users/admin/builder/spi-builder-workspace/.derivedData/Build/Intermediates.noindex/AdjustSdk.build/Debug-appletvos/AdjustUnsigned-t.build/Objects-normal/arm64/ADJRemoteTrigger.o /Users/admin/builder/spi-builder-workspace/Adjust/ADJRemoteTrigger.m normal arm64 objective-c com.apple.compilers.llvm.clang.1_0.compiler (in target 'AdjustUnsigned' from project 'AdjustSdk')
cd /Users/admin/builder/spi-builder-workspace/.swiftpm/xcode
Using response file: /Users/admin/builder/spi-builder-workspace/.derivedData/Build/Intermediates.noindex/AdjustSdk.build/Debug-appletvos/AdjustUnsigned-t.build/Objects-normal/arm64/e6072d4f65d7061329687fe24e3d63a7-common-args.resp
builtin-ScanDependencies -o /Users/admin/builder/spi-builder-workspace/.derivedData/Build/Intermediates.noindex/AdjustSdk.build/Debug-appletvos/AdjustUnsigned-t.build/Objects-normal/arm64/ADJRemoteTrigger.o.scan -- /Applications/Xcode-27.0.0-Release.Candidate.app/Contents/Developer/Toolchains/XcodeDefault.xctoolchain/usr/bin/clang -x objective-c -ivfsstatcache /Users/admin/builder/spi-builder-workspace/.derivedData/SDKStatCaches.noindex/appletvos27.0-24J360-e829b21a6f8c9b70876ba0858053c044b32bfd8d43560033f8d89884cdb90028.sdkstatcache -target arm64-apple-tvos15.0 -fmessage-length\=0 -fdiagnostics-show-note-include-stack -fmacro-backtrace-limit\=0 -fno-color-diagnostics -fmodules-prune-interval\=86400 -fmodules-prune-after\=345600 -fbuild-session-file\=/Users/admin/builder/spi-builder-workspace/.derivedData/ModuleCache.noindex/Session.modulevalidation -fmodules-validate-once-per-build-session -Wnon-modular-include-in-framework-module -Werror\=non-modular-include-in-framework-module -Wno-trigraphs -Wno-missing-field-initializers -Wno-missing-prototypes -Wno-return-type -Wno-implicit-atomic-properties -Wno-objc-interface-ivars -Wno-arc-repeated-use-of-weak -Wno-missing-braces -Wparentheses -Wswitch -Wno-unused-function -Wno-unused-label -Wno-unused-parameter -Wno-unused-variable -Wunused-value -Wno-empty-body -Wno-uninitialized -Wno-unknown-pragmas -Wno-shadow -Wno-four-char-constants -Wno-conversion -Wno-constant-conversion -Wno-int-conversion -Wno-bool-conversion -Wno-enum-conversion -Wno-float-conversion -Wno-non-literal-null-conversion -Wno-objc-literal-conversion -Wshorten-64-to-32 -Wpointer-sign -Wno-newline-eof -Wno-selector -Wno-strict-selector-match -Wno-undeclared-selector -Wno-deprecated-implementations -Wno-implicit-fallthrough -isysroot /Applications/Xcode-27.0.0-Release.Candidate.app/Contents/Developer/Platforms/AppleTVOS.platform/Developer/SDKs/AppleTVOS27.0.sdk -fstrict-aliasing -Wprotocol -Wdeprecated-declarations -Wno-sign-conversion -Wno-infinite-recursion -Wno-comma -Wno-block-capture-autoreleasing -Wno-strict-prototypes -Wno-semicolon-before-method-body -index-store-path /Users/admin/builder/spi-builder-workspace/.derivedData/Index.noindex/DataStore @/Users/admin/builder/spi-builder-workspace/.derivedData/Build/Intermediates.noindex/AdjustSdk.build/Debug-appletvos/AdjustUnsigned-t.build/Objects-normal/arm64/e6072d4f65d7061329687fe24e3d63a7-common-args.resp -include /Users/admin/builder/spi-builder-workspace/.derivedData/Build/Intermediates.noindex/AdjustSdk.build/Debug-appletvos/AdjustUnsigned-t.build/DerivedSources/resource_bundle_accessor.h -MMD -MT dependencies -MF /Users/admin/builder/spi-builder-workspace/.derivedData/Build/Intermediates.noindex/AdjustSdk.build/Debug-appletvos/AdjustUnsigned-t.build/Objects-normal/arm64/ADJRemoteTrigger.d --serialize-diagnostics /Users/admin/builder/spi-builder-workspace/.derivedData/Build/Intermediates.noindex/AdjustSdk.build/Debug-appletvos/AdjustUnsigned-t.build/Objects-normal/arm64/ADJRemoteTrigger.dia -c /Users/admin/builder/spi-builder-workspace/Adjust/ADJRemoteTrigger.m -o /Users/admin/builder/spi-builder-workspace/.derivedData/Build/Intermediates.noindex/AdjustSdk.build/Debug-appletvos/AdjustUnsigned-t.build/Objects-normal/arm64/ADJRemoteTrigger.o -index-unit-output-path /AdjustSdk.build/Debug-appletvos/AdjustUnsigned-t.build/Objects-normal/arm64/ADJRemoteTrigger.o
ScanDependencies /Users/admin/builder/spi-builder-workspace/.derivedData/Build/Intermediates.noindex/AdjustSdk.build/Debug-appletvos/AdjustUnsigned-t.build/Objects-normal/arm64/ADJPurchaseVerificationResult.o /Users/admin/builder/spi-builder-workspace/Adjust/ADJPurchaseVerificationResult.m normal arm64 objective-c com.apple.compilers.llvm.clang.1_0.compiler (in target 'AdjustUnsigned' from project 'AdjustSdk')
cd /Users/admin/builder/spi-builder-workspace/.swiftpm/xcode
Using response file: /Users/admin/builder/spi-builder-workspace/.derivedData/Build/Intermediates.noindex/AdjustSdk.build/Debug-appletvos/AdjustUnsigned-t.build/Objects-normal/arm64/e6072d4f65d7061329687fe24e3d63a7-common-args.resp
builtin-ScanDependencies -o /Users/admin/builder/spi-builder-workspace/.derivedData/Build/Intermediates.noindex/AdjustSdk.build/Debug-appletvos/AdjustUnsigned-t.build/Objects-normal/arm64/ADJPurchaseVerificationResult.o.scan -- /Applications/Xcode-27.0.0-Release.Candidate.app/Contents/Developer/Toolchains/XcodeDefault.xctoolchain/usr/bin/clang -x objective-c -ivfsstatcache /Users/admin/builder/spi-builder-workspace/.derivedData/SDKStatCaches.noindex/appletvos27.0-24J360-e829b21a6f8c9b70876ba0858053c044b32bfd8d43560033f8d89884cdb90028.sdkstatcache -target arm64-apple-tvos15.0 -fmessage-length\=0 -fdiagnostics-show-note-include-stack -fmacro-backtrace-limit\=0 -fno-color-diagnostics -fmodules-prune-interval\=86400 -fmodules-prune-after\=345600 -fbuild-session-file\=/Users/admin/builder/spi-builder-workspace/.derivedData/ModuleCache.noindex/Session.modulevalidation -fmodules-validate-once-per-build-session -Wnon-modular-include-in-framework-module -Werror\=non-modular-include-in-framework-module -Wno-trigraphs -Wno-missing-field-initializers -Wno-missing-prototypes -Wno-return-type -Wno-implicit-atomic-properties -Wno-objc-interface-ivars -Wno-arc-repeated-use-of-weak -Wno-missing-braces -Wparentheses -Wswitch -Wno-unused-function -Wno-unused-label -Wno-unused-parameter -Wno-unused-variable -Wunused-value -Wno-empty-body -Wno-uninitialized -Wno-unknown-pragmas -Wno-shadow -Wno-four-char-constants -Wno-conversion -Wno-constant-conversion -Wno-int-conversion -Wno-bool-conversion -Wno-enum-conversion -Wno-float-conversion -Wno-non-literal-null-conversion -Wno-objc-literal-conversion -Wshorten-64-to-32 -Wpointer-sign -Wno-newline-eof -Wno-selector -Wno-strict-selector-match -Wno-undeclared-selector -Wno-deprecated-implementations -Wno-implicit-fallthrough -isysroot /Applications/Xcode-27.0.0-Release.Candidate.app/Contents/Developer/Platforms/AppleTVOS.platform/Developer/SDKs/AppleTVOS27.0.sdk -fstrict-aliasing -Wprotocol -Wdeprecated-declarations -Wno-sign-conversion -Wno-infinite-recursion -Wno-comma -Wno-block-capture-autoreleasing -Wno-strict-prototypes -Wno-semicolon-before-method-body -index-store-path /Users/admin/builder/spi-builder-workspace/.derivedData/Index.noindex/DataStore @/Users/admin/builder/spi-builder-workspace/.derivedData/Build/Intermediates.noindex/AdjustSdk.build/Debug-appletvos/AdjustUnsigned-t.build/Objects-normal/arm64/e6072d4f65d7061329687fe24e3d63a7-common-args.resp -include /Users/admin/builder/spi-builder-workspace/.derivedData/Build/Intermediates.noindex/AdjustSdk.build/Debug-appletvos/AdjustUnsigned-t.build/DerivedSources/resource_bundle_accessor.h -MMD -MT dependencies -MF /Users/admin/builder/spi-builder-workspace/.derivedData/Build/Intermediates.noindex/AdjustSdk.build/Debug-appletvos/AdjustUnsigned-t.build/Objects-normal/arm64/ADJPurchaseVerificationResult.d --serialize-diagnostics /Users/admin/builder/spi-builder-workspace/.derivedData/Build/Intermediates.noindex/AdjustSdk.build/Debug-appletvos/AdjustUnsigned-t.build/Objects-normal/arm64/ADJPurchaseVerificationResult.dia -c /Users/admin/builder/spi-builder-workspace/Adjust/ADJPurchaseVerificationResult.m -o /Users/admin/builder/spi-builder-workspace/.derivedData/Build/Intermediates.noindex/AdjustSdk.build/Debug-appletvos/AdjustUnsigned-t.build/Objects-normal/arm64/ADJPurchaseVerificationResult.o -index-unit-output-path /AdjustSdk.build/Debug-appletvos/AdjustUnsigned-t.build/Objects-normal/arm64/ADJPurchaseVerificationResult.o
ScanDependencies /Users/admin/builder/spi-builder-workspace/.derivedData/Build/Intermediates.noindex/AdjustSdk.build/Debug-appletvos/AdjustUnsigned-t.build/Objects-normal/arm64/ADJPurchaseVerificationHandler.o /Users/admin/builder/spi-builder-workspace/Adjust/Internal/ADJPurchaseVerificationHandler.m normal arm64 objective-c com.apple.compilers.llvm.clang.1_0.compiler (in target 'AdjustUnsigned' from project 'AdjustSdk')
cd /Users/admin/builder/spi-builder-workspace/.swiftpm/xcode
Using response file: /Users/admin/builder/spi-builder-workspace/.derivedData/Build/Intermediates.noindex/AdjustSdk.build/Debug-appletvos/AdjustUnsigned-t.build/Objects-normal/arm64/e6072d4f65d7061329687fe24e3d63a7-common-args.resp
builtin-ScanDependencies -o /Users/admin/builder/spi-builder-workspace/.derivedData/Build/Intermediates.noindex/AdjustSdk.build/Debug-appletvos/AdjustUnsigned-t.build/Objects-normal/arm64/ADJPurchaseVerificationHandler.o.scan -- /Applications/Xcode-27.0.0-Release.Candidate.app/Contents/Developer/Toolchains/XcodeDefault.xctoolchain/usr/bin/clang -x objective-c -ivfsstatcache /Users/admin/builder/spi-builder-workspace/.derivedData/SDKStatCaches.noindex/appletvos27.0-24J360-e829b21a6f8c9b70876ba0858053c044b32bfd8d43560033f8d89884cdb90028.sdkstatcache -target arm64-apple-tvos15.0 -fmessage-length\=0 -fdiagnostics-show-note-include-stack -fmacro-backtrace-limit\=0 -fno-color-diagnostics -fmodules-prune-interval\=86400 -fmodules-prune-after\=345600 -fbuild-session-file\=/Users/admin/builder/spi-builder-workspace/.derivedData/ModuleCache.noindex/Session.modulevalidation -fmodules-validate-once-per-build-session -Wnon-modular-include-in-framework-module -Werror\=non-modular-include-in-framework-module -Wno-trigraphs -Wno-missing-field-initializers -Wno-missing-prototypes -Wno-return-type -Wno-implicit-atomic-properties -Wno-objc-interface-ivars -Wno-arc-repeated-use-of-weak -Wno-missing-braces -Wparentheses -Wswitch -Wno-unused-function -Wno-unused-label -Wno-unused-parameter -Wno-unused-variable -Wunused-value -Wno-empty-body -Wno-uninitialized -Wno-unknown-pragmas -Wno-shadow -Wno-four-char-constants -Wno-conversion -Wno-constant-conversion -Wno-int-conversion -Wno-bool-conversion -Wno-enum-conversion -Wno-float-conversion -Wno-non-literal-null-conversion -Wno-objc-literal-conversion -Wshorten-64-to-32 -Wpointer-sign -Wno-newline-eof -Wno-selector -Wno-strict-selector-match -Wno-undeclared-selector -Wno-deprecated-implementations -Wno-implicit-fallthrough -isysroot /Applications/Xcode-27.0.0-Release.Candidate.app/Contents/Developer/Platforms/AppleTVOS.platform/Developer/SDKs/AppleTVOS27.0.sdk -fstrict-aliasing -Wprotocol -Wdeprecated-declarations -Wno-sign-conversion -Wno-infinite-recursion -Wno-comma -Wno-block-capture-autoreleasing -Wno-strict-prototypes -Wno-semicolon-before-method-body -index-store-path /Users/admin/builder/spi-builder-workspace/.derivedData/Index.noindex/DataStore @/Users/admin/builder/spi-builder-workspace/.derivedData/Build/Intermediates.noindex/AdjustSdk.build/Debug-appletvos/AdjustUnsigned-t.build/Objects-normal/arm64/e6072d4f65d7061329687fe24e3d63a7-common-args.resp -include /Users/admin/builder/spi-builder-workspace/.derivedData/Build/Intermediates.noindex/AdjustSdk.build/Debug-appletvos/AdjustUnsigned-t.build/DerivedSources/resource_bundle_accessor.h -MMD -MT dependencies -MF /Users/admin/builder/spi-builder-workspace/.derivedData/Build/Intermediates.noindex/AdjustSdk.build/Debug-appletvos/AdjustUnsigned-t.build/Objects-normal/arm64/ADJPurchaseVerificationHandler.d --serialize-diagnostics /Users/admin/builder/spi-builder-workspace/.derivedData/Build/Intermediates.noindex/AdjustSdk.build/Debug-appletvos/AdjustUnsigned-t.build/Objects-normal/arm64/ADJPurchaseVerificationHandler.dia -c /Users/admin/builder/spi-builder-workspace/Adjust/Internal/ADJPurchaseVerificationHandler.m -o /Users/admin/builder/spi-builder-workspace/.derivedData/Build/Intermediates.noindex/AdjustSdk.build/Debug-appletvos/AdjustUnsigned-t.build/Objects-normal/arm64/ADJPurchaseVerificationHandler.o -index-unit-output-path /AdjustSdk.build/Debug-appletvos/AdjustUnsigned-t.build/Objects-normal/arm64/ADJPurchaseVerificationHandler.o
ScanDependencies /Users/admin/builder/spi-builder-workspace/.derivedData/Build/Intermediates.noindex/AdjustSdk.build/Debug-appletvos/AdjustUnsigned-t.build/Objects-normal/arm64/ADJPackageParams.o /Users/admin/builder/spi-builder-workspace/Adjust/Internal/ADJPackageParams.m normal arm64 objective-c com.apple.compilers.llvm.clang.1_0.compiler (in target 'AdjustUnsigned' from project 'AdjustSdk')
cd /Users/admin/builder/spi-builder-workspace/.swiftpm/xcode
Using response file: /Users/admin/builder/spi-builder-workspace/.derivedData/Build/Intermediates.noindex/AdjustSdk.build/Debug-appletvos/AdjustUnsigned-t.build/Objects-normal/arm64/e6072d4f65d7061329687fe24e3d63a7-common-args.resp
builtin-ScanDependencies -o /Users/admin/builder/spi-builder-workspace/.derivedData/Build/Intermediates.noindex/AdjustSdk.build/Debug-appletvos/AdjustUnsigned-t.build/Objects-normal/arm64/ADJPackageParams.o.scan -- /Applications/Xcode-27.0.0-Release.Candidate.app/Contents/Developer/Toolchains/XcodeDefault.xctoolchain/usr/bin/clang -x objective-c -ivfsstatcache /Users/admin/builder/spi-builder-workspace/.derivedData/SDKStatCaches.noindex/appletvos27.0-24J360-e829b21a6f8c9b70876ba0858053c044b32bfd8d43560033f8d89884cdb90028.sdkstatcache -target arm64-apple-tvos15.0 -fmessage-length\=0 -fdiagnostics-show-note-include-stack -fmacro-backtrace-limit\=0 -fno-color-diagnostics -fmodules-prune-interval\=86400 -fmodules-prune-after\=345600 -fbuild-session-file\=/Users/admin/builder/spi-builder-workspace/.derivedData/ModuleCache.noindex/Session.modulevalidation -fmodules-validate-once-per-build-session -Wnon-modular-include-in-framework-module -Werror\=non-modular-include-in-framework-module -Wno-trigraphs -Wno-missing-field-initializers -Wno-missing-prototypes -Wno-return-type -Wno-implicit-atomic-properties -Wno-objc-interface-ivars -Wno-arc-repeated-use-of-weak -Wno-missing-braces -Wparentheses -Wswitch -Wno-unused-function -Wno-unused-label -Wno-unused-parameter -Wno-unused-variable -Wunused-value -Wno-empty-body -Wno-uninitialized -Wno-unknown-pragmas -Wno-shadow -Wno-four-char-constants -Wno-conversion -Wno-constant-conversion -Wno-int-conversion -Wno-bool-conversion -Wno-enum-conversion -Wno-float-conversion -Wno-non-literal-null-conversion -Wno-objc-literal-conversion -Wshorten-64-to-32 -Wpointer-sign -Wno-newline-eof -Wno-selector -Wno-strict-selector-match -Wno-undeclared-selector -Wno-deprecated-implementations -Wno-implicit-fallthrough -isysroot /Applications/Xcode-27.0.0-Release.Candidate.app/Contents/Developer/Platforms/AppleTVOS.platform/Developer/SDKs/AppleTVOS27.0.sdk -fstrict-aliasing -Wprotocol -Wdeprecated-declarations -Wno-sign-conversion -Wno-infinite-recursion -Wno-comma -Wno-block-capture-autoreleasing -Wno-strict-prototypes -Wno-semicolon-before-method-body -index-store-path /Users/admin/builder/spi-builder-workspace/.derivedData/Index.noindex/DataStore @/Users/admin/builder/spi-builder-workspace/.derivedData/Build/Intermediates.noindex/AdjustSdk.build/Debug-appletvos/AdjustUnsigned-t.build/Objects-normal/arm64/e6072d4f65d7061329687fe24e3d63a7-common-args.resp -include /Users/admin/builder/spi-builder-workspace/.derivedData/Build/Intermediates.noindex/AdjustSdk.build/Debug-appletvos/AdjustUnsigned-t.build/DerivedSources/resource_bundle_accessor.h -MMD -MT dependencies -MF /Users/admin/builder/spi-builder-workspace/.derivedData/Build/Intermediates.noindex/AdjustSdk.build/Debug-appletvos/AdjustUnsigned-t.build/Objects-normal/arm64/ADJPackageParams.d --serialize-diagnostics /Users/admin/builder/spi-builder-workspace/.derivedData/Build/Intermediates.noindex/AdjustSdk.build/Debug-appletvos/AdjustUnsigned-t.build/Objects-normal/arm64/ADJPackageParams.dia -c /Users/admin/builder/spi-builder-workspace/Adjust/Internal/ADJPackageParams.m -o /Users/admin/builder/spi-builder-workspace/.derivedData/Build/Intermediates.noindex/AdjustSdk.build/Debug-appletvos/AdjustUnsigned-t.build/Objects-normal/arm64/ADJPackageParams.o -index-unit-output-path /AdjustSdk.build/Debug-appletvos/AdjustUnsigned-t.build/Objects-normal/arm64/ADJPackageParams.o
ScanDependencies /Users/admin/builder/spi-builder-workspace/.derivedData/Build/Intermediates.noindex/AdjustSdk.build/Debug-appletvos/AdjustUnsigned-t.build/Objects-normal/arm64/ADJPackageHandler.o /Users/admin/builder/spi-builder-workspace/Adjust/Internal/ADJPackageHandler.m normal arm64 objective-c com.apple.compilers.llvm.clang.1_0.compiler (in target 'AdjustUnsigned' from project 'AdjustSdk')
cd /Users/admin/builder/spi-builder-workspace/.swiftpm/xcode
Using response file: /Users/admin/builder/spi-builder-workspace/.derivedData/Build/Intermediates.noindex/AdjustSdk.build/Debug-appletvos/AdjustUnsigned-t.build/Objects-normal/arm64/e6072d4f65d7061329687fe24e3d63a7-common-args.resp
builtin-ScanDependencies -o /Users/admin/builder/spi-builder-workspace/.derivedData/Build/Intermediates.noindex/AdjustSdk.build/Debug-appletvos/AdjustUnsigned-t.build/Objects-normal/arm64/ADJPackageHandler.o.scan -- /Applications/Xcode-27.0.0-Release.Candidate.app/Contents/Developer/Toolchains/XcodeDefault.xctoolchain/usr/bin/clang -x objective-c -ivfsstatcache /Users/admin/builder/spi-builder-workspace/.derivedData/SDKStatCaches.noindex/appletvos27.0-24J360-e829b21a6f8c9b70876ba0858053c044b32bfd8d43560033f8d89884cdb90028.sdkstatcache -target arm64-apple-tvos15.0 -fmessage-length\=0 -fdiagnostics-show-note-include-stack -fmacro-backtrace-limit\=0 -fno-color-diagnostics -fmodules-prune-interval\=86400 -fmodules-prune-after\=345600 -fbuild-session-file\=/Users/admin/builder/spi-builder-workspace/.derivedData/ModuleCache.noindex/Session.modulevalidation -fmodules-validate-once-per-build-session -Wnon-modular-include-in-framework-module -Werror\=non-modular-include-in-framework-module -Wno-trigraphs -Wno-missing-field-initializers -Wno-missing-prototypes -Wno-return-type -Wno-implicit-atomic-properties -Wno-objc-interface-ivars -Wno-arc-repeated-use-of-weak -Wno-missing-braces -Wparentheses -Wswitch -Wno-unused-function -Wno-unused-label -Wno-unused-parameter -Wno-unused-variable -Wunused-value -Wno-empty-body -Wno-uninitialized -Wno-unknown-pragmas -Wno-shadow -Wno-four-char-constants -Wno-conversion -Wno-constant-conversion -Wno-int-conversion -Wno-bool-conversion -Wno-enum-conversion -Wno-float-conversion -Wno-non-literal-null-conversion -Wno-objc-literal-conversion -Wshorten-64-to-32 -Wpointer-sign -Wno-newline-eof -Wno-selector -Wno-strict-selector-match -Wno-undeclared-selector -Wno-deprecated-implementations -Wno-implicit-fallthrough -isysroot /Applications/Xcode-27.0.0-Release.Candidate.app/Contents/Developer/Platforms/AppleTVOS.platform/Developer/SDKs/AppleTVOS27.0.sdk -fstrict-aliasing -Wprotocol -Wdeprecated-declarations -Wno-sign-conversion -Wno-infinite-recursion -Wno-comma -Wno-block-capture-autoreleasing -Wno-strict-prototypes -Wno-semicolon-before-method-body -index-store-path /Users/admin/builder/spi-builder-workspace/.derivedData/Index.noindex/DataStore @/Users/admin/builder/spi-builder-workspace/.derivedData/Build/Intermediates.noindex/AdjustSdk.build/Debug-appletvos/AdjustUnsigned-t.build/Objects-normal/arm64/e6072d4f65d7061329687fe24e3d63a7-common-args.resp -include /Users/admin/builder/spi-builder-workspace/.derivedData/Build/Intermediates.noindex/AdjustSdk.build/Debug-appletvos/AdjustUnsigned-t.build/DerivedSources/resource_bundle_accessor.h -MMD -MT dependencies -MF /Users/admin/builder/spi-builder-workspace/.derivedData/Build/Intermediates.noindex/AdjustSdk.build/Debug-appletvos/AdjustUnsigned-t.build/Objects-normal/arm64/ADJPackageHandler.d --serialize-diagnostics /Users/admin/builder/spi-builder-workspace/.derivedData/Build/Intermediates.noindex/AdjustSdk.build/Debug-appletvos/AdjustUnsigned-t.build/Objects-normal/arm64/ADJPackageHandler.dia -c /Users/admin/builder/spi-builder-workspace/Adjust/Internal/ADJPackageHandler.m -o /Users/admin/builder/spi-builder-workspace/.derivedData/Build/Intermediates.noindex/AdjustSdk.build/Debug-appletvos/AdjustUnsigned-t.build/Objects-normal/arm64/ADJPackageHandler.o -index-unit-output-path /AdjustSdk.build/Debug-appletvos/AdjustUnsigned-t.build/Objects-normal/arm64/ADJPackageHandler.o
Ld /Users/admin/builder/spi-builder-workspace/.derivedData/Build/Products/Debug-appletvos/nanopb.o normal (in target 'nanopb' from project 'nanopb')
cd /Users/admin/builder/spi-builder-workspace/.dependencies/checkouts/nanopb
/Applications/Xcode-27.0.0-Release.Candidate.app/Contents/Developer/Toolchains/XcodeDefault.xctoolchain/usr/bin/clang -Xlinker -reproducible -target arm64-apple-tvos15.0 -r -isysroot /Applications/Xcode-27.0.0-Release.Candidate.app/Contents/Developer/Platforms/AppleTVOS.platform/Developer/SDKs/AppleTVOS27.0.sdk -O0 -w -Xlinker -no_warn_duplicate_libraries -F/Users/admin/builder/spi-builder-workspace/.derivedData/Build/Intermediates.noindex/EagerLinkingTBDs/Debug-appletvos -F/Users/admin/builder/spi-builder-workspace/.derivedData/Build/Products/Debug-appletvos -iframework /Applications/Xcode-27.0.0-Release.Candidate.app/Contents/Developer/Platforms/AppleTVOS.platform/Developer/Library/Frameworks -iframework /Applications/Xcode-27.0.0-Release.Candidate.app/Contents/Developer/Platforms/AppleTVOS.platform/Developer/SDKs/AppleTVOS27.0.sdk/Developer/Library/Frameworks -filelist /Users/admin/builder/spi-builder-workspace/.derivedData/Build/Intermediates.noindex/nanopb.build/Debug-appletvos/nanopb-t.build/Objects-normal/arm64/nanopb.LinkFileList -nostdlib -Xlinker -object_path_lto -Xlinker /Users/admin/builder/spi-builder-workspace/.derivedData/Build/Intermediates.noindex/nanopb.build/Debug-appletvos/nanopb-t.build/Objects-normal/arm64/nanopb_lto.o -Xlinker -no_deduplicate -Xlinker -dependency_info -Xlinker /Users/admin/builder/spi-builder-workspace/.derivedData/Build/Intermediates.noindex/nanopb.build/Debug-appletvos/nanopb-t.build/Objects-normal/arm64/nanopb_dependency_info.dat -o /Users/admin/builder/spi-builder-workspace/.derivedData/Build/Products/Debug-appletvos/nanopb.o
ScanDependencies /Users/admin/builder/spi-builder-workspace/.derivedData/Build/Intermediates.noindex/AdjustSdk.build/Debug-appletvos/AdjustUnsigned-t.build/Objects-normal/arm64/ADJPackageBuilder.o /Users/admin/builder/spi-builder-workspace/Adjust/Internal/ADJPackageBuilder.m normal arm64 objective-c com.apple.compilers.llvm.clang.1_0.compiler (in target 'AdjustUnsigned' from project 'AdjustSdk')
cd /Users/admin/builder/spi-builder-workspace/.swiftpm/xcode
Using response file: /Users/admin/builder/spi-builder-workspace/.derivedData/Build/Intermediates.noindex/AdjustSdk.build/Debug-appletvos/AdjustUnsigned-t.build/Objects-normal/arm64/e6072d4f65d7061329687fe24e3d63a7-common-args.resp
builtin-ScanDependencies -o /Users/admin/builder/spi-builder-workspace/.derivedData/Build/Intermediates.noindex/AdjustSdk.build/Debug-appletvos/AdjustUnsigned-t.build/Objects-normal/arm64/ADJPackageBuilder.o.scan -- /Applications/Xcode-27.0.0-Release.Candidate.app/Contents/Developer/Toolchains/XcodeDefault.xctoolchain/usr/bin/clang -x objective-c -ivfsstatcache /Users/admin/builder/spi-builder-workspace/.derivedData/SDKStatCaches.noindex/appletvos27.0-24J360-e829b21a6f8c9b70876ba0858053c044b32bfd8d43560033f8d89884cdb90028.sdkstatcache -target arm64-apple-tvos15.0 -fmessage-length\=0 -fdiagnostics-show-note-include-stack -fmacro-backtrace-limit\=0 -fno-color-diagnostics -fmodules-prune-interval\=86400 -fmodules-prune-after\=345600 -fbuild-session-file\=/Users/admin/builder/spi-builder-workspace/.derivedData/ModuleCache.noindex/Session.modulevalidation -fmodules-validate-once-per-build-session -Wnon-modular-include-in-framework-module -Werror\=non-modular-include-in-framework-module -Wno-trigraphs -Wno-missing-field-initializers -Wno-missing-prototypes -Wno-return-type -Wno-implicit-atomic-properties -Wno-objc-interface-ivars -Wno-arc-repeated-use-of-weak -Wno-missing-braces -Wparentheses -Wswitch -Wno-unused-function -Wno-unused-label -Wno-unused-parameter -Wno-unused-variable -Wunused-value -Wno-empty-body -Wno-uninitialized -Wno-unknown-pragmas -Wno-shadow -Wno-four-char-constants -Wno-conversion -Wno-constant-conversion -Wno-int-conversion -Wno-bool-conversion -Wno-enum-conversion -Wno-float-conversion -Wno-non-literal-null-conversion -Wno-objc-literal-conversion -Wshorten-64-to-32 -Wpointer-sign -Wno-newline-eof -Wno-selector -Wno-strict-selector-match -Wno-undeclared-selector -Wno-deprecated-implementations -Wno-implicit-fallthrough -isysroot /Applications/Xcode-27.0.0-Release.Candidate.app/Contents/Developer/Platforms/AppleTVOS.platform/Developer/SDKs/AppleTVOS27.0.sdk -fstrict-aliasing -Wprotocol -Wdeprecated-declarations -Wno-sign-conversion -Wno-infinite-recursion -Wno-comma -Wno-block-capture-autoreleasing -Wno-strict-prototypes -Wno-semicolon-before-method-body -index-store-path /Users/admin/builder/spi-builder-workspace/.derivedData/Index.noindex/DataStore @/Users/admin/builder/spi-builder-workspace/.derivedData/Build/Intermediates.noindex/AdjustSdk.build/Debug-appletvos/AdjustUnsigned-t.build/Objects-normal/arm64/e6072d4f65d7061329687fe24e3d63a7-common-args.resp -include /Users/admin/builder/spi-builder-workspace/.derivedData/Build/Intermediates.noindex/AdjustSdk.build/Debug-appletvos/AdjustUnsigned-t.build/DerivedSources/resource_bundle_accessor.h -MMD -MT dependencies -MF /Users/admin/builder/spi-builder-workspace/.derivedData/Build/Intermediates.noindex/AdjustSdk.build/Debug-appletvos/AdjustUnsigned-t.build/Objects-normal/arm64/ADJPackageBuilder.d --serialize-diagnostics /Users/admin/builder/spi-builder-workspace/.derivedData/Build/Intermediates.noindex/AdjustSdk.build/Debug-appletvos/AdjustUnsigned-t.build/Objects-normal/arm64/ADJPackageBuilder.dia -c /Users/admin/builder/spi-builder-workspace/Adjust/Internal/ADJPackageBuilder.m -o /Users/admin/builder/spi-builder-workspace/.derivedData/Build/Intermediates.noindex/AdjustSdk.build/Debug-appletvos/AdjustUnsigned-t.build/Objects-normal/arm64/ADJPackageBuilder.o -index-unit-output-path /AdjustSdk.build/Debug-appletvos/AdjustUnsigned-t.build/Objects-normal/arm64/ADJPackageBuilder.o
PrecompileModule /Users/admin/builder/spi-builder-workspace/.derivedData/Build/Intermediates.noindex/ExplicitPrecompiledModules/Darwin-2IELZXWAK749K8N996VSU0XL3.scan
cd /
builtin-precompileModule /Users/admin/builder/spi-builder-workspace/.derivedData/Build/Intermediates.noindex/ExplicitPrecompiledModules/Darwin-2IELZXWAK749K8N996VSU0XL3.scan
ScanDependencies /Users/admin/builder/spi-builder-workspace/.derivedData/Build/Intermediates.noindex/AdjustSdk.build/Debug-appletvos/AdjustUnsigned-t.build/Objects-normal/arm64/ADJOdmManager.o /Users/admin/builder/spi-builder-workspace/Adjust/Internal/ADJOdmManager.m normal arm64 objective-c com.apple.compilers.llvm.clang.1_0.compiler (in target 'AdjustUnsigned' from project 'AdjustSdk')
cd /Users/admin/builder/spi-builder-workspace/.swiftpm/xcode
Using response file: /Users/admin/builder/spi-builder-workspace/.derivedData/Build/Intermediates.noindex/AdjustSdk.build/Debug-appletvos/AdjustUnsigned-t.build/Objects-normal/arm64/e6072d4f65d7061329687fe24e3d63a7-common-args.resp
builtin-ScanDependencies -o /Users/admin/builder/spi-builder-workspace/.derivedData/Build/Intermediates.noindex/AdjustSdk.build/Debug-appletvos/AdjustUnsigned-t.build/Objects-normal/arm64/ADJOdmManager.o.scan -- /Applications/Xcode-27.0.0-Release.Candidate.app/Contents/Developer/Toolchains/XcodeDefault.xctoolchain/usr/bin/clang -x objective-c -ivfsstatcache /Users/admin/builder/spi-builder-workspace/.derivedData/SDKStatCaches.noindex/appletvos27.0-24J360-e829b21a6f8c9b70876ba0858053c044b32bfd8d43560033f8d89884cdb90028.sdkstatcache -target arm64-apple-tvos15.0 -fmessage-length\=0 -fdiagnostics-show-note-include-stack -fmacro-backtrace-limit\=0 -fno-color-diagnostics -fmodules-prune-interval\=86400 -fmodules-prune-after\=345600 -fbuild-session-file\=/Users/admin/builder/spi-builder-workspace/.derivedData/ModuleCache.noindex/Session.modulevalidation -fmodules-validate-once-per-build-session -Wnon-modular-include-in-framework-module -Werror\=non-modular-include-in-framework-module -Wno-trigraphs -Wno-missing-field-initializers -Wno-missing-prototypes -Wno-return-type -Wno-implicit-atomic-properties -Wno-objc-interface-ivars -Wno-arc-repeated-use-of-weak -Wno-missing-braces -Wparentheses -Wswitch -Wno-unused-function -Wno-unused-label -Wno-unused-parameter -Wno-unused-variable -Wunused-value -Wno-empty-body -Wno-uninitialized -Wno-unknown-pragmas -Wno-shadow -Wno-four-char-constants -Wno-conversion -Wno-constant-conversion -Wno-int-conversion -Wno-bool-conversion -Wno-enum-conversion -Wno-float-conversion -Wno-non-literal-null-conversion -Wno-objc-literal-conversion -Wshorten-64-to-32 -Wpointer-sign -Wno-newline-eof -Wno-selector -Wno-strict-selector-match -Wno-undeclared-selector -Wno-deprecated-implementations -Wno-implicit-fallthrough -isysroot /Applications/Xcode-27.0.0-Release.Candidate.app/Contents/Developer/Platforms/AppleTVOS.platform/Developer/SDKs/AppleTVOS27.0.sdk -fstrict-aliasing -Wprotocol -Wdeprecated-declarations -Wno-sign-conversion -Wno-infinite-recursion -Wno-comma -Wno-block-capture-autoreleasing -Wno-strict-prototypes -Wno-semicolon-before-method-body -index-store-path /Users/admin/builder/spi-builder-workspace/.derivedData/Index.noindex/DataStore @/Users/admin/builder/spi-builder-workspace/.derivedData/Build/Intermediates.noindex/AdjustSdk.build/Debug-appletvos/AdjustUnsigned-t.build/Objects-normal/arm64/e6072d4f65d7061329687fe24e3d63a7-common-args.resp -include /Users/admin/builder/spi-builder-workspace/.derivedData/Build/Intermediates.noindex/AdjustSdk.build/Debug-appletvos/AdjustUnsigned-t.build/DerivedSources/resource_bundle_accessor.h -MMD -MT dependencies -MF /Users/admin/builder/spi-builder-workspace/.derivedData/Build/Intermediates.noindex/AdjustSdk.build/Debug-appletvos/AdjustUnsigned-t.build/Objects-normal/arm64/ADJOdmManager.d --serialize-diagnostics /Users/admin/builder/spi-builder-workspace/.derivedData/Build/Intermediates.noindex/AdjustSdk.build/Debug-appletvos/AdjustUnsigned-t.build/Objects-normal/arm64/ADJOdmManager.dia -c /Users/admin/builder/spi-builder-workspace/Adjust/Internal/ADJOdmManager.m -o /Users/admin/builder/spi-builder-workspace/.derivedData/Build/Intermediates.noindex/AdjustSdk.build/Debug-appletvos/AdjustUnsigned-t.build/Objects-normal/arm64/ADJOdmManager.o -index-unit-output-path /AdjustSdk.build/Debug-appletvos/AdjustUnsigned-t.build/Objects-normal/arm64/ADJOdmManager.o
ScanDependencies /Users/admin/builder/spi-builder-workspace/.derivedData/Build/Intermediates.noindex/AdjustSdk.build/Debug-appletvos/AdjustUnsigned-t.build/Objects-normal/arm64/ADJLogger.o /Users/admin/builder/spi-builder-workspace/Adjust/ADJLogger.m normal arm64 objective-c com.apple.compilers.llvm.clang.1_0.compiler (in target 'AdjustUnsigned' from project 'AdjustSdk')
cd /Users/admin/builder/spi-builder-workspace/.swiftpm/xcode
Using response file: /Users/admin/builder/spi-builder-workspace/.derivedData/Build/Intermediates.noindex/AdjustSdk.build/Debug-appletvos/AdjustUnsigned-t.build/Objects-normal/arm64/e6072d4f65d7061329687fe24e3d63a7-common-args.resp
builtin-ScanDependencies -o /Users/admin/builder/spi-builder-workspace/.derivedData/Build/Intermediates.noindex/AdjustSdk.build/Debug-appletvos/AdjustUnsigned-t.build/Objects-normal/arm64/ADJLogger.o.scan -- /Applications/Xcode-27.0.0-Release.Candidate.app/Contents/Developer/Toolchains/XcodeDefault.xctoolchain/usr/bin/clang -x objective-c -ivfsstatcache /Users/admin/builder/spi-builder-workspace/.derivedData/SDKStatCaches.noindex/appletvos27.0-24J360-e829b21a6f8c9b70876ba0858053c044b32bfd8d43560033f8d89884cdb90028.sdkstatcache -target arm64-apple-tvos15.0 -fmessage-length\=0 -fdiagnostics-show-note-include-stack -fmacro-backtrace-limit\=0 -fno-color-diagnostics -fmodules-prune-interval\=86400 -fmodules-prune-after\=345600 -fbuild-session-file\=/Users/admin/builder/spi-builder-workspace/.derivedData/ModuleCache.noindex/Session.modulevalidation -fmodules-validate-once-per-build-session -Wnon-modular-include-in-framework-module -Werror\=non-modular-include-in-framework-module -Wno-trigraphs -Wno-missing-field-initializers -Wno-missing-prototypes -Wno-return-type -Wno-implicit-atomic-properties -Wno-objc-interface-ivars -Wno-arc-repeated-use-of-weak -Wno-missing-braces -Wparentheses -Wswitch -Wno-unused-function -Wno-unused-label -Wno-unused-parameter -Wno-unused-variable -Wunused-value -Wno-empty-body -Wno-uninitialized -Wno-unknown-pragmas -Wno-shadow -Wno-four-char-constants -Wno-conversion -Wno-constant-conversion -Wno-int-conversion -Wno-bool-conversion -Wno-enum-conversion -Wno-float-conversion -Wno-non-literal-null-conversion -Wno-objc-literal-conversion -Wshorten-64-to-32 -Wpointer-sign -Wno-newline-eof -Wno-selector -Wno-strict-selector-match -Wno-undeclared-selector -Wno-deprecated-implementations -Wno-implicit-fallthrough -isysroot /Applications/Xcode-27.0.0-Release.Candidate.app/Contents/Developer/Platforms/AppleTVOS.platform/Developer/SDKs/AppleTVOS27.0.sdk -fstrict-aliasing -Wprotocol -Wdeprecated-declarations -Wno-sign-conversion -Wno-infinite-recursion -Wno-comma -Wno-block-capture-autoreleasing -Wno-strict-prototypes -Wno-semicolon-before-method-body -index-store-path /Users/admin/builder/spi-builder-workspace/.derivedData/Index.noindex/DataStore @/Users/admin/builder/spi-builder-workspace/.derivedData/Build/Intermediates.noindex/AdjustSdk.build/Debug-appletvos/AdjustUnsigned-t.build/Objects-normal/arm64/e6072d4f65d7061329687fe24e3d63a7-common-args.resp -include /Users/admin/builder/spi-builder-workspace/.derivedData/Build/Intermediates.noindex/AdjustSdk.build/Debug-appletvos/AdjustUnsigned-t.build/DerivedSources/resource_bundle_accessor.h -MMD -MT dependencies -MF /Users/admin/builder/spi-builder-workspace/.derivedData/Build/Intermediates.noindex/AdjustSdk.build/Debug-appletvos/AdjustUnsigned-t.build/Objects-normal/arm64/ADJLogger.d --serialize-diagnostics /Users/admin/builder/spi-builder-workspace/.derivedData/Build/Intermediates.noindex/AdjustSdk.build/Debug-appletvos/AdjustUnsigned-t.build/Objects-normal/arm64/ADJLogger.dia -c /Users/admin/builder/spi-builder-workspace/Adjust/ADJLogger.m -o /Users/admin/builder/spi-builder-workspace/.derivedData/Build/Intermediates.noindex/AdjustSdk.build/Debug-appletvos/AdjustUnsigned-t.build/Objects-normal/arm64/ADJLogger.o -index-unit-output-path /AdjustSdk.build/Debug-appletvos/AdjustUnsigned-t.build/Objects-normal/arm64/ADJLogger.o
ScanDependencies /Users/admin/builder/spi-builder-workspace/.derivedData/Build/Intermediates.noindex/AdjustSdk.build/Debug-appletvos/AdjustUnsigned-t.build/Objects-normal/arm64/ADJLinkResolution.o /Users/admin/builder/spi-builder-workspace/Adjust/ADJLinkResolution.m normal arm64 objective-c com.apple.compilers.llvm.clang.1_0.compiler (in target 'AdjustUnsigned' from project 'AdjustSdk')
cd /Users/admin/builder/spi-builder-workspace/.swiftpm/xcode
Using response file: /Users/admin/builder/spi-builder-workspace/.derivedData/Build/Intermediates.noindex/AdjustSdk.build/Debug-appletvos/AdjustUnsigned-t.build/Objects-normal/arm64/e6072d4f65d7061329687fe24e3d63a7-common-args.resp
builtin-ScanDependencies -o /Users/admin/builder/spi-builder-workspace/.derivedData/Build/Intermediates.noindex/AdjustSdk.build/Debug-appletvos/AdjustUnsigned-t.build/Objects-normal/arm64/ADJLinkResolution.o.scan -- /Applications/Xcode-27.0.0-Release.Candidate.app/Contents/Developer/Toolchains/XcodeDefault.xctoolchain/usr/bin/clang -x objective-c -ivfsstatcache /Users/admin/builder/spi-builder-workspace/.derivedData/SDKStatCaches.noindex/appletvos27.0-24J360-e829b21a6f8c9b70876ba0858053c044b32bfd8d43560033f8d89884cdb90028.sdkstatcache -target arm64-apple-tvos15.0 -fmessage-length\=0 -fdiagnostics-show-note-include-stack -fmacro-backtrace-limit\=0 -fno-color-diagnostics -fmodules-prune-interval\=86400 -fmodules-prune-after\=345600 -fbuild-session-file\=/Users/admin/builder/spi-builder-workspace/.derivedData/ModuleCache.noindex/Session.modulevalidation -fmodules-validate-once-per-build-session -Wnon-modular-include-in-framework-module -Werror\=non-modular-include-in-framework-module -Wno-trigraphs -Wno-missing-field-initializers -Wno-missing-prototypes -Wno-return-type -Wno-implicit-atomic-properties -Wno-objc-interface-ivars -Wno-arc-repeated-use-of-weak -Wno-missing-braces -Wparentheses -Wswitch -Wno-unused-function -Wno-unused-label -Wno-unused-parameter -Wno-unused-variable -Wunused-value -Wno-empty-body -Wno-uninitialized -Wno-unknown-pragmas -Wno-shadow -Wno-four-char-constants -Wno-conversion -Wno-constant-conversion -Wno-int-conversion -Wno-bool-conversion -Wno-enum-conversion -Wno-float-conversion -Wno-non-literal-null-conversion -Wno-objc-literal-conversion -Wshorten-64-to-32 -Wpointer-sign -Wno-newline-eof -Wno-selector -Wno-strict-selector-match -Wno-undeclared-selector -Wno-deprecated-implementations -Wno-implicit-fallthrough -isysroot /Applications/Xcode-27.0.0-Release.Candidate.app/Contents/Developer/Platforms/AppleTVOS.platform/Developer/SDKs/AppleTVOS27.0.sdk -fstrict-aliasing -Wprotocol -Wdeprecated-declarations -Wno-sign-conversion -Wno-infinite-recursion -Wno-comma -Wno-block-capture-autoreleasing -Wno-strict-prototypes -Wno-semicolon-before-method-body -index-store-path /Users/admin/builder/spi-builder-workspace/.derivedData/Index.noindex/DataStore @/Users/admin/builder/spi-builder-workspace/.derivedData/Build/Intermediates.noindex/AdjustSdk.build/Debug-appletvos/AdjustUnsigned-t.build/Objects-normal/arm64/e6072d4f65d7061329687fe24e3d63a7-common-args.resp -include /Users/admin/builder/spi-builder-workspace/.derivedData/Build/Intermediates.noindex/AdjustSdk.build/Debug-appletvos/AdjustUnsigned-t.build/DerivedSources/resource_bundle_accessor.h -MMD -MT dependencies -MF /Users/admin/builder/spi-builder-workspace/.derivedData/Build/Intermediates.noindex/AdjustSdk.build/Debug-appletvos/AdjustUnsigned-t.build/Objects-normal/arm64/ADJLinkResolution.d --serialize-diagnostics /Users/admin/builder/spi-builder-workspace/.derivedData/Build/Intermediates.noindex/AdjustSdk.build/Debug-appletvos/AdjustUnsigned-t.build/Objects-normal/arm64/ADJLinkResolution.dia -c /Users/admin/builder/spi-builder-workspace/Adjust/ADJLinkResolution.m -o /Users/admin/builder/spi-builder-workspace/.derivedData/Build/Intermediates.noindex/AdjustSdk.build/Debug-appletvos/AdjustUnsigned-t.build/Objects-normal/arm64/ADJLinkResolution.o -index-unit-output-path /AdjustSdk.build/Debug-appletvos/AdjustUnsigned-t.build/Objects-normal/arm64/ADJLinkResolution.o
PrecompileModule /Users/admin/builder/spi-builder-workspace/.derivedData/Build/Intermediates.noindex/ExplicitPrecompiledModules/_Builtin_limits-6VDGKBX40UZK2QG9PTL9B66ER.scan
cd /
builtin-precompileModule /Users/admin/builder/spi-builder-workspace/.derivedData/Build/Intermediates.noindex/ExplicitPrecompiledModules/_Builtin_limits-6VDGKBX40UZK2QG9PTL9B66ER.scan
PrecompileModule /Users/admin/builder/spi-builder-workspace/.derivedData/Build/Intermediates.noindex/ExplicitPrecompiledModules/_DarwinFoundation2-6QK9TADWMRJK8KXSU3UJFSBXP.scan
cd /
builtin-precompileModule /Users/admin/builder/spi-builder-workspace/.derivedData/Build/Intermediates.noindex/ExplicitPrecompiledModules/_DarwinFoundation2-6QK9TADWMRJK8KXSU3UJFSBXP.scan
ScanDependencies /Users/admin/builder/spi-builder-workspace/.derivedData/Build/Intermediates.noindex/AdjustSdk.build/Debug-appletvos/AdjustUnsigned-t.build/Objects-normal/arm64/ADJGlobalParameters.o /Users/admin/builder/spi-builder-workspace/Adjust/Internal/ADJGlobalParameters.m normal arm64 objective-c com.apple.compilers.llvm.clang.1_0.compiler (in target 'AdjustUnsigned' from project 'AdjustSdk')
cd /Users/admin/builder/spi-builder-workspace/.swiftpm/xcode
Using response file: /Users/admin/builder/spi-builder-workspace/.derivedData/Build/Intermediates.noindex/AdjustSdk.build/Debug-appletvos/AdjustUnsigned-t.build/Objects-normal/arm64/e6072d4f65d7061329687fe24e3d63a7-common-args.resp
builtin-ScanDependencies -o /Users/admin/builder/spi-builder-workspace/.derivedData/Build/Intermediates.noindex/AdjustSdk.build/Debug-appletvos/AdjustUnsigned-t.build/Objects-normal/arm64/ADJGlobalParameters.o.scan -- /Applications/Xcode-27.0.0-Release.Candidate.app/Contents/Developer/Toolchains/XcodeDefault.xctoolchain/usr/bin/clang -x objective-c -ivfsstatcache /Users/admin/builder/spi-builder-workspace/.derivedData/SDKStatCaches.noindex/appletvos27.0-24J360-e829b21a6f8c9b70876ba0858053c044b32bfd8d43560033f8d89884cdb90028.sdkstatcache -target arm64-apple-tvos15.0 -fmessage-length\=0 -fdiagnostics-show-note-include-stack -fmacro-backtrace-limit\=0 -fno-color-diagnostics -fmodules-prune-interval\=86400 -fmodules-prune-after\=345600 -fbuild-session-file\=/Users/admin/builder/spi-builder-workspace/.derivedData/ModuleCache.noindex/Session.modulevalidation -fmodules-validate-once-per-build-session -Wnon-modular-include-in-framework-module -Werror\=non-modular-include-in-framework-module -Wno-trigraphs -Wno-missing-field-initializers -Wno-missing-prototypes -Wno-return-type -Wno-implicit-atomic-properties -Wno-objc-interface-ivars -Wno-arc-repeated-use-of-weak -Wno-missing-braces -Wparentheses -Wswitch -Wno-unused-function -Wno-unused-label -Wno-unused-parameter -Wno-unused-variable -Wunused-value -Wno-empty-body -Wno-uninitialized -Wno-unknown-pragmas -Wno-shadow -Wno-four-char-constants -Wno-conversion -Wno-constant-conversion -Wno-int-conversion -Wno-bool-conversion -Wno-enum-conversion -Wno-float-conversion -Wno-non-literal-null-conversion -Wno-objc-literal-conversion -Wshorten-64-to-32 -Wpointer-sign -Wno-newline-eof -Wno-selector -Wno-strict-selector-match -Wno-undeclared-selector -Wno-deprecated-implementations -Wno-implicit-fallthrough -isysroot /Applications/Xcode-27.0.0-Release.Candidate.app/Contents/Developer/Platforms/AppleTVOS.platform/Developer/SDKs/AppleTVOS27.0.sdk -fstrict-aliasing -Wprotocol -Wdeprecated-declarations -Wno-sign-conversion -Wno-infinite-recursion -Wno-comma -Wno-block-capture-autoreleasing -Wno-strict-prototypes -Wno-semicolon-before-method-body -index-store-path /Users/admin/builder/spi-builder-workspace/.derivedData/Index.noindex/DataStore @/Users/admin/builder/spi-builder-workspace/.derivedData/Build/Intermediates.noindex/AdjustSdk.build/Debug-appletvos/AdjustUnsigned-t.build/Objects-normal/arm64/e6072d4f65d7061329687fe24e3d63a7-common-args.resp -include /Users/admin/builder/spi-builder-workspace/.derivedData/Build/Intermediates.noindex/AdjustSdk.build/Debug-appletvos/AdjustUnsigned-t.build/DerivedSources/resource_bundle_accessor.h -MMD -MT dependencies -MF /Users/admin/builder/spi-builder-workspace/.derivedData/Build/Intermediates.noindex/AdjustSdk.build/Debug-appletvos/AdjustUnsigned-t.build/Objects-normal/arm64/ADJGlobalParameters.d --serialize-diagnostics /Users/admin/builder/spi-builder-workspace/.derivedData/Build/Intermediates.noindex/AdjustSdk.build/Debug-appletvos/AdjustUnsigned-t.build/Objects-normal/arm64/ADJGlobalParameters.dia -c /Users/admin/builder/spi-builder-workspace/Adjust/Internal/ADJGlobalParameters.m -o /Users/admin/builder/spi-builder-workspace/.derivedData/Build/Intermediates.noindex/AdjustSdk.build/Debug-appletvos/AdjustUnsigned-t.build/Objects-normal/arm64/ADJGlobalParameters.o -index-unit-output-path /AdjustSdk.build/Debug-appletvos/AdjustUnsigned-t.build/Objects-normal/arm64/ADJGlobalParameters.o
ScanDependencies /Users/admin/builder/spi-builder-workspace/.derivedData/Build/Intermediates.noindex/AdjustSdk.build/Debug-appletvos/AdjustUnsigned-t.build/Objects-normal/arm64/ADJEventSuccess.o /Users/admin/builder/spi-builder-workspace/Adjust/ADJEventSuccess.m normal arm64 objective-c com.apple.compilers.llvm.clang.1_0.compiler (in target 'AdjustUnsigned' from project 'AdjustSdk')
cd /Users/admin/builder/spi-builder-workspace/.swiftpm/xcode
Using response file: /Users/admin/builder/spi-builder-workspace/.derivedData/Build/Intermediates.noindex/AdjustSdk.build/Debug-appletvos/AdjustUnsigned-t.build/Objects-normal/arm64/e6072d4f65d7061329687fe24e3d63a7-common-args.resp
builtin-ScanDependencies -o /Users/admin/builder/spi-builder-workspace/.derivedData/Build/Intermediates.noindex/AdjustSdk.build/Debug-appletvos/AdjustUnsigned-t.build/Objects-normal/arm64/ADJEventSuccess.o.scan -- /Applications/Xcode-27.0.0-Release.Candidate.app/Contents/Developer/Toolchains/XcodeDefault.xctoolchain/usr/bin/clang -x objective-c -ivfsstatcache /Users/admin/builder/spi-builder-workspace/.derivedData/SDKStatCaches.noindex/appletvos27.0-24J360-e829b21a6f8c9b70876ba0858053c044b32bfd8d43560033f8d89884cdb90028.sdkstatcache -target arm64-apple-tvos15.0 -fmessage-length\=0 -fdiagnostics-show-note-include-stack -fmacro-backtrace-limit\=0 -fno-color-diagnostics -fmodules-prune-interval\=86400 -fmodules-prune-after\=345600 -fbuild-session-file\=/Users/admin/builder/spi-builder-workspace/.derivedData/ModuleCache.noindex/Session.modulevalidation -fmodules-validate-once-per-build-session -Wnon-modular-include-in-framework-module -Werror\=non-modular-include-in-framework-module -Wno-trigraphs -Wno-missing-field-initializers -Wno-missing-prototypes -Wno-return-type -Wno-implicit-atomic-properties -Wno-objc-interface-ivars -Wno-arc-repeated-use-of-weak -Wno-missing-braces -Wparentheses -Wswitch -Wno-unused-function -Wno-unused-label -Wno-unused-parameter -Wno-unused-variable -Wunused-value -Wno-empty-body -Wno-uninitialized -Wno-unknown-pragmas -Wno-shadow -Wno-four-char-constants -Wno-conversion -Wno-constant-conversion -Wno-int-conversion -Wno-bool-conversion -Wno-enum-conversion -Wno-float-conversion -Wno-non-literal-null-conversion -Wno-objc-literal-conversion -Wshorten-64-to-32 -Wpointer-sign -Wno-newline-eof -Wno-selector -Wno-strict-selector-match -Wno-undeclared-selector -Wno-deprecated-implementations -Wno-implicit-fallthrough -isysroot /Applications/Xcode-27.0.0-Release.Candidate.app/Contents/Developer/Platforms/AppleTVOS.platform/Developer/SDKs/AppleTVOS27.0.sdk -fstrict-aliasing -Wprotocol -Wdeprecated-declarations -Wno-sign-conversion -Wno-infinite-recursion -Wno-comma -Wno-block-capture-autoreleasing -Wno-strict-prototypes -Wno-semicolon-before-method-body -index-store-path /Users/admin/builder/spi-builder-workspace/.derivedData/Index.noindex/DataStore @/Users/admin/builder/spi-builder-workspace/.derivedData/Build/Intermediates.noindex/AdjustSdk.build/Debug-appletvos/AdjustUnsigned-t.build/Objects-normal/arm64/e6072d4f65d7061329687fe24e3d63a7-common-args.resp -include /Users/admin/builder/spi-builder-workspace/.derivedData/Build/Intermediates.noindex/AdjustSdk.build/Debug-appletvos/AdjustUnsigned-t.build/DerivedSources/resource_bundle_accessor.h -MMD -MT dependencies -MF /Users/admin/builder/spi-builder-workspace/.derivedData/Build/Intermediates.noindex/AdjustSdk.build/Debug-appletvos/AdjustUnsigned-t.build/Objects-normal/arm64/ADJEventSuccess.d --serialize-diagnostics /Users/admin/builder/spi-builder-workspace/.derivedData/Build/Intermediates.noindex/AdjustSdk.build/Debug-appletvos/AdjustUnsigned-t.build/Objects-normal/arm64/ADJEventSuccess.dia -c /Users/admin/builder/spi-builder-workspace/Adjust/ADJEventSuccess.m -o /Users/admin/builder/spi-builder-workspace/.derivedData/Build/Intermediates.noindex/AdjustSdk.build/Debug-appletvos/AdjustUnsigned-t.build/Objects-normal/arm64/ADJEventSuccess.o -index-unit-output-path /AdjustSdk.build/Debug-appletvos/AdjustUnsigned-t.build/Objects-normal/arm64/ADJEventSuccess.o
ScanDependencies /Users/admin/builder/spi-builder-workspace/.derivedData/Build/Intermediates.noindex/AdjustSdk.build/Debug-appletvos/AdjustUnsigned-t.build/Objects-normal/arm64/ADJEventMetadata.o /Users/admin/builder/spi-builder-workspace/Adjust/Internal/ADJEventMetadata.m normal arm64 objective-c com.apple.compilers.llvm.clang.1_0.compiler (in target 'AdjustUnsigned' from project 'AdjustSdk')
cd /Users/admin/builder/spi-builder-workspace/.swiftpm/xcode
Using response file: /Users/admin/builder/spi-builder-workspace/.derivedData/Build/Intermediates.noindex/AdjustSdk.build/Debug-appletvos/AdjustUnsigned-t.build/Objects-normal/arm64/e6072d4f65d7061329687fe24e3d63a7-common-args.resp
builtin-ScanDependencies -o /Users/admin/builder/spi-builder-workspace/.derivedData/Build/Intermediates.noindex/AdjustSdk.build/Debug-appletvos/AdjustUnsigned-t.build/Objects-normal/arm64/ADJEventMetadata.o.scan -- /Applications/Xcode-27.0.0-Release.Candidate.app/Contents/Developer/Toolchains/XcodeDefault.xctoolchain/usr/bin/clang -x objective-c -ivfsstatcache /Users/admin/builder/spi-builder-workspace/.derivedData/SDKStatCaches.noindex/appletvos27.0-24J360-e829b21a6f8c9b70876ba0858053c044b32bfd8d43560033f8d89884cdb90028.sdkstatcache -target arm64-apple-tvos15.0 -fmessage-length\=0 -fdiagnostics-show-note-include-stack -fmacro-backtrace-limit\=0 -fno-color-diagnostics -fmodules-prune-interval\=86400 -fmodules-prune-after\=345600 -fbuild-session-file\=/Users/admin/builder/spi-builder-workspace/.derivedData/ModuleCache.noindex/Session.modulevalidation -fmodules-validate-once-per-build-session -Wnon-modular-include-in-framework-module -Werror\=non-modular-include-in-framework-module -Wno-trigraphs -Wno-missing-field-initializers -Wno-missing-prototypes -Wno-return-type -Wno-implicit-atomic-properties -Wno-objc-interface-ivars -Wno-arc-repeated-use-of-weak -Wno-missing-braces -Wparentheses -Wswitch -Wno-unused-function -Wno-unused-label -Wno-unused-parameter -Wno-unused-variable -Wunused-value -Wno-empty-body -Wno-uninitialized -Wno-unknown-pragmas -Wno-shadow -Wno-four-char-constants -Wno-conversion -Wno-constant-conversion -Wno-int-conversion -Wno-bool-conversion -Wno-enum-conversion -Wno-float-conversion -Wno-non-literal-null-conversion -Wno-objc-literal-conversion -Wshorten-64-to-32 -Wpointer-sign -Wno-newline-eof -Wno-selector -Wno-strict-selector-match -Wno-undeclared-selector -Wno-deprecated-implementations -Wno-implicit-fallthrough -isysroot /Applications/Xcode-27.0.0-Release.Candidate.app/Contents/Developer/Platforms/AppleTVOS.platform/Developer/SDKs/AppleTVOS27.0.sdk -fstrict-aliasing -Wprotocol -Wdeprecated-declarations -Wno-sign-conversion -Wno-infinite-recursion -Wno-comma -Wno-block-capture-autoreleasing -Wno-strict-prototypes -Wno-semicolon-before-method-body -index-store-path /Users/admin/builder/spi-builder-workspace/.derivedData/Index.noindex/DataStore @/Users/admin/builder/spi-builder-workspace/.derivedData/Build/Intermediates.noindex/AdjustSdk.build/Debug-appletvos/AdjustUnsigned-t.build/Objects-normal/arm64/e6072d4f65d7061329687fe24e3d63a7-common-args.resp -include /Users/admin/builder/spi-builder-workspace/.derivedData/Build/Intermediates.noindex/AdjustSdk.build/Debug-appletvos/AdjustUnsigned-t.build/DerivedSources/resource_bundle_accessor.h -MMD -MT dependencies -MF /Users/admin/builder/spi-builder-workspace/.derivedData/Build/Intermediates.noindex/AdjustSdk.build/Debug-appletvos/AdjustUnsigned-t.build/Objects-normal/arm64/ADJEventMetadata.d --serialize-diagnostics /Users/admin/builder/spi-builder-workspace/.derivedData/Build/Intermediates.noindex/AdjustSdk.build/Debug-appletvos/AdjustUnsigned-t.build/Objects-normal/arm64/ADJEventMetadata.dia -c /Users/admin/builder/spi-builder-workspace/Adjust/Internal/ADJEventMetadata.m -o /Users/admin/builder/spi-builder-workspace/.derivedData/Build/Intermediates.noindex/AdjustSdk.build/Debug-appletvos/AdjustUnsigned-t.build/Objects-normal/arm64/ADJEventMetadata.o -index-unit-output-path /AdjustSdk.build/Debug-appletvos/AdjustUnsigned-t.build/Objects-normal/arm64/ADJEventMetadata.o
ScanDependencies /Users/admin/builder/spi-builder-workspace/.derivedData/Build/Intermediates.noindex/AdjustSdk.build/Debug-appletvos/AdjustUnsigned-t.build/Objects-normal/arm64/ADJEventFailure.o /Users/admin/builder/spi-builder-workspace/Adjust/ADJEventFailure.m normal arm64 objective-c com.apple.compilers.llvm.clang.1_0.compiler (in target 'AdjustUnsigned' from project 'AdjustSdk')
cd /Users/admin/builder/spi-builder-workspace/.swiftpm/xcode
Using response file: /Users/admin/builder/spi-builder-workspace/.derivedData/Build/Intermediates.noindex/AdjustSdk.build/Debug-appletvos/AdjustUnsigned-t.build/Objects-normal/arm64/e6072d4f65d7061329687fe24e3d63a7-common-args.resp
builtin-ScanDependencies -o /Users/admin/builder/spi-builder-workspace/.derivedData/Build/Intermediates.noindex/AdjustSdk.build/Debug-appletvos/AdjustUnsigned-t.build/Objects-normal/arm64/ADJEventFailure.o.scan -- /Applications/Xcode-27.0.0-Release.Candidate.app/Contents/Developer/Toolchains/XcodeDefault.xctoolchain/usr/bin/clang -x objective-c -ivfsstatcache /Users/admin/builder/spi-builder-workspace/.derivedData/SDKStatCaches.noindex/appletvos27.0-24J360-e829b21a6f8c9b70876ba0858053c044b32bfd8d43560033f8d89884cdb90028.sdkstatcache -target arm64-apple-tvos15.0 -fmessage-length\=0 -fdiagnostics-show-note-include-stack -fmacro-backtrace-limit\=0 -fno-color-diagnostics -fmodules-prune-interval\=86400 -fmodules-prune-after\=345600 -fbuild-session-file\=/Users/admin/builder/spi-builder-workspace/.derivedData/ModuleCache.noindex/Session.modulevalidation -fmodules-validate-once-per-build-session -Wnon-modular-include-in-framework-module -Werror\=non-modular-include-in-framework-module -Wno-trigraphs -Wno-missing-field-initializers -Wno-missing-prototypes -Wno-return-type -Wno-implicit-atomic-properties -Wno-objc-interface-ivars -Wno-arc-repeated-use-of-weak -Wno-missing-braces -Wparentheses -Wswitch -Wno-unused-function -Wno-unused-label -Wno-unused-parameter -Wno-unused-variable -Wunused-value -Wno-empty-body -Wno-uninitialized -Wno-unknown-pragmas -Wno-shadow -Wno-four-char-constants -Wno-conversion -Wno-constant-conversion -Wno-int-conversion -Wno-bool-conversion -Wno-enum-conversion -Wno-float-conversion -Wno-non-literal-null-conversion -Wno-objc-literal-conversion -Wshorten-64-to-32 -Wpointer-sign -Wno-newline-eof -Wno-selector -Wno-strict-selector-match -Wno-undeclared-selector -Wno-deprecated-implementations -Wno-implicit-fallthrough -isysroot /Applications/Xcode-27.0.0-Release.Candidate.app/Contents/Developer/Platforms/AppleTVOS.platform/Developer/SDKs/AppleTVOS27.0.sdk -fstrict-aliasing -Wprotocol -Wdeprecated-declarations -Wno-sign-conversion -Wno-infinite-recursion -Wno-comma -Wno-block-capture-autoreleasing -Wno-strict-prototypes -Wno-semicolon-before-method-body -index-store-path /Users/admin/builder/spi-builder-workspace/.derivedData/Index.noindex/DataStore @/Users/admin/builder/spi-builder-workspace/.derivedData/Build/Intermediates.noindex/AdjustSdk.build/Debug-appletvos/AdjustUnsigned-t.build/Objects-normal/arm64/e6072d4f65d7061329687fe24e3d63a7-common-args.resp -include /Users/admin/builder/spi-builder-workspace/.derivedData/Build/Intermediates.noindex/AdjustSdk.build/Debug-appletvos/AdjustUnsigned-t.build/DerivedSources/resource_bundle_accessor.h -MMD -MT dependencies -MF /Users/admin/builder/spi-builder-workspace/.derivedData/Build/Intermediates.noindex/AdjustSdk.build/Debug-appletvos/AdjustUnsigned-t.build/Objects-normal/arm64/ADJEventFailure.d --serialize-diagnostics /Users/admin/builder/spi-builder-workspace/.derivedData/Build/Intermediates.noindex/AdjustSdk.build/Debug-appletvos/AdjustUnsigned-t.build/Objects-normal/arm64/ADJEventFailure.dia -c /Users/admin/builder/spi-builder-workspace/Adjust/ADJEventFailure.m -o /Users/admin/builder/spi-builder-workspace/.derivedData/Build/Intermediates.noindex/AdjustSdk.build/Debug-appletvos/AdjustUnsigned-t.build/Objects-normal/arm64/ADJEventFailure.o -index-unit-output-path /AdjustSdk.build/Debug-appletvos/AdjustUnsigned-t.build/Objects-normal/arm64/ADJEventFailure.o
ScanDependencies /Users/admin/builder/spi-builder-workspace/.derivedData/Build/Intermediates.noindex/AdjustSdk.build/Debug-appletvos/AdjustUnsigned-t.build/Objects-normal/arm64/ADJEvent.o /Users/admin/builder/spi-builder-workspace/Adjust/ADJEvent.m normal arm64 objective-c com.apple.compilers.llvm.clang.1_0.compiler (in target 'AdjustUnsigned' from project 'AdjustSdk')
cd /Users/admin/builder/spi-builder-workspace/.swiftpm/xcode
Using response file: /Users/admin/builder/spi-builder-workspace/.derivedData/Build/Intermediates.noindex/AdjustSdk.build/Debug-appletvos/AdjustUnsigned-t.build/Objects-normal/arm64/e6072d4f65d7061329687fe24e3d63a7-common-args.resp
builtin-ScanDependencies -o /Users/admin/builder/spi-builder-workspace/.derivedData/Build/Intermediates.noindex/AdjustSdk.build/Debug-appletvos/AdjustUnsigned-t.build/Objects-normal/arm64/ADJEvent.o.scan -- /Applications/Xcode-27.0.0-Release.Candidate.app/Contents/Developer/Toolchains/XcodeDefault.xctoolchain/usr/bin/clang -x objective-c -ivfsstatcache /Users/admin/builder/spi-builder-workspace/.derivedData/SDKStatCaches.noindex/appletvos27.0-24J360-e829b21a6f8c9b70876ba0858053c044b32bfd8d43560033f8d89884cdb90028.sdkstatcache -target arm64-apple-tvos15.0 -fmessage-length\=0 -fdiagnostics-show-note-include-stack -fmacro-backtrace-limit\=0 -fno-color-diagnostics -fmodules-prune-interval\=86400 -fmodules-prune-after\=345600 -fbuild-session-file\=/Users/admin/builder/spi-builder-workspace/.derivedData/ModuleCache.noindex/Session.modulevalidation -fmodules-validate-once-per-build-session -Wnon-modular-include-in-framework-module -Werror\=non-modular-include-in-framework-module -Wno-trigraphs -Wno-missing-field-initializers -Wno-missing-prototypes -Wno-return-type -Wno-implicit-atomic-properties -Wno-objc-interface-ivars -Wno-arc-repeated-use-of-weak -Wno-missing-braces -Wparentheses -Wswitch -Wno-unused-function -Wno-unused-label -Wno-unused-parameter -Wno-unused-variable -Wunused-value -Wno-empty-body -Wno-uninitialized -Wno-unknown-pragmas -Wno-shadow -Wno-four-char-constants -Wno-conversion -Wno-constant-conversion -Wno-int-conversion -Wno-bool-conversion -Wno-enum-conversion -Wno-float-conversion -Wno-non-literal-null-conversion -Wno-objc-literal-conversion -Wshorten-64-to-32 -Wpointer-sign -Wno-newline-eof -Wno-selector -Wno-strict-selector-match -Wno-undeclared-selector -Wno-deprecated-implementations -Wno-implicit-fallthrough -isysroot /Applications/Xcode-27.0.0-Release.Candidate.app/Contents/Developer/Platforms/AppleTVOS.platform/Developer/SDKs/AppleTVOS27.0.sdk -fstrict-aliasing -Wprotocol -Wdeprecated-declarations -Wno-sign-conversion -Wno-infinite-recursion -Wno-comma -Wno-block-capture-autoreleasing -Wno-strict-prototypes -Wno-semicolon-before-method-body -index-store-path /Users/admin/builder/spi-builder-workspace/.derivedData/Index.noindex/DataStore @/Users/admin/builder/spi-builder-workspace/.derivedData/Build/Intermediates.noindex/AdjustSdk.build/Debug-appletvos/AdjustUnsigned-t.build/Objects-normal/arm64/e6072d4f65d7061329687fe24e3d63a7-common-args.resp -include /Users/admin/builder/spi-builder-workspace/.derivedData/Build/Intermediates.noindex/AdjustSdk.build/Debug-appletvos/AdjustUnsigned-t.build/DerivedSources/resource_bundle_accessor.h -MMD -MT dependencies -MF /Users/admin/builder/spi-builder-workspace/.derivedData/Build/Intermediates.noindex/AdjustSdk.build/Debug-appletvos/AdjustUnsigned-t.build/Objects-normal/arm64/ADJEvent.d --serialize-diagnostics /Users/admin/builder/spi-builder-workspace/.derivedData/Build/Intermediates.noindex/AdjustSdk.build/Debug-appletvos/AdjustUnsigned-t.build/Objects-normal/arm64/ADJEvent.dia -c /Users/admin/builder/spi-builder-workspace/Adjust/ADJEvent.m -o /Users/admin/builder/spi-builder-workspace/.derivedData/Build/Intermediates.noindex/AdjustSdk.build/Debug-appletvos/AdjustUnsigned-t.build/Objects-normal/arm64/ADJEvent.o -index-unit-output-path /AdjustSdk.build/Debug-appletvos/AdjustUnsigned-t.build/Objects-normal/arm64/ADJEvent.o
ScanDependencies /Users/admin/builder/spi-builder-workspace/.derivedData/Build/Intermediates.noindex/AdjustSdk.build/Debug-appletvos/AdjustUnsigned-t.build/Objects-normal/arm64/ADJDeeplink.o /Users/admin/builder/spi-builder-workspace/Adjust/ADJDeeplink.m normal arm64 objective-c com.apple.compilers.llvm.clang.1_0.compiler (in target 'AdjustUnsigned' from project 'AdjustSdk')
cd /Users/admin/builder/spi-builder-workspace/.swiftpm/xcode
Using response file: /Users/admin/builder/spi-builder-workspace/.derivedData/Build/Intermediates.noindex/AdjustSdk.build/Debug-appletvos/AdjustUnsigned-t.build/Objects-normal/arm64/e6072d4f65d7061329687fe24e3d63a7-common-args.resp
builtin-ScanDependencies -o /Users/admin/builder/spi-builder-workspace/.derivedData/Build/Intermediates.noindex/AdjustSdk.build/Debug-appletvos/AdjustUnsigned-t.build/Objects-normal/arm64/ADJDeeplink.o.scan -- /Applications/Xcode-27.0.0-Release.Candidate.app/Contents/Developer/Toolchains/XcodeDefault.xctoolchain/usr/bin/clang -x objective-c -ivfsstatcache /Users/admin/builder/spi-builder-workspace/.derivedData/SDKStatCaches.noindex/appletvos27.0-24J360-e829b21a6f8c9b70876ba0858053c044b32bfd8d43560033f8d89884cdb90028.sdkstatcache -target arm64-apple-tvos15.0 -fmessage-length\=0 -fdiagnostics-show-note-include-stack -fmacro-backtrace-limit\=0 -fno-color-diagnostics -fmodules-prune-interval\=86400 -fmodules-prune-after\=345600 -fbuild-session-file\=/Users/admin/builder/spi-builder-workspace/.derivedData/ModuleCache.noindex/Session.modulevalidation -fmodules-validate-once-per-build-session -Wnon-modular-include-in-framework-module -Werror\=non-modular-include-in-framework-module -Wno-trigraphs -Wno-missing-field-initializers -Wno-missing-prototypes -Wno-return-type -Wno-implicit-atomic-properties -Wno-objc-interface-ivars -Wno-arc-repeated-use-of-weak -Wno-missing-braces -Wparentheses -Wswitch -Wno-unused-function -Wno-unused-label -Wno-unused-parameter -Wno-unused-variable -Wunused-value -Wno-empty-body -Wno-uninitialized -Wno-unknown-pragmas -Wno-shadow -Wno-four-char-constants -Wno-conversion -Wno-constant-conversion -Wno-int-conversion -Wno-bool-conversion -Wno-enum-conversion -Wno-float-conversion -Wno-non-literal-null-conversion -Wno-objc-literal-conversion -Wshorten-64-to-32 -Wpointer-sign -Wno-newline-eof -Wno-selector -Wno-strict-selector-match -Wno-undeclared-selector -Wno-deprecated-implementations -Wno-implicit-fallthrough -isysroot /Applications/Xcode-27.0.0-Release.Candidate.app/Contents/Developer/Platforms/AppleTVOS.platform/Developer/SDKs/AppleTVOS27.0.sdk -fstrict-aliasing -Wprotocol -Wdeprecated-declarations -Wno-sign-conversion -Wno-infinite-recursion -Wno-comma -Wno-block-capture-autoreleasing -Wno-strict-prototypes -Wno-semicolon-before-method-body -index-store-path /Users/admin/builder/spi-builder-workspace/.derivedData/Index.noindex/DataStore @/Users/admin/builder/spi-builder-workspace/.derivedData/Build/Intermediates.noindex/AdjustSdk.build/Debug-appletvos/AdjustUnsigned-t.build/Objects-normal/arm64/e6072d4f65d7061329687fe24e3d63a7-common-args.resp -include /Users/admin/builder/spi-builder-workspace/.derivedData/Build/Intermediates.noindex/AdjustSdk.build/Debug-appletvos/AdjustUnsigned-t.build/DerivedSources/resource_bundle_accessor.h -MMD -MT dependencies -MF /Users/admin/builder/spi-builder-workspace/.derivedData/Build/Intermediates.noindex/AdjustSdk.build/Debug-appletvos/AdjustUnsigned-t.build/Objects-normal/arm64/ADJDeeplink.d --serialize-diagnostics /Users/admin/builder/spi-builder-workspace/.derivedData/Build/Intermediates.noindex/AdjustSdk.build/Debug-appletvos/AdjustUnsigned-t.build/Objects-normal/arm64/ADJDeeplink.dia -c /Users/admin/builder/spi-builder-workspace/Adjust/ADJDeeplink.m -o /Users/admin/builder/spi-builder-workspace/.derivedData/Build/Intermediates.noindex/AdjustSdk.build/Debug-appletvos/AdjustUnsigned-t.build/Objects-normal/arm64/ADJDeeplink.o -index-unit-output-path /AdjustSdk.build/Debug-appletvos/AdjustUnsigned-t.build/Objects-normal/arm64/ADJDeeplink.o
ScanDependencies /Users/admin/builder/spi-builder-workspace/.derivedData/Build/Intermediates.noindex/AdjustSdk.build/Debug-appletvos/AdjustUnsigned-t.build/Objects-normal/arm64/ADJConfig.o /Users/admin/builder/spi-builder-workspace/Adjust/ADJConfig.m normal arm64 objective-c com.apple.compilers.llvm.clang.1_0.compiler (in target 'AdjustUnsigned' from project 'AdjustSdk')
cd /Users/admin/builder/spi-builder-workspace/.swiftpm/xcode
Using response file: /Users/admin/builder/spi-builder-workspace/.derivedData/Build/Intermediates.noindex/AdjustSdk.build/Debug-appletvos/AdjustUnsigned-t.build/Objects-normal/arm64/e6072d4f65d7061329687fe24e3d63a7-common-args.resp
builtin-ScanDependencies -o /Users/admin/builder/spi-builder-workspace/.derivedData/Build/Intermediates.noindex/AdjustSdk.build/Debug-appletvos/AdjustUnsigned-t.build/Objects-normal/arm64/ADJConfig.o.scan -- /Applications/Xcode-27.0.0-Release.Candidate.app/Contents/Developer/Toolchains/XcodeDefault.xctoolchain/usr/bin/clang -x objective-c -ivfsstatcache /Users/admin/builder/spi-builder-workspace/.derivedData/SDKStatCaches.noindex/appletvos27.0-24J360-e829b21a6f8c9b70876ba0858053c044b32bfd8d43560033f8d89884cdb90028.sdkstatcache -target arm64-apple-tvos15.0 -fmessage-length\=0 -fdiagnostics-show-note-include-stack -fmacro-backtrace-limit\=0 -fno-color-diagnostics -fmodules-prune-interval\=86400 -fmodules-prune-after\=345600 -fbuild-session-file\=/Users/admin/builder/spi-builder-workspace/.derivedData/ModuleCache.noindex/Session.modulevalidation -fmodules-validate-once-per-build-session -Wnon-modular-include-in-framework-module -Werror\=non-modular-include-in-framework-module -Wno-trigraphs -Wno-missing-field-initializers -Wno-missing-prototypes -Wno-return-type -Wno-implicit-atomic-properties -Wno-objc-interface-ivars -Wno-arc-repeated-use-of-weak -Wno-missing-braces -Wparentheses -Wswitch -Wno-unused-function -Wno-unused-label -Wno-unused-parameter -Wno-unused-variable -Wunused-value -Wno-empty-body -Wno-uninitialized -Wno-unknown-pragmas -Wno-shadow -Wno-four-char-constants -Wno-conversion -Wno-constant-conversion -Wno-int-conversion -Wno-bool-conversion -Wno-enum-conversion -Wno-float-conversion -Wno-non-literal-null-conversion -Wno-objc-literal-conversion -Wshorten-64-to-32 -Wpointer-sign -Wno-newline-eof -Wno-selector -Wno-strict-selector-match -Wno-undeclared-selector -Wno-deprecated-implementations -Wno-implicit-fallthrough -isysroot /Applications/Xcode-27.0.0-Release.Candidate.app/Contents/Developer/Platforms/AppleTVOS.platform/Developer/SDKs/AppleTVOS27.0.sdk -fstrict-aliasing -Wprotocol -Wdeprecated-declarations -Wno-sign-conversion -Wno-infinite-recursion -Wno-comma -Wno-block-capture-autoreleasing -Wno-strict-prototypes -Wno-semicolon-before-method-body -index-store-path /Users/admin/builder/spi-builder-workspace/.derivedData/Index.noindex/DataStore @/Users/admin/builder/spi-builder-workspace/.derivedData/Build/Intermediates.noindex/AdjustSdk.build/Debug-appletvos/AdjustUnsigned-t.build/Objects-normal/arm64/e6072d4f65d7061329687fe24e3d63a7-common-args.resp -include /Users/admin/builder/spi-builder-workspace/.derivedData/Build/Intermediates.noindex/AdjustSdk.build/Debug-appletvos/AdjustUnsigned-t.build/DerivedSources/resource_bundle_accessor.h -MMD -MT dependencies -MF /Users/admin/builder/spi-builder-workspace/.derivedData/Build/Intermediates.noindex/AdjustSdk.build/Debug-appletvos/AdjustUnsigned-t.build/Objects-normal/arm64/ADJConfig.d --serialize-diagnostics /Users/admin/builder/spi-builder-workspace/.derivedData/Build/Intermediates.noindex/AdjustSdk.build/Debug-appletvos/AdjustUnsigned-t.build/Objects-normal/arm64/ADJConfig.dia -c /Users/admin/builder/spi-builder-workspace/Adjust/ADJConfig.m -o /Users/admin/builder/spi-builder-workspace/.derivedData/Build/Intermediates.noindex/AdjustSdk.build/Debug-appletvos/AdjustUnsigned-t.build/Objects-normal/arm64/ADJConfig.o -index-unit-output-path /AdjustSdk.build/Debug-appletvos/AdjustUnsigned-t.build/Objects-normal/arm64/ADJConfig.o
ScanDependencies /Users/admin/builder/spi-builder-workspace/.derivedData/Build/Intermediates.noindex/AdjustSdk.build/Debug-appletvos/AdjustUnsigned-t.build/Objects-normal/arm64/ADJBackoffStrategy.o /Users/admin/builder/spi-builder-workspace/Adjust/Internal/ADJBackoffStrategy.m normal arm64 objective-c com.apple.compilers.llvm.clang.1_0.compiler (in target 'AdjustUnsigned' from project 'AdjustSdk')
cd /Users/admin/builder/spi-builder-workspace/.swiftpm/xcode
Using response file: /Users/admin/builder/spi-builder-workspace/.derivedData/Build/Intermediates.noindex/AdjustSdk.build/Debug-appletvos/AdjustUnsigned-t.build/Objects-normal/arm64/e6072d4f65d7061329687fe24e3d63a7-common-args.resp
builtin-ScanDependencies -o /Users/admin/builder/spi-builder-workspace/.derivedData/Build/Intermediates.noindex/AdjustSdk.build/Debug-appletvos/AdjustUnsigned-t.build/Objects-normal/arm64/ADJBackoffStrategy.o.scan -- /Applications/Xcode-27.0.0-Release.Candidate.app/Contents/Developer/Toolchains/XcodeDefault.xctoolchain/usr/bin/clang -x objective-c -ivfsstatcache /Users/admin/builder/spi-builder-workspace/.derivedData/SDKStatCaches.noindex/appletvos27.0-24J360-e829b21a6f8c9b70876ba0858053c044b32bfd8d43560033f8d89884cdb90028.sdkstatcache -target arm64-apple-tvos15.0 -fmessage-length\=0 -fdiagnostics-show-note-include-stack -fmacro-backtrace-limit\=0 -fno-color-diagnostics -fmodules-prune-interval\=86400 -fmodules-prune-after\=345600 -fbuild-session-file\=/Users/admin/builder/spi-builder-workspace/.derivedData/ModuleCache.noindex/Session.modulevalidation -fmodules-validate-once-per-build-session -Wnon-modular-include-in-framework-module -Werror\=non-modular-include-in-framework-module -Wno-trigraphs -Wno-missing-field-initializers -Wno-missing-prototypes -Wno-return-type -Wno-implicit-atomic-properties -Wno-objc-interface-ivars -Wno-arc-repeated-use-of-weak -Wno-missing-braces -Wparentheses -Wswitch -Wno-unused-function -Wno-unused-label -Wno-unused-parameter -Wno-unused-variable -Wunused-value -Wno-empty-body -Wno-uninitialized -Wno-unknown-pragmas -Wno-shadow -Wno-four-char-constants -Wno-conversion -Wno-constant-conversion -Wno-int-conversion -Wno-bool-conversion -Wno-enum-conversion -Wno-float-conversion -Wno-non-literal-null-conversion -Wno-objc-literal-conversion -Wshorten-64-to-32 -Wpointer-sign -Wno-newline-eof -Wno-selector -Wno-strict-selector-match -Wno-undeclared-selector -Wno-deprecated-implementations -Wno-implicit-fallthrough -isysroot /Applications/Xcode-27.0.0-Release.Candidate.app/Contents/Developer/Platforms/AppleTVOS.platform/Developer/SDKs/AppleTVOS27.0.sdk -fstrict-aliasing -Wprotocol -Wdeprecated-declarations -Wno-sign-conversion -Wno-infinite-recursion -Wno-comma -Wno-block-capture-autoreleasing -Wno-strict-prototypes -Wno-semicolon-before-method-body -index-store-path /Users/admin/builder/spi-builder-workspace/.derivedData/Index.noindex/DataStore @/Users/admin/builder/spi-builder-workspace/.derivedData/Build/Intermediates.noindex/AdjustSdk.build/Debug-appletvos/AdjustUnsigned-t.build/Objects-normal/arm64/e6072d4f65d7061329687fe24e3d63a7-common-args.resp -include /Users/admin/builder/spi-builder-workspace/.derivedData/Build/Intermediates.noindex/AdjustSdk.build/Debug-appletvos/AdjustUnsigned-t.build/DerivedSources/resource_bundle_accessor.h -MMD -MT dependencies -MF /Users/admin/builder/spi-builder-workspace/.derivedData/Build/Intermediates.noindex/AdjustSdk.build/Debug-appletvos/AdjustUnsigned-t.build/Objects-normal/arm64/ADJBackoffStrategy.d --serialize-diagnostics /Users/admin/builder/spi-builder-workspace/.derivedData/Build/Intermediates.noindex/AdjustSdk.build/Debug-appletvos/AdjustUnsigned-t.build/Objects-normal/arm64/ADJBackoffStrategy.dia -c /Users/admin/builder/spi-builder-workspace/Adjust/Internal/ADJBackoffStrategy.m -o /Users/admin/builder/spi-builder-workspace/.derivedData/Build/Intermediates.noindex/AdjustSdk.build/Debug-appletvos/AdjustUnsigned-t.build/Objects-normal/arm64/ADJBackoffStrategy.o -index-unit-output-path /AdjustSdk.build/Debug-appletvos/AdjustUnsigned-t.build/Objects-normal/arm64/ADJBackoffStrategy.o
ScanDependencies /Users/admin/builder/spi-builder-workspace/.derivedData/Build/Intermediates.noindex/AdjustSdk.build/Debug-appletvos/AdjustUnsigned-t.build/Objects-normal/arm64/ADJAttributionHandler.o /Users/admin/builder/spi-builder-workspace/Adjust/Internal/ADJAttributionHandler.m normal arm64 objective-c com.apple.compilers.llvm.clang.1_0.compiler (in target 'AdjustUnsigned' from project 'AdjustSdk')
cd /Users/admin/builder/spi-builder-workspace/.swiftpm/xcode
Using response file: /Users/admin/builder/spi-builder-workspace/.derivedData/Build/Intermediates.noindex/AdjustSdk.build/Debug-appletvos/AdjustUnsigned-t.build/Objects-normal/arm64/e6072d4f65d7061329687fe24e3d63a7-common-args.resp
builtin-ScanDependencies -o /Users/admin/builder/spi-builder-workspace/.derivedData/Build/Intermediates.noindex/AdjustSdk.build/Debug-appletvos/AdjustUnsigned-t.build/Objects-normal/arm64/ADJAttributionHandler.o.scan -- /Applications/Xcode-27.0.0-Release.Candidate.app/Contents/Developer/Toolchains/XcodeDefault.xctoolchain/usr/bin/clang -x objective-c -ivfsstatcache /Users/admin/builder/spi-builder-workspace/.derivedData/SDKStatCaches.noindex/appletvos27.0-24J360-e829b21a6f8c9b70876ba0858053c044b32bfd8d43560033f8d89884cdb90028.sdkstatcache -target arm64-apple-tvos15.0 -fmessage-length\=0 -fdiagnostics-show-note-include-stack -fmacro-backtrace-limit\=0 -fno-color-diagnostics -fmodules-prune-interval\=86400 -fmodules-prune-after\=345600 -fbuild-session-file\=/Users/admin/builder/spi-builder-workspace/.derivedData/ModuleCache.noindex/Session.modulevalidation -fmodules-validate-once-per-build-session -Wnon-modular-include-in-framework-module -Werror\=non-modular-include-in-framework-module -Wno-trigraphs -Wno-missing-field-initializers -Wno-missing-prototypes -Wno-return-type -Wno-implicit-atomic-properties -Wno-objc-interface-ivars -Wno-arc-repeated-use-of-weak -Wno-missing-braces -Wparentheses -Wswitch -Wno-unused-function -Wno-unused-label -Wno-unused-parameter -Wno-unused-variable -Wunused-value -Wno-empty-body -Wno-uninitialized -Wno-unknown-pragmas -Wno-shadow -Wno-four-char-constants -Wno-conversion -Wno-constant-conversion -Wno-int-conversion -Wno-bool-conversion -Wno-enum-conversion -Wno-float-conversion -Wno-non-literal-null-conversion -Wno-objc-literal-conversion -Wshorten-64-to-32 -Wpointer-sign -Wno-newline-eof -Wno-selector -Wno-strict-selector-match -Wno-undeclared-selector -Wno-deprecated-implementations -Wno-implicit-fallthrough -isysroot /Applications/Xcode-27.0.0-Release.Candidate.app/Contents/Developer/Platforms/AppleTVOS.platform/Developer/SDKs/AppleTVOS27.0.sdk -fstrict-aliasing -Wprotocol -Wdeprecated-declarations -Wno-sign-conversion -Wno-infinite-recursion -Wno-comma -Wno-block-capture-autoreleasing -Wno-strict-prototypes -Wno-semicolon-before-method-body -index-store-path /Users/admin/builder/spi-builder-workspace/.derivedData/Index.noindex/DataStore @/Users/admin/builder/spi-builder-workspace/.derivedData/Build/Intermediates.noindex/AdjustSdk.build/Debug-appletvos/AdjustUnsigned-t.build/Objects-normal/arm64/e6072d4f65d7061329687fe24e3d63a7-common-args.resp -include /Users/admin/builder/spi-builder-workspace/.derivedData/Build/Intermediates.noindex/AdjustSdk.build/Debug-appletvos/AdjustUnsigned-t.build/DerivedSources/resource_bundle_accessor.h -MMD -MT dependencies -MF /Users/admin/builder/spi-builder-workspace/.derivedData/Build/Intermediates.noindex/AdjustSdk.build/Debug-appletvos/AdjustUnsigned-t.build/Objects-normal/arm64/ADJAttributionHandler.d --serialize-diagnostics /Users/admin/builder/spi-builder-workspace/.derivedData/Build/Intermediates.noindex/AdjustSdk.build/Debug-appletvos/AdjustUnsigned-t.build/Objects-normal/arm64/ADJAttributionHandler.dia -c /Users/admin/builder/spi-builder-workspace/Adjust/Internal/ADJAttributionHandler.m -o /Users/admin/builder/spi-builder-workspace/.derivedData/Build/Intermediates.noindex/AdjustSdk.build/Debug-appletvos/AdjustUnsigned-t.build/Objects-normal/arm64/ADJAttributionHandler.o -index-unit-output-path /AdjustSdk.build/Debug-appletvos/AdjustUnsigned-t.build/Objects-normal/arm64/ADJAttributionHandler.o
ScanDependencies /Users/admin/builder/spi-builder-workspace/.derivedData/Build/Intermediates.noindex/AdjustSdk.build/Debug-appletvos/AdjustUnsigned-t.build/Objects-normal/arm64/ADJAttribution.o /Users/admin/builder/spi-builder-workspace/Adjust/ADJAttribution.m normal arm64 objective-c com.apple.compilers.llvm.clang.1_0.compiler (in target 'AdjustUnsigned' from project 'AdjustSdk')
cd /Users/admin/builder/spi-builder-workspace/.swiftpm/xcode
Using response file: /Users/admin/builder/spi-builder-workspace/.derivedData/Build/Intermediates.noindex/AdjustSdk.build/Debug-appletvos/AdjustUnsigned-t.build/Objects-normal/arm64/e6072d4f65d7061329687fe24e3d63a7-common-args.resp
builtin-ScanDependencies -o /Users/admin/builder/spi-builder-workspace/.derivedData/Build/Intermediates.noindex/AdjustSdk.build/Debug-appletvos/AdjustUnsigned-t.build/Objects-normal/arm64/ADJAttribution.o.scan -- /Applications/Xcode-27.0.0-Release.Candidate.app/Contents/Developer/Toolchains/XcodeDefault.xctoolchain/usr/bin/clang -x objective-c -ivfsstatcache /Users/admin/builder/spi-builder-workspace/.derivedData/SDKStatCaches.noindex/appletvos27.0-24J360-e829b21a6f8c9b70876ba0858053c044b32bfd8d43560033f8d89884cdb90028.sdkstatcache -target arm64-apple-tvos15.0 -fmessage-length\=0 -fdiagnostics-show-note-include-stack -fmacro-backtrace-limit\=0 -fno-color-diagnostics -fmodules-prune-interval\=86400 -fmodules-prune-after\=345600 -fbuild-session-file\=/Users/admin/builder/spi-builder-workspace/.derivedData/ModuleCache.noindex/Session.modulevalidation -fmodules-validate-once-per-build-session -Wnon-modular-include-in-framework-module -Werror\=non-modular-include-in-framework-module -Wno-trigraphs -Wno-missing-field-initializers -Wno-missing-prototypes -Wno-return-type -Wno-implicit-atomic-properties -Wno-objc-interface-ivars -Wno-arc-repeated-use-of-weak -Wno-missing-braces -Wparentheses -Wswitch -Wno-unused-function -Wno-unused-label -Wno-unused-parameter -Wno-unused-variable -Wunused-value -Wno-empty-body -Wno-uninitialized -Wno-unknown-pragmas -Wno-shadow -Wno-four-char-constants -Wno-conversion -Wno-constant-conversion -Wno-int-conversion -Wno-bool-conversion -Wno-enum-conversion -Wno-float-conversion -Wno-non-literal-null-conversion -Wno-objc-literal-conversion -Wshorten-64-to-32 -Wpointer-sign -Wno-newline-eof -Wno-selector -Wno-strict-selector-match -Wno-undeclared-selector -Wno-deprecated-implementations -Wno-implicit-fallthrough -isysroot /Applications/Xcode-27.0.0-Release.Candidate.app/Contents/Developer/Platforms/AppleTVOS.platform/Developer/SDKs/AppleTVOS27.0.sdk -fstrict-aliasing -Wprotocol -Wdeprecated-declarations -Wno-sign-conversion -Wno-infinite-recursion -Wno-comma -Wno-block-capture-autoreleasing -Wno-strict-prototypes -Wno-semicolon-before-method-body -index-store-path /Users/admin/builder/spi-builder-workspace/.derivedData/Index.noindex/DataStore @/Users/admin/builder/spi-builder-workspace/.derivedData/Build/Intermediates.noindex/AdjustSdk.build/Debug-appletvos/AdjustUnsigned-t.build/Objects-normal/arm64/e6072d4f65d7061329687fe24e3d63a7-common-args.resp -include /Users/admin/builder/spi-builder-workspace/.derivedData/Build/Intermediates.noindex/AdjustSdk.build/Debug-appletvos/AdjustUnsigned-t.build/DerivedSources/resource_bundle_accessor.h -MMD -MT dependencies -MF /Users/admin/builder/spi-builder-workspace/.derivedData/Build/Intermediates.noindex/AdjustSdk.build/Debug-appletvos/AdjustUnsigned-t.build/Objects-normal/arm64/ADJAttribution.d --serialize-diagnostics /Users/admin/builder/spi-builder-workspace/.derivedData/Build/Intermediates.noindex/AdjustSdk.build/Debug-appletvos/AdjustUnsigned-t.build/Objects-normal/arm64/ADJAttribution.dia -c /Users/admin/builder/spi-builder-workspace/Adjust/ADJAttribution.m -o /Users/admin/builder/spi-builder-workspace/.derivedData/Build/Intermediates.noindex/AdjustSdk.build/Debug-appletvos/AdjustUnsigned-t.build/Objects-normal/arm64/ADJAttribution.o -index-unit-output-path /AdjustSdk.build/Debug-appletvos/AdjustUnsigned-t.build/Objects-normal/arm64/ADJAttribution.o
ScanDependencies /Users/admin/builder/spi-builder-workspace/.derivedData/Build/Intermediates.noindex/AdjustSdk.build/Debug-appletvos/AdjustUnsigned-t.build/Objects-normal/arm64/ADJAppStoreSubscription.o /Users/admin/builder/spi-builder-workspace/Adjust/ADJAppStoreSubscription.m normal arm64 objective-c com.apple.compilers.llvm.clang.1_0.compiler (in target 'AdjustUnsigned' from project 'AdjustSdk')
cd /Users/admin/builder/spi-builder-workspace/.swiftpm/xcode
Using response file: /Users/admin/builder/spi-builder-workspace/.derivedData/Build/Intermediates.noindex/AdjustSdk.build/Debug-appletvos/AdjustUnsigned-t.build/Objects-normal/arm64/e6072d4f65d7061329687fe24e3d63a7-common-args.resp
builtin-ScanDependencies -o /Users/admin/builder/spi-builder-workspace/.derivedData/Build/Intermediates.noindex/AdjustSdk.build/Debug-appletvos/AdjustUnsigned-t.build/Objects-normal/arm64/ADJAppStoreSubscription.o.scan -- /Applications/Xcode-27.0.0-Release.Candidate.app/Contents/Developer/Toolchains/XcodeDefault.xctoolchain/usr/bin/clang -x objective-c -ivfsstatcache /Users/admin/builder/spi-builder-workspace/.derivedData/SDKStatCaches.noindex/appletvos27.0-24J360-e829b21a6f8c9b70876ba0858053c044b32bfd8d43560033f8d89884cdb90028.sdkstatcache -target arm64-apple-tvos15.0 -fmessage-length\=0 -fdiagnostics-show-note-include-stack -fmacro-backtrace-limit\=0 -fno-color-diagnostics -fmodules-prune-interval\=86400 -fmodules-prune-after\=345600 -fbuild-session-file\=/Users/admin/builder/spi-builder-workspace/.derivedData/ModuleCache.noindex/Session.modulevalidation -fmodules-validate-once-per-build-session -Wnon-modular-include-in-framework-module -Werror\=non-modular-include-in-framework-module -Wno-trigraphs -Wno-missing-field-initializers -Wno-missing-prototypes -Wno-return-type -Wno-implicit-atomic-properties -Wno-objc-interface-ivars -Wno-arc-repeated-use-of-weak -Wno-missing-braces -Wparentheses -Wswitch -Wno-unused-function -Wno-unused-label -Wno-unused-parameter -Wno-unused-variable -Wunused-value -Wno-empty-body -Wno-uninitialized -Wno-unknown-pragmas -Wno-shadow -Wno-four-char-constants -Wno-conversion -Wno-constant-conversion -Wno-int-conversion -Wno-bool-conversion -Wno-enum-conversion -Wno-float-conversion -Wno-non-literal-null-conversion -Wno-objc-literal-conversion -Wshorten-64-to-32 -Wpointer-sign -Wno-newline-eof -Wno-selector -Wno-strict-selector-match -Wno-undeclared-selector -Wno-deprecated-implementations -Wno-implicit-fallthrough -isysroot /Applications/Xcode-27.0.0-Release.Candidate.app/Contents/Developer/Platforms/AppleTVOS.platform/Developer/SDKs/AppleTVOS27.0.sdk -fstrict-aliasing -Wprotocol -Wdeprecated-declarations -Wno-sign-conversion -Wno-infinite-recursion -Wno-comma -Wno-block-capture-autoreleasing -Wno-strict-prototypes -Wno-semicolon-before-method-body -index-store-path /Users/admin/builder/spi-builder-workspace/.derivedData/Index.noindex/DataStore @/Users/admin/builder/spi-builder-workspace/.derivedData/Build/Intermediates.noindex/AdjustSdk.build/Debug-appletvos/AdjustUnsigned-t.build/Objects-normal/arm64/e6072d4f65d7061329687fe24e3d63a7-common-args.resp -include /Users/admin/builder/spi-builder-workspace/.derivedData/Build/Intermediates.noindex/AdjustSdk.build/Debug-appletvos/AdjustUnsigned-t.build/DerivedSources/resource_bundle_accessor.h -MMD -MT dependencies -MF /Users/admin/builder/spi-builder-workspace/.derivedData/Build/Intermediates.noindex/AdjustSdk.build/Debug-appletvos/AdjustUnsigned-t.build/Objects-normal/arm64/ADJAppStoreSubscription.d --serialize-diagnostics /Users/admin/builder/spi-builder-workspace/.derivedData/Build/Intermediates.noindex/AdjustSdk.build/Debug-appletvos/AdjustUnsigned-t.build/Objects-normal/arm64/ADJAppStoreSubscription.dia -c /Users/admin/builder/spi-builder-workspace/Adjust/ADJAppStoreSubscription.m -o /Users/admin/builder/spi-builder-workspace/.derivedData/Build/Intermediates.noindex/AdjustSdk.build/Debug-appletvos/AdjustUnsigned-t.build/Objects-normal/arm64/ADJAppStoreSubscription.o -index-unit-output-path /AdjustSdk.build/Debug-appletvos/AdjustUnsigned-t.build/Objects-normal/arm64/ADJAppStoreSubscription.o
ScanDependencies /Users/admin/builder/spi-builder-workspace/.derivedData/Build/Intermediates.noindex/AdjustSdk.build/Debug-appletvos/AdjustUnsigned-t.build/Objects-normal/arm64/ADJAppStorePurchase.o /Users/admin/builder/spi-builder-workspace/Adjust/ADJAppStorePurchase.m normal arm64 objective-c com.apple.compilers.llvm.clang.1_0.compiler (in target 'AdjustUnsigned' from project 'AdjustSdk')
cd /Users/admin/builder/spi-builder-workspace/.swiftpm/xcode
Using response file: /Users/admin/builder/spi-builder-workspace/.derivedData/Build/Intermediates.noindex/AdjustSdk.build/Debug-appletvos/AdjustUnsigned-t.build/Objects-normal/arm64/e6072d4f65d7061329687fe24e3d63a7-common-args.resp
builtin-ScanDependencies -o /Users/admin/builder/spi-builder-workspace/.derivedData/Build/Intermediates.noindex/AdjustSdk.build/Debug-appletvos/AdjustUnsigned-t.build/Objects-normal/arm64/ADJAppStorePurchase.o.scan -- /Applications/Xcode-27.0.0-Release.Candidate.app/Contents/Developer/Toolchains/XcodeDefault.xctoolchain/usr/bin/clang -x objective-c -ivfsstatcache /Users/admin/builder/spi-builder-workspace/.derivedData/SDKStatCaches.noindex/appletvos27.0-24J360-e829b21a6f8c9b70876ba0858053c044b32bfd8d43560033f8d89884cdb90028.sdkstatcache -target arm64-apple-tvos15.0 -fmessage-length\=0 -fdiagnostics-show-note-include-stack -fmacro-backtrace-limit\=0 -fno-color-diagnostics -fmodules-prune-interval\=86400 -fmodules-prune-after\=345600 -fbuild-session-file\=/Users/admin/builder/spi-builder-workspace/.derivedData/ModuleCache.noindex/Session.modulevalidation -fmodules-validate-once-per-build-session -Wnon-modular-include-in-framework-module -Werror\=non-modular-include-in-framework-module -Wno-trigraphs -Wno-missing-field-initializers -Wno-missing-prototypes -Wno-return-type -Wno-implicit-atomic-properties -Wno-objc-interface-ivars -Wno-arc-repeated-use-of-weak -Wno-missing-braces -Wparentheses -Wswitch -Wno-unused-function -Wno-unused-label -Wno-unused-parameter -Wno-unused-variable -Wunused-value -Wno-empty-body -Wno-uninitialized -Wno-unknown-pragmas -Wno-shadow -Wno-four-char-constants -Wno-conversion -Wno-constant-conversion -Wno-int-conversion -Wno-bool-conversion -Wno-enum-conversion -Wno-float-conversion -Wno-non-literal-null-conversion -Wno-objc-literal-conversion -Wshorten-64-to-32 -Wpointer-sign -Wno-newline-eof -Wno-selector -Wno-strict-selector-match -Wno-undeclared-selector -Wno-deprecated-implementations -Wno-implicit-fallthrough -isysroot /Applications/Xcode-27.0.0-Release.Candidate.app/Contents/Developer/Platforms/AppleTVOS.platform/Developer/SDKs/AppleTVOS27.0.sdk -fstrict-aliasing -Wprotocol -Wdeprecated-declarations -Wno-sign-conversion -Wno-infinite-recursion -Wno-comma -Wno-block-capture-autoreleasing -Wno-strict-prototypes -Wno-semicolon-before-method-body -index-store-path /Users/admin/builder/spi-builder-workspace/.derivedData/Index.noindex/DataStore @/Users/admin/builder/spi-builder-workspace/.derivedData/Build/Intermediates.noindex/AdjustSdk.build/Debug-appletvos/AdjustUnsigned-t.build/Objects-normal/arm64/e6072d4f65d7061329687fe24e3d63a7-common-args.resp -include /Users/admin/builder/spi-builder-workspace/.derivedData/Build/Intermediates.noindex/AdjustSdk.build/Debug-appletvos/AdjustUnsigned-t.build/DerivedSources/resource_bundle_accessor.h -MMD -MT dependencies -MF /Users/admin/builder/spi-builder-workspace/.derivedData/Build/Intermediates.noindex/AdjustSdk.build/Debug-appletvos/AdjustUnsigned-t.build/Objects-normal/arm64/ADJAppStorePurchase.d --serialize-diagnostics /Users/admin/builder/spi-builder-workspace/.derivedData/Build/Intermediates.noindex/AdjustSdk.build/Debug-appletvos/AdjustUnsigned-t.build/Objects-normal/arm64/ADJAppStorePurchase.dia -c /Users/admin/builder/spi-builder-workspace/Adjust/ADJAppStorePurchase.m -o /Users/admin/builder/spi-builder-workspace/.derivedData/Build/Intermediates.noindex/AdjustSdk.build/Debug-appletvos/AdjustUnsigned-t.build/Objects-normal/arm64/ADJAppStorePurchase.o -index-unit-output-path /AdjustSdk.build/Debug-appletvos/AdjustUnsigned-t.build/Objects-normal/arm64/ADJAppStorePurchase.o
ScanDependencies /Users/admin/builder/spi-builder-workspace/.derivedData/Build/Intermediates.noindex/AdjustSdk.build/Debug-appletvos/AdjustUnsigned-t.build/Objects-normal/arm64/ADJAdjustFactory.o /Users/admin/builder/spi-builder-workspace/Adjust/Internal/ADJAdjustFactory.m normal arm64 objective-c com.apple.compilers.llvm.clang.1_0.compiler (in target 'AdjustUnsigned' from project 'AdjustSdk')
cd /Users/admin/builder/spi-builder-workspace/.swiftpm/xcode
Using response file: /Users/admin/builder/spi-builder-workspace/.derivedData/Build/Intermediates.noindex/AdjustSdk.build/Debug-appletvos/AdjustUnsigned-t.build/Objects-normal/arm64/e6072d4f65d7061329687fe24e3d63a7-common-args.resp
builtin-ScanDependencies -o /Users/admin/builder/spi-builder-workspace/.derivedData/Build/Intermediates.noindex/AdjustSdk.build/Debug-appletvos/AdjustUnsigned-t.build/Objects-normal/arm64/ADJAdjustFactory.o.scan -- /Applications/Xcode-27.0.0-Release.Candidate.app/Contents/Developer/Toolchains/XcodeDefault.xctoolchain/usr/bin/clang -x objective-c -ivfsstatcache /Users/admin/builder/spi-builder-workspace/.derivedData/SDKStatCaches.noindex/appletvos27.0-24J360-e829b21a6f8c9b70876ba0858053c044b32bfd8d43560033f8d89884cdb90028.sdkstatcache -target arm64-apple-tvos15.0 -fmessage-length\=0 -fdiagnostics-show-note-include-stack -fmacro-backtrace-limit\=0 -fno-color-diagnostics -fmodules-prune-interval\=86400 -fmodules-prune-after\=345600 -fbuild-session-file\=/Users/admin/builder/spi-builder-workspace/.derivedData/ModuleCache.noindex/Session.modulevalidation -fmodules-validate-once-per-build-session -Wnon-modular-include-in-framework-module -Werror\=non-modular-include-in-framework-module -Wno-trigraphs -Wno-missing-field-initializers -Wno-missing-prototypes -Wno-return-type -Wno-implicit-atomic-properties -Wno-objc-interface-ivars -Wno-arc-repeated-use-of-weak -Wno-missing-braces -Wparentheses -Wswitch -Wno-unused-function -Wno-unused-label -Wno-unused-parameter -Wno-unused-variable -Wunused-value -Wno-empty-body -Wno-uninitialized -Wno-unknown-pragmas -Wno-shadow -Wno-four-char-constants -Wno-conversion -Wno-constant-conversion -Wno-int-conversion -Wno-bool-conversion -Wno-enum-conversion -Wno-float-conversion -Wno-non-literal-null-conversion -Wno-objc-literal-conversion -Wshorten-64-to-32 -Wpointer-sign -Wno-newline-eof -Wno-selector -Wno-strict-selector-match -Wno-undeclared-selector -Wno-deprecated-implementations -Wno-implicit-fallthrough -isysroot /Applications/Xcode-27.0.0-Release.Candidate.app/Contents/Developer/Platforms/AppleTVOS.platform/Developer/SDKs/AppleTVOS27.0.sdk -fstrict-aliasing -Wprotocol -Wdeprecated-declarations -Wno-sign-conversion -Wno-infinite-recursion -Wno-comma -Wno-block-capture-autoreleasing -Wno-strict-prototypes -Wno-semicolon-before-method-body -index-store-path /Users/admin/builder/spi-builder-workspace/.derivedData/Index.noindex/DataStore @/Users/admin/builder/spi-builder-workspace/.derivedData/Build/Intermediates.noindex/AdjustSdk.build/Debug-appletvos/AdjustUnsigned-t.build/Objects-normal/arm64/e6072d4f65d7061329687fe24e3d63a7-common-args.resp -include /Users/admin/builder/spi-builder-workspace/.derivedData/Build/Intermediates.noindex/AdjustSdk.build/Debug-appletvos/AdjustUnsigned-t.build/DerivedSources/resource_bundle_accessor.h -MMD -MT dependencies -MF /Users/admin/builder/spi-builder-workspace/.derivedData/Build/Intermediates.noindex/AdjustSdk.build/Debug-appletvos/AdjustUnsigned-t.build/Objects-normal/arm64/ADJAdjustFactory.d --serialize-diagnostics /Users/admin/builder/spi-builder-workspace/.derivedData/Build/Intermediates.noindex/AdjustSdk.build/Debug-appletvos/AdjustUnsigned-t.build/Objects-normal/arm64/ADJAdjustFactory.dia -c /Users/admin/builder/spi-builder-workspace/Adjust/Internal/ADJAdjustFactory.m -o /Users/admin/builder/spi-builder-workspace/.derivedData/Build/Intermediates.noindex/AdjustSdk.build/Debug-appletvos/AdjustUnsigned-t.build/Objects-normal/arm64/ADJAdjustFactory.o -index-unit-output-path /AdjustSdk.build/Debug-appletvos/AdjustUnsigned-t.build/Objects-normal/arm64/ADJAdjustFactory.o
ScanDependencies /Users/admin/builder/spi-builder-workspace/.derivedData/Build/Intermediates.noindex/AdjustSdk.build/Debug-appletvos/AdjustUnsigned-t.build/Objects-normal/arm64/ADJAdditions.o /Users/admin/builder/spi-builder-workspace/Adjust/Internal/ADJAdditions.m normal arm64 objective-c com.apple.compilers.llvm.clang.1_0.compiler (in target 'AdjustUnsigned' from project 'AdjustSdk')
cd /Users/admin/builder/spi-builder-workspace/.swiftpm/xcode
Using response file: /Users/admin/builder/spi-builder-workspace/.derivedData/Build/Intermediates.noindex/AdjustSdk.build/Debug-appletvos/AdjustUnsigned-t.build/Objects-normal/arm64/e6072d4f65d7061329687fe24e3d63a7-common-args.resp
builtin-ScanDependencies -o /Users/admin/builder/spi-builder-workspace/.derivedData/Build/Intermediates.noindex/AdjustSdk.build/Debug-appletvos/AdjustUnsigned-t.build/Objects-normal/arm64/ADJAdditions.o.scan -- /Applications/Xcode-27.0.0-Release.Candidate.app/Contents/Developer/Toolchains/XcodeDefault.xctoolchain/usr/bin/clang -x objective-c -ivfsstatcache /Users/admin/builder/spi-builder-workspace/.derivedData/SDKStatCaches.noindex/appletvos27.0-24J360-e829b21a6f8c9b70876ba0858053c044b32bfd8d43560033f8d89884cdb90028.sdkstatcache -target arm64-apple-tvos15.0 -fmessage-length\=0 -fdiagnostics-show-note-include-stack -fmacro-backtrace-limit\=0 -fno-color-diagnostics -fmodules-prune-interval\=86400 -fmodules-prune-after\=345600 -fbuild-session-file\=/Users/admin/builder/spi-builder-workspace/.derivedData/ModuleCache.noindex/Session.modulevalidation -fmodules-validate-once-per-build-session -Wnon-modular-include-in-framework-module -Werror\=non-modular-include-in-framework-module -Wno-trigraphs -Wno-missing-field-initializers -Wno-missing-prototypes -Wno-return-type -Wno-implicit-atomic-properties -Wno-objc-interface-ivars -Wno-arc-repeated-use-of-weak -Wno-missing-braces -Wparentheses -Wswitch -Wno-unused-function -Wno-unused-label -Wno-unused-parameter -Wno-unused-variable -Wunused-value -Wno-empty-body -Wno-uninitialized -Wno-unknown-pragmas -Wno-shadow -Wno-four-char-constants -Wno-conversion -Wno-constant-conversion -Wno-int-conversion -Wno-bool-conversion -Wno-enum-conversion -Wno-float-conversion -Wno-non-literal-null-conversion -Wno-objc-literal-conversion -Wshorten-64-to-32 -Wpointer-sign -Wno-newline-eof -Wno-selector -Wno-strict-selector-match -Wno-undeclared-selector -Wno-deprecated-implementations -Wno-implicit-fallthrough -isysroot /Applications/Xcode-27.0.0-Release.Candidate.app/Contents/Developer/Platforms/AppleTVOS.platform/Developer/SDKs/AppleTVOS27.0.sdk -fstrict-aliasing -Wprotocol -Wdeprecated-declarations -Wno-sign-conversion -Wno-infinite-recursion -Wno-comma -Wno-block-capture-autoreleasing -Wno-strict-prototypes -Wno-semicolon-before-method-body -index-store-path /Users/admin/builder/spi-builder-workspace/.derivedData/Index.noindex/DataStore @/Users/admin/builder/spi-builder-workspace/.derivedData/Build/Intermediates.noindex/AdjustSdk.build/Debug-appletvos/AdjustUnsigned-t.build/Objects-normal/arm64/e6072d4f65d7061329687fe24e3d63a7-common-args.resp -include /Users/admin/builder/spi-builder-workspace/.derivedData/Build/Intermediates.noindex/AdjustSdk.build/Debug-appletvos/AdjustUnsigned-t.build/DerivedSources/resource_bundle_accessor.h -MMD -MT dependencies -MF /Users/admin/builder/spi-builder-workspace/.derivedData/Build/Intermediates.noindex/AdjustSdk.build/Debug-appletvos/AdjustUnsigned-t.build/Objects-normal/arm64/ADJAdditions.d --serialize-diagnostics /Users/admin/builder/spi-builder-workspace/.derivedData/Build/Intermediates.noindex/AdjustSdk.build/Debug-appletvos/AdjustUnsigned-t.build/Objects-normal/arm64/ADJAdditions.dia -c /Users/admin/builder/spi-builder-workspace/Adjust/Internal/ADJAdditions.m -o /Users/admin/builder/spi-builder-workspace/.derivedData/Build/Intermediates.noindex/AdjustSdk.build/Debug-appletvos/AdjustUnsigned-t.build/Objects-normal/arm64/ADJAdditions.o -index-unit-output-path /AdjustSdk.build/Debug-appletvos/AdjustUnsigned-t.build/Objects-normal/arm64/ADJAdditions.o
ScanDependencies /Users/admin/builder/spi-builder-workspace/.derivedData/Build/Intermediates.noindex/AdjustSdk.build/Debug-appletvos/AdjustUnsigned-t.build/Objects-normal/arm64/ADJAdRevenue.o /Users/admin/builder/spi-builder-workspace/Adjust/ADJAdRevenue.m normal arm64 objective-c com.apple.compilers.llvm.clang.1_0.compiler (in target 'AdjustUnsigned' from project 'AdjustSdk')
cd /Users/admin/builder/spi-builder-workspace/.swiftpm/xcode
Using response file: /Users/admin/builder/spi-builder-workspace/.derivedData/Build/Intermediates.noindex/AdjustSdk.build/Debug-appletvos/AdjustUnsigned-t.build/Objects-normal/arm64/e6072d4f65d7061329687fe24e3d63a7-common-args.resp
builtin-ScanDependencies -o /Users/admin/builder/spi-builder-workspace/.derivedData/Build/Intermediates.noindex/AdjustSdk.build/Debug-appletvos/AdjustUnsigned-t.build/Objects-normal/arm64/ADJAdRevenue.o.scan -- /Applications/Xcode-27.0.0-Release.Candidate.app/Contents/Developer/Toolchains/XcodeDefault.xctoolchain/usr/bin/clang -x objective-c -ivfsstatcache /Users/admin/builder/spi-builder-workspace/.derivedData/SDKStatCaches.noindex/appletvos27.0-24J360-e829b21a6f8c9b70876ba0858053c044b32bfd8d43560033f8d89884cdb90028.sdkstatcache -target arm64-apple-tvos15.0 -fmessage-length\=0 -fdiagnostics-show-note-include-stack -fmacro-backtrace-limit\=0 -fno-color-diagnostics -fmodules-prune-interval\=86400 -fmodules-prune-after\=345600 -fbuild-session-file\=/Users/admin/builder/spi-builder-workspace/.derivedData/ModuleCache.noindex/Session.modulevalidation -fmodules-validate-once-per-build-session -Wnon-modular-include-in-framework-module -Werror\=non-modular-include-in-framework-module -Wno-trigraphs -Wno-missing-field-initializers -Wno-missing-prototypes -Wno-return-type -Wno-implicit-atomic-properties -Wno-objc-interface-ivars -Wno-arc-repeated-use-of-weak -Wno-missing-braces -Wparentheses -Wswitch -Wno-unused-function -Wno-unused-label -Wno-unused-parameter -Wno-unused-variable -Wunused-value -Wno-empty-body -Wno-uninitialized -Wno-unknown-pragmas -Wno-shadow -Wno-four-char-constants -Wno-conversion -Wno-constant-conversion -Wno-int-conversion -Wno-bool-conversion -Wno-enum-conversion -Wno-float-conversion -Wno-non-literal-null-conversion -Wno-objc-literal-conversion -Wshorten-64-to-32 -Wpointer-sign -Wno-newline-eof -Wno-selector -Wno-strict-selector-match -Wno-undeclared-selector -Wno-deprecated-implementations -Wno-implicit-fallthrough -isysroot /Applications/Xcode-27.0.0-Release.Candidate.app/Contents/Developer/Platforms/AppleTVOS.platform/Developer/SDKs/AppleTVOS27.0.sdk -fstrict-aliasing -Wprotocol -Wdeprecated-declarations -Wno-sign-conversion -Wno-infinite-recursion -Wno-comma -Wno-block-capture-autoreleasing -Wno-strict-prototypes -Wno-semicolon-before-method-body -index-store-path /Users/admin/builder/spi-builder-workspace/.derivedData/Index.noindex/DataStore @/Users/admin/builder/spi-builder-workspace/.derivedData/Build/Intermediates.noindex/AdjustSdk.build/Debug-appletvos/AdjustUnsigned-t.build/Objects-normal/arm64/e6072d4f65d7061329687fe24e3d63a7-common-args.resp -include /Users/admin/builder/spi-builder-workspace/.derivedData/Build/Intermediates.noindex/AdjustSdk.build/Debug-appletvos/AdjustUnsigned-t.build/DerivedSources/resource_bundle_accessor.h -MMD -MT dependencies -MF /Users/admin/builder/spi-builder-workspace/.derivedData/Build/Intermediates.noindex/AdjustSdk.build/Debug-appletvos/AdjustUnsigned-t.build/Objects-normal/arm64/ADJAdRevenue.d --serialize-diagnostics /Users/admin/builder/spi-builder-workspace/.derivedData/Build/Intermediates.noindex/AdjustSdk.build/Debug-appletvos/AdjustUnsigned-t.build/Objects-normal/arm64/ADJAdRevenue.dia -c /Users/admin/builder/spi-builder-workspace/Adjust/ADJAdRevenue.m -o /Users/admin/builder/spi-builder-workspace/.derivedData/Build/Intermediates.noindex/AdjustSdk.build/Debug-appletvos/AdjustUnsigned-t.build/Objects-normal/arm64/ADJAdRevenue.o -index-unit-output-path /AdjustSdk.build/Debug-appletvos/AdjustUnsigned-t.build/Objects-normal/arm64/ADJAdRevenue.o
ScanDependencies /Users/admin/builder/spi-builder-workspace/.derivedData/Build/Intermediates.noindex/AdjustSdk.build/Debug-appletvos/AdjustUnsigned-t.build/Objects-normal/arm64/ADJActivityState.o /Users/admin/builder/spi-builder-workspace/Adjust/Internal/ADJActivityState.m normal arm64 objective-c com.apple.compilers.llvm.clang.1_0.compiler (in target 'AdjustUnsigned' from project 'AdjustSdk')
cd /Users/admin/builder/spi-builder-workspace/.swiftpm/xcode
Using response file: /Users/admin/builder/spi-builder-workspace/.derivedData/Build/Intermediates.noindex/AdjustSdk.build/Debug-appletvos/AdjustUnsigned-t.build/Objects-normal/arm64/e6072d4f65d7061329687fe24e3d63a7-common-args.resp
builtin-ScanDependencies -o /Users/admin/builder/spi-builder-workspace/.derivedData/Build/Intermediates.noindex/AdjustSdk.build/Debug-appletvos/AdjustUnsigned-t.build/Objects-normal/arm64/ADJActivityState.o.scan -- /Applications/Xcode-27.0.0-Release.Candidate.app/Contents/Developer/Toolchains/XcodeDefault.xctoolchain/usr/bin/clang -x objective-c -ivfsstatcache /Users/admin/builder/spi-builder-workspace/.derivedData/SDKStatCaches.noindex/appletvos27.0-24J360-e829b21a6f8c9b70876ba0858053c044b32bfd8d43560033f8d89884cdb90028.sdkstatcache -target arm64-apple-tvos15.0 -fmessage-length\=0 -fdiagnostics-show-note-include-stack -fmacro-backtrace-limit\=0 -fno-color-diagnostics -fmodules-prune-interval\=86400 -fmodules-prune-after\=345600 -fbuild-session-file\=/Users/admin/builder/spi-builder-workspace/.derivedData/ModuleCache.noindex/Session.modulevalidation -fmodules-validate-once-per-build-session -Wnon-modular-include-in-framework-module -Werror\=non-modular-include-in-framework-module -Wno-trigraphs -Wno-missing-field-initializers -Wno-missing-prototypes -Wno-return-type -Wno-implicit-atomic-properties -Wno-objc-interface-ivars -Wno-arc-repeated-use-of-weak -Wno-missing-braces -Wparentheses -Wswitch -Wno-unused-function -Wno-unused-label -Wno-unused-parameter -Wno-unused-variable -Wunused-value -Wno-empty-body -Wno-uninitialized -Wno-unknown-pragmas -Wno-shadow -Wno-four-char-constants -Wno-conversion -Wno-constant-conversion -Wno-int-conversion -Wno-bool-conversion -Wno-enum-conversion -Wno-float-conversion -Wno-non-literal-null-conversion -Wno-objc-literal-conversion -Wshorten-64-to-32 -Wpointer-sign -Wno-newline-eof -Wno-selector -Wno-strict-selector-match -Wno-undeclared-selector -Wno-deprecated-implementations -Wno-implicit-fallthrough -isysroot /Applications/Xcode-27.0.0-Release.Candidate.app/Contents/Developer/Platforms/AppleTVOS.platform/Developer/SDKs/AppleTVOS27.0.sdk -fstrict-aliasing -Wprotocol -Wdeprecated-declarations -Wno-sign-conversion -Wno-infinite-recursion -Wno-comma -Wno-block-capture-autoreleasing -Wno-strict-prototypes -Wno-semicolon-before-method-body -index-store-path /Users/admin/builder/spi-builder-workspace/.derivedData/Index.noindex/DataStore @/Users/admin/builder/spi-builder-workspace/.derivedData/Build/Intermediates.noindex/AdjustSdk.build/Debug-appletvos/AdjustUnsigned-t.build/Objects-normal/arm64/e6072d4f65d7061329687fe24e3d63a7-common-args.resp -include /Users/admin/builder/spi-builder-workspace/.derivedData/Build/Intermediates.noindex/AdjustSdk.build/Debug-appletvos/AdjustUnsigned-t.build/DerivedSources/resource_bundle_accessor.h -MMD -MT dependencies -MF /Users/admin/builder/spi-builder-workspace/.derivedData/Build/Intermediates.noindex/AdjustSdk.build/Debug-appletvos/AdjustUnsigned-t.build/Objects-normal/arm64/ADJActivityState.d --serialize-diagnostics /Users/admin/builder/spi-builder-workspace/.derivedData/Build/Intermediates.noindex/AdjustSdk.build/Debug-appletvos/AdjustUnsigned-t.build/Objects-normal/arm64/ADJActivityState.dia -c /Users/admin/builder/spi-builder-workspace/Adjust/Internal/ADJActivityState.m -o /Users/admin/builder/spi-builder-workspace/.derivedData/Build/Intermediates.noindex/AdjustSdk.build/Debug-appletvos/AdjustUnsigned-t.build/Objects-normal/arm64/ADJActivityState.o -index-unit-output-path /AdjustSdk.build/Debug-appletvos/AdjustUnsigned-t.build/Objects-normal/arm64/ADJActivityState.o
ScanDependencies /Users/admin/builder/spi-builder-workspace/.derivedData/Build/Intermediates.noindex/AdjustSdk.build/Debug-appletvos/AdjustUnsigned-t.build/Objects-normal/arm64/ADJActivityPackage.o /Users/admin/builder/spi-builder-workspace/Adjust/Internal/ADJActivityPackage.m normal arm64 objective-c com.apple.compilers.llvm.clang.1_0.compiler (in target 'AdjustUnsigned' from project 'AdjustSdk')
cd /Users/admin/builder/spi-builder-workspace/.swiftpm/xcode
Using response file: /Users/admin/builder/spi-builder-workspace/.derivedData/Build/Intermediates.noindex/AdjustSdk.build/Debug-appletvos/AdjustUnsigned-t.build/Objects-normal/arm64/e6072d4f65d7061329687fe24e3d63a7-common-args.resp
builtin-ScanDependencies -o /Users/admin/builder/spi-builder-workspace/.derivedData/Build/Intermediates.noindex/AdjustSdk.build/Debug-appletvos/AdjustUnsigned-t.build/Objects-normal/arm64/ADJActivityPackage.o.scan -- /Applications/Xcode-27.0.0-Release.Candidate.app/Contents/Developer/Toolchains/XcodeDefault.xctoolchain/usr/bin/clang -x objective-c -ivfsstatcache /Users/admin/builder/spi-builder-workspace/.derivedData/SDKStatCaches.noindex/appletvos27.0-24J360-e829b21a6f8c9b70876ba0858053c044b32bfd8d43560033f8d89884cdb90028.sdkstatcache -target arm64-apple-tvos15.0 -fmessage-length\=0 -fdiagnostics-show-note-include-stack -fmacro-backtrace-limit\=0 -fno-color-diagnostics -fmodules-prune-interval\=86400 -fmodules-prune-after\=345600 -fbuild-session-file\=/Users/admin/builder/spi-builder-workspace/.derivedData/ModuleCache.noindex/Session.modulevalidation -fmodules-validate-once-per-build-session -Wnon-modular-include-in-framework-module -Werror\=non-modular-include-in-framework-module -Wno-trigraphs -Wno-missing-field-initializers -Wno-missing-prototypes -Wno-return-type -Wno-implicit-atomic-properties -Wno-objc-interface-ivars -Wno-arc-repeated-use-of-weak -Wno-missing-braces -Wparentheses -Wswitch -Wno-unused-function -Wno-unused-label -Wno-unused-parameter -Wno-unused-variable -Wunused-value -Wno-empty-body -Wno-uninitialized -Wno-unknown-pragmas -Wno-shadow -Wno-four-char-constants -Wno-conversion -Wno-constant-conversion -Wno-int-conversion -Wno-bool-conversion -Wno-enum-conversion -Wno-float-conversion -Wno-non-literal-null-conversion -Wno-objc-literal-conversion -Wshorten-64-to-32 -Wpointer-sign -Wno-newline-eof -Wno-selector -Wno-strict-selector-match -Wno-undeclared-selector -Wno-deprecated-implementations -Wno-implicit-fallthrough -isysroot /Applications/Xcode-27.0.0-Release.Candidate.app/Contents/Developer/Platforms/AppleTVOS.platform/Developer/SDKs/AppleTVOS27.0.sdk -fstrict-aliasing -Wprotocol -Wdeprecated-declarations -Wno-sign-conversion -Wno-infinite-recursion -Wno-comma -Wno-block-capture-autoreleasing -Wno-strict-prototypes -Wno-semicolon-before-method-body -index-store-path /Users/admin/builder/spi-builder-workspace/.derivedData/Index.noindex/DataStore @/Users/admin/builder/spi-builder-workspace/.derivedData/Build/Intermediates.noindex/AdjustSdk.build/Debug-appletvos/AdjustUnsigned-t.build/Objects-normal/arm64/e6072d4f65d7061329687fe24e3d63a7-common-args.resp -include /Users/admin/builder/spi-builder-workspace/.derivedData/Build/Intermediates.noindex/AdjustSdk.build/Debug-appletvos/AdjustUnsigned-t.build/DerivedSources/resource_bundle_accessor.h -MMD -MT dependencies -MF /Users/admin/builder/spi-builder-workspace/.derivedData/Build/Intermediates.noindex/AdjustSdk.build/Debug-appletvos/AdjustUnsigned-t.build/Objects-normal/arm64/ADJActivityPackage.d --serialize-diagnostics /Users/admin/builder/spi-builder-workspace/.derivedData/Build/Intermediates.noindex/AdjustSdk.build/Debug-appletvos/AdjustUnsigned-t.build/Objects-normal/arm64/ADJActivityPackage.dia -c /Users/admin/builder/spi-builder-workspace/Adjust/Internal/ADJActivityPackage.m -o /Users/admin/builder/spi-builder-workspace/.derivedData/Build/Intermediates.noindex/AdjustSdk.build/Debug-appletvos/AdjustUnsigned-t.build/Objects-normal/arm64/ADJActivityPackage.o -index-unit-output-path /AdjustSdk.build/Debug-appletvos/AdjustUnsigned-t.build/Objects-normal/arm64/ADJActivityPackage.o
ScanDependencies /Users/admin/builder/spi-builder-workspace/.derivedData/Build/Intermediates.noindex/AdjustSdk.build/Debug-appletvos/AdjustUnsigned-t.build/Objects-normal/arm64/ADJActivityKind.o /Users/admin/builder/spi-builder-workspace/Adjust/Internal/ADJActivityKind.m normal arm64 objective-c com.apple.compilers.llvm.clang.1_0.compiler (in target 'AdjustUnsigned' from project 'AdjustSdk')
cd /Users/admin/builder/spi-builder-workspace/.swiftpm/xcode
Using response file: /Users/admin/builder/spi-builder-workspace/.derivedData/Build/Intermediates.noindex/AdjustSdk.build/Debug-appletvos/AdjustUnsigned-t.build/Objects-normal/arm64/e6072d4f65d7061329687fe24e3d63a7-common-args.resp
builtin-ScanDependencies -o /Users/admin/builder/spi-builder-workspace/.derivedData/Build/Intermediates.noindex/AdjustSdk.build/Debug-appletvos/AdjustUnsigned-t.build/Objects-normal/arm64/ADJActivityKind.o.scan -- /Applications/Xcode-27.0.0-Release.Candidate.app/Contents/Developer/Toolchains/XcodeDefault.xctoolchain/usr/bin/clang -x objective-c -ivfsstatcache /Users/admin/builder/spi-builder-workspace/.derivedData/SDKStatCaches.noindex/appletvos27.0-24J360-e829b21a6f8c9b70876ba0858053c044b32bfd8d43560033f8d89884cdb90028.sdkstatcache -target arm64-apple-tvos15.0 -fmessage-length\=0 -fdiagnostics-show-note-include-stack -fmacro-backtrace-limit\=0 -fno-color-diagnostics -fmodules-prune-interval\=86400 -fmodules-prune-after\=345600 -fbuild-session-file\=/Users/admin/builder/spi-builder-workspace/.derivedData/ModuleCache.noindex/Session.modulevalidation -fmodules-validate-once-per-build-session -Wnon-modular-include-in-framework-module -Werror\=non-modular-include-in-framework-module -Wno-trigraphs -Wno-missing-field-initializers -Wno-missing-prototypes -Wno-return-type -Wno-implicit-atomic-properties -Wno-objc-interface-ivars -Wno-arc-repeated-use-of-weak -Wno-missing-braces -Wparentheses -Wswitch -Wno-unused-function -Wno-unused-label -Wno-unused-parameter -Wno-unused-variable -Wunused-value -Wno-empty-body -Wno-uninitialized -Wno-unknown-pragmas -Wno-shadow -Wno-four-char-constants -Wno-conversion -Wno-constant-conversion -Wno-int-conversion -Wno-bool-conversion -Wno-enum-conversion -Wno-float-conversion -Wno-non-literal-null-conversion -Wno-objc-literal-conversion -Wshorten-64-to-32 -Wpointer-sign -Wno-newline-eof -Wno-selector -Wno-strict-selector-match -Wno-undeclared-selector -Wno-deprecated-implementations -Wno-implicit-fallthrough -isysroot /Applications/Xcode-27.0.0-Release.Candidate.app/Contents/Developer/Platforms/AppleTVOS.platform/Developer/SDKs/AppleTVOS27.0.sdk -fstrict-aliasing -Wprotocol -Wdeprecated-declarations -Wno-sign-conversion -Wno-infinite-recursion -Wno-comma -Wno-block-capture-autoreleasing -Wno-strict-prototypes -Wno-semicolon-before-method-body -index-store-path /Users/admin/builder/spi-builder-workspace/.derivedData/Index.noindex/DataStore @/Users/admin/builder/spi-builder-workspace/.derivedData/Build/Intermediates.noindex/AdjustSdk.build/Debug-appletvos/AdjustUnsigned-t.build/Objects-normal/arm64/e6072d4f65d7061329687fe24e3d63a7-common-args.resp -include /Users/admin/builder/spi-builder-workspace/.derivedData/Build/Intermediates.noindex/AdjustSdk.build/Debug-appletvos/AdjustUnsigned-t.build/DerivedSources/resource_bundle_accessor.h -MMD -MT dependencies -MF /Users/admin/builder/spi-builder-workspace/.derivedData/Build/Intermediates.noindex/AdjustSdk.build/Debug-appletvos/AdjustUnsigned-t.build/Objects-normal/arm64/ADJActivityKind.d --serialize-diagnostics /Users/admin/builder/spi-builder-workspace/.derivedData/Build/Intermediates.noindex/AdjustSdk.build/Debug-appletvos/AdjustUnsigned-t.build/Objects-normal/arm64/ADJActivityKind.dia -c /Users/admin/builder/spi-builder-workspace/Adjust/Internal/ADJActivityKind.m -o /Users/admin/builder/spi-builder-workspace/.derivedData/Build/Intermediates.noindex/AdjustSdk.build/Debug-appletvos/AdjustUnsigned-t.build/Objects-normal/arm64/ADJActivityKind.o -index-unit-output-path /AdjustSdk.build/Debug-appletvos/AdjustUnsigned-t.build/Objects-normal/arm64/ADJActivityKind.o
ScanDependencies /Users/admin/builder/spi-builder-workspace/.derivedData/Build/Intermediates.noindex/AdjustSdk.build/Debug-appletvos/AdjustUnsigned-t.build/Objects-normal/arm64/ADJActivityHandler.o /Users/admin/builder/spi-builder-workspace/Adjust/Internal/ADJActivityHandler.m normal arm64 objective-c com.apple.compilers.llvm.clang.1_0.compiler (in target 'AdjustUnsigned' from project 'AdjustSdk')
cd /Users/admin/builder/spi-builder-workspace/.swiftpm/xcode
Using response file: /Users/admin/builder/spi-builder-workspace/.derivedData/Build/Intermediates.noindex/AdjustSdk.build/Debug-appletvos/AdjustUnsigned-t.build/Objects-normal/arm64/e6072d4f65d7061329687fe24e3d63a7-common-args.resp
builtin-ScanDependencies -o /Users/admin/builder/spi-builder-workspace/.derivedData/Build/Intermediates.noindex/AdjustSdk.build/Debug-appletvos/AdjustUnsigned-t.build/Objects-normal/arm64/ADJActivityHandler.o.scan -- /Applications/Xcode-27.0.0-Release.Candidate.app/Contents/Developer/Toolchains/XcodeDefault.xctoolchain/usr/bin/clang -x objective-c -ivfsstatcache /Users/admin/builder/spi-builder-workspace/.derivedData/SDKStatCaches.noindex/appletvos27.0-24J360-e829b21a6f8c9b70876ba0858053c044b32bfd8d43560033f8d89884cdb90028.sdkstatcache -target arm64-apple-tvos15.0 -fmessage-length\=0 -fdiagnostics-show-note-include-stack -fmacro-backtrace-limit\=0 -fno-color-diagnostics -fmodules-prune-interval\=86400 -fmodules-prune-after\=345600 -fbuild-session-file\=/Users/admin/builder/spi-builder-workspace/.derivedData/ModuleCache.noindex/Session.modulevalidation -fmodules-validate-once-per-build-session -Wnon-modular-include-in-framework-module -Werror\=non-modular-include-in-framework-module -Wno-trigraphs -Wno-missing-field-initializers -Wno-missing-prototypes -Wno-return-type -Wno-implicit-atomic-properties -Wno-objc-interface-ivars -Wno-arc-repeated-use-of-weak -Wno-missing-braces -Wparentheses -Wswitch -Wno-unused-function -Wno-unused-label -Wno-unused-parameter -Wno-unused-variable -Wunused-value -Wno-empty-body -Wno-uninitialized -Wno-unknown-pragmas -Wno-shadow -Wno-four-char-constants -Wno-conversion -Wno-constant-conversion -Wno-int-conversion -Wno-bool-conversion -Wno-enum-conversion -Wno-float-conversion -Wno-non-literal-null-conversion -Wno-objc-literal-conversion -Wshorten-64-to-32 -Wpointer-sign -Wno-newline-eof -Wno-selector -Wno-strict-selector-match -Wno-undeclared-selector -Wno-deprecated-implementations -Wno-implicit-fallthrough -isysroot /Applications/Xcode-27.0.0-Release.Candidate.app/Contents/Developer/Platforms/AppleTVOS.platform/Developer/SDKs/AppleTVOS27.0.sdk -fstrict-aliasing -Wprotocol -Wdeprecated-declarations -Wno-sign-conversion -Wno-infinite-recursion -Wno-comma -Wno-block-capture-autoreleasing -Wno-strict-prototypes -Wno-semicolon-before-method-body -index-store-path /Users/admin/builder/spi-builder-workspace/.derivedData/Index.noindex/DataStore @/Users/admin/builder/spi-builder-workspace/.derivedData/Build/Intermediates.noindex/AdjustSdk.build/Debug-appletvos/AdjustUnsigned-t.build/Objects-normal/arm64/e6072d4f65d7061329687fe24e3d63a7-common-args.resp -include /Users/admin/builder/spi-builder-workspace/.derivedData/Build/Intermediates.noindex/AdjustSdk.build/Debug-appletvos/AdjustUnsigned-t.build/DerivedSources/resource_bundle_accessor.h -MMD -MT dependencies -MF /Users/admin/builder/spi-builder-workspace/.derivedData/Build/Intermediates.noindex/AdjustSdk.build/Debug-appletvos/AdjustUnsigned-t.build/Objects-normal/arm64/ADJActivityHandler.d --serialize-diagnostics /Users/admin/builder/spi-builder-workspace/.derivedData/Build/Intermediates.noindex/AdjustSdk.build/Debug-appletvos/AdjustUnsigned-t.build/Objects-normal/arm64/ADJActivityHandler.dia -c /Users/admin/builder/spi-builder-workspace/Adjust/Internal/ADJActivityHandler.m -o /Users/admin/builder/spi-builder-workspace/.derivedData/Build/Intermediates.noindex/AdjustSdk.build/Debug-appletvos/AdjustUnsigned-t.build/Objects-normal/arm64/ADJActivityHandler.o -index-unit-output-path /AdjustSdk.build/Debug-appletvos/AdjustUnsigned-t.build/Objects-normal/arm64/ADJActivityHandler.o
ScanDependencies /Users/admin/builder/spi-builder-workspace/.derivedData/Build/Intermediates.noindex/AdjustSdk.build/Debug-appletvos/AdjustSdk-t.build/Objects-normal/arm64/resource_bundle_accessor.o /Users/admin/builder/spi-builder-workspace/.derivedData/Build/Intermediates.noindex/AdjustSdk.build/Debug-appletvos/AdjustSdk-t.build/DerivedSources/resource_bundle_accessor.m normal arm64 objective-c com.apple.compilers.llvm.clang.1_0.compiler (in target 'AdjustSdk' from project 'AdjustSdk')
cd /Users/admin/builder/spi-builder-workspace/.swiftpm/xcode
Using response file: /Users/admin/builder/spi-builder-workspace/.derivedData/Build/Intermediates.noindex/AdjustSdk.build/Debug-appletvos/AdjustSdk-t.build/Objects-normal/arm64/e6072d4f65d7061329687fe24e3d63a7-common-args.resp
builtin-ScanDependencies -o /Users/admin/builder/spi-builder-workspace/.derivedData/Build/Intermediates.noindex/AdjustSdk.build/Debug-appletvos/AdjustSdk-t.build/Objects-normal/arm64/resource_bundle_accessor.o.scan -- /Applications/Xcode-27.0.0-Release.Candidate.app/Contents/Developer/Toolchains/XcodeDefault.xctoolchain/usr/bin/clang -x objective-c -ivfsstatcache /Users/admin/builder/spi-builder-workspace/.derivedData/SDKStatCaches.noindex/appletvos27.0-24J360-e829b21a6f8c9b70876ba0858053c044b32bfd8d43560033f8d89884cdb90028.sdkstatcache -target arm64-apple-tvos15.0 -fmessage-length\=0 -fdiagnostics-show-note-include-stack -fmacro-backtrace-limit\=0 -fno-color-diagnostics -fmodules-prune-interval\=86400 -fmodules-prune-after\=345600 -fbuild-session-file\=/Users/admin/builder/spi-builder-workspace/.derivedData/ModuleCache.noindex/Session.modulevalidation -fmodules-validate-once-per-build-session -Wnon-modular-include-in-framework-module -Werror\=non-modular-include-in-framework-module -Wno-trigraphs -Wno-missing-field-initializers -Wno-missing-prototypes -Wno-return-type -Wno-implicit-atomic-properties -Wno-objc-interface-ivars -Wno-arc-repeated-use-of-weak -Wno-missing-braces -Wparentheses -Wswitch -Wno-unused-function -Wno-unused-label -Wno-unused-parameter -Wno-unused-variable -Wunused-value -Wno-empty-body -Wno-uninitialized -Wno-unknown-pragmas -Wno-shadow -Wno-four-char-constants -Wno-conversion -Wno-constant-conversion -Wno-int-conversion -Wno-bool-conversion -Wno-enum-conversion -Wno-float-conversion -Wno-non-literal-null-conversion -Wno-objc-literal-conversion -Wshorten-64-to-32 -Wpointer-sign -Wno-newline-eof -Wno-selector -Wno-strict-selector-match -Wno-undeclared-selector -Wno-deprecated-implementations -Wno-implicit-fallthrough -isysroot /Applications/Xcode-27.0.0-Release.Candidate.app/Contents/Developer/Platforms/AppleTVOS.platform/Developer/SDKs/AppleTVOS27.0.sdk -fstrict-aliasing -Wprotocol -Wdeprecated-declarations -Wno-sign-conversion -Wno-infinite-recursion -Wno-comma -Wno-block-capture-autoreleasing -Wno-strict-prototypes -Wno-semicolon-before-method-body -index-store-path /Users/admin/builder/spi-builder-workspace/.derivedData/Index.noindex/DataStore @/Users/admin/builder/spi-builder-workspace/.derivedData/Build/Intermediates.noindex/AdjustSdk.build/Debug-appletvos/AdjustSdk-t.build/Objects-normal/arm64/e6072d4f65d7061329687fe24e3d63a7-common-args.resp -include /Users/admin/builder/spi-builder-workspace/.derivedData/Build/Intermediates.noindex/AdjustSdk.build/Debug-appletvos/AdjustSdk-t.build/DerivedSources/resource_bundle_accessor.h -MMD -MT dependencies -MF /Users/admin/builder/spi-builder-workspace/.derivedData/Build/Intermediates.noindex/AdjustSdk.build/Debug-appletvos/AdjustSdk-t.build/Objects-normal/arm64/resource_bundle_accessor.d --serialize-diagnostics /Users/admin/builder/spi-builder-workspace/.derivedData/Build/Intermediates.noindex/AdjustSdk.build/Debug-appletvos/AdjustSdk-t.build/Objects-normal/arm64/resource_bundle_accessor.dia -c /Users/admin/builder/spi-builder-workspace/.derivedData/Build/Intermediates.noindex/AdjustSdk.build/Debug-appletvos/AdjustSdk-t.build/DerivedSources/resource_bundle_accessor.m -o /Users/admin/builder/spi-builder-workspace/.derivedData/Build/Intermediates.noindex/AdjustSdk.build/Debug-appletvos/AdjustSdk-t.build/Objects-normal/arm64/resource_bundle_accessor.o -index-unit-output-path /AdjustSdk.build/Debug-appletvos/AdjustSdk-t.build/Objects-normal/arm64/resource_bundle_accessor.o
ScanDependencies /Users/admin/builder/spi-builder-workspace/.derivedData/Build/Intermediates.noindex/AdjustSdk.build/Debug-appletvos/AdjustSdk-t.build/Objects-normal/arm64/Adjust.o /Users/admin/builder/spi-builder-workspace/Adjust/Adjust.m normal arm64 objective-c com.apple.compilers.llvm.clang.1_0.compiler (in target 'AdjustSdk' from project 'AdjustSdk')
cd /Users/admin/builder/spi-builder-workspace/.swiftpm/xcode
Using response file: /Users/admin/builder/spi-builder-workspace/.derivedData/Build/Intermediates.noindex/AdjustSdk.build/Debug-appletvos/AdjustSdk-t.build/Objects-normal/arm64/e6072d4f65d7061329687fe24e3d63a7-common-args.resp
builtin-ScanDependencies -o /Users/admin/builder/spi-builder-workspace/.derivedData/Build/Intermediates.noindex/AdjustSdk.build/Debug-appletvos/AdjustSdk-t.build/Objects-normal/arm64/Adjust.o.scan -- /Applications/Xcode-27.0.0-Release.Candidate.app/Contents/Developer/Toolchains/XcodeDefault.xctoolchain/usr/bin/clang -x objective-c -ivfsstatcache /Users/admin/builder/spi-builder-workspace/.derivedData/SDKStatCaches.noindex/appletvos27.0-24J360-e829b21a6f8c9b70876ba0858053c044b32bfd8d43560033f8d89884cdb90028.sdkstatcache -target arm64-apple-tvos15.0 -fmessage-length\=0 -fdiagnostics-show-note-include-stack -fmacro-backtrace-limit\=0 -fno-color-diagnostics -fmodules-prune-interval\=86400 -fmodules-prune-after\=345600 -fbuild-session-file\=/Users/admin/builder/spi-builder-workspace/.derivedData/ModuleCache.noindex/Session.modulevalidation -fmodules-validate-once-per-build-session -Wnon-modular-include-in-framework-module -Werror\=non-modular-include-in-framework-module -Wno-trigraphs -Wno-missing-field-initializers -Wno-missing-prototypes -Wno-return-type -Wno-implicit-atomic-properties -Wno-objc-interface-ivars -Wno-arc-repeated-use-of-weak -Wno-missing-braces -Wparentheses -Wswitch -Wno-unused-function -Wno-unused-label -Wno-unused-parameter -Wno-unused-variable -Wunused-value -Wno-empty-body -Wno-uninitialized -Wno-unknown-pragmas -Wno-shadow -Wno-four-char-constants -Wno-conversion -Wno-constant-conversion -Wno-int-conversion -Wno-bool-conversion -Wno-enum-conversion -Wno-float-conversion -Wno-non-literal-null-conversion -Wno-objc-literal-conversion -Wshorten-64-to-32 -Wpointer-sign -Wno-newline-eof -Wno-selector -Wno-strict-selector-match -Wno-undeclared-selector -Wno-deprecated-implementations -Wno-implicit-fallthrough -isysroot /Applications/Xcode-27.0.0-Release.Candidate.app/Contents/Developer/Platforms/AppleTVOS.platform/Developer/SDKs/AppleTVOS27.0.sdk -fstrict-aliasing -Wprotocol -Wdeprecated-declarations -Wno-sign-conversion -Wno-infinite-recursion -Wno-comma -Wno-block-capture-autoreleasing -Wno-strict-prototypes -Wno-semicolon-before-method-body -index-store-path /Users/admin/builder/spi-builder-workspace/.derivedData/Index.noindex/DataStore @/Users/admin/builder/spi-builder-workspace/.derivedData/Build/Intermediates.noindex/AdjustSdk.build/Debug-appletvos/AdjustSdk-t.build/Objects-normal/arm64/e6072d4f65d7061329687fe24e3d63a7-common-args.resp -include /Users/admin/builder/spi-builder-workspace/.derivedData/Build/Intermediates.noindex/AdjustSdk.build/Debug-appletvos/AdjustSdk-t.build/DerivedSources/resource_bundle_accessor.h -MMD -MT dependencies -MF /Users/admin/builder/spi-builder-workspace/.derivedData/Build/Intermediates.noindex/AdjustSdk.build/Debug-appletvos/AdjustSdk-t.build/Objects-normal/arm64/Adjust.d --serialize-diagnostics /Users/admin/builder/spi-builder-workspace/.derivedData/Build/Intermediates.noindex/AdjustSdk.build/Debug-appletvos/AdjustSdk-t.build/Objects-normal/arm64/Adjust.dia -c /Users/admin/builder/spi-builder-workspace/Adjust/Adjust.m -o /Users/admin/builder/spi-builder-workspace/.derivedData/Build/Intermediates.noindex/AdjustSdk.build/Debug-appletvos/AdjustSdk-t.build/Objects-normal/arm64/Adjust.o -index-unit-output-path /AdjustSdk.build/Debug-appletvos/AdjustSdk-t.build/Objects-normal/arm64/Adjust.o
PrecompileModule /Users/admin/builder/spi-builder-workspace/.derivedData/Build/Intermediates.noindex/ExplicitPrecompiledModules/_Builtin_stdint-50FJDZ6Q2WSM7LI8ZTF9JPPGX.scan
cd /
builtin-precompileModule /Users/admin/builder/spi-builder-workspace/.derivedData/Build/Intermediates.noindex/ExplicitPrecompiledModules/_Builtin_stdint-50FJDZ6Q2WSM7LI8ZTF9JPPGX.scan
ScanDependencies /Users/admin/builder/spi-builder-workspace/.derivedData/Build/Intermediates.noindex/AdjustSdk.build/Debug-appletvos/AdjustSdk-t.build/Objects-normal/arm64/ADJUtil.o /Users/admin/builder/spi-builder-workspace/Adjust/Internal/ADJUtil.m normal arm64 objective-c com.apple.compilers.llvm.clang.1_0.compiler (in target 'AdjustSdk' from project 'AdjustSdk')
cd /Users/admin/builder/spi-builder-workspace/.swiftpm/xcode
Using response file: /Users/admin/builder/spi-builder-workspace/.derivedData/Build/Intermediates.noindex/AdjustSdk.build/Debug-appletvos/AdjustSdk-t.build/Objects-normal/arm64/e6072d4f65d7061329687fe24e3d63a7-common-args.resp
builtin-ScanDependencies -o /Users/admin/builder/spi-builder-workspace/.derivedData/Build/Intermediates.noindex/AdjustSdk.build/Debug-appletvos/AdjustSdk-t.build/Objects-normal/arm64/ADJUtil.o.scan -- /Applications/Xcode-27.0.0-Release.Candidate.app/Contents/Developer/Toolchains/XcodeDefault.xctoolchain/usr/bin/clang -x objective-c -ivfsstatcache /Users/admin/builder/spi-builder-workspace/.derivedData/SDKStatCaches.noindex/appletvos27.0-24J360-e829b21a6f8c9b70876ba0858053c044b32bfd8d43560033f8d89884cdb90028.sdkstatcache -target arm64-apple-tvos15.0 -fmessage-length\=0 -fdiagnostics-show-note-include-stack -fmacro-backtrace-limit\=0 -fno-color-diagnostics -fmodules-prune-interval\=86400 -fmodules-prune-after\=345600 -fbuild-session-file\=/Users/admin/builder/spi-builder-workspace/.derivedData/ModuleCache.noindex/Session.modulevalidation -fmodules-validate-once-per-build-session -Wnon-modular-include-in-framework-module -Werror\=non-modular-include-in-framework-module -Wno-trigraphs -Wno-missing-field-initializers -Wno-missing-prototypes -Wno-return-type -Wno-implicit-atomic-properties -Wno-objc-interface-ivars -Wno-arc-repeated-use-of-weak -Wno-missing-braces -Wparentheses -Wswitch -Wno-unused-function -Wno-unused-label -Wno-unused-parameter -Wno-unused-variable -Wunused-value -Wno-empty-body -Wno-uninitialized -Wno-unknown-pragmas -Wno-shadow -Wno-four-char-constants -Wno-conversion -Wno-constant-conversion -Wno-int-conversion -Wno-bool-conversion -Wno-enum-conversion -Wno-float-conversion -Wno-non-literal-null-conversion -Wno-objc-literal-conversion -Wshorten-64-to-32 -Wpointer-sign -Wno-newline-eof -Wno-selector -Wno-strict-selector-match -Wno-undeclared-selector -Wno-deprecated-implementations -Wno-implicit-fallthrough -isysroot /Applications/Xcode-27.0.0-Release.Candidate.app/Contents/Developer/Platforms/AppleTVOS.platform/Developer/SDKs/AppleTVOS27.0.sdk -fstrict-aliasing -Wprotocol -Wdeprecated-declarations -Wno-sign-conversion -Wno-infinite-recursion -Wno-comma -Wno-block-capture-autoreleasing -Wno-strict-prototypes -Wno-semicolon-before-method-body -index-store-path /Users/admin/builder/spi-builder-workspace/.derivedData/Index.noindex/DataStore @/Users/admin/builder/spi-builder-workspace/.derivedData/Build/Intermediates.noindex/AdjustSdk.build/Debug-appletvos/AdjustSdk-t.build/Objects-normal/arm64/e6072d4f65d7061329687fe24e3d63a7-common-args.resp -include /Users/admin/builder/spi-builder-workspace/.derivedData/Build/Intermediates.noindex/AdjustSdk.build/Debug-appletvos/AdjustSdk-t.build/DerivedSources/resource_bundle_accessor.h -MMD -MT dependencies -MF /Users/admin/builder/spi-builder-workspace/.derivedData/Build/Intermediates.noindex/AdjustSdk.build/Debug-appletvos/AdjustSdk-t.build/Objects-normal/arm64/ADJUtil.d --serialize-diagnostics /Users/admin/builder/spi-builder-workspace/.derivedData/Build/Intermediates.noindex/AdjustSdk.build/Debug-appletvos/AdjustSdk-t.build/Objects-normal/arm64/ADJUtil.dia -c /Users/admin/builder/spi-builder-workspace/Adjust/Internal/ADJUtil.m -o /Users/admin/builder/spi-builder-workspace/.derivedData/Build/Intermediates.noindex/AdjustSdk.build/Debug-appletvos/AdjustSdk-t.build/Objects-normal/arm64/ADJUtil.o -index-unit-output-path /AdjustSdk.build/Debug-appletvos/AdjustSdk-t.build/Objects-normal/arm64/ADJUtil.o
ScanDependencies /Users/admin/builder/spi-builder-workspace/.derivedData/Build/Intermediates.noindex/AdjustSdk.build/Debug-appletvos/AdjustSdk-t.build/Objects-normal/arm64/ADJUserDefaults.o /Users/admin/builder/spi-builder-workspace/Adjust/Internal/ADJUserDefaults.m normal arm64 objective-c com.apple.compilers.llvm.clang.1_0.compiler (in target 'AdjustSdk' from project 'AdjustSdk')
cd /Users/admin/builder/spi-builder-workspace/.swiftpm/xcode
Using response file: /Users/admin/builder/spi-builder-workspace/.derivedData/Build/Intermediates.noindex/AdjustSdk.build/Debug-appletvos/AdjustSdk-t.build/Objects-normal/arm64/e6072d4f65d7061329687fe24e3d63a7-common-args.resp
builtin-ScanDependencies -o /Users/admin/builder/spi-builder-workspace/.derivedData/Build/Intermediates.noindex/AdjustSdk.build/Debug-appletvos/AdjustSdk-t.build/Objects-normal/arm64/ADJUserDefaults.o.scan -- /Applications/Xcode-27.0.0-Release.Candidate.app/Contents/Developer/Toolchains/XcodeDefault.xctoolchain/usr/bin/clang -x objective-c -ivfsstatcache /Users/admin/builder/spi-builder-workspace/.derivedData/SDKStatCaches.noindex/appletvos27.0-24J360-e829b21a6f8c9b70876ba0858053c044b32bfd8d43560033f8d89884cdb90028.sdkstatcache -target arm64-apple-tvos15.0 -fmessage-length\=0 -fdiagnostics-show-note-include-stack -fmacro-backtrace-limit\=0 -fno-color-diagnostics -fmodules-prune-interval\=86400 -fmodules-prune-after\=345600 -fbuild-session-file\=/Users/admin/builder/spi-builder-workspace/.derivedData/ModuleCache.noindex/Session.modulevalidation -fmodules-validate-once-per-build-session -Wnon-modular-include-in-framework-module -Werror\=non-modular-include-in-framework-module -Wno-trigraphs -Wno-missing-field-initializers -Wno-missing-prototypes -Wno-return-type -Wno-implicit-atomic-properties -Wno-objc-interface-ivars -Wno-arc-repeated-use-of-weak -Wno-missing-braces -Wparentheses -Wswitch -Wno-unused-function -Wno-unused-label -Wno-unused-parameter -Wno-unused-variable -Wunused-value -Wno-empty-body -Wno-uninitialized -Wno-unknown-pragmas -Wno-shadow -Wno-four-char-constants -Wno-conversion -Wno-constant-conversion -Wno-int-conversion -Wno-bool-conversion -Wno-enum-conversion -Wno-float-conversion -Wno-non-literal-null-conversion -Wno-objc-literal-conversion -Wshorten-64-to-32 -Wpointer-sign -Wno-newline-eof -Wno-selector -Wno-strict-selector-match -Wno-undeclared-selector -Wno-deprecated-implementations -Wno-implicit-fallthrough -isysroot /Applications/Xcode-27.0.0-Release.Candidate.app/Contents/Developer/Platforms/AppleTVOS.platform/Developer/SDKs/AppleTVOS27.0.sdk -fstrict-aliasing -Wprotocol -Wdeprecated-declarations -Wno-sign-conversion -Wno-infinite-recursion -Wno-comma -Wno-block-capture-autoreleasing -Wno-strict-prototypes -Wno-semicolon-before-method-body -index-store-path /Users/admin/builder/spi-builder-workspace/.derivedData/Index.noindex/DataStore @/Users/admin/builder/spi-builder-workspace/.derivedData/Build/Intermediates.noindex/AdjustSdk.build/Debug-appletvos/AdjustSdk-t.build/Objects-normal/arm64/e6072d4f65d7061329687fe24e3d63a7-common-args.resp -include /Users/admin/builder/spi-builder-workspace/.derivedData/Build/Intermediates.noindex/AdjustSdk.build/Debug-appletvos/AdjustSdk-t.build/DerivedSources/resource_bundle_accessor.h -MMD -MT dependencies -MF /Users/admin/builder/spi-builder-workspace/.derivedData/Build/Intermediates.noindex/AdjustSdk.build/Debug-appletvos/AdjustSdk-t.build/Objects-normal/arm64/ADJUserDefaults.d --serialize-diagnostics /Users/admin/builder/spi-builder-workspace/.derivedData/Build/Intermediates.noindex/AdjustSdk.build/Debug-appletvos/AdjustSdk-t.build/Objects-normal/arm64/ADJUserDefaults.dia -c /Users/admin/builder/spi-builder-workspace/Adjust/Internal/ADJUserDefaults.m -o /Users/admin/builder/spi-builder-workspace/.derivedData/Build/Intermediates.noindex/AdjustSdk.build/Debug-appletvos/AdjustSdk-t.build/Objects-normal/arm64/ADJUserDefaults.o -index-unit-output-path /AdjustSdk.build/Debug-appletvos/AdjustSdk-t.build/Objects-normal/arm64/ADJUserDefaults.o
ScanDependencies /Users/admin/builder/spi-builder-workspace/.derivedData/Build/Intermediates.noindex/AdjustSdk.build/Debug-appletvos/AdjustSdk-t.build/Objects-normal/arm64/ADJUrlStrategy.o /Users/admin/builder/spi-builder-workspace/Adjust/Internal/ADJUrlStrategy.m normal arm64 objective-c com.apple.compilers.llvm.clang.1_0.compiler (in target 'AdjustSdk' from project 'AdjustSdk')
cd /Users/admin/builder/spi-builder-workspace/.swiftpm/xcode
Using response file: /Users/admin/builder/spi-builder-workspace/.derivedData/Build/Intermediates.noindex/AdjustSdk.build/Debug-appletvos/AdjustSdk-t.build/Objects-normal/arm64/e6072d4f65d7061329687fe24e3d63a7-common-args.resp
builtin-ScanDependencies -o /Users/admin/builder/spi-builder-workspace/.derivedData/Build/Intermediates.noindex/AdjustSdk.build/Debug-appletvos/AdjustSdk-t.build/Objects-normal/arm64/ADJUrlStrategy.o.scan -- /Applications/Xcode-27.0.0-Release.Candidate.app/Contents/Developer/Toolchains/XcodeDefault.xctoolchain/usr/bin/clang -x objective-c -ivfsstatcache /Users/admin/builder/spi-builder-workspace/.derivedData/SDKStatCaches.noindex/appletvos27.0-24J360-e829b21a6f8c9b70876ba0858053c044b32bfd8d43560033f8d89884cdb90028.sdkstatcache -target arm64-apple-tvos15.0 -fmessage-length\=0 -fdiagnostics-show-note-include-stack -fmacro-backtrace-limit\=0 -fno-color-diagnostics -fmodules-prune-interval\=86400 -fmodules-prune-after\=345600 -fbuild-session-file\=/Users/admin/builder/spi-builder-workspace/.derivedData/ModuleCache.noindex/Session.modulevalidation -fmodules-validate-once-per-build-session -Wnon-modular-include-in-framework-module -Werror\=non-modular-include-in-framework-module -Wno-trigraphs -Wno-missing-field-initializers -Wno-missing-prototypes -Wno-return-type -Wno-implicit-atomic-properties -Wno-objc-interface-ivars -Wno-arc-repeated-use-of-weak -Wno-missing-braces -Wparentheses -Wswitch -Wno-unused-function -Wno-unused-label -Wno-unused-parameter -Wno-unused-variable -Wunused-value -Wno-empty-body -Wno-uninitialized -Wno-unknown-pragmas -Wno-shadow -Wno-four-char-constants -Wno-conversion -Wno-constant-conversion -Wno-int-conversion -Wno-bool-conversion -Wno-enum-conversion -Wno-float-conversion -Wno-non-literal-null-conversion -Wno-objc-literal-conversion -Wshorten-64-to-32 -Wpointer-sign -Wno-newline-eof -Wno-selector -Wno-strict-selector-match -Wno-undeclared-selector -Wno-deprecated-implementations -Wno-implicit-fallthrough -isysroot /Applications/Xcode-27.0.0-Release.Candidate.app/Contents/Developer/Platforms/AppleTVOS.platform/Developer/SDKs/AppleTVOS27.0.sdk -fstrict-aliasing -Wprotocol -Wdeprecated-declarations -Wno-sign-conversion -Wno-infinite-recursion -Wno-comma -Wno-block-capture-autoreleasing -Wno-strict-prototypes -Wno-semicolon-before-method-body -index-store-path /Users/admin/builder/spi-builder-workspace/.derivedData/Index.noindex/DataStore @/Users/admin/builder/spi-builder-workspace/.derivedData/Build/Intermediates.noindex/AdjustSdk.build/Debug-appletvos/AdjustSdk-t.build/Objects-normal/arm64/e6072d4f65d7061329687fe24e3d63a7-common-args.resp -include /Users/admin/builder/spi-builder-workspace/.derivedData/Build/Intermediates.noindex/AdjustSdk.build/Debug-appletvos/AdjustSdk-t.build/DerivedSources/resource_bundle_accessor.h -MMD -MT dependencies -MF /Users/admin/builder/spi-builder-workspace/.derivedData/Build/Intermediates.noindex/AdjustSdk.build/Debug-appletvos/AdjustSdk-t.build/Objects-normal/arm64/ADJUrlStrategy.d --serialize-diagnostics /Users/admin/builder/spi-builder-workspace/.derivedData/Build/Intermediates.noindex/AdjustSdk.build/Debug-appletvos/AdjustSdk-t.build/Objects-normal/arm64/ADJUrlStrategy.dia -c /Users/admin/builder/spi-builder-workspace/Adjust/Internal/ADJUrlStrategy.m -o /Users/admin/builder/spi-builder-workspace/.derivedData/Build/Intermediates.noindex/AdjustSdk.build/Debug-appletvos/AdjustSdk-t.build/Objects-normal/arm64/ADJUrlStrategy.o -index-unit-output-path /AdjustSdk.build/Debug-appletvos/AdjustSdk-t.build/Objects-normal/arm64/ADJUrlStrategy.o
PruneExplicitPrecompiledModules /Users/admin/builder/spi-builder-workspace/.derivedData/Build/Intermediates.noindex/ExplicitPrecompiledModules
PruneExplicitPrecompiledModules /Users/admin/builder/spi-builder-workspace/.derivedData/SDKExplicitPrecompiledModules
PruneExplicitPrecompiledModules /Users/admin/builder/spi-builder-workspace/.derivedData/Build/Intermediates.noindex/SwiftExplicitPrecompiledModules
2026-09-26 17:32:23.158 xcodebuild[875:5197] [MT] IDERunDestination: Supported platforms for the buildables in the current scheme is empty.
** BUILD FAILED **
The following build commands failed:
ScanDependencies /Users/admin/builder/spi-builder-workspace/.derivedData/Build/Intermediates.noindex/AdjustSdk.build/Debug-appletvos/AdjustWebBridge-t.build/Objects-normal/arm64/AdjustBridge.o /Users/admin/builder/spi-builder-workspace/AdjustBridge/AdjustBridge.m normal arm64 objective-c com.apple.compilers.llvm.clang.1_0.compiler (in target 'AdjustWebBridge' from project 'AdjustSdk')
Building workspace AdjustSdk with scheme AdjustSdk-Package
(2 failures)
Command line invocation:
/Applications/Xcode-27.0.0-Release.Candidate.app/Contents/Developer/usr/bin/xcodebuild -IDEClonedSourcePackagesDirPathOverride=/Users/admin/builder/spi-builder-workspace/.dependencies -resolvePackageDependencies
Resolve Package Graph
Resolved source packages:
nanopb: https://github.com/firebase/nanopb.git @ 2.30910.1
GoogleAdsOnDeviceConversion: https://github.com/googleads/google-ads-on-device-conversion-ios-sdk.git @ 3.7.0
AdjustSignature: https://github.com/adjust/adjust_signature_sdk.git @ 5.0.0
AdjustSdk: /Users/admin/builder/spi-builder-workspace
GoogleUtilities: https://github.com/google/GoogleUtilities.git @ 8.1.3
resolved source packages: nanopb, GoogleAdsOnDeviceConversion, AdjustSignature, AdjustSdk, GoogleUtilities
2026-09-26 17:32:28.244 xcodebuild[978:5891] [MT] IDERunDestination: Supported platforms for the buildables in the current scheme is empty.
{
"dependencies" : [
{
"identity" : "adjust_signature_sdk",
"requirement" : {
"exact" : [
"5.0.0"
]
},
"type" : "sourceControl",
"url" : "https://github.com/adjust/adjust_signature_sdk.git"
},
{
"identity" : "google-ads-on-device-conversion-ios-sdk",
"requirement" : {
"range" : [
{
"lower_bound" : "2.0.0",
"upper_bound" : "4.0.0"
}
]
},
"type" : "sourceControl",
"url" : "https://github.com/googleads/google-ads-on-device-conversion-ios-sdk.git"
}
],
"manifest_display_name" : "AdjustSdk",
"name" : "AdjustSdk",
"path" : "/Users/admin/builder/spi-builder-workspace",
"platforms" : [
{
"name" : "ios",
"version" : "12.0"
},
{
"name" : "tvos",
"version" : "12.0"
}
],
"products" : [
{
"name" : "AdjustSdk",
"targets" : [
"AdjustSdk"
],
"type" : {
"library" : [
"automatic"
]
}
},
{
"name" : "AdjustUnsigned",
"targets" : [
"AdjustUnsigned"
],
"type" : {
"library" : [
"automatic"
]
}
},
{
"name" : "AdjustWebBridge",
"targets" : [
"AdjustWebBridge",
"AdjustSdk"
],
"type" : {
"library" : [
"automatic"
]
}
},
{
"name" : "AdjustGoogleOdm",
"targets" : [
"AdjustGoogleOdm",
"AdjustSdk"
],
"type" : {
"library" : [
"automatic"
]
}
}
],
"targets" : [
{
"c99name" : "AdjustWebBridge",
"module_type" : "ClangTarget",
"name" : "AdjustWebBridge",
"path" : "AdjustBridge",
"product_memberships" : [
"AdjustWebBridge"
],
"sources" : [
"AdjustBridge.m",
"AdjustBridgeConstants.m",
"AdjustBridgeRegister.m",
"AdjustBridgeUtil.m"
],
"type" : "library"
},
{
"c99name" : "AdjustUnsigned",
"module_type" : "ClangTarget",
"name" : "AdjustUnsigned",
"path" : "AdjustUnsigned",
"product_memberships" : [
"AdjustUnsigned"
],
"resources" : [
{
"path" : "/Users/admin/builder/spi-builder-workspace/AdjustUnsigned/PrivacyInfo.xcprivacy",
"rule" : {
"copy" : {
}
}
}
],
"sources" : [
"ADJAdRevenue.m",
"ADJAppStorePurchase.m",
"ADJAppStoreSubscription.m",
"ADJAttribution.m",
"ADJConfig.m",
"ADJDeeplink.m",
"ADJEvent.m",
"ADJEventFailure.m",
"ADJEventSuccess.m",
"ADJLinkResolution.m",
"ADJLogger.m",
"ADJPurchaseVerificationResult.m",
"ADJRemoteTrigger.m",
"ADJSessionFailure.m",
"ADJSessionSuccess.m",
"ADJStoreInfo.m",
"ADJThirdPartySharing.m",
"ADJThirdPartySharingResult.m",
"Adjust.m",
"Internal/ADJActivityHandler.m",
"Internal/ADJActivityKind.m",
"Internal/ADJActivityPackage.m",
"Internal/ADJActivityState.m",
"Internal/ADJAdditions.m",
"Internal/ADJAdjustFactory.m",
"Internal/ADJAttributionHandler.m",
"Internal/ADJBackoffStrategy.m",
"Internal/ADJEventMetadata.m",
"Internal/ADJGlobalParameters.m",
"Internal/ADJOdmManager.m",
"Internal/ADJPackageBuilder.m",
"Internal/ADJPackageHandler.m",
"Internal/ADJPackageParams.m",
"Internal/ADJPurchaseVerificationHandler.m",
"Internal/ADJRequestHandler.m",
"Internal/ADJResponseData.m",
"Internal/ADJSKAdNetwork.m",
"Internal/ADJSdkClickHandler.m",
"Internal/ADJTimerCycle.m",
"Internal/ADJTimerOnce.m",
"Internal/ADJUrlStrategy.m",
"Internal/ADJUserDefaults.m",
"Internal/ADJUtil.m"
],
"type" : "library"
},
{
"c99name" : "AdjustSdk",
"module_type" : "ClangTarget",
"name" : "AdjustSdk",
"path" : "Adjust",
"product_dependencies" : [
"AdjustSignature"
],
"product_memberships" : [
"AdjustSdk",
"AdjustWebBridge",
"AdjustGoogleOdm"
],
"resources" : [
{
"path" : "/Users/admin/builder/spi-builder-workspace/Adjust/PrivacyInfo.xcprivacy",
"rule" : {
"copy" : {
}
}
}
],
"sources" : [
"ADJAdRevenue.m",
"ADJAppStorePurchase.m",
"ADJAppStoreSubscription.m",
"ADJAttribution.m",
"ADJConfig.m",
"ADJDeeplink.m",
"ADJEvent.m",
"ADJEventFailure.m",
"ADJEventSuccess.m",
"ADJLinkResolution.m",
"ADJLogger.m",
"ADJPurchaseVerificationResult.m",
"ADJRemoteTrigger.m",
"ADJSessionFailure.m",
"ADJSessionSuccess.m",
"ADJStoreInfo.m",
"ADJThirdPartySharing.m",
"ADJThirdPartySharingResult.m",
"Adjust.m",
"Internal/ADJActivityHandler.m",
"Internal/ADJActivityKind.m",
"Internal/ADJActivityPackage.m",
"Internal/ADJActivityState.m",
"Internal/ADJAdditions.m",
"Internal/ADJAdjustFactory.m",
"Internal/ADJAttributionHandler.m",
"Internal/ADJBackoffStrategy.m",
"Internal/ADJEventMetadata.m",
"Internal/ADJGlobalParameters.m",
"Internal/ADJOdmManager.m",
"Internal/ADJPackageBuilder.m",
"Internal/ADJPackageHandler.m",
"Internal/ADJPackageParams.m",
"Internal/ADJPurchaseVerificationHandler.m",
"Internal/ADJRequestHandler.m",
"Internal/ADJResponseData.m",
"Internal/ADJSKAdNetwork.m",
"Internal/ADJSdkClickHandler.m",
"Internal/ADJTimerCycle.m",
"Internal/ADJTimerOnce.m",
"Internal/ADJUrlStrategy.m",
"Internal/ADJUserDefaults.m",
"Internal/ADJUtil.m"
],
"type" : "library"
},
{
"c99name" : "AdjustGoogleOdm",
"module_type" : "ClangTarget",
"name" : "AdjustGoogleOdm",
"path" : "plugins/odm",
"product_dependencies" : [
"GoogleAdsOnDeviceConversion"
],
"product_memberships" : [
"AdjustGoogleOdm"
],
"sources" : [
"sources/spm/ADJOdmPlugin.m"
],
"type" : "library"
}
],
"tools_version" : "5.5"
}
{
"workspace" : {
"name" : "AdjustSdk",
"schemes" : [
"AdjustGoogleOdm",
"AdjustSdk",
"AdjustSdk-Package",
"AdjustUnsigned",
"AdjustWebBridge"
]
}
}
2026-09-26 17:32:29.676 xcodebuild[986:5955] [MT] IDERunDestination: Supported platforms for the buildables in the current scheme is empty.
Running build ...
env DEVELOPER_DIR=/Applications/Xcode-27.0.0-Release.Candidate.app xcrun xcodebuild -IDEClonedSourcePackagesDirPathOverride=$PWD/.dependencies -skipMacroValidation -skipPackagePluginValidation -derivedDataPath $PWD/.derivedData build -scheme AdjustSdk-Package -destination generic/platform=tvOS
Command line invocation:
/Applications/Xcode-27.0.0-Release.Candidate.app/Contents/Developer/usr/bin/xcodebuild -IDEClonedSourcePackagesDirPathOverride=/Users/admin/builder/spi-builder-workspace/.dependencies -skipMacroValidation -skipPackagePluginValidation -derivedDataPath /Users/admin/builder/spi-builder-workspace/.derivedData build -scheme AdjustSdk-Package -destination generic/platform=tvOS
Resolve Package Graph
Resolved source packages:
nanopb: https://github.com/firebase/nanopb.git @ 2.30910.1
AdjustSignature: https://github.com/adjust/adjust_signature_sdk.git @ 5.0.0
GoogleAdsOnDeviceConversion: https://github.com/googleads/google-ads-on-device-conversion-ios-sdk.git @ 3.7.0
AdjustSdk: /Users/admin/builder/spi-builder-workspace
GoogleUtilities: https://github.com/google/GoogleUtilities.git @ 8.1.3
ComputePackagePrebuildTargetDependencyGraph
Prepare packages
CreateBuildRequest
SendProjectDescription
CreateBuildOperation
ComputeTargetDependencyGraph
note: Building targets in dependency order
note: Target dependency graph (30 targets)
Target 'AdjustGoogleOdm-product' in project 'AdjustSdk'
➜ Explicit dependency on target 'AdjustGoogleOdm' in project 'AdjustSdk'
➜ Explicit dependency on target 'AdjustSdk' in project 'AdjustSdk'
➜ Explicit dependency on target 'AdjustSdk_AdjustSdk' in project 'AdjustSdk'
➜ Explicit dependency on target 'GoogleAdsOnDeviceConversion-product' in project 'GoogleAdsOnDeviceConversion'
➜ Explicit dependency on target 'AdjustSignature-product' in project 'AdjustSignature'
Target 'AdjustGoogleOdm' in project 'AdjustSdk'
➜ Explicit dependency on target 'GoogleAdsOnDeviceConversion-product' in project 'GoogleAdsOnDeviceConversion'
Target 'GoogleAdsOnDeviceConversion-product' in project 'GoogleAdsOnDeviceConversion'
➜ Explicit dependency on target 'GoogleAdsOnDeviceConversionTarget' in project 'GoogleAdsOnDeviceConversion'
➜ Explicit dependency on target 'GULEnvironment-product' in project 'GoogleUtilities'
➜ Explicit dependency on target 'GULLogger-product' in project 'GoogleUtilities'
➜ Explicit dependency on target 'GULNetwork-product' in project 'GoogleUtilities'
➜ Explicit dependency on target 'nanopb-product' in project 'nanopb'
Target 'GoogleAdsOnDeviceConversionTarget' in project 'GoogleAdsOnDeviceConversion'
➜ Explicit dependency on target 'GULEnvironment-product' in project 'GoogleUtilities'
➜ Explicit dependency on target 'GULLogger-product' in project 'GoogleUtilities'
➜ Explicit dependency on target 'GULNetwork-product' in project 'GoogleUtilities'
➜ Explicit dependency on target 'nanopb-product' in project 'nanopb'
Target 'nanopb-product' in project 'nanopb'
➜ Explicit dependency on target 'nanopb' in project 'nanopb'
➜ Explicit dependency on target 'nanopb_nanopb' in project 'nanopb'
Target 'nanopb' in project 'nanopb'
➜ Explicit dependency on target 'nanopb_nanopb' in project 'nanopb'
Target 'nanopb_nanopb' in project 'nanopb' (no dependencies)
Target 'GULNetwork-product' in project 'GoogleUtilities'
➜ Explicit dependency on target 'GoogleUtilities-Network' in project 'GoogleUtilities'
➜ Explicit dependency on target 'GoogleUtilities_GoogleUtilities-Network' in project 'GoogleUtilities'
➜ Explicit dependency on target 'third-party-IsAppEncrypted' in project 'GoogleUtilities'
➜ Explicit dependency on target 'GoogleUtilities-Environment' in project 'GoogleUtilities'
➜ Explicit dependency on target 'GoogleUtilities-Logger' in project 'GoogleUtilities'
➜ Explicit dependency on target 'GoogleUtilities-NSData' in project 'GoogleUtilities'
➜ Explicit dependency on target 'GoogleUtilities-Reachability' in project 'GoogleUtilities'
Target 'GoogleUtilities-Network' in project 'GoogleUtilities'
➜ Explicit dependency on target 'GoogleUtilities_GoogleUtilities-Network' in project 'GoogleUtilities'
➜ Explicit dependency on target 'third-party-IsAppEncrypted' in project 'GoogleUtilities'
➜ Explicit dependency on target 'GoogleUtilities-Environment' in project 'GoogleUtilities'
➜ Explicit dependency on target 'GoogleUtilities-Logger' in project 'GoogleUtilities'
➜ Explicit dependency on target 'GoogleUtilities-NSData' in project 'GoogleUtilities'
➜ Explicit dependency on target 'GoogleUtilities-Reachability' in project 'GoogleUtilities'
Target 'GoogleUtilities-Reachability' in project 'GoogleUtilities'
➜ Explicit dependency on target 'GoogleUtilities_GoogleUtilities-Reachability' in project 'GoogleUtilities'
➜ Explicit dependency on target 'third-party-IsAppEncrypted' in project 'GoogleUtilities'
➜ Explicit dependency on target 'GoogleUtilities-Environment' in project 'GoogleUtilities'
➜ Explicit dependency on target 'GoogleUtilities-Logger' in project 'GoogleUtilities'
Target 'GoogleUtilities_GoogleUtilities-Reachability' in project 'GoogleUtilities' (no dependencies)
Target 'GoogleUtilities-NSData' in project 'GoogleUtilities'
➜ Explicit dependency on target 'GoogleUtilities_GoogleUtilities-NSData' in project 'GoogleUtilities'
Target 'GoogleUtilities_GoogleUtilities-NSData' in project 'GoogleUtilities' (no dependencies)
Target 'GoogleUtilities_GoogleUtilities-Network' in project 'GoogleUtilities' (no dependencies)
Target 'GULLogger-product' in project 'GoogleUtilities'
➜ Explicit dependency on target 'GoogleUtilities-Logger' in project 'GoogleUtilities'
➜ Explicit dependency on target 'GoogleUtilities_GoogleUtilities-Logger' in project 'GoogleUtilities'
➜ Explicit dependency on target 'third-party-IsAppEncrypted' in project 'GoogleUtilities'
➜ Explicit dependency on target 'GoogleUtilities-Environment' in project 'GoogleUtilities'
Target 'GoogleUtilities-Logger' in project 'GoogleUtilities'
➜ Explicit dependency on target 'GoogleUtilities_GoogleUtilities-Logger' in project 'GoogleUtilities'
➜ Explicit dependency on target 'third-party-IsAppEncrypted' in project 'GoogleUtilities'
➜ Explicit dependency on target 'GoogleUtilities-Environment' in project 'GoogleUtilities'
Target 'GoogleUtilities_GoogleUtilities-Logger' in project 'GoogleUtilities' (no dependencies)
Target 'GULEnvironment-product' in project 'GoogleUtilities'
➜ Explicit dependency on target 'GoogleUtilities-Environment' in project 'GoogleUtilities'
➜ Explicit dependency on target 'GoogleUtilities_GoogleUtilities-Environment' in project 'GoogleUtilities'
➜ Explicit dependency on target 'third-party-IsAppEncrypted' in project 'GoogleUtilities'
Target 'GoogleUtilities-Environment' in project 'GoogleUtilities'
➜ Explicit dependency on target 'GoogleUtilities_GoogleUtilities-Environment' in project 'GoogleUtilities'
➜ Explicit dependency on target 'third-party-IsAppEncrypted' in project 'GoogleUtilities'
Target 'third-party-IsAppEncrypted' in project 'GoogleUtilities' (no dependencies)
Target 'GoogleUtilities_GoogleUtilities-Environment' in project 'GoogleUtilities' (no dependencies)
Target 'AdjustWebBridge-product' in project 'AdjustSdk'
➜ Explicit dependency on target 'AdjustWebBridge' in project 'AdjustSdk'
➜ Explicit dependency on target 'AdjustSdk' in project 'AdjustSdk'
➜ Explicit dependency on target 'AdjustSdk_AdjustSdk' in project 'AdjustSdk'
➜ Explicit dependency on target 'AdjustSignature-product' in project 'AdjustSignature'
Target 'AdjustWebBridge' in project 'AdjustSdk' (no dependencies)
Target 'AdjustUnsigned-product' in project 'AdjustSdk'
➜ Explicit dependency on target 'AdjustUnsigned' in project 'AdjustSdk'
➜ Explicit dependency on target 'AdjustSdk_AdjustUnsigned' in project 'AdjustSdk'
Target 'AdjustUnsigned' in project 'AdjustSdk'
➜ Explicit dependency on target 'AdjustSdk_AdjustUnsigned' in project 'AdjustSdk'
Target 'AdjustSdk_AdjustUnsigned' in project 'AdjustSdk' (no dependencies)
Target 'AdjustSdk-product' in project 'AdjustSdk'
➜ Explicit dependency on target 'AdjustSdk' in project 'AdjustSdk'
➜ Explicit dependency on target 'AdjustSdk_AdjustSdk' in project 'AdjustSdk'
➜ Explicit dependency on target 'AdjustSignature-product' in project 'AdjustSignature'
Target 'AdjustSdk' in project 'AdjustSdk'
➜ Explicit dependency on target 'AdjustSdk_AdjustSdk' in project 'AdjustSdk'
➜ Explicit dependency on target 'AdjustSignature-product' in project 'AdjustSignature'
Target 'AdjustSignature-product' in project 'AdjustSignature' (no dependencies)
Target 'AdjustSdk_AdjustSdk' in project 'AdjustSdk' (no dependencies)
GatherProvisioningInputs
CreateBuildDescription
ClangStatCache /Applications/Xcode-27.0.0-Release.Candidate.app/Contents/Developer/Toolchains/XcodeDefault.xctoolchain/usr/bin/clang-stat-cache /Applications/Xcode-27.0.0-Release.Candidate.app/Contents/Developer/Platforms/AppleTVOS.platform/Developer/SDKs/AppleTVOS27.0.sdk /Users/admin/builder/spi-builder-workspace/.derivedData/SDKStatCaches.noindex/appletvos27.0-24J360-e829b21a6f8c9b70876ba0858053c044b32bfd8d43560033f8d89884cdb90028.sdkstatcache
cd /Users/admin/builder/spi-builder-workspace/.swiftpm/xcode
/Applications/Xcode-27.0.0-Release.Candidate.app/Contents/Developer/Toolchains/XcodeDefault.xctoolchain/usr/bin/clang-stat-cache /Applications/Xcode-27.0.0-Release.Candidate.app/Contents/Developer/Platforms/AppleTVOS.platform/Developer/SDKs/AppleTVOS27.0.sdk -o /Users/admin/builder/spi-builder-workspace/.derivedData/SDKStatCaches.noindex/appletvos27.0-24J360-e829b21a6f8c9b70876ba0858053c044b32bfd8d43560033f8d89884cdb90028.sdkstatcache
ScanDependencies /Users/admin/builder/spi-builder-workspace/.derivedData/Build/Intermediates.noindex/AdjustSdk.build/Debug-appletvos/AdjustUnsigned-t.build/Objects-normal/arm64/ADJUtil.o /Users/admin/builder/spi-builder-workspace/Adjust/Internal/ADJUtil.m normal arm64 objective-c com.apple.compilers.llvm.clang.1_0.compiler (in target 'AdjustUnsigned' from project 'AdjustSdk')
cd /Users/admin/builder/spi-builder-workspace/.swiftpm/xcode
Using response file: /Users/admin/builder/spi-builder-workspace/.derivedData/Build/Intermediates.noindex/AdjustSdk.build/Debug-appletvos/AdjustUnsigned-t.build/Objects-normal/arm64/e6072d4f65d7061329687fe24e3d63a7-common-args.resp
builtin-ScanDependencies -o /Users/admin/builder/spi-builder-workspace/.derivedData/Build/Intermediates.noindex/AdjustSdk.build/Debug-appletvos/AdjustUnsigned-t.build/Objects-normal/arm64/ADJUtil.o.scan -- /Applications/Xcode-27.0.0-Release.Candidate.app/Contents/Developer/Toolchains/XcodeDefault.xctoolchain/usr/bin/clang -x objective-c -ivfsstatcache /Users/admin/builder/spi-builder-workspace/.derivedData/SDKStatCaches.noindex/appletvos27.0-24J360-e829b21a6f8c9b70876ba0858053c044b32bfd8d43560033f8d89884cdb90028.sdkstatcache -target arm64-apple-tvos15.0 -fmessage-length\=0 -fdiagnostics-show-note-include-stack -fmacro-backtrace-limit\=0 -fno-color-diagnostics -fmodules-prune-interval\=86400 -fmodules-prune-after\=345600 -fbuild-session-file\=/Users/admin/builder/spi-builder-workspace/.derivedData/ModuleCache.noindex/Session.modulevalidation -fmodules-validate-once-per-build-session -Wnon-modular-include-in-framework-module -Werror\=non-modular-include-in-framework-module -Wno-trigraphs -Wno-missing-field-initializers -Wno-missing-prototypes -Wno-return-type -Wno-implicit-atomic-properties -Wno-objc-interface-ivars -Wno-arc-repeated-use-of-weak -Wno-missing-braces -Wparentheses -Wswitch -Wno-unused-function -Wno-unused-label -Wno-unused-parameter -Wno-unused-variable -Wunused-value -Wno-empty-body -Wno-uninitialized -Wno-unknown-pragmas -Wno-shadow -Wno-four-char-constants -Wno-conversion -Wno-constant-conversion -Wno-int-conversion -Wno-bool-conversion -Wno-enum-conversion -Wno-float-conversion -Wno-non-literal-null-conversion -Wno-objc-literal-conversion -Wshorten-64-to-32 -Wpointer-sign -Wno-newline-eof -Wno-selector -Wno-strict-selector-match -Wno-undeclared-selector -Wno-deprecated-implementations -Wno-implicit-fallthrough -isysroot /Applications/Xcode-27.0.0-Release.Candidate.app/Contents/Developer/Platforms/AppleTVOS.platform/Developer/SDKs/AppleTVOS27.0.sdk -fstrict-aliasing -Wprotocol -Wdeprecated-declarations -Wno-sign-conversion -Wno-infinite-recursion -Wno-comma -Wno-block-capture-autoreleasing -Wno-strict-prototypes -Wno-semicolon-before-method-body -index-store-path /Users/admin/builder/spi-builder-workspace/.derivedData/Index.noindex/DataStore @/Users/admin/builder/spi-builder-workspace/.derivedData/Build/Intermediates.noindex/AdjustSdk.build/Debug-appletvos/AdjustUnsigned-t.build/Objects-normal/arm64/e6072d4f65d7061329687fe24e3d63a7-common-args.resp -include /Users/admin/builder/spi-builder-workspace/.derivedData/Build/Intermediates.noindex/AdjustSdk.build/Debug-appletvos/AdjustUnsigned-t.build/DerivedSources/resource_bundle_accessor.h -MMD -MT dependencies -MF /Users/admin/builder/spi-builder-workspace/.derivedData/Build/Intermediates.noindex/AdjustSdk.build/Debug-appletvos/AdjustUnsigned-t.build/Objects-normal/arm64/ADJUtil.d --serialize-diagnostics /Users/admin/builder/spi-builder-workspace/.derivedData/Build/Intermediates.noindex/AdjustSdk.build/Debug-appletvos/AdjustUnsigned-t.build/Objects-normal/arm64/ADJUtil.dia -c /Users/admin/builder/spi-builder-workspace/Adjust/Internal/ADJUtil.m -o /Users/admin/builder/spi-builder-workspace/.derivedData/Build/Intermediates.noindex/AdjustSdk.build/Debug-appletvos/AdjustUnsigned-t.build/Objects-normal/arm64/ADJUtil.o -index-unit-output-path /AdjustSdk.build/Debug-appletvos/AdjustUnsigned-t.build/Objects-normal/arm64/ADJUtil.o
ScanDependencies /Users/admin/builder/spi-builder-workspace/.derivedData/Build/Intermediates.noindex/AdjustSdk.build/Debug-appletvos/AdjustWebBridge-t.build/Objects-normal/arm64/AdjustBridge.o /Users/admin/builder/spi-builder-workspace/AdjustBridge/AdjustBridge.m normal arm64 objective-c com.apple.compilers.llvm.clang.1_0.compiler (in target 'AdjustWebBridge' from project 'AdjustSdk')
cd /Users/admin/builder/spi-builder-workspace/.swiftpm/xcode
Using response file: /Users/admin/builder/spi-builder-workspace/.derivedData/Build/Intermediates.noindex/AdjustSdk.build/Debug-appletvos/AdjustWebBridge-t.build/Objects-normal/arm64/e6072d4f65d7061329687fe24e3d63a7-common-args.resp
builtin-ScanDependencies -o /Users/admin/builder/spi-builder-workspace/.derivedData/Build/Intermediates.noindex/AdjustSdk.build/Debug-appletvos/AdjustWebBridge-t.build/Objects-normal/arm64/AdjustBridge.o.scan -- /Applications/Xcode-27.0.0-Release.Candidate.app/Contents/Developer/Toolchains/XcodeDefault.xctoolchain/usr/bin/clang -x objective-c -ivfsstatcache /Users/admin/builder/spi-builder-workspace/.derivedData/SDKStatCaches.noindex/appletvos27.0-24J360-e829b21a6f8c9b70876ba0858053c044b32bfd8d43560033f8d89884cdb90028.sdkstatcache -target arm64-apple-tvos15.0 -fmessage-length\=0 -fdiagnostics-show-note-include-stack -fmacro-backtrace-limit\=0 -fno-color-diagnostics -fmodules-prune-interval\=86400 -fmodules-prune-after\=345600 -fbuild-session-file\=/Users/admin/builder/spi-builder-workspace/.derivedData/ModuleCache.noindex/Session.modulevalidation -fmodules-validate-once-per-build-session -Wnon-modular-include-in-framework-module -Werror\=non-modular-include-in-framework-module -Wno-trigraphs -Wno-missing-field-initializers -Wno-missing-prototypes -Wno-return-type -Wno-implicit-atomic-properties -Wno-objc-interface-ivars -Wno-arc-repeated-use-of-weak -Wno-missing-braces -Wparentheses -Wswitch -Wno-unused-function -Wno-unused-label -Wno-unused-parameter -Wno-unused-variable -Wunused-value -Wno-empty-body -Wno-uninitialized -Wno-unknown-pragmas -Wno-shadow -Wno-four-char-constants -Wno-conversion -Wno-constant-conversion -Wno-int-conversion -Wno-bool-conversion -Wno-enum-conversion -Wno-float-conversion -Wno-non-literal-null-conversion -Wno-objc-literal-conversion -Wshorten-64-to-32 -Wpointer-sign -Wno-newline-eof -Wno-selector -Wno-strict-selector-match -Wno-undeclared-selector -Wno-deprecated-implementations -Wno-implicit-fallthrough -isysroot /Applications/Xcode-27.0.0-Release.Candidate.app/Contents/Developer/Platforms/AppleTVOS.platform/Developer/SDKs/AppleTVOS27.0.sdk -fstrict-aliasing -Wprotocol -Wdeprecated-declarations -Wno-sign-conversion -Wno-infinite-recursion -Wno-comma -Wno-block-capture-autoreleasing -Wno-strict-prototypes -Wno-semicolon-before-method-body -index-store-path /Users/admin/builder/spi-builder-workspace/.derivedData/Index.noindex/DataStore @/Users/admin/builder/spi-builder-workspace/.derivedData/Build/Intermediates.noindex/AdjustSdk.build/Debug-appletvos/AdjustWebBridge-t.build/Objects-normal/arm64/e6072d4f65d7061329687fe24e3d63a7-common-args.resp -MMD -MT dependencies -MF /Users/admin/builder/spi-builder-workspace/.derivedData/Build/Intermediates.noindex/AdjustSdk.build/Debug-appletvos/AdjustWebBridge-t.build/Objects-normal/arm64/AdjustBridge.d --serialize-diagnostics /Users/admin/builder/spi-builder-workspace/.derivedData/Build/Intermediates.noindex/AdjustSdk.build/Debug-appletvos/AdjustWebBridge-t.build/Objects-normal/arm64/AdjustBridge.dia -c /Users/admin/builder/spi-builder-workspace/AdjustBridge/AdjustBridge.m -o /Users/admin/builder/spi-builder-workspace/.derivedData/Build/Intermediates.noindex/AdjustSdk.build/Debug-appletvos/AdjustWebBridge-t.build/Objects-normal/arm64/AdjustBridge.o -index-unit-output-path /AdjustSdk.build/Debug-appletvos/AdjustWebBridge-t.build/Objects-normal/arm64/AdjustBridge.o
/Users/admin/builder/spi-builder-workspace/AdjustBridge/AdjustBridge.h:10:9: error: 'WebKit/WebKit.h' file not found (in target 'AdjustWebBridge' from project 'AdjustSdk')
/Users/admin/builder/spi-builder-workspace/AdjustBridge/AdjustBridge.m:9:9: note: in file included from /Users/admin/builder/spi-builder-workspace/AdjustBridge/AdjustBridge.m:9:
ScanDependencies /Users/admin/builder/spi-builder-workspace/.derivedData/Build/Intermediates.noindex/AdjustSdk.build/Debug-appletvos/AdjustUnsigned-t.build/Objects-normal/arm64/ADJPackageParams.o /Users/admin/builder/spi-builder-workspace/Adjust/Internal/ADJPackageParams.m normal arm64 objective-c com.apple.compilers.llvm.clang.1_0.compiler (in target 'AdjustUnsigned' from project 'AdjustSdk')
cd /Users/admin/builder/spi-builder-workspace/.swiftpm/xcode
Using response file: /Users/admin/builder/spi-builder-workspace/.derivedData/Build/Intermediates.noindex/AdjustSdk.build/Debug-appletvos/AdjustUnsigned-t.build/Objects-normal/arm64/e6072d4f65d7061329687fe24e3d63a7-common-args.resp
builtin-ScanDependencies -o /Users/admin/builder/spi-builder-workspace/.derivedData/Build/Intermediates.noindex/AdjustSdk.build/Debug-appletvos/AdjustUnsigned-t.build/Objects-normal/arm64/ADJPackageParams.o.scan -- /Applications/Xcode-27.0.0-Release.Candidate.app/Contents/Developer/Toolchains/XcodeDefault.xctoolchain/usr/bin/clang -x objective-c -ivfsstatcache /Users/admin/builder/spi-builder-workspace/.derivedData/SDKStatCaches.noindex/appletvos27.0-24J360-e829b21a6f8c9b70876ba0858053c044b32bfd8d43560033f8d89884cdb90028.sdkstatcache -target arm64-apple-tvos15.0 -fmessage-length\=0 -fdiagnostics-show-note-include-stack -fmacro-backtrace-limit\=0 -fno-color-diagnostics -fmodules-prune-interval\=86400 -fmodules-prune-after\=345600 -fbuild-session-file\=/Users/admin/builder/spi-builder-workspace/.derivedData/ModuleCache.noindex/Session.modulevalidation -fmodules-validate-once-per-build-session -Wnon-modular-include-in-framework-module -Werror\=non-modular-include-in-framework-module -Wno-trigraphs -Wno-missing-field-initializers -Wno-missing-prototypes -Wno-return-type -Wno-implicit-atomic-properties -Wno-objc-interface-ivars -Wno-arc-repeated-use-of-weak -Wno-missing-braces -Wparentheses -Wswitch -Wno-unused-function -Wno-unused-label -Wno-unused-parameter -Wno-unused-variable -Wunused-value -Wno-empty-body -Wno-uninitialized -Wno-unknown-pragmas -Wno-shadow -Wno-four-char-constants -Wno-conversion -Wno-constant-conversion -Wno-int-conversion -Wno-bool-conversion -Wno-enum-conversion -Wno-float-conversion -Wno-non-literal-null-conversion -Wno-objc-literal-conversion -Wshorten-64-to-32 -Wpointer-sign -Wno-newline-eof -Wno-selector -Wno-strict-selector-match -Wno-undeclared-selector -Wno-deprecated-implementations -Wno-implicit-fallthrough -isysroot /Applications/Xcode-27.0.0-Release.Candidate.app/Contents/Developer/Platforms/AppleTVOS.platform/Developer/SDKs/AppleTVOS27.0.sdk -fstrict-aliasing -Wprotocol -Wdeprecated-declarations -Wno-sign-conversion -Wno-infinite-recursion -Wno-comma -Wno-block-capture-autoreleasing -Wno-strict-prototypes -Wno-semicolon-before-method-body -index-store-path /Users/admin/builder/spi-builder-workspace/.derivedData/Index.noindex/DataStore @/Users/admin/builder/spi-builder-workspace/.derivedData/Build/Intermediates.noindex/AdjustSdk.build/Debug-appletvos/AdjustUnsigned-t.build/Objects-normal/arm64/e6072d4f65d7061329687fe24e3d63a7-common-args.resp -include /Users/admin/builder/spi-builder-workspace/.derivedData/Build/Intermediates.noindex/AdjustSdk.build/Debug-appletvos/AdjustUnsigned-t.build/DerivedSources/resource_bundle_accessor.h -MMD -MT dependencies -MF /Users/admin/builder/spi-builder-workspace/.derivedData/Build/Intermediates.noindex/AdjustSdk.build/Debug-appletvos/AdjustUnsigned-t.build/Objects-normal/arm64/ADJPackageParams.d --serialize-diagnostics /Users/admin/builder/spi-builder-workspace/.derivedData/Build/Intermediates.noindex/AdjustSdk.build/Debug-appletvos/AdjustUnsigned-t.build/Objects-normal/arm64/ADJPackageParams.dia -c /Users/admin/builder/spi-builder-workspace/Adjust/Internal/ADJPackageParams.m -o /Users/admin/builder/spi-builder-workspace/.derivedData/Build/Intermediates.noindex/AdjustSdk.build/Debug-appletvos/AdjustUnsigned-t.build/Objects-normal/arm64/ADJPackageParams.o -index-unit-output-path /AdjustSdk.build/Debug-appletvos/AdjustUnsigned-t.build/Objects-normal/arm64/ADJPackageParams.o
ScanDependencies /Users/admin/builder/spi-builder-workspace/.derivedData/Build/Intermediates.noindex/AdjustSdk.build/Debug-appletvos/AdjustUnsigned-t.build/Objects-normal/arm64/ADJActivityHandler.o /Users/admin/builder/spi-builder-workspace/Adjust/Internal/ADJActivityHandler.m normal arm64 objective-c com.apple.compilers.llvm.clang.1_0.compiler (in target 'AdjustUnsigned' from project 'AdjustSdk')
cd /Users/admin/builder/spi-builder-workspace/.swiftpm/xcode
Using response file: /Users/admin/builder/spi-builder-workspace/.derivedData/Build/Intermediates.noindex/AdjustSdk.build/Debug-appletvos/AdjustUnsigned-t.build/Objects-normal/arm64/e6072d4f65d7061329687fe24e3d63a7-common-args.resp
builtin-ScanDependencies -o /Users/admin/builder/spi-builder-workspace/.derivedData/Build/Intermediates.noindex/AdjustSdk.build/Debug-appletvos/AdjustUnsigned-t.build/Objects-normal/arm64/ADJActivityHandler.o.scan -- /Applications/Xcode-27.0.0-Release.Candidate.app/Contents/Developer/Toolchains/XcodeDefault.xctoolchain/usr/bin/clang -x objective-c -ivfsstatcache /Users/admin/builder/spi-builder-workspace/.derivedData/SDKStatCaches.noindex/appletvos27.0-24J360-e829b21a6f8c9b70876ba0858053c044b32bfd8d43560033f8d89884cdb90028.sdkstatcache -target arm64-apple-tvos15.0 -fmessage-length\=0 -fdiagnostics-show-note-include-stack -fmacro-backtrace-limit\=0 -fno-color-diagnostics -fmodules-prune-interval\=86400 -fmodules-prune-after\=345600 -fbuild-session-file\=/Users/admin/builder/spi-builder-workspace/.derivedData/ModuleCache.noindex/Session.modulevalidation -fmodules-validate-once-per-build-session -Wnon-modular-include-in-framework-module -Werror\=non-modular-include-in-framework-module -Wno-trigraphs -Wno-missing-field-initializers -Wno-missing-prototypes -Wno-return-type -Wno-implicit-atomic-properties -Wno-objc-interface-ivars -Wno-arc-repeated-use-of-weak -Wno-missing-braces -Wparentheses -Wswitch -Wno-unused-function -Wno-unused-label -Wno-unused-parameter -Wno-unused-variable -Wunused-value -Wno-empty-body -Wno-uninitialized -Wno-unknown-pragmas -Wno-shadow -Wno-four-char-constants -Wno-conversion -Wno-constant-conversion -Wno-int-conversion -Wno-bool-conversion -Wno-enum-conversion -Wno-float-conversion -Wno-non-literal-null-conversion -Wno-objc-literal-conversion -Wshorten-64-to-32 -Wpointer-sign -Wno-newline-eof -Wno-selector -Wno-strict-selector-match -Wno-undeclared-selector -Wno-deprecated-implementations -Wno-implicit-fallthrough -isysroot /Applications/Xcode-27.0.0-Release.Candidate.app/Contents/Developer/Platforms/AppleTVOS.platform/Developer/SDKs/AppleTVOS27.0.sdk -fstrict-aliasing -Wprotocol -Wdeprecated-declarations -Wno-sign-conversion -Wno-infinite-recursion -Wno-comma -Wno-block-capture-autoreleasing -Wno-strict-prototypes -Wno-semicolon-before-method-body -index-store-path /Users/admin/builder/spi-builder-workspace/.derivedData/Index.noindex/DataStore @/Users/admin/builder/spi-builder-workspace/.derivedData/Build/Intermediates.noindex/AdjustSdk.build/Debug-appletvos/AdjustUnsigned-t.build/Objects-normal/arm64/e6072d4f65d7061329687fe24e3d63a7-common-args.resp -include /Users/admin/builder/spi-builder-workspace/.derivedData/Build/Intermediates.noindex/AdjustSdk.build/Debug-appletvos/AdjustUnsigned-t.build/DerivedSources/resource_bundle_accessor.h -MMD -MT dependencies -MF /Users/admin/builder/spi-builder-workspace/.derivedData/Build/Intermediates.noindex/AdjustSdk.build/Debug-appletvos/AdjustUnsigned-t.build/Objects-normal/arm64/ADJActivityHandler.d --serialize-diagnostics /Users/admin/builder/spi-builder-workspace/.derivedData/Build/Intermediates.noindex/AdjustSdk.build/Debug-appletvos/AdjustUnsigned-t.build/Objects-normal/arm64/ADJActivityHandler.dia -c /Users/admin/builder/spi-builder-workspace/Adjust/Internal/ADJActivityHandler.m -o /Users/admin/builder/spi-builder-workspace/.derivedData/Build/Intermediates.noindex/AdjustSdk.build/Debug-appletvos/AdjustUnsigned-t.build/Objects-normal/arm64/ADJActivityHandler.o -index-unit-output-path /AdjustSdk.build/Debug-appletvos/AdjustUnsigned-t.build/Objects-normal/arm64/ADJActivityHandler.o
ScanDependencies /Users/admin/builder/spi-builder-workspace/.derivedData/Build/Intermediates.noindex/AdjustSdk.build/Debug-appletvos/AdjustSdk-t.build/Objects-normal/arm64/ADJUtil.o /Users/admin/builder/spi-builder-workspace/Adjust/Internal/ADJUtil.m normal arm64 objective-c com.apple.compilers.llvm.clang.1_0.compiler (in target 'AdjustSdk' from project 'AdjustSdk')
cd /Users/admin/builder/spi-builder-workspace/.swiftpm/xcode
Using response file: /Users/admin/builder/spi-builder-workspace/.derivedData/Build/Intermediates.noindex/AdjustSdk.build/Debug-appletvos/AdjustSdk-t.build/Objects-normal/arm64/e6072d4f65d7061329687fe24e3d63a7-common-args.resp
builtin-ScanDependencies -o /Users/admin/builder/spi-builder-workspace/.derivedData/Build/Intermediates.noindex/AdjustSdk.build/Debug-appletvos/AdjustSdk-t.build/Objects-normal/arm64/ADJUtil.o.scan -- /Applications/Xcode-27.0.0-Release.Candidate.app/Contents/Developer/Toolchains/XcodeDefault.xctoolchain/usr/bin/clang -x objective-c -ivfsstatcache /Users/admin/builder/spi-builder-workspace/.derivedData/SDKStatCaches.noindex/appletvos27.0-24J360-e829b21a6f8c9b70876ba0858053c044b32bfd8d43560033f8d89884cdb90028.sdkstatcache -target arm64-apple-tvos15.0 -fmessage-length\=0 -fdiagnostics-show-note-include-stack -fmacro-backtrace-limit\=0 -fno-color-diagnostics -fmodules-prune-interval\=86400 -fmodules-prune-after\=345600 -fbuild-session-file\=/Users/admin/builder/spi-builder-workspace/.derivedData/ModuleCache.noindex/Session.modulevalidation -fmodules-validate-once-per-build-session -Wnon-modular-include-in-framework-module -Werror\=non-modular-include-in-framework-module -Wno-trigraphs -Wno-missing-field-initializers -Wno-missing-prototypes -Wno-return-type -Wno-implicit-atomic-properties -Wno-objc-interface-ivars -Wno-arc-repeated-use-of-weak -Wno-missing-braces -Wparentheses -Wswitch -Wno-unused-function -Wno-unused-label -Wno-unused-parameter -Wno-unused-variable -Wunused-value -Wno-empty-body -Wno-uninitialized -Wno-unknown-pragmas -Wno-shadow -Wno-four-char-constants -Wno-conversion -Wno-constant-conversion -Wno-int-conversion -Wno-bool-conversion -Wno-enum-conversion -Wno-float-conversion -Wno-non-literal-null-conversion -Wno-objc-literal-conversion -Wshorten-64-to-32 -Wpointer-sign -Wno-newline-eof -Wno-selector -Wno-strict-selector-match -Wno-undeclared-selector -Wno-deprecated-implementations -Wno-implicit-fallthrough -isysroot /Applications/Xcode-27.0.0-Release.Candidate.app/Contents/Developer/Platforms/AppleTVOS.platform/Developer/SDKs/AppleTVOS27.0.sdk -fstrict-aliasing -Wprotocol -Wdeprecated-declarations -Wno-sign-conversion -Wno-infinite-recursion -Wno-comma -Wno-block-capture-autoreleasing -Wno-strict-prototypes -Wno-semicolon-before-method-body -index-store-path /Users/admin/builder/spi-builder-workspace/.derivedData/Index.noindex/DataStore @/Users/admin/builder/spi-builder-workspace/.derivedData/Build/Intermediates.noindex/AdjustSdk.build/Debug-appletvos/AdjustSdk-t.build/Objects-normal/arm64/e6072d4f65d7061329687fe24e3d63a7-common-args.resp -include /Users/admin/builder/spi-builder-workspace/.derivedData/Build/Intermediates.noindex/AdjustSdk.build/Debug-appletvos/AdjustSdk-t.build/DerivedSources/resource_bundle_accessor.h -MMD -MT dependencies -MF /Users/admin/builder/spi-builder-workspace/.derivedData/Build/Intermediates.noindex/AdjustSdk.build/Debug-appletvos/AdjustSdk-t.build/Objects-normal/arm64/ADJUtil.d --serialize-diagnostics /Users/admin/builder/spi-builder-workspace/.derivedData/Build/Intermediates.noindex/AdjustSdk.build/Debug-appletvos/AdjustSdk-t.build/Objects-normal/arm64/ADJUtil.dia -c /Users/admin/builder/spi-builder-workspace/Adjust/Internal/ADJUtil.m -o /Users/admin/builder/spi-builder-workspace/.derivedData/Build/Intermediates.noindex/AdjustSdk.build/Debug-appletvos/AdjustSdk-t.build/Objects-normal/arm64/ADJUtil.o -index-unit-output-path /AdjustSdk.build/Debug-appletvos/AdjustSdk-t.build/Objects-normal/arm64/ADJUtil.o
ScanDependencies /Users/admin/builder/spi-builder-workspace/.derivedData/Build/Intermediates.noindex/AdjustSdk.build/Debug-appletvos/AdjustSdk-t.build/Objects-normal/arm64/ADJUserDefaults.o /Users/admin/builder/spi-builder-workspace/Adjust/Internal/ADJUserDefaults.m normal arm64 objective-c com.apple.compilers.llvm.clang.1_0.compiler (in target 'AdjustSdk' from project 'AdjustSdk')
cd /Users/admin/builder/spi-builder-workspace/.swiftpm/xcode
Using response file: /Users/admin/builder/spi-builder-workspace/.derivedData/Build/Intermediates.noindex/AdjustSdk.build/Debug-appletvos/AdjustSdk-t.build/Objects-normal/arm64/e6072d4f65d7061329687fe24e3d63a7-common-args.resp
builtin-ScanDependencies -o /Users/admin/builder/spi-builder-workspace/.derivedData/Build/Intermediates.noindex/AdjustSdk.build/Debug-appletvos/AdjustSdk-t.build/Objects-normal/arm64/ADJUserDefaults.o.scan -- /Applications/Xcode-27.0.0-Release.Candidate.app/Contents/Developer/Toolchains/XcodeDefault.xctoolchain/usr/bin/clang -x objective-c -ivfsstatcache /Users/admin/builder/spi-builder-workspace/.derivedData/SDKStatCaches.noindex/appletvos27.0-24J360-e829b21a6f8c9b70876ba0858053c044b32bfd8d43560033f8d89884cdb90028.sdkstatcache -target arm64-apple-tvos15.0 -fmessage-length\=0 -fdiagnostics-show-note-include-stack -fmacro-backtrace-limit\=0 -fno-color-diagnostics -fmodules-prune-interval\=86400 -fmodules-prune-after\=345600 -fbuild-session-file\=/Users/admin/builder/spi-builder-workspace/.derivedData/ModuleCache.noindex/Session.modulevalidation -fmodules-validate-once-per-build-session -Wnon-modular-include-in-framework-module -Werror\=non-modular-include-in-framework-module -Wno-trigraphs -Wno-missing-field-initializers -Wno-missing-prototypes -Wno-return-type -Wno-implicit-atomic-properties -Wno-objc-interface-ivars -Wno-arc-repeated-use-of-weak -Wno-missing-braces -Wparentheses -Wswitch -Wno-unused-function -Wno-unused-label -Wno-unused-parameter -Wno-unused-variable -Wunused-value -Wno-empty-body -Wno-uninitialized -Wno-unknown-pragmas -Wno-shadow -Wno-four-char-constants -Wno-conversion -Wno-constant-conversion -Wno-int-conversion -Wno-bool-conversion -Wno-enum-conversion -Wno-float-conversion -Wno-non-literal-null-conversion -Wno-objc-literal-conversion -Wshorten-64-to-32 -Wpointer-sign -Wno-newline-eof -Wno-selector -Wno-strict-selector-match -Wno-undeclared-selector -Wno-deprecated-implementations -Wno-implicit-fallthrough -isysroot /Applications/Xcode-27.0.0-Release.Candidate.app/Contents/Developer/Platforms/AppleTVOS.platform/Developer/SDKs/AppleTVOS27.0.sdk -fstrict-aliasing -Wprotocol -Wdeprecated-declarations -Wno-sign-conversion -Wno-infinite-recursion -Wno-comma -Wno-block-capture-autoreleasing -Wno-strict-prototypes -Wno-semicolon-before-method-body -index-store-path /Users/admin/builder/spi-builder-workspace/.derivedData/Index.noindex/DataStore @/Users/admin/builder/spi-builder-workspace/.derivedData/Build/Intermediates.noindex/AdjustSdk.build/Debug-appletvos/AdjustSdk-t.build/Objects-normal/arm64/e6072d4f65d7061329687fe24e3d63a7-common-args.resp -include /Users/admin/builder/spi-builder-workspace/.derivedData/Build/Intermediates.noindex/AdjustSdk.build/Debug-appletvos/AdjustSdk-t.build/DerivedSources/resource_bundle_accessor.h -MMD -MT dependencies -MF /Users/admin/builder/spi-builder-workspace/.derivedData/Build/Intermediates.noindex/AdjustSdk.build/Debug-appletvos/AdjustSdk-t.build/Objects-normal/arm64/ADJUserDefaults.d --serialize-diagnostics /Users/admin/builder/spi-builder-workspace/.derivedData/Build/Intermediates.noindex/AdjustSdk.build/Debug-appletvos/AdjustSdk-t.build/Objects-normal/arm64/ADJUserDefaults.dia -c /Users/admin/builder/spi-builder-workspace/Adjust/Internal/ADJUserDefaults.m -o /Users/admin/builder/spi-builder-workspace/.derivedData/Build/Intermediates.noindex/AdjustSdk.build/Debug-appletvos/AdjustSdk-t.build/Objects-normal/arm64/ADJUserDefaults.o -index-unit-output-path /AdjustSdk.build/Debug-appletvos/AdjustSdk-t.build/Objects-normal/arm64/ADJUserDefaults.o
ScanDependencies /Users/admin/builder/spi-builder-workspace/.derivedData/Build/Intermediates.noindex/AdjustSdk.build/Debug-appletvos/AdjustSdk-t.build/Objects-normal/arm64/ADJUrlStrategy.o /Users/admin/builder/spi-builder-workspace/Adjust/Internal/ADJUrlStrategy.m normal arm64 objective-c com.apple.compilers.llvm.clang.1_0.compiler (in target 'AdjustSdk' from project 'AdjustSdk')
cd /Users/admin/builder/spi-builder-workspace/.swiftpm/xcode
Using response file: /Users/admin/builder/spi-builder-workspace/.derivedData/Build/Intermediates.noindex/AdjustSdk.build/Debug-appletvos/AdjustSdk-t.build/Objects-normal/arm64/e6072d4f65d7061329687fe24e3d63a7-common-args.resp
builtin-ScanDependencies -o /Users/admin/builder/spi-builder-workspace/.derivedData/Build/Intermediates.noindex/AdjustSdk.build/Debug-appletvos/AdjustSdk-t.build/Objects-normal/arm64/ADJUrlStrategy.o.scan -- /Applications/Xcode-27.0.0-Release.Candidate.app/Contents/Developer/Toolchains/XcodeDefault.xctoolchain/usr/bin/clang -x objective-c -ivfsstatcache /Users/admin/builder/spi-builder-workspace/.derivedData/SDKStatCaches.noindex/appletvos27.0-24J360-e829b21a6f8c9b70876ba0858053c044b32bfd8d43560033f8d89884cdb90028.sdkstatcache -target arm64-apple-tvos15.0 -fmessage-length\=0 -fdiagnostics-show-note-include-stack -fmacro-backtrace-limit\=0 -fno-color-diagnostics -fmodules-prune-interval\=86400 -fmodules-prune-after\=345600 -fbuild-session-file\=/Users/admin/builder/spi-builder-workspace/.derivedData/ModuleCache.noindex/Session.modulevalidation -fmodules-validate-once-per-build-session -Wnon-modular-include-in-framework-module -Werror\=non-modular-include-in-framework-module -Wno-trigraphs -Wno-missing-field-initializers -Wno-missing-prototypes -Wno-return-type -Wno-implicit-atomic-properties -Wno-objc-interface-ivars -Wno-arc-repeated-use-of-weak -Wno-missing-braces -Wparentheses -Wswitch -Wno-unused-function -Wno-unused-label -Wno-unused-parameter -Wno-unused-variable -Wunused-value -Wno-empty-body -Wno-uninitialized -Wno-unknown-pragmas -Wno-shadow -Wno-four-char-constants -Wno-conversion -Wno-constant-conversion -Wno-int-conversion -Wno-bool-conversion -Wno-enum-conversion -Wno-float-conversion -Wno-non-literal-null-conversion -Wno-objc-literal-conversion -Wshorten-64-to-32 -Wpointer-sign -Wno-newline-eof -Wno-selector -Wno-strict-selector-match -Wno-undeclared-selector -Wno-deprecated-implementations -Wno-implicit-fallthrough -isysroot /Applications/Xcode-27.0.0-Release.Candidate.app/Contents/Developer/Platforms/AppleTVOS.platform/Developer/SDKs/AppleTVOS27.0.sdk -fstrict-aliasing -Wprotocol -Wdeprecated-declarations -Wno-sign-conversion -Wno-infinite-recursion -Wno-comma -Wno-block-capture-autoreleasing -Wno-strict-prototypes -Wno-semicolon-before-method-body -index-store-path /Users/admin/builder/spi-builder-workspace/.derivedData/Index.noindex/DataStore @/Users/admin/builder/spi-builder-workspace/.derivedData/Build/Intermediates.noindex/AdjustSdk.build/Debug-appletvos/AdjustSdk-t.build/Objects-normal/arm64/e6072d4f65d7061329687fe24e3d63a7-common-args.resp -include /Users/admin/builder/spi-builder-workspace/.derivedData/Build/Intermediates.noindex/AdjustSdk.build/Debug-appletvos/AdjustSdk-t.build/DerivedSources/resource_bundle_accessor.h -MMD -MT dependencies -MF /Users/admin/builder/spi-builder-workspace/.derivedData/Build/Intermediates.noindex/AdjustSdk.build/Debug-appletvos/AdjustSdk-t.build/Objects-normal/arm64/ADJUrlStrategy.d --serialize-diagnostics /Users/admin/builder/spi-builder-workspace/.derivedData/Build/Intermediates.noindex/AdjustSdk.build/Debug-appletvos/AdjustSdk-t.build/Objects-normal/arm64/ADJUrlStrategy.dia -c /Users/admin/builder/spi-builder-workspace/Adjust/Internal/ADJUrlStrategy.m -o /Users/admin/builder/spi-builder-workspace/.derivedData/Build/Intermediates.noindex/AdjustSdk.build/Debug-appletvos/AdjustSdk-t.build/Objects-normal/arm64/ADJUrlStrategy.o -index-unit-output-path /AdjustSdk.build/Debug-appletvos/AdjustSdk-t.build/Objects-normal/arm64/ADJUrlStrategy.o
ScanDependencies /Users/admin/builder/spi-builder-workspace/.derivedData/Build/Intermediates.noindex/AdjustSdk.build/Debug-appletvos/AdjustSdk-t.build/Objects-normal/arm64/ADJSdkClickHandler.o /Users/admin/builder/spi-builder-workspace/Adjust/Internal/ADJSdkClickHandler.m normal arm64 objective-c com.apple.compilers.llvm.clang.1_0.compiler (in target 'AdjustSdk' from project 'AdjustSdk')
cd /Users/admin/builder/spi-builder-workspace/.swiftpm/xcode
Using response file: /Users/admin/builder/spi-builder-workspace/.derivedData/Build/Intermediates.noindex/AdjustSdk.build/Debug-appletvos/AdjustSdk-t.build/Objects-normal/arm64/e6072d4f65d7061329687fe24e3d63a7-common-args.resp
builtin-ScanDependencies -o /Users/admin/builder/spi-builder-workspace/.derivedData/Build/Intermediates.noindex/AdjustSdk.build/Debug-appletvos/AdjustSdk-t.build/Objects-normal/arm64/ADJSdkClickHandler.o.scan -- /Applications/Xcode-27.0.0-Release.Candidate.app/Contents/Developer/Toolchains/XcodeDefault.xctoolchain/usr/bin/clang -x objective-c -ivfsstatcache /Users/admin/builder/spi-builder-workspace/.derivedData/SDKStatCaches.noindex/appletvos27.0-24J360-e829b21a6f8c9b70876ba0858053c044b32bfd8d43560033f8d89884cdb90028.sdkstatcache -target arm64-apple-tvos15.0 -fmessage-length\=0 -fdiagnostics-show-note-include-stack -fmacro-backtrace-limit\=0 -fno-color-diagnostics -fmodules-prune-interval\=86400 -fmodules-prune-after\=345600 -fbuild-session-file\=/Users/admin/builder/spi-builder-workspace/.derivedData/ModuleCache.noindex/Session.modulevalidation -fmodules-validate-once-per-build-session -Wnon-modular-include-in-framework-module -Werror\=non-modular-include-in-framework-module -Wno-trigraphs -Wno-missing-field-initializers -Wno-missing-prototypes -Wno-return-type -Wno-implicit-atomic-properties -Wno-objc-interface-ivars -Wno-arc-repeated-use-of-weak -Wno-missing-braces -Wparentheses -Wswitch -Wno-unused-function -Wno-unused-label -Wno-unused-parameter -Wno-unused-variable -Wunused-value -Wno-empty-body -Wno-uninitialized -Wno-unknown-pragmas -Wno-shadow -Wno-four-char-constants -Wno-conversion -Wno-constant-conversion -Wno-int-conversion -Wno-bool-conversion -Wno-enum-conversion -Wno-float-conversion -Wno-non-literal-null-conversion -Wno-objc-literal-conversion -Wshorten-64-to-32 -Wpointer-sign -Wno-newline-eof -Wno-selector -Wno-strict-selector-match -Wno-undeclared-selector -Wno-deprecated-implementations -Wno-implicit-fallthrough -isysroot /Applications/Xcode-27.0.0-Release.Candidate.app/Contents/Developer/Platforms/AppleTVOS.platform/Developer/SDKs/AppleTVOS27.0.sdk -fstrict-aliasing -Wprotocol -Wdeprecated-declarations -Wno-sign-conversion -Wno-infinite-recursion -Wno-comma -Wno-block-capture-autoreleasing -Wno-strict-prototypes -Wno-semicolon-before-method-body -index-store-path /Users/admin/builder/spi-builder-workspace/.derivedData/Index.noindex/DataStore @/Users/admin/builder/spi-builder-workspace/.derivedData/Build/Intermediates.noindex/AdjustSdk.build/Debug-appletvos/AdjustSdk-t.build/Objects-normal/arm64/e6072d4f65d7061329687fe24e3d63a7-common-args.resp -include /Users/admin/builder/spi-builder-workspace/.derivedData/Build/Intermediates.noindex/AdjustSdk.build/Debug-appletvos/AdjustSdk-t.build/DerivedSources/resource_bundle_accessor.h -MMD -MT dependencies -MF /Users/admin/builder/spi-builder-workspace/.derivedData/Build/Intermediates.noindex/AdjustSdk.build/Debug-appletvos/AdjustSdk-t.build/Objects-normal/arm64/ADJSdkClickHandler.d --serialize-diagnostics /Users/admin/builder/spi-builder-workspace/.derivedData/Build/Intermediates.noindex/AdjustSdk.build/Debug-appletvos/AdjustSdk-t.build/Objects-normal/arm64/ADJSdkClickHandler.dia -c /Users/admin/builder/spi-builder-workspace/Adjust/Internal/ADJSdkClickHandler.m -o /Users/admin/builder/spi-builder-workspace/.derivedData/Build/Intermediates.noindex/AdjustSdk.build/Debug-appletvos/AdjustSdk-t.build/Objects-normal/arm64/ADJSdkClickHandler.o -index-unit-output-path /AdjustSdk.build/Debug-appletvos/AdjustSdk-t.build/Objects-normal/arm64/ADJSdkClickHandler.o
ScanDependencies /Users/admin/builder/spi-builder-workspace/.derivedData/Build/Intermediates.noindex/AdjustSdk.build/Debug-appletvos/AdjustSdk-t.build/Objects-normal/arm64/ADJTimerCycle.o /Users/admin/builder/spi-builder-workspace/Adjust/Internal/ADJTimerCycle.m normal arm64 objective-c com.apple.compilers.llvm.clang.1_0.compiler (in target 'AdjustSdk' from project 'AdjustSdk')
cd /Users/admin/builder/spi-builder-workspace/.swiftpm/xcode
Using response file: /Users/admin/builder/spi-builder-workspace/.derivedData/Build/Intermediates.noindex/AdjustSdk.build/Debug-appletvos/AdjustSdk-t.build/Objects-normal/arm64/e6072d4f65d7061329687fe24e3d63a7-common-args.resp
builtin-ScanDependencies -o /Users/admin/builder/spi-builder-workspace/.derivedData/Build/Intermediates.noindex/AdjustSdk.build/Debug-appletvos/AdjustSdk-t.build/Objects-normal/arm64/ADJTimerCycle.o.scan -- /Applications/Xcode-27.0.0-Release.Candidate.app/Contents/Developer/Toolchains/XcodeDefault.xctoolchain/usr/bin/clang -x objective-c -ivfsstatcache /Users/admin/builder/spi-builder-workspace/.derivedData/SDKStatCaches.noindex/appletvos27.0-24J360-e829b21a6f8c9b70876ba0858053c044b32bfd8d43560033f8d89884cdb90028.sdkstatcache -target arm64-apple-tvos15.0 -fmessage-length\=0 -fdiagnostics-show-note-include-stack -fmacro-backtrace-limit\=0 -fno-color-diagnostics -fmodules-prune-interval\=86400 -fmodules-prune-after\=345600 -fbuild-session-file\=/Users/admin/builder/spi-builder-workspace/.derivedData/ModuleCache.noindex/Session.modulevalidation -fmodules-validate-once-per-build-session -Wnon-modular-include-in-framework-module -Werror\=non-modular-include-in-framework-module -Wno-trigraphs -Wno-missing-field-initializers -Wno-missing-prototypes -Wno-return-type -Wno-implicit-atomic-properties -Wno-objc-interface-ivars -Wno-arc-repeated-use-of-weak -Wno-missing-braces -Wparentheses -Wswitch -Wno-unused-function -Wno-unused-label -Wno-unused-parameter -Wno-unused-variable -Wunused-value -Wno-empty-body -Wno-uninitialized -Wno-unknown-pragmas -Wno-shadow -Wno-four-char-constants -Wno-conversion -Wno-constant-conversion -Wno-int-conversion -Wno-bool-conversion -Wno-enum-conversion -Wno-float-conversion -Wno-non-literal-null-conversion -Wno-objc-literal-conversion -Wshorten-64-to-32 -Wpointer-sign -Wno-newline-eof -Wno-selector -Wno-strict-selector-match -Wno-undeclared-selector -Wno-deprecated-implementations -Wno-implicit-fallthrough -isysroot /Applications/Xcode-27.0.0-Release.Candidate.app/Contents/Developer/Platforms/AppleTVOS.platform/Developer/SDKs/AppleTVOS27.0.sdk -fstrict-aliasing -Wprotocol -Wdeprecated-declarations -Wno-sign-conversion -Wno-infinite-recursion -Wno-comma -Wno-block-capture-autoreleasing -Wno-strict-prototypes -Wno-semicolon-before-method-body -index-store-path /Users/admin/builder/spi-builder-workspace/.derivedData/Index.noindex/DataStore @/Users/admin/builder/spi-builder-workspace/.derivedData/Build/Intermediates.noindex/AdjustSdk.build/Debug-appletvos/AdjustSdk-t.build/Objects-normal/arm64/e6072d4f65d7061329687fe24e3d63a7-common-args.resp -include /Users/admin/builder/spi-builder-workspace/.derivedData/Build/Intermediates.noindex/AdjustSdk.build/Debug-appletvos/AdjustSdk-t.build/DerivedSources/resource_bundle_accessor.h -MMD -MT dependencies -MF /Users/admin/builder/spi-builder-workspace/.derivedData/Build/Intermediates.noindex/AdjustSdk.build/Debug-appletvos/AdjustSdk-t.build/Objects-normal/arm64/ADJTimerCycle.d --serialize-diagnostics /Users/admin/builder/spi-builder-workspace/.derivedData/Build/Intermediates.noindex/AdjustSdk.build/Debug-appletvos/AdjustSdk-t.build/Objects-normal/arm64/ADJTimerCycle.dia -c /Users/admin/builder/spi-builder-workspace/Adjust/Internal/ADJTimerCycle.m -o /Users/admin/builder/spi-builder-workspace/.derivedData/Build/Intermediates.noindex/AdjustSdk.build/Debug-appletvos/AdjustSdk-t.build/Objects-normal/arm64/ADJTimerCycle.o -index-unit-output-path /AdjustSdk.build/Debug-appletvos/AdjustSdk-t.build/Objects-normal/arm64/ADJTimerCycle.o
ScanDependencies /Users/admin/builder/spi-builder-workspace/.derivedData/Build/Intermediates.noindex/AdjustSdk.build/Debug-appletvos/AdjustSdk-t.build/Objects-normal/arm64/ADJTimerOnce.o /Users/admin/builder/spi-builder-workspace/Adjust/Internal/ADJTimerOnce.m normal arm64 objective-c com.apple.compilers.llvm.clang.1_0.compiler (in target 'AdjustSdk' from project 'AdjustSdk')
cd /Users/admin/builder/spi-builder-workspace/.swiftpm/xcode
Using response file: /Users/admin/builder/spi-builder-workspace/.derivedData/Build/Intermediates.noindex/AdjustSdk.build/Debug-appletvos/AdjustSdk-t.build/Objects-normal/arm64/e6072d4f65d7061329687fe24e3d63a7-common-args.resp
builtin-ScanDependencies -o /Users/admin/builder/spi-builder-workspace/.derivedData/Build/Intermediates.noindex/AdjustSdk.build/Debug-appletvos/AdjustSdk-t.build/Objects-normal/arm64/ADJTimerOnce.o.scan -- /Applications/Xcode-27.0.0-Release.Candidate.app/Contents/Developer/Toolchains/XcodeDefault.xctoolchain/usr/bin/clang -x objective-c -ivfsstatcache /Users/admin/builder/spi-builder-workspace/.derivedData/SDKStatCaches.noindex/appletvos27.0-24J360-e829b21a6f8c9b70876ba0858053c044b32bfd8d43560033f8d89884cdb90028.sdkstatcache -target arm64-apple-tvos15.0 -fmessage-length\=0 -fdiagnostics-show-note-include-stack -fmacro-backtrace-limit\=0 -fno-color-diagnostics -fmodules-prune-interval\=86400 -fmodules-prune-after\=345600 -fbuild-session-file\=/Users/admin/builder/spi-builder-workspace/.derivedData/ModuleCache.noindex/Session.modulevalidation -fmodules-validate-once-per-build-session -Wnon-modular-include-in-framework-module -Werror\=non-modular-include-in-framework-module -Wno-trigraphs -Wno-missing-field-initializers -Wno-missing-prototypes -Wno-return-type -Wno-implicit-atomic-properties -Wno-objc-interface-ivars -Wno-arc-repeated-use-of-weak -Wno-missing-braces -Wparentheses -Wswitch -Wno-unused-function -Wno-unused-label -Wno-unused-parameter -Wno-unused-variable -Wunused-value -Wno-empty-body -Wno-uninitialized -Wno-unknown-pragmas -Wno-shadow -Wno-four-char-constants -Wno-conversion -Wno-constant-conversion -Wno-int-conversion -Wno-bool-conversion -Wno-enum-conversion -Wno-float-conversion -Wno-non-literal-null-conversion -Wno-objc-literal-conversion -Wshorten-64-to-32 -Wpointer-sign -Wno-newline-eof -Wno-selector -Wno-strict-selector-match -Wno-undeclared-selector -Wno-deprecated-implementations -Wno-implicit-fallthrough -isysroot /Applications/Xcode-27.0.0-Release.Candidate.app/Contents/Developer/Platforms/AppleTVOS.platform/Developer/SDKs/AppleTVOS27.0.sdk -fstrict-aliasing -Wprotocol -Wdeprecated-declarations -Wno-sign-conversion -Wno-infinite-recursion -Wno-comma -Wno-block-capture-autoreleasing -Wno-strict-prototypes -Wno-semicolon-before-method-body -index-store-path /Users/admin/builder/spi-builder-workspace/.derivedData/Index.noindex/DataStore @/Users/admin/builder/spi-builder-workspace/.derivedData/Build/Intermediates.noindex/AdjustSdk.build/Debug-appletvos/AdjustSdk-t.build/Objects-normal/arm64/e6072d4f65d7061329687fe24e3d63a7-common-args.resp -include /Users/admin/builder/spi-builder-workspace/.derivedData/Build/Intermediates.noindex/AdjustSdk.build/Debug-appletvos/AdjustSdk-t.build/DerivedSources/resource_bundle_accessor.h -MMD -MT dependencies -MF /Users/admin/builder/spi-builder-workspace/.derivedData/Build/Intermediates.noindex/AdjustSdk.build/Debug-appletvos/AdjustSdk-t.build/Objects-normal/arm64/ADJTimerOnce.d --serialize-diagnostics /Users/admin/builder/spi-builder-workspace/.derivedData/Build/Intermediates.noindex/AdjustSdk.build/Debug-appletvos/AdjustSdk-t.build/Objects-normal/arm64/ADJTimerOnce.dia -c /Users/admin/builder/spi-builder-workspace/Adjust/Internal/ADJTimerOnce.m -o /Users/admin/builder/spi-builder-workspace/.derivedData/Build/Intermediates.noindex/AdjustSdk.build/Debug-appletvos/AdjustSdk-t.build/Objects-normal/arm64/ADJTimerOnce.o -index-unit-output-path /AdjustSdk.build/Debug-appletvos/AdjustSdk-t.build/Objects-normal/arm64/ADJTimerOnce.o
PruneExplicitPrecompiledModules /Users/admin/builder/spi-builder-workspace/.derivedData/Build/Intermediates.noindex/ExplicitPrecompiledModules
PruneExplicitPrecompiledModules /Users/admin/builder/spi-builder-workspace/.derivedData/SDKExplicitPrecompiledModules
PruneExplicitPrecompiledModules /Users/admin/builder/spi-builder-workspace/.derivedData/Build/Intermediates.noindex/SwiftExplicitPrecompiledModules
2026-09-26 17:32:30.809 xcodebuild[987:5981] [MT] IDERunDestination: Supported platforms for the buildables in the current scheme is empty.
** BUILD FAILED **
The following build commands failed:
ScanDependencies /Users/admin/builder/spi-builder-workspace/.derivedData/Build/Intermediates.noindex/AdjustSdk.build/Debug-appletvos/AdjustWebBridge-t.build/Objects-normal/arm64/AdjustBridge.o /Users/admin/builder/spi-builder-workspace/AdjustBridge/AdjustBridge.m normal arm64 objective-c com.apple.compilers.llvm.clang.1_0.compiler (in target 'AdjustWebBridge' from project 'AdjustSdk')
Building workspace AdjustSdk with scheme AdjustSdk-Package
(2 failures)
BUILD FAILURE 6.4 tvOS