Build Information
Failed to build Swifty-Extensions, reference 1.0.2 (e0a680), with Swift 6.4 for watchOS using Xcode 27.0 on 17 Sep 2026 11:43:36 UTC.
Build Command
env DEVELOPER_DIR=/Applications/Xcode-27.0.0-Release.Candidate.app xcrun xcodebuild -IDEClonedSourcePackagesDirPathOverride=$PWD/.dependencies -skipMacroValidation -skipPackagePluginValidation -derivedDataPath $PWD/.derivedData build -scheme Swifty-Extensions-Package -destination generic/platform=watchOSBuild Log
========================================
RunAll
========================================
Builder version: 5.1.0
Interrupt handler set up.
========================================
Checkout
========================================
Clone URL: https://github.com/milanpanchal/Swifty-Extensions.git
Reference: 1.0.2
Initialized empty Git repository in /Users/admin/builder/spi-builder-workspace/.git/
From https://github.com/milanpanchal/Swifty-Extensions
* tag 1.0.2 -> FETCH_HEAD
HEAD is now at e0a6807 Public access specifier added
Cloned https://github.com/milanpanchal/Swifty-Extensions.git
Revision (git rev-parse @):
e0a6807aed78ae7ddaa46d71dab388357fd74786
SUCCESS checkout https://github.com/milanpanchal/Swifty-Extensions.git at 1.0.2
========================================
Build
========================================
Selected platform: watchOS
Swift version: 6.4
Building package at path: $PWD
https://github.com/milanpanchal/Swifty-Extensions.git
Command line invocation:
/Applications/Xcode-27.0.0-Release.Candidate.app/Contents/Developer/usr/bin/xcodebuild -IDEClonedSourcePackagesDirPathOverride=/Users/admin/builder/spi-builder-workspace/.dependencies -resolvePackageDependencies
resolved source packages:
{
"dependencies" : [
],
"manifest_display_name" : "Swifty-Extensions",
"name" : "Swifty-Extensions",
"path" : "/Users/admin/builder/spi-builder-workspace",
"platforms" : [
{
"name" : "ios",
"version" : "10.0"
}
],
"products" : [
{
"name" : "Swifty-Extensions",
"targets" : [
"Swifty-Extensions"
],
"type" : {
"library" : [
"automatic"
]
}
}
],
"targets" : [
{
"c99name" : "Swifty_ExtensionsTests",
"module_type" : "SwiftTarget",
"name" : "Swifty-ExtensionsTests",
"path" : "Tests/Swifty-ExtensionsTests",
"sources" : [
"Swifty_ExtensionsTests.swift",
"XCTestManifests.swift"
],
"target_dependencies" : [
"Swifty-Extensions"
],
"type" : "test"
},
{
"c99name" : "Swifty_Extensions",
"module_type" : "SwiftTarget",
"name" : "Swifty-Extensions",
"path" : "Sources/Swifty-Extensions",
"product_memberships" : [
"Swifty-Extensions"
],
"sources" : [
"CALayer+Extension.swift",
"CoreData/NSManagedObject+Extension.swift",
"Dispatch/DispatchQueue+Extension.swift",
"Foundation/Array+Extension.swift",
"Foundation/Bool+Extension.swift",
"Foundation/Bundle+Extension.swift",
"Foundation/Data+Extension.swift",
"Foundation/Date+Extension.swift",
"Foundation/Dictionary+Extension.swift",
"Foundation/Double+Extension.swift",
"Foundation/Int+Extension.swift",
"Foundation/Locale+Extension.swift",
"Foundation/NSNotification+Extension.swift",
"Foundation/PersonNameComponents+Extension.swift",
"Foundation/String+Barcode.swift",
"Foundation/String+Extension.swift",
"Foundation/UserDefaults+Extension.swift",
"MapKit/MKMapItem+Extension.swift",
"NSObject+Extension.swift",
"UIKit/NSLayoutContraint+Extention.swift",
"UIKit/UIAlertController+Extension.swift",
"UIKit/UIApplication+Extension.swift",
"UIKit/UIButton+Extension.swift",
"UIKit/UICollectionView+Extension.swift",
"UIKit/UIColor+Extension.swift",
"UIKit/UIControl+Extension.swift",
"UIKit/UIDevice+Extension.swift",
"UIKit/UIImage+Extension.swift",
"UIKit/UIImageView+Extension.swift",
"UIKit/UILabel+Extension.swift",
"UIKit/UINavigationController+Extension.swift",
"UIKit/UINavigationItem+Extension.swift",
"UIKit/UIScrollView+Extension.swift",
"UIKit/UISwitch+Extension.swift",
"UIKit/UITableView+Extension.swift",
"UIKit/UITextField+Extension.swift",
"UIKit/UITextView+Extension.swift",
"UIKit/UIView+Extension.swift",
"UIKit/UIViewController+Extension.swift",
"UIKit/UIWindow+Extension.swift"
],
"type" : "library"
}
],
"tools_version" : "5.3"
}
{
"project" : {
"configurations" : [
"Debug",
"Release"
],
"name" : "Swifty-Extensions",
"schemes" : [
"Swifty-Extensions-Package"
],
"targets" : [
"Swifty-Extensions",
"Swifty-ExtensionsPackageDescription",
"Swifty-ExtensionsPackageTests",
"Swifty-ExtensionsTests"
]
}
}
Running build ...
env DEVELOPER_DIR=/Applications/Xcode-27.0.0-Release.Candidate.app xcrun xcodebuild -IDEClonedSourcePackagesDirPathOverride=$PWD/.dependencies -skipMacroValidation -skipPackagePluginValidation -derivedDataPath $PWD/.derivedData build -scheme Swifty-Extensions-Package -destination generic/platform=watchOS
Command line invocation:
/Applications/Xcode-27.0.0-Release.Candidate.app/Contents/Developer/usr/bin/xcodebuild -IDEClonedSourcePackagesDirPathOverride=/Users/admin/builder/spi-builder-workspace/.dependencies -skipMacroValidation -skipPackagePluginValidation -derivedDataPath /Users/admin/builder/spi-builder-workspace/.derivedData build -scheme Swifty-Extensions-Package -destination generic/platform=watchOS
ComputePackagePrebuildTargetDependencyGraph
Prepare packages
CreateBuildRequest
SendProjectDescription
CreateBuildOperation
ComputeTargetDependencyGraph
note: Building targets in dependency order
note: Target dependency graph (1 target)
Target 'Swifty-Extensions' in project 'Swifty-Extensions' (no dependencies)
GatherProvisioningInputs
CreateBuildDescription
ExecuteExternalTool /Applications/Xcode-27.0.0-Release.Candidate.app/Contents/Developer/Toolchains/XcodeDefault.xctoolchain/usr/bin/clang -v -E -dM -isysroot /Applications/Xcode-27.0.0-Release.Candidate.app/Contents/Developer/Platforms/WatchOS.platform/Developer/SDKs/WatchOS27.0.sdk -x c -c /dev/null
ExecuteExternalTool /Applications/Xcode-27.0.0-Release.Candidate.app/Contents/Developer/Toolchains/XcodeDefault.xctoolchain/usr/bin/swiftc --version
ExecuteExternalTool /Applications/Xcode-27.0.0-Release.Candidate.app/Contents/Developer/Toolchains/XcodeDefault.xctoolchain/usr/bin/ld -version_details
Build description signature: e9eed858b77ee25c90a20ffe38b00f7b
Build description path: /Users/admin/builder/spi-builder-workspace/.derivedData/Build/Intermediates.noindex/XCBuildData/e9eed858b77ee25c90a20ffe38b00f7b.xcbuilddata
/Users/admin/builder/spi-builder-workspace/Swifty-Extensions.xcodeproj: error: The watchOS deployment target 'WATCHOS_DEPLOYMENT_TARGET' is set to 2.0, but the range of supported deployment target versions is 9.0 to 27.0.x. (in target 'Swifty-Extensions' from project 'Swifty-Extensions')
error: The armv7k architecture is deprecated. You should update your ARCHS build setting to remove the armv7k architecture. (in target 'Swifty-Extensions' from project 'Swifty-Extensions')
** BUILD FAILED **
The following build commands failed:
Building project Swifty-Extensions with scheme Swifty-Extensions-Package
(1 failure)
Command line invocation:
/Applications/Xcode-27.0.0-Release.Candidate.app/Contents/Developer/usr/bin/xcodebuild -IDEClonedSourcePackagesDirPathOverride=/Users/admin/builder/spi-builder-workspace/.dependencies -resolvePackageDependencies
resolved source packages:
{
"dependencies" : [
],
"manifest_display_name" : "Swifty-Extensions",
"name" : "Swifty-Extensions",
"path" : "/Users/admin/builder/spi-builder-workspace",
"platforms" : [
{
"name" : "ios",
"version" : "10.0"
}
],
"products" : [
{
"name" : "Swifty-Extensions",
"targets" : [
"Swifty-Extensions"
],
"type" : {
"library" : [
"automatic"
]
}
}
],
"targets" : [
{
"c99name" : "Swifty_ExtensionsTests",
"module_type" : "SwiftTarget",
"name" : "Swifty-ExtensionsTests",
"path" : "Tests/Swifty-ExtensionsTests",
"sources" : [
"Swifty_ExtensionsTests.swift",
"XCTestManifests.swift"
],
"target_dependencies" : [
"Swifty-Extensions"
],
"type" : "test"
},
{
"c99name" : "Swifty_Extensions",
"module_type" : "SwiftTarget",
"name" : "Swifty-Extensions",
"path" : "Sources/Swifty-Extensions",
"product_memberships" : [
"Swifty-Extensions"
],
"sources" : [
"CALayer+Extension.swift",
"CoreData/NSManagedObject+Extension.swift",
"Dispatch/DispatchQueue+Extension.swift",
"Foundation/Array+Extension.swift",
"Foundation/Bool+Extension.swift",
"Foundation/Bundle+Extension.swift",
"Foundation/Data+Extension.swift",
"Foundation/Date+Extension.swift",
"Foundation/Dictionary+Extension.swift",
"Foundation/Double+Extension.swift",
"Foundation/Int+Extension.swift",
"Foundation/Locale+Extension.swift",
"Foundation/NSNotification+Extension.swift",
"Foundation/PersonNameComponents+Extension.swift",
"Foundation/String+Barcode.swift",
"Foundation/String+Extension.swift",
"Foundation/UserDefaults+Extension.swift",
"MapKit/MKMapItem+Extension.swift",
"NSObject+Extension.swift",
"UIKit/NSLayoutContraint+Extention.swift",
"UIKit/UIAlertController+Extension.swift",
"UIKit/UIApplication+Extension.swift",
"UIKit/UIButton+Extension.swift",
"UIKit/UICollectionView+Extension.swift",
"UIKit/UIColor+Extension.swift",
"UIKit/UIControl+Extension.swift",
"UIKit/UIDevice+Extension.swift",
"UIKit/UIImage+Extension.swift",
"UIKit/UIImageView+Extension.swift",
"UIKit/UILabel+Extension.swift",
"UIKit/UINavigationController+Extension.swift",
"UIKit/UINavigationItem+Extension.swift",
"UIKit/UIScrollView+Extension.swift",
"UIKit/UISwitch+Extension.swift",
"UIKit/UITableView+Extension.swift",
"UIKit/UITextField+Extension.swift",
"UIKit/UITextView+Extension.swift",
"UIKit/UIView+Extension.swift",
"UIKit/UIViewController+Extension.swift",
"UIKit/UIWindow+Extension.swift"
],
"type" : "library"
}
],
"tools_version" : "5.3"
}
{
"project" : {
"configurations" : [
"Debug",
"Release"
],
"name" : "Swifty-Extensions",
"schemes" : [
"Swifty-Extensions-Package"
],
"targets" : [
"Swifty-Extensions",
"Swifty-ExtensionsPackageDescription",
"Swifty-ExtensionsPackageTests",
"Swifty-ExtensionsTests"
]
}
}
Running build ...
env DEVELOPER_DIR=/Applications/Xcode-27.0.0-Release.Candidate.app xcrun xcodebuild -IDEClonedSourcePackagesDirPathOverride=$PWD/.dependencies -skipMacroValidation -skipPackagePluginValidation -derivedDataPath $PWD/.derivedData build -scheme Swifty-Extensions-Package -destination generic/platform=watchOS
Command line invocation:
/Applications/Xcode-27.0.0-Release.Candidate.app/Contents/Developer/usr/bin/xcodebuild -IDEClonedSourcePackagesDirPathOverride=/Users/admin/builder/spi-builder-workspace/.dependencies -skipMacroValidation -skipPackagePluginValidation -derivedDataPath /Users/admin/builder/spi-builder-workspace/.derivedData build -scheme Swifty-Extensions-Package -destination generic/platform=watchOS
ComputePackagePrebuildTargetDependencyGraph
Prepare packages
CreateBuildRequest
SendProjectDescription
CreateBuildOperation
ComputeTargetDependencyGraph
note: Building targets in dependency order
note: Target dependency graph (1 target)
Target 'Swifty-Extensions' in project 'Swifty-Extensions' (no dependencies)
GatherProvisioningInputs
CreateBuildDescription
error: The armv7k architecture is deprecated. You should update your ARCHS build setting to remove the armv7k architecture. (in target 'Swifty-Extensions' from project 'Swifty-Extensions')
/Users/admin/builder/spi-builder-workspace/Swifty-Extensions.xcodeproj: error: The watchOS deployment target 'WATCHOS_DEPLOYMENT_TARGET' is set to 2.0, but the range of supported deployment target versions is 9.0 to 27.0.x. (in target 'Swifty-Extensions' from project 'Swifty-Extensions')
** BUILD FAILED **
The following build commands failed:
Building project Swifty-Extensions with scheme Swifty-Extensions-Package
(1 failure)
BUILD FAILURE 6.4 watchOS