The Swift Package Index logo.Swift Package Index

Build Information

Failed to build APIAlerts, reference 1.3.0 (5a3649), with Swift 6.4 for Wasm on 25 Sep 2026 21:35:28 UTC.

Build Command

bash -c docker run --pull=always --rm -v "checkouts-54344847-0":/host -w "$PWD" -e JAVA_HOME="/root/.sdkman/candidates/java/current" -e SPI_BUILD="1" -e SPI_PROCESSING="1" registry.gitlab.com/saguaro1/spi-images:wasm-6.4-latest swift build --swift-sdk swift-6.4.x-DEVELOPMENT-SNAPSHOT-2026-09-04-a_wasm 2>&1

Build Log

========================================
RunAll
========================================
Builder version: 5.1.0
Interrupt handler set up.
========================================
Checkout
========================================
Clone URL: https://github.com/apialerts/apialerts-swift.git
Reference: 1.3.0
Initialized empty Git repository in /host/spi-builder-workspace/.git/
hint: Using 'master' as the name for the initial branch. This default branch name
hint: is subject to change. To configure the initial branch name to use in all
hint: of your new repositories, which will suppress this warning, call:
hint:
hint: 	git config --global init.defaultBranch <name>
hint:
hint: Names commonly chosen instead of 'master' are 'main', 'trunk' and
hint: 'development'. The just-created branch can be renamed via this command:
hint:
hint: 	git branch -m <name>
From https://github.com/apialerts/apialerts-swift
 * tag               1.3.0      -> FETCH_HEAD
HEAD is now at 5a3649b 1.3.0 - Support Linux / server-side Swift (#7)
Cloned https://github.com/apialerts/apialerts-swift.git
Revision (git rev-parse @):
5a3649b3e3df1e397aff251dd16f69ef800c7c34
SUCCESS checkout https://github.com/apialerts/apialerts-swift.git at 1.3.0
========================================
Build
========================================
Selected platform:         wasm
Swift version:             6.4
Building package at path:  $PWD
https://github.com/apialerts/apialerts-swift.git
Running build ...
bash -c docker run --pull=always --rm -v "checkouts-54344847-0":/host -w "$PWD" -e JAVA_HOME="/root/.sdkman/candidates/java/current" -e SPI_BUILD="1" -e SPI_PROCESSING="1" registry.gitlab.com/saguaro1/spi-images:wasm-6.4-latest swift build --swift-sdk swift-6.4.x-DEVELOPMENT-SNAPSHOT-2026-09-04-a_wasm 2>&1
wasm-6.4-latest: Pulling from saguaro1/spi-images
Digest: sha256:4328fdb43c680d205c1d6761b1e3267aa38277eefdda9ddfb17b6a0f1a77857a
Status: Image is up to date for registry.gitlab.com/saguaro1/spi-images:wasm-6.4-latest
Fetching https://github.com/apple/swift-log.git
[1/8165] Fetching swift-log
Fetched https://github.com/apple/swift-log.git (0.59s)
Computing version for https://github.com/apple/swift-log.git
Computed https://github.com/apple/swift-log.git at 1.15.1 (0.79s)
Creating working copy for https://github.com/apple/swift-log.git
Working copy of https://github.com/apple/swift-log.git resolved at 1.15.1
Building for debugging...
[Pre-planning 1 / 96]
[23 / 38] Logging
[32 / 47] Logging
[41 / 57] APIAlerts
[45 / 57] APIAlerts
[47 / 58] Logging
[49 / 58] Logging
error: SwiftCompile normal wasm32 failed with a nonzero exit code. Command line:     cd /host

/host/spi-builder-workspace/Sources/apialerts-swift/APIAlerts.swift:23:82: error: 'URLSession' is unavailable: This type has moved to the FoundationNetworking module. Import that module to use it.
21 |     ///   - debug: Log success and warnings (critical errors always log).
22 |     ///   - session: `URLSession` for delivery; inject one for pooling, proxies, or test mocks.
23 |     public static func configure(_ apiKey: String, debug: Bool = false, session: URLSession = .shared) {
   |                                                                                  `- error: 'URLSession' is unavailable: This type has moved to the FoundationNetworking module. Import that module to use it.
24 |         guard _sharedClient == nil else { return }
25 |         _sharedClient = ApiAlertsClient(apiKey, debug: debug, session: session)
Foundation.URLSession:2:18: note: 'URLSession' has been explicitly marked unavailable here
1 | @available(*, unavailable, message: "This type has moved to the FoundationNetworking module. Import that module to use it.")
2 | public typealias URLSession = AnyObject
  |                  `- note: 'URLSession' has been explicitly marked unavailable here
/host/spi-builder-workspace/Sources/apialerts-swift/APIAlerts.swift:23:96: error: type 'URLSession' (aka 'AnyObject') has no member 'shared'
21 |     ///   - debug: Log success and warnings (critical errors always log).
22 |     ///   - session: `URLSession` for delivery; inject one for pooling, proxies, or test mocks.
23 |     public static func configure(_ apiKey: String, debug: Bool = false, session: URLSession = .shared) {
   |                                                                                                `- error: type 'URLSession' (aka 'AnyObject') has no member 'shared'
24 |         guard _sharedClient == nil else { return }
25 |         _sharedClient = ApiAlertsClient(apiKey, debug: debug, session: session)
/host/spi-builder-workspace/Sources/apialerts-swift/APIAlerts.swift:23:96: error: value of type '_' expected to be instance of class or class-constrained type
21 |     ///   - debug: Log success and warnings (critical errors always log).
22 |     ///   - session: `URLSession` for delivery; inject one for pooling, proxies, or test mocks.
23 |     public static func configure(_ apiKey: String, debug: Bool = false, session: URLSession = .shared) {
   |                                                                                                `- error: value of type '_' expected to be instance of class or class-constrained type
24 |         guard _sharedClient == nil else { return }
25 |         _sharedClient = ApiAlertsClient(apiKey, debug: debug, session: session)
/host/spi-builder-workspace/Sources/apialerts-swift/ApiAlertsClient.swift:19:65: error: 'URLSession' is unavailable: This type has moved to the FoundationNetworking module. Import that module to use it.
17 |     ///   - debug: Log success and warnings (errors always log).
18 |     ///   - session: `URLSession` for delivery; inject one for pooling, proxies, or test mocks.
19 |     public init(_ apiKey: String, debug: Bool = false, session: URLSession = .shared) {
   |                                                                 `- error: 'URLSession' is unavailable: This type has moved to the FoundationNetworking module. Import that module to use it.
20 |         self.apiKey = apiKey
21 |         self.debug = debug
Foundation.URLSession:2:18: note: 'URLSession' has been explicitly marked unavailable here
1 | @available(*, unavailable, message: "This type has moved to the FoundationNetworking module. Import that module to use it.")
2 | public typealias URLSession = AnyObject
  |                  `- note: 'URLSession' has been explicitly marked unavailable here
/host/spi-builder-workspace/Sources/apialerts-swift/ApiAlertsClient.swift:19:79: error: type 'URLSession' (aka 'AnyObject') has no member 'shared'
17 |     ///   - debug: Log success and warnings (errors always log).
18 |     ///   - session: `URLSession` for delivery; inject one for pooling, proxies, or test mocks.
19 |     public init(_ apiKey: String, debug: Bool = false, session: URLSession = .shared) {
   |                                                                               `- error: type 'URLSession' (aka 'AnyObject') has no member 'shared'
20 |         self.apiKey = apiKey
21 |         self.debug = debug
/host/spi-builder-workspace/Sources/apialerts-swift/ApiAlertsClient.swift:19:79: error: value of type '_' expected to be instance of class or class-constrained type
17 |     ///   - debug: Log success and warnings (errors always log).
18 |     ///   - session: `URLSession` for delivery; inject one for pooling, proxies, or test mocks.
19 |     public init(_ apiKey: String, debug: Bool = false, session: URLSession = .shared) {
   |                                                                               `- error: value of type '_' expected to be instance of class or class-constrained type
20 |         self.apiKey = apiKey
21 |         self.debug = debug
/host/spi-builder-workspace/Sources/apialerts-swift/Network/Network.swift:7:18: error: 'URLSession' is unavailable: This type has moved to the FoundationNetworking module. Import that module to use it.
 5 |
 6 | struct Network {
 7 |     var session: URLSession
   |                  `- error: 'URLSession' is unavailable: This type has moved to the FoundationNetworking module. Import that module to use it.
 8 |     var integration: String
 9 |     var version: String
Foundation.URLSession:2:18: note: 'URLSession' has been explicitly marked unavailable here
1 | @available(*, unavailable, message: "This type has moved to the FoundationNetworking module. Import that module to use it.")
2 | public typealias URLSession = AnyObject
  |                  `- note: 'URLSession' has been explicitly marked unavailable here
/host/spi-builder-workspace/Sources/apialerts-swift/Network/Network.swift:13:18: error: 'URLSession' is unavailable: This type has moved to the FoundationNetworking module. Import that module to use it.
11 |
12 |     init(
13 |         session: URLSession = .shared,
   |                  `- error: 'URLSession' is unavailable: This type has moved to the FoundationNetworking module. Import that module to use it.
14 |         integration: String = integrationName,
15 |         version: String = integrationVersion,
Foundation.URLSession:2:18: note: 'URLSession' has been explicitly marked unavailable here
1 | @available(*, unavailable, message: "This type has moved to the FoundationNetworking module. Import that module to use it.")
2 | public typealias URLSession = AnyObject
  |                  `- note: 'URLSession' has been explicitly marked unavailable here
/host/spi-builder-workspace/Sources/apialerts-swift/Network/Network.swift:13:32: error: value of type '_' expected to be instance of class or class-constrained type
11 |
12 |     init(
13 |         session: URLSession = .shared,
   |                                `- error: value of type '_' expected to be instance of class or class-constrained type
14 |         integration: String = integrationName,
15 |         version: String = integrationVersion,
/host/spi-builder-workspace/Sources/apialerts-swift/Network/Network.swift:13:32: error: type 'URLSession' (aka 'AnyObject') has no member 'shared'
11 |
12 |     init(
13 |         session: URLSession = .shared,
   |                                `- error: type 'URLSession' (aka 'AnyObject') has no member 'shared'
14 |         integration: String = integrationName,
15 |         version: String = integrationVersion,
Failed frontend command:
/usr/bin/swift-frontend -frontend -emit-module -experimental-skip-non-inlinable-function-bodies-without-types /host/spi-builder-workspace/Sources/apialerts-swift/APIAlerts.swift /host/spi-builder-workspace/Sources/apialerts-swift/ApiAlertsClient.swift /host/spi-builder-workspace/Sources/apialerts-swift/ApiAlertsClientProtocol.swift /host/spi-builder-workspace/Sources/apialerts-swift/ApiAlertsError.swift /host/spi-builder-workspace/Sources/apialerts-swift/Constants.swift /host/spi-builder-workspace/Sources/apialerts-swift/Event.swift /host/spi-builder-workspace/Sources/apialerts-swift/Network/Contract/EventRequest.swift /host/spi-builder-workspace/Sources/apialerts-swift/Network/Contract/EventResponse.swift /host/spi-builder-workspace/Sources/apialerts-swift/Network/Network.swift /host/spi-builder-workspace/Sources/apialerts-swift/SendResult.swift -target wasm32-unknown-wasip1 -disable-objc-interop -sdk /root/.swiftpm/swift-sdks/swift-6.4.x-DEVELOPMENT-SNAPSHOT-2026-09-04-a_wasm.artifactbundle/swift-6.4.x-DEVELOPMENT-SNAPSHOT-2026-09-04-a_wasm/wasm32-unknown-wasip1/WASI.sdk -sysroot /root/.swiftpm/swift-sdks/swift-6.4.x-DEVELOPMENT-SNAPSHOT-2026-09-04-a_wasm.artifactbundle/swift-6.4.x-DEVELOPMENT-SNAPSHOT-2026-09-04-a_wasm/wasm32-unknown-wasip1/WASI.sdk -I /host/spi-builder-workspace/.build/out/Products/Debug-webassembly-wasm32 -module-cache-path /host/spi-builder-workspace/.build/out/ModuleCache.noindex -color-diagnostics -Xcc -fcolor-diagnostics -enable-testing -g -debug-info-format\=dwarf -dwarf-version\=4 -swift-version 6 -Onone -D SWIFT_PACKAGE -D DEBUG -D SWIFT_MODULE_RESOURCE_BUNDLE_UNAVAILABLE -D Xcode -serialize-debugging-options -enable-experimental-feature DebugDescriptionMacro -empty-abi-descriptor -external-plugin-path /usr/lib/swift/host/plugins/testing\#/usr/bin/swift-plugin-server -validate-clang-modules-once -clang-build-session-file /host/spi-builder-workspace/.build/out/ModuleCache.noindex/Session.modulevalidation -Xcc -working-directory -Xcc /host -resource-dir /root/.swiftpm/swift-sdks/swift-6.4.x-DEVELOPMENT-SNAPSHOT-2026-09-04-a_wasm.artifactbundle/swift-6.4.x-DEVELOPMENT-SNAPSHOT-2026-09-04-a_wasm/wasm32-unknown-wasip1/swift.xctoolchain/usr/lib/swift_static -use-static-resource-dir -enable-anonymous-context-mangled-names -file-compilation-dir /host -Xcc -resource-dir -Xcc /root/.swiftpm/swift-sdks/swift-6.4.x-DEVELOPMENT-SNAPSHOT-2026-09-04-a_wasm.artifactbundle/swift-6.4.x-DEVELOPMENT-SNAPSHOT-2026-09-04-a_wasm/wasm32-unknown-wasip1/swift.xctoolchain/usr/lib/swift_static/clang -Xcc -D_LIBCPP_HARDENING_MODE\=_LIBCPP_HARDENING_MODE_DEBUG -Xcc -fmodules-prune-interval\=86400 -Xcc -fmodules-prune-after\=345600 -Xcc -I/host/spi-builder-workspace/.build/out/Products/Debug-webassembly-wasm32/include -Xcc -I/host/spi-builder-workspace/.build/out/Intermediates.noindex/APIAlerts.build/Debug-webassembly-wasm32/APIAlerts-t.build/DerivedSources-normal/wasm32 -Xcc -I/host/spi-builder-workspace/.build/out/Intermediates.noindex/APIAlerts.build/Debug-webassembly-wasm32/APIAlerts-t.build/DerivedSources/wasm32 -Xcc -I/host/spi-builder-workspace/.build/out/Intermediates.noindex/APIAlerts.build/Debug-webassembly-wasm32/APIAlerts-t.build/DerivedSources -Xcc -DSWIFT_PACKAGE -Xcc -DDEBUG\=1 -no-auto-bridging-header-chaining -module-name APIAlerts -package-name spi_builder_workspace -const-gather-protocols-file /host/spi-builder-workspace/.build/out/Intermediates.noindex/APIAlerts.build/Debug-webassembly-wasm32/APIAlerts-t.build/Objects-normal/wasm32/APIAlerts_const_extract_protocols.json -in-process-plugin-server-path /usr/lib/swift/host/libSwiftInProcPluginServer.so -plugin-path /usr/lib/swift/host/plugins -plugin-path /usr/local/lib/swift/host/plugins -emit-module-doc-path /host/spi-builder-workspace/.build/out/Intermediates.noindex/APIAlerts.build/Debug-webassembly-wasm32/APIAlerts-t.build/Objects-normal/wasm32/Modules/APIAlerts.swiftdoc -emit-module-source-info-path /host/spi-builder-workspace/.build/out/Intermediates.noindex/APIAlerts.build/Debug-webassembly-wasm32/APIAlerts-t.build/Objects-normal/wasm32/Modules/APIAlerts.swiftsourceinfo -emit-objc-header-path /host/spi-builder-workspace/.build/out/Intermediates.noindex/APIAlerts.build/Debug-webassembly-wasm32/APIAlerts-t.build/Objects-normal/wasm32/APIAlerts-Swift.h -serialize-diagnostics-path /host/spi-builder-workspace/.build/out/Intermediates.noindex/APIAlerts.build/Debug-webassembly-wasm32/APIAlerts-t.build/Objects-normal/wasm32/APIAlerts-primary-emit-module.dia -emit-dependencies-path /host/spi-builder-workspace/.build/out/Intermediates.noindex/APIAlerts.build/Debug-webassembly-wasm32/APIAlerts-t.build/Objects-normal/wasm32/APIAlerts-primary-emit-module.d -parse-as-library -o /host/spi-builder-workspace/.build/out/Intermediates.noindex/APIAlerts.build/Debug-webassembly-wasm32/APIAlerts-t.build/Objects-normal/wasm32/Modules/APIAlerts.swiftmodule
error: Build failed
BUILD FAILURE 6.4 wasm