The Swift Package Index logo.Swift Package Index

Build Information

Failed to build KYLogger, reference 1.4.1 (4af59f), with Swift 6.4 for watchOS using Xcode 27.0 on 22 Sep 2026 04:30:39 UTC.

Build Command

env DEVELOPER_DIR=/Applications/Xcode-27.0.0-Release.Candidate.app xcrun xcodebuild -IDEClonedSourcePackagesDirPathOverride=$PWD/.dependencies -skipMacroValidation -skipPackagePluginValidation -derivedDataPath $PWD/.derivedData build -scheme KYLogger -destination generic/platform=watchOS

Build Log

========================================
RunAll
========================================
Builder version: 5.1.0
Interrupt handler set up.
========================================
Checkout
========================================
Clone URL: https://github.com/Kjuly/KYLogger.git
Reference: 1.4.1
Initialized empty Git repository in /Users/admin/builder/spi-builder-workspace/.git/
From https://github.com/Kjuly/KYLogger
 * tag               1.4.1      -> FETCH_HEAD
HEAD is now at 4af59f6 KYLogger.podspec: Set spec.version=1.4.1
Cloned https://github.com/Kjuly/KYLogger.git
Revision (git rev-parse @):
4af59f622b9ebd06ff9f42b55adbb25d207336ad
SUCCESS checkout https://github.com/Kjuly/KYLogger.git at 1.4.1
========================================
Build
========================================
Selected platform:         watchOS
Swift version:             6.4
Building package at path:  $PWD
https://github.com/Kjuly/KYLogger.git
Command line invocation:
    /Applications/Xcode-27.0.0-Release.Candidate.app/Contents/Developer/usr/bin/xcodebuild -IDEClonedSourcePackagesDirPathOverride=/Users/admin/builder/spi-builder-workspace/.dependencies -resolvePackageDependencies
resolved source packages:
{
  "dependencies" : [
  ],
  "manifest_display_name" : "KYLogger",
  "name" : "KYLogger",
  "path" : "/Users/admin/builder/spi-builder-workspace",
  "platforms" : [
    {
      "name" : "ios",
      "version" : "15.5"
    },
    {
      "name" : "watchos",
      "version" : "6.0"
    },
    {
      "name" : "macos",
      "version" : "12.0"
    }
  ],
  "products" : [
    {
      "name" : "KYLogger",
      "targets" : [
        "KYLogger",
        "KYLoggerObjC"
      ],
      "type" : {
        "library" : [
          "automatic"
        ]
      }
    }
  ],
  "targets" : [
    {
      "c99name" : "KYLoggerTests",
      "module_type" : "SwiftTarget",
      "name" : "KYLoggerTests",
      "path" : "KYLoggerTests",
      "sources" : [
        "KYFileLogger/KYFileLoggerConfigTests.swift",
        "KYFileLogger/KYFileLoggerErrorTests.swift",
        "KYFileLogger/KYFileLoggerTests.swift",
        "KYFileLogger/KYFileLogger_FolderNFileTests.swift",
        "KYFileLogger/KYFileLogger_LogDetailsTests.swift",
        "KYFileLogger/KYFileLogger_SessionTests.swift",
        "KYLogger/KYLoggerTests.swift"
      ],
      "target_dependencies" : [
        "KYLogger"
      ],
      "type" : "test"
    },
    {
      "c99name" : "KYLoggerObjC",
      "module_type" : "ClangTarget",
      "name" : "KYLoggerObjC",
      "path" : "KYLogger/SourcesObjC",
      "product_memberships" : [
        "KYLogger"
      ],
      "sources" : [
        "KYLoggerObjC.m"
      ],
      "type" : "library"
    },
    {
      "c99name" : "KYLogger",
      "module_type" : "SwiftTarget",
      "name" : "KYLogger",
      "path" : "KYLogger/Sources",
      "product_memberships" : [
        "KYLogger"
      ],
      "sources" : [
        "KYFileLogger/KYFileLogger+FolderNFile.swift",
        "KYFileLogger/KYFileLogger+LogDetails.swift",
        "KYFileLogger/KYFileLogger+Session.swift",
        "KYFileLogger/KYFileLogger.swift",
        "KYFileLogger/KYFileLoggerConfig.swift",
        "KYFileLogger/KYFileLoggerError.swift",
        "KYLogger/KYLog.swift",
        "KYLogger/KYLogType.swift"
      ],
      "type" : "library"
    }
  ],
  "tools_version" : "5.7"
}
{
  "project" : {
    "configurations" : [
      "Debug",
      "Release"
    ],
    "name" : "KYLogger",
    "schemes" : [
      "KYLogger"
    ],
    "targets" : [
      "KYLogger",
      "KYLoggerTests"
    ]
  }
}
Running build ...
env DEVELOPER_DIR=/Applications/Xcode-27.0.0-Release.Candidate.app xcrun xcodebuild -IDEClonedSourcePackagesDirPathOverride=$PWD/.dependencies -skipMacroValidation -skipPackagePluginValidation -derivedDataPath $PWD/.derivedData build -scheme KYLogger -destination generic/platform=watchOS
Command line invocation:
    /Applications/Xcode-27.0.0-Release.Candidate.app/Contents/Developer/usr/bin/xcodebuild -IDEClonedSourcePackagesDirPathOverride=/Users/admin/builder/spi-builder-workspace/.dependencies -skipMacroValidation -skipPackagePluginValidation -derivedDataPath /Users/admin/builder/spi-builder-workspace/.derivedData build -scheme KYLogger -destination generic/platform=watchOS
ComputePackagePrebuildTargetDependencyGraph
Prepare packages
CreateBuildRequest
SendProjectDescription
CreateBuildOperation
ComputeTargetDependencyGraph
note: Building targets in dependency order
note: Target dependency graph (1 target)
    Target 'KYLogger' in project 'KYLogger' (no dependencies)
GatherProvisioningInputs
CreateBuildDescription
ExecuteExternalTool /Applications/Xcode-27.0.0-Release.Candidate.app/Contents/Developer/Toolchains/XcodeDefault.xctoolchain/usr/bin/clang -v -E -dM -isysroot /Applications/Xcode-27.0.0-Release.Candidate.app/Contents/Developer/Platforms/WatchOS.platform/Developer/SDKs/WatchOS27.0.sdk -x c -c /dev/null
ExecuteExternalTool /Applications/Xcode-27.0.0-Release.Candidate.app/Contents/Developer/Toolchains/XcodeDefault.xctoolchain/usr/bin/clang -v -E -dM -arch arm64 -isysroot /Applications/Xcode-27.0.0-Release.Candidate.app/Contents/Developer/Platforms/WatchOS.platform/Developer/SDKs/WatchOS27.0.sdk -x c -c /dev/null
ExecuteExternalTool /Applications/Xcode-27.0.0-Release.Candidate.app/Contents/Developer/Toolchains/XcodeDefault.xctoolchain/usr/bin/clang -v -E -dM -arch arm64 -isysroot /Applications/Xcode-27.0.0-Release.Candidate.app/Contents/Developer/Platforms/WatchOS.platform/Developer/SDKs/WatchOS27.0.sdk -x objective-c -c /dev/null
ExecuteExternalTool /Applications/Xcode-27.0.0-Release.Candidate.app/Contents/Developer/Toolchains/XcodeDefault.xctoolchain/usr/bin/swiftc --version
ExecuteExternalTool /Applications/Xcode-27.0.0-Release.Candidate.app/Contents/Developer/Toolchains/XcodeDefault.xctoolchain/usr/bin/ld -version_details
ReadFileContents /Applications/Xcode-27.0.0-Release.Candidate.app/Contents/Developer/Toolchains/XcodeDefault.xctoolchain/usr/share/docc/features.json
ExecuteExternalTool /Applications/Xcode-27.0.0-Release.Candidate.app/Contents/Developer/Toolchains/XcodeDefault.xctoolchain/usr/bin/clang -v -E -dM -arch arm64_32 -isysroot /Applications/Xcode-27.0.0-Release.Candidate.app/Contents/Developer/Platforms/WatchOS.platform/Developer/SDKs/WatchOS27.0.sdk -x c -c /dev/null
ExecuteExternalTool /Applications/Xcode-27.0.0-Release.Candidate.app/Contents/Developer/Toolchains/XcodeDefault.xctoolchain/usr/bin/clang -v -E -dM -arch arm64_32 -isysroot /Applications/Xcode-27.0.0-Release.Candidate.app/Contents/Developer/Platforms/WatchOS.platform/Developer/SDKs/WatchOS27.0.sdk -x objective-c -c /dev/null
Build description signature: d0fd084196b7863e97787a3060e5f331
Build description path: /Users/admin/builder/spi-builder-workspace/.derivedData/Build/Intermediates.noindex/XCBuildData/d0fd084196b7863e97787a3060e5f331.xcbuilddata
/Users/admin/builder/spi-builder-workspace/KYLogger.xcodeproj: error: The watchOS deployment target 'WATCHOS_DEPLOYMENT_TARGET' is set to 6.0, but the range of supported deployment target versions is 9.0 to 27.0.x. (in target 'KYLogger' from project 'KYLogger')
error: The armv7k architecture is deprecated. You should update your ARCHS build setting to remove the armv7k architecture. (in target 'KYLogger' from project 'KYLogger')
warning: Run script build phase 'Run Script (Swift Lint)' will be run during every build because it does not specify any outputs. To address this issue, either add output dependencies to the script phase, or configure it to run in every build by unchecking "Based on dependency analysis" in the script phase. (in target 'KYLogger' from project 'KYLogger')
** BUILD FAILED **
The following build commands failed:
	Building project KYLogger with scheme KYLogger
(1 failure)
Command line invocation:
    /Applications/Xcode-27.0.0-Release.Candidate.app/Contents/Developer/usr/bin/xcodebuild -IDEClonedSourcePackagesDirPathOverride=/Users/admin/builder/spi-builder-workspace/.dependencies -resolvePackageDependencies
resolved source packages:
{
  "dependencies" : [
  ],
  "manifest_display_name" : "KYLogger",
  "name" : "KYLogger",
  "path" : "/Users/admin/builder/spi-builder-workspace",
  "platforms" : [
    {
      "name" : "ios",
      "version" : "15.5"
    },
    {
      "name" : "watchos",
      "version" : "6.0"
    },
    {
      "name" : "macos",
      "version" : "12.0"
    }
  ],
  "products" : [
    {
      "name" : "KYLogger",
      "targets" : [
        "KYLogger",
        "KYLoggerObjC"
      ],
      "type" : {
        "library" : [
          "automatic"
        ]
      }
    }
  ],
  "targets" : [
    {
      "c99name" : "KYLoggerTests",
      "module_type" : "SwiftTarget",
      "name" : "KYLoggerTests",
      "path" : "KYLoggerTests",
      "sources" : [
        "KYFileLogger/KYFileLoggerConfigTests.swift",
        "KYFileLogger/KYFileLoggerErrorTests.swift",
        "KYFileLogger/KYFileLoggerTests.swift",
        "KYFileLogger/KYFileLogger_FolderNFileTests.swift",
        "KYFileLogger/KYFileLogger_LogDetailsTests.swift",
        "KYFileLogger/KYFileLogger_SessionTests.swift",
        "KYLogger/KYLoggerTests.swift"
      ],
      "target_dependencies" : [
        "KYLogger"
      ],
      "type" : "test"
    },
    {
      "c99name" : "KYLoggerObjC",
      "module_type" : "ClangTarget",
      "name" : "KYLoggerObjC",
      "path" : "KYLogger/SourcesObjC",
      "product_memberships" : [
        "KYLogger"
      ],
      "sources" : [
        "KYLoggerObjC.m"
      ],
      "type" : "library"
    },
    {
      "c99name" : "KYLogger",
      "module_type" : "SwiftTarget",
      "name" : "KYLogger",
      "path" : "KYLogger/Sources",
      "product_memberships" : [
        "KYLogger"
      ],
      "sources" : [
        "KYFileLogger/KYFileLogger+FolderNFile.swift",
        "KYFileLogger/KYFileLogger+LogDetails.swift",
        "KYFileLogger/KYFileLogger+Session.swift",
        "KYFileLogger/KYFileLogger.swift",
        "KYFileLogger/KYFileLoggerConfig.swift",
        "KYFileLogger/KYFileLoggerError.swift",
        "KYLogger/KYLog.swift",
        "KYLogger/KYLogType.swift"
      ],
      "type" : "library"
    }
  ],
  "tools_version" : "5.7"
}
{
  "project" : {
    "configurations" : [
      "Debug",
      "Release"
    ],
    "name" : "KYLogger",
    "schemes" : [
      "KYLogger"
    ],
    "targets" : [
      "KYLogger",
      "KYLoggerTests"
    ]
  }
}
Running build ...
env DEVELOPER_DIR=/Applications/Xcode-27.0.0-Release.Candidate.app xcrun xcodebuild -IDEClonedSourcePackagesDirPathOverride=$PWD/.dependencies -skipMacroValidation -skipPackagePluginValidation -derivedDataPath $PWD/.derivedData build -scheme KYLogger -destination generic/platform=watchOS
Command line invocation:
    /Applications/Xcode-27.0.0-Release.Candidate.app/Contents/Developer/usr/bin/xcodebuild -IDEClonedSourcePackagesDirPathOverride=/Users/admin/builder/spi-builder-workspace/.dependencies -skipMacroValidation -skipPackagePluginValidation -derivedDataPath /Users/admin/builder/spi-builder-workspace/.derivedData build -scheme KYLogger -destination generic/platform=watchOS
ComputePackagePrebuildTargetDependencyGraph
Prepare packages
CreateBuildRequest
SendProjectDescription
CreateBuildOperation
ComputeTargetDependencyGraph
note: Building targets in dependency order
note: Target dependency graph (1 target)
    Target 'KYLogger' in project 'KYLogger' (no dependencies)
GatherProvisioningInputs
CreateBuildDescription
error: The armv7k architecture is deprecated. You should update your ARCHS build setting to remove the armv7k architecture. (in target 'KYLogger' from project 'KYLogger')
/Users/admin/builder/spi-builder-workspace/KYLogger.xcodeproj: error: The watchOS deployment target 'WATCHOS_DEPLOYMENT_TARGET' is set to 6.0, but the range of supported deployment target versions is 9.0 to 27.0.x. (in target 'KYLogger' from project 'KYLogger')
warning: Run script build phase 'Run Script (Swift Lint)' will be run during every build because it does not specify any outputs. To address this issue, either add output dependencies to the script phase, or configure it to run in every build by unchecking "Based on dependency analysis" in the script phase. (in target 'KYLogger' from project 'KYLogger')
** BUILD FAILED **
The following build commands failed:
	Building project KYLogger with scheme KYLogger
(1 failure)
BUILD FAILURE 6.4 watchOS