Build Information
Failed to build swift-system, reference master (f51eba), with Swift 6.4 for watchOS using Xcode 27.0 on 20 Sep 2026 02:24:46 UTC.
Build Command
env DEVELOPER_DIR=/Applications/Xcode-27.0.0-Release.Candidate.app xcrun xcodebuild -IDEClonedSourcePackagesDirPathOverride=$PWD/.dependencies -skipMacroValidation -skipPackagePluginValidation -derivedDataPath $PWD/.derivedData build -scheme swift-system -destination generic/platform=watchOSBuild Log
-fmodules -gmodules '-fmodules-cache-path=/Users/admin/builder/spi-builder-workspace/.derivedData/ModuleCache.noindex' '-fmodule-name=CSystem' -fpascal-strings -O0 -DSWIFT_PACKAGE '-DDEBUG=1' -g -fprofile-instr-generate -fcoverage-mapping -I/Users/admin/builder/spi-builder-workspace/.derivedData/Build/Products/Debug-watchos/include -I/Users/admin/builder/spi-builder-workspace/Sources/CSystem/include -I/Users/admin/builder/spi-builder-workspace/.derivedData/Build/Intermediates.noindex/swift-system.build/Debug-watchos/CSystem-t.build/DerivedSources-normal/arm64_32 -I/Users/admin/builder/spi-builder-workspace/.derivedData/Build/Intermediates.noindex/swift-system.build/Debug-watchos/CSystem-t.build/DerivedSources/arm64_32 -I/Users/admin/builder/spi-builder-workspace/.derivedData/Build/Intermediates.noindex/swift-system.build/Debug-watchos/CSystem-t.build/DerivedSources -F/Users/admin/builder/spi-builder-workspace/.derivedData/Build/Products/Debug-watchos -iframework /Applications/Xcode-27.0.0-Release.Candidate.app/Contents/Developer/Platforms/WatchOS.platform/Developer/Library/Frameworks -iframework /Applications/Xcode-27.0.0-Release.Candidate.app/Contents/Developer/Platforms/WatchOS.platform/Developer/SDKs/WatchOS27.0.sdk/Developer/Library/Frameworks -DXcode
WriteAuxiliaryFile /Users/admin/builder/spi-builder-workspace/.derivedData/Build/Intermediates.noindex/swift-system.build/Debug-watchos/CSystem-t.build/Objects-normal/arm64/7187679823f38a2a940e0043cdf9d637-common-args.resp (in target 'CSystem' from project 'swift-system')
cd /Users/admin/builder/spi-builder-workspace
write-file /Users/admin/builder/spi-builder-workspace/.derivedData/Build/Intermediates.noindex/swift-system.build/Debug-watchos/CSystem-t.build/Objects-normal/arm64/7187679823f38a2a940e0043cdf9d637-common-args.resp
-fmodules -gmodules '-fmodules-cache-path=/Users/admin/builder/spi-builder-workspace/.derivedData/ModuleCache.noindex' '-fmodule-name=CSystem' -fpascal-strings -O0 -DSWIFT_PACKAGE '-DDEBUG=1' -g -fprofile-instr-generate -fcoverage-mapping -I/Users/admin/builder/spi-builder-workspace/.derivedData/Build/Products/Debug-watchos/include -I/Users/admin/builder/spi-builder-workspace/Sources/CSystem/include -I/Users/admin/builder/spi-builder-workspace/.derivedData/Build/Intermediates.noindex/swift-system.build/Debug-watchos/CSystem-t.build/DerivedSources-normal/arm64 -I/Users/admin/builder/spi-builder-workspace/.derivedData/Build/Intermediates.noindex/swift-system.build/Debug-watchos/CSystem-t.build/DerivedSources/arm64 -I/Users/admin/builder/spi-builder-workspace/.derivedData/Build/Intermediates.noindex/swift-system.build/Debug-watchos/CSystem-t.build/DerivedSources -F/Users/admin/builder/spi-builder-workspace/.derivedData/Build/Products/Debug-watchos -iframework /Applications/Xcode-27.0.0-Release.Candidate.app/Contents/Developer/Platforms/WatchOS.platform/Developer/Library/Frameworks -iframework /Applications/Xcode-27.0.0-Release.Candidate.app/Contents/Developer/Platforms/WatchOS.platform/Developer/SDKs/WatchOS27.0.sdk/Developer/Library/Frameworks -DXcode
WriteAuxiliaryFile /Users/admin/builder/spi-builder-workspace/.derivedData/Build/Intermediates.noindex/swift-system.build/Debug-watchos/CSystem-t.build/Objects-normal/arm64_32/CSystem.LinkFileList (in target 'CSystem' from project 'swift-system')
cd /Users/admin/builder/spi-builder-workspace
write-file /Users/admin/builder/spi-builder-workspace/.derivedData/Build/Intermediates.noindex/swift-system.build/Debug-watchos/CSystem-t.build/Objects-normal/arm64_32/CSystem.LinkFileList
WriteAuxiliaryFile /Users/admin/builder/spi-builder-workspace/.derivedData/Build/Intermediates.noindex/swift-system.build/Debug-watchos/CSystem-t.build/Objects-normal/arm64/CSystem.LinkFileList (in target 'CSystem' from project 'swift-system')
cd /Users/admin/builder/spi-builder-workspace
write-file /Users/admin/builder/spi-builder-workspace/.derivedData/Build/Intermediates.noindex/swift-system.build/Debug-watchos/CSystem-t.build/Objects-normal/arm64/CSystem.LinkFileList
WriteAuxiliaryFile /Users/admin/builder/spi-builder-workspace/.derivedData/Build/Intermediates.noindex/swift-system.build/Debug-watchos/SystemPackage-t.build/Objects-normal/arm64_32/SystemPackage_const_extract_protocols.json (in target 'SystemPackage' from project 'swift-system')
cd /Users/admin/builder/spi-builder-workspace
write-file /Users/admin/builder/spi-builder-workspace/.derivedData/Build/Intermediates.noindex/swift-system.build/Debug-watchos/SystemPackage-t.build/Objects-normal/arm64_32/SystemPackage_const_extract_protocols.json
WriteAuxiliaryFile /Users/admin/builder/spi-builder-workspace/.derivedData/Build/Intermediates.noindex/swift-system.build/Debug-watchos/SystemPackage-t.build/Objects-normal/arm64_32/SystemPackage.SwiftFileList (in target 'SystemPackage' from project 'swift-system')
cd /Users/admin/builder/spi-builder-workspace
write-file /Users/admin/builder/spi-builder-workspace/.derivedData/Build/Intermediates.noindex/swift-system.build/Debug-watchos/SystemPackage-t.build/Objects-normal/arm64_32/SystemPackage.SwiftFileList
WriteAuxiliaryFile /Users/admin/builder/spi-builder-workspace/.derivedData/Build/Intermediates.noindex/swift-system.build/Debug-watchos/SystemPackage-t.build/Objects-normal/arm64_32/SystemPackage.SwiftConstValuesFileList (in target 'SystemPackage' from project 'swift-system')
cd /Users/admin/builder/spi-builder-workspace
write-file /Users/admin/builder/spi-builder-workspace/.derivedData/Build/Intermediates.noindex/swift-system.build/Debug-watchos/SystemPackage-t.build/Objects-normal/arm64_32/SystemPackage.SwiftConstValuesFileList
WriteAuxiliaryFile /Users/admin/builder/spi-builder-workspace/.derivedData/Build/Intermediates.noindex/swift-system.build/Debug-watchos/SystemPackage-t.build/Objects-normal/arm64_32/SystemPackage.LinkFileList (in target 'SystemPackage' from project 'swift-system')
cd /Users/admin/builder/spi-builder-workspace
write-file /Users/admin/builder/spi-builder-workspace/.derivedData/Build/Intermediates.noindex/swift-system.build/Debug-watchos/SystemPackage-t.build/Objects-normal/arm64_32/SystemPackage.LinkFileList
WriteAuxiliaryFile /Users/admin/builder/spi-builder-workspace/.derivedData/Build/Intermediates.noindex/swift-system.build/Debug-watchos/SystemPackage-t.build/Objects-normal/arm64_32/SystemPackage-OutputFileMap.json (in target 'SystemPackage' from project 'swift-system')
cd /Users/admin/builder/spi-builder-workspace
write-file /Users/admin/builder/spi-builder-workspace/.derivedData/Build/Intermediates.noindex/swift-system.build/Debug-watchos/SystemPackage-t.build/Objects-normal/arm64_32/SystemPackage-OutputFileMap.json
WriteAuxiliaryFile /Users/admin/builder/spi-builder-workspace/.derivedData/Build/Intermediates.noindex/swift-system.build/Debug-watchos/SystemPackage-t.build/Objects-normal/arm64/SystemPackage_const_extract_protocols.json (in target 'SystemPackage' from project 'swift-system')
cd /Users/admin/builder/spi-builder-workspace
write-file /Users/admin/builder/spi-builder-workspace/.derivedData/Build/Intermediates.noindex/swift-system.build/Debug-watchos/SystemPackage-t.build/Objects-normal/arm64/SystemPackage_const_extract_protocols.json
WriteAuxiliaryFile /Users/admin/builder/spi-builder-workspace/.derivedData/Build/Intermediates.noindex/swift-system.build/Debug-watchos/SystemPackage-t.build/Objects-normal/arm64/SystemPackage.SwiftFileList (in target 'SystemPackage' from project 'swift-system')
cd /Users/admin/builder/spi-builder-workspace
write-file /Users/admin/builder/spi-builder-workspace/.derivedData/Build/Intermediates.noindex/swift-system.build/Debug-watchos/SystemPackage-t.build/Objects-normal/arm64/SystemPackage.SwiftFileList
WriteAuxiliaryFile /Users/admin/builder/spi-builder-workspace/.derivedData/Build/Intermediates.noindex/swift-system.build/Debug-watchos/SystemPackage-t.build/Objects-normal/arm64/SystemPackage.SwiftConstValuesFileList (in target 'SystemPackage' from project 'swift-system')
cd /Users/admin/builder/spi-builder-workspace
write-file /Users/admin/builder/spi-builder-workspace/.derivedData/Build/Intermediates.noindex/swift-system.build/Debug-watchos/SystemPackage-t.build/Objects-normal/arm64/SystemPackage.SwiftConstValuesFileList
WriteAuxiliaryFile /Users/admin/builder/spi-builder-workspace/.derivedData/Build/Intermediates.noindex/swift-system.build/Debug-watchos/SystemPackage-t.build/Objects-normal/arm64/SystemPackage.LinkFileList (in target 'SystemPackage' from project 'swift-system')
cd /Users/admin/builder/spi-builder-workspace
write-file /Users/admin/builder/spi-builder-workspace/.derivedData/Build/Intermediates.noindex/swift-system.build/Debug-watchos/SystemPackage-t.build/Objects-normal/arm64/SystemPackage.LinkFileList
WriteAuxiliaryFile /Users/admin/builder/spi-builder-workspace/.derivedData/Build/Intermediates.noindex/swift-system.build/Debug-watchos/SystemPackage-t.build/Objects-normal/arm64/SystemPackage-OutputFileMap.json (in target 'SystemPackage' from project 'swift-system')
cd /Users/admin/builder/spi-builder-workspace
write-file /Users/admin/builder/spi-builder-workspace/.derivedData/Build/Intermediates.noindex/swift-system.build/Debug-watchos/SystemPackage-t.build/Objects-normal/arm64/SystemPackage-OutputFileMap.json
Copy /Users/admin/builder/spi-builder-workspace/.derivedData/Build/Intermediates.noindex/GeneratedModuleMaps-watchos/SystemPackage.modulemap /Users/admin/builder/spi-builder-workspace/.derivedData/Build/Intermediates.noindex/swift-system.build/Debug-watchos/SystemPackage-t.build/SystemPackage.modulemap (in target 'SystemPackage' from project 'swift-system')
cd /Users/admin/builder/spi-builder-workspace
builtin-copy -exclude .DS_Store -exclude CVS -exclude .svn -exclude .git -exclude .hg -resolve-src-symlinks /Users/admin/builder/spi-builder-workspace/.derivedData/Build/Intermediates.noindex/swift-system.build/Debug-watchos/SystemPackage-t.build/SystemPackage.modulemap /Users/admin/builder/spi-builder-workspace/.derivedData/Build/Intermediates.noindex/GeneratedModuleMaps-watchos
WriteAuxiliaryFile /Users/admin/builder/spi-builder-workspace/.derivedData/Build/Intermediates.noindex/swift-system.build/Debug-watchos/CSystem-t.build/CSystem.DependencyMetadataFileList (in target 'CSystem' from project 'swift-system')
cd /Users/admin/builder/spi-builder-workspace
write-file /Users/admin/builder/spi-builder-workspace/.derivedData/Build/Intermediates.noindex/swift-system.build/Debug-watchos/CSystem-t.build/CSystem.DependencyMetadataFileList
ScanDependencies /Users/admin/builder/spi-builder-workspace/.derivedData/Build/Intermediates.noindex/swift-system.build/Debug-watchos/CSystem-t.build/Objects-normal/arm64_32/shims.o /Users/admin/builder/spi-builder-workspace/Sources/CSystem/shims.c normal arm64_32 c com.apple.compilers.llvm.clang.1_0.compiler (in target 'CSystem' from project 'swift-system')
cd /Users/admin/builder/spi-builder-workspace/.swiftpm/xcode
Using response file: /Users/admin/builder/spi-builder-workspace/.derivedData/Build/Intermediates.noindex/swift-system.build/Debug-watchos/CSystem-t.build/Objects-normal/arm64_32/7187679823f38a2a940e0043cdf9d637-common-args.resp
builtin-ScanDependencies -o /Users/admin/builder/spi-builder-workspace/.derivedData/Build/Intermediates.noindex/swift-system.build/Debug-watchos/CSystem-t.build/Objects-normal/arm64_32/shims.o.scan -- /Applications/Xcode-27.0.0-Release.Candidate.app/Contents/Developer/Toolchains/XcodeDefault.xctoolchain/usr/bin/clang -x c -ivfsstatcache /Users/admin/builder/spi-builder-workspace/.derivedData/SDKStatCaches.noindex/watchos27.0-24R360-e829b21a6f8c9b70876ba0858053c04477534ef55a1706bf4c1112bbb242f0a2.sdkstatcache -target arm64_32-apple-watchos9.0 -fmessage-length\=0 -fdiagnostics-show-note-include-stack -fmacro-backtrace-limit\=0 -fno-color-diagnostics -fmodules-prune-interval\=86400 -fmodules-prune-after\=345600 -fbuild-session-file\=/Users/admin/builder/spi-builder-workspace/.derivedData/ModuleCache.noindex/Session.modulevalidation -fmodules-validate-once-per-build-session -Wnon-modular-include-in-framework-module -Werror\=non-modular-include-in-framework-module -Wno-trigraphs -Wno-missing-field-initializers -Wno-missing-prototypes -Wno-return-type -Wno-missing-braces -Wparentheses -Wswitch -Wno-unused-function -Wno-unused-label -Wno-unused-parameter -Wno-unused-variable -Wunused-value -Wno-empty-body -Wno-uninitialized -Wno-unknown-pragmas -Wno-shadow -Wno-four-char-constants -Wno-conversion -Wno-constant-conversion -Wno-int-conversion -Wno-bool-conversion -Wno-enum-conversion -Wno-float-conversion -Wno-non-literal-null-conversion -Wno-objc-literal-conversion -Wno-shorten-64-to-32 -Wpointer-sign -Wno-newline-eof -Wno-implicit-fallthrough -isysroot /Applications/Xcode-27.0.0-Release.Candidate.app/Contents/Developer/Platforms/WatchOS.platform/Developer/SDKs/WatchOS27.0.sdk -fstrict-aliasing -Wdeprecated-declarations -Wno-sign-conversion -Wno-infinite-recursion -Wno-comma -Wno-block-capture-autoreleasing -Wno-strict-prototypes -Wno-semicolon-before-method-body -index-store-path /Users/admin/builder/spi-builder-workspace/.derivedData/Index.noindex/DataStore @/Users/admin/builder/spi-builder-workspace/.derivedData/Build/Intermediates.noindex/swift-system.build/Debug-watchos/CSystem-t.build/Objects-normal/arm64_32/7187679823f38a2a940e0043cdf9d637-common-args.resp -MMD -MT dependencies -MF /Users/admin/builder/spi-builder-workspace/.derivedData/Build/Intermediates.noindex/swift-system.build/Debug-watchos/CSystem-t.build/Objects-normal/arm64_32/shims.d --serialize-diagnostics /Users/admin/builder/spi-builder-workspace/.derivedData/Build/Intermediates.noindex/swift-system.build/Debug-watchos/CSystem-t.build/Objects-normal/arm64_32/shims.dia -c /Users/admin/builder/spi-builder-workspace/Sources/CSystem/shims.c -o /Users/admin/builder/spi-builder-workspace/.derivedData/Build/Intermediates.noindex/swift-system.build/Debug-watchos/CSystem-t.build/Objects-normal/arm64_32/shims.o -index-unit-output-path /swift-system.build/Debug-watchos/CSystem-t.build/Objects-normal/arm64_32/shims.o
SwiftDriver SystemPackage normal arm64_32 com.apple.xcode.tools.swift.compiler (in target 'SystemPackage' from project 'swift-system')
cd /Users/admin/builder/spi-builder-workspace/.swiftpm/xcode
builtin-SwiftDriver -- /Applications/Xcode-27.0.0-Release.Candidate.app/Contents/Developer/Toolchains/XcodeDefault.xctoolchain/usr/bin/swiftc -parse-as-library -module-name SystemPackage -Onone @/Users/admin/builder/spi-builder-workspace/.derivedData/Build/Intermediates.noindex/swift-system.build/Debug-watchos/SystemPackage-t.build/Objects-normal/arm64_32/SystemPackage.SwiftFileList -DSWIFT_PACKAGE -DDEBUG -DSWIFT_MODULE_RESOURCE_BUNDLE_UNAVAILABLE -DSYSTEM_PACKAGE -DENABLE_MOCKING -Xcc -fmodule-map-file\=/Users/admin/builder/spi-builder-workspace/Sources/CSystem/include/module.modulemap -DXcode -plugin-path /Applications/Xcode-27.0.0-Release.Candidate.app/Contents/Developer/Toolchains/XcodeDefault.xctoolchain/usr/lib/swift/host/plugins/testing -enable-experimental-feature DebugDescriptionMacro -sdk /Applications/Xcode-27.0.0-Release.Candidate.app/Contents/Developer/Platforms/WatchOS.platform/Developer/SDKs/WatchOS27.0.sdk -target arm64_32-apple-watchos9.0 -g -module-cache-path /Users/admin/builder/spi-builder-workspace/.derivedData/ModuleCache.noindex -Xfrontend -serialize-debugging-options -profile-coverage-mapping -profile-generate -enable-testing -index-store-path /Users/admin/builder/spi-builder-workspace/.derivedData/Index.noindex/DataStore -Xcc -D_LIBCPP_HARDENING_MODE\=_LIBCPP_HARDENING_MODE_DEBUG -swift-version 5 -I /Users/admin/builder/spi-builder-workspace/.derivedData/Build/Products/Debug-watchos -Isystem /Applications/Xcode-27.0.0-Release.Candidate.app/Contents/Developer/Platforms/WatchOS.platform/Developer/usr/lib -F /Users/admin/builder/spi-builder-workspace/.derivedData/Build/Products/Debug-watchos/PackageFrameworks -F /Users/admin/builder/spi-builder-workspace/.derivedData/Build/Products/Debug-watchos -F /Applications/Xcode-27.0.0-Release.Candidate.app/Contents/Developer/Platforms/WatchOS.platform/Developer/Library/Frameworks -F /Applications/Xcode-27.0.0-Release.Candidate.app/Contents/Developer/Platforms/WatchOS.platform/Developer/SDKs/WatchOS27.0.sdk/Developer/Library/Frameworks -c -j10 -enable-batch-mode -incremental -Xcc -ivfsstatcache -Xcc /Users/admin/builder/spi-builder-workspace/.derivedData/SDKStatCaches.noindex/watchos27.0-24R360-e829b21a6f8c9b70876ba0858053c04477534ef55a1706bf4c1112bbb242f0a2.sdkstatcache -output-file-map /Users/admin/builder/spi-builder-workspace/.derivedData/Build/Intermediates.noindex/swift-system.build/Debug-watchos/SystemPackage-t.build/Objects-normal/arm64_32/SystemPackage-OutputFileMap.json -save-temps -no-color-diagnostics -explicit-module-build -module-cache-path /Users/admin/builder/spi-builder-workspace/.derivedData/Build/Intermediates.noindex/SwiftExplicitPrecompiledModules -clang-scanner-module-cache-path /Users/admin/builder/spi-builder-workspace/.derivedData/ModuleCache.noindex -sdk-module-cache-path /Users/admin/builder/spi-builder-workspace/.derivedData/SDKExplicitPrecompiledModules -emit-dependencies -emit-module -emit-module-path /Users/admin/builder/spi-builder-workspace/.derivedData/Build/Intermediates.noindex/swift-system.build/Debug-watchos/SystemPackage-t.build/Objects-normal/arm64_32/SystemPackage.swiftmodule -serialize-diagnostics -dependency-scan-serialize-diagnostics-path /Users/admin/builder/spi-builder-workspace/.derivedData/Build/Intermediates.noindex/swift-system.build/Debug-watchos/SystemPackage-t.build/Objects-normal/arm64_32/SystemPackage-dependency-scan.dia -validate-clang-modules-once -clang-build-session-file /Users/admin/builder/spi-builder-workspace/.derivedData/ModuleCache.noindex/Session.modulevalidation -Xcc -fmodules-prune-interval\=86400 -Xcc -fmodules-prune-after\=345600 -emit-const-values -const-gather-protocols-list /Users/admin/builder/spi-builder-workspace/.derivedData/Build/Intermediates.noindex/swift-system.build/Debug-watchos/SystemPackage-t.build/Objects-normal/arm64_32/SystemPackage_const_extract_protocols.json -Xcc -I/Users/admin/builder/spi-builder-workspace/Sources/CSystem/include -Xcc -I/Users/admin/builder/spi-builder-workspace/.derivedData/Build/Products/Debug-watchos/include -Xcc -I/Users/admin/builder/spi-builder-workspace/.derivedData/Build/Intermediates.noindex/swift-system.build/Debug-watchos/SystemPackage-t.build/DerivedSources-normal/arm64_32 -Xcc -I/Users/admin/builder/spi-builder-workspace/.derivedData/Build/Intermediates.noindex/swift-system.build/Debug-watchos/SystemPackage-t.build/DerivedSources/arm64_32 -Xcc -I/Users/admin/builder/spi-builder-workspace/.derivedData/Build/Intermediates.noindex/swift-system.build/Debug-watchos/SystemPackage-t.build/DerivedSources -Xcc -DSWIFT_PACKAGE -Xcc -DDEBUG\=1 -Xcc -D_CRT_SECURE_NO_WARNINGS -emit-objc-header -emit-objc-header-path /Users/admin/builder/spi-builder-workspace/.derivedData/Build/Intermediates.noindex/swift-system.build/Debug-watchos/SystemPackage-t.build/Objects-normal/arm64_32/SystemPackage-Swift.h -working-directory /Users/admin/builder/spi-builder-workspace/.swiftpm/xcode -experimental-emit-module-separately -disable-cmo
SwiftDriver SystemPackage normal arm64 com.apple.xcode.tools.swift.compiler (in target 'SystemPackage' from project 'swift-system')
cd /Users/admin/builder/spi-builder-workspace/.swiftpm/xcode
builtin-SwiftDriver -- /Applications/Xcode-27.0.0-Release.Candidate.app/Contents/Developer/Toolchains/XcodeDefault.xctoolchain/usr/bin/swiftc -parse-as-library -module-name SystemPackage -Onone @/Users/admin/builder/spi-builder-workspace/.derivedData/Build/Intermediates.noindex/swift-system.build/Debug-watchos/SystemPackage-t.build/Objects-normal/arm64/SystemPackage.SwiftFileList -DSWIFT_PACKAGE -DDEBUG -DSWIFT_MODULE_RESOURCE_BUNDLE_UNAVAILABLE -DSYSTEM_PACKAGE -DENABLE_MOCKING -Xcc -fmodule-map-file\=/Users/admin/builder/spi-builder-workspace/Sources/CSystem/include/module.modulemap -DXcode -plugin-path /Applications/Xcode-27.0.0-Release.Candidate.app/Contents/Developer/Toolchains/XcodeDefault.xctoolchain/usr/lib/swift/host/plugins/testing -enable-experimental-feature DebugDescriptionMacro -sdk /Applications/Xcode-27.0.0-Release.Candidate.app/Contents/Developer/Platforms/WatchOS.platform/Developer/SDKs/WatchOS27.0.sdk -target arm64-apple-watchos9.0 -g -module-cache-path /Users/admin/builder/spi-builder-workspace/.derivedData/ModuleCache.noindex -Xfrontend -serialize-debugging-options -profile-coverage-mapping -profile-generate -enable-testing -index-store-path /Users/admin/builder/spi-builder-workspace/.derivedData/Index.noindex/DataStore -Xcc -D_LIBCPP_HARDENING_MODE\=_LIBCPP_HARDENING_MODE_DEBUG -swift-version 5 -I /Users/admin/builder/spi-builder-workspace/.derivedData/Build/Products/Debug-watchos -Isystem /Applications/Xcode-27.0.0-Release.Candidate.app/Contents/Developer/Platforms/WatchOS.platform/Developer/usr/lib -F /Users/admin/builder/spi-builder-workspace/.derivedData/Build/Products/Debug-watchos/PackageFrameworks -F /Users/admin/builder/spi-builder-workspace/.derivedData/Build/Products/Debug-watchos -F /Applications/Xcode-27.0.0-Release.Candidate.app/Contents/Developer/Platforms/WatchOS.platform/Developer/Library/Frameworks -F /Applications/Xcode-27.0.0-Release.Candidate.app/Contents/Developer/Platforms/WatchOS.platform/Developer/SDKs/WatchOS27.0.sdk/Developer/Library/Frameworks -c -j10 -enable-batch-mode -incremental -Xcc -ivfsstatcache -Xcc /Users/admin/builder/spi-builder-workspace/.derivedData/SDKStatCaches.noindex/watchos27.0-24R360-e829b21a6f8c9b70876ba0858053c04477534ef55a1706bf4c1112bbb242f0a2.sdkstatcache -output-file-map /Users/admin/builder/spi-builder-workspace/.derivedData/Build/Intermediates.noindex/swift-system.build/Debug-watchos/SystemPackage-t.build/Objects-normal/arm64/SystemPackage-OutputFileMap.json -save-temps -no-color-diagnostics -explicit-module-build -module-cache-path /Users/admin/builder/spi-builder-workspace/.derivedData/Build/Intermediates.noindex/SwiftExplicitPrecompiledModules -clang-scanner-module-cache-path /Users/admin/builder/spi-builder-workspace/.derivedData/ModuleCache.noindex -sdk-module-cache-path /Users/admin/builder/spi-builder-workspace/.derivedData/SDKExplicitPrecompiledModules -emit-dependencies -emit-module -emit-module-path /Users/admin/builder/spi-builder-workspace/.derivedData/Build/Intermediates.noindex/swift-system.build/Debug-watchos/SystemPackage-t.build/Objects-normal/arm64/SystemPackage.swiftmodule -serialize-diagnostics -dependency-scan-serialize-diagnostics-path /Users/admin/builder/spi-builder-workspace/.derivedData/Build/Intermediates.noindex/swift-system.build/Debug-watchos/SystemPackage-t.build/Objects-normal/arm64/SystemPackage-dependency-scan.dia -validate-clang-modules-once -clang-build-session-file /Users/admin/builder/spi-builder-workspace/.derivedData/ModuleCache.noindex/Session.modulevalidation -Xcc -fmodules-prune-interval\=86400 -Xcc -fmodules-prune-after\=345600 -emit-const-values -const-gather-protocols-list /Users/admin/builder/spi-builder-workspace/.derivedData/Build/Intermediates.noindex/swift-system.build/Debug-watchos/SystemPackage-t.build/Objects-normal/arm64/SystemPackage_const_extract_protocols.json -Xcc -I/Users/admin/builder/spi-builder-workspace/Sources/CSystem/include -Xcc -I/Users/admin/builder/spi-builder-workspace/.derivedData/Build/Products/Debug-watchos/include -Xcc -I/Users/admin/builder/spi-builder-workspace/.derivedData/Build/Intermediates.noindex/swift-system.build/Debug-watchos/SystemPackage-t.build/DerivedSources-normal/arm64 -Xcc -I/Users/admin/builder/spi-builder-workspace/.derivedData/Build/Intermediates.noindex/swift-system.build/Debug-watchos/SystemPackage-t.build/DerivedSources/arm64 -Xcc -I/Users/admin/builder/spi-builder-workspace/.derivedData/Build/Intermediates.noindex/swift-system.build/Debug-watchos/SystemPackage-t.build/DerivedSources -Xcc -DSWIFT_PACKAGE -Xcc -DDEBUG\=1 -Xcc -D_CRT_SECURE_NO_WARNINGS -emit-objc-header -emit-objc-header-path /Users/admin/builder/spi-builder-workspace/.derivedData/Build/Intermediates.noindex/swift-system.build/Debug-watchos/SystemPackage-t.build/Objects-normal/arm64/SystemPackage-Swift.h -working-directory /Users/admin/builder/spi-builder-workspace/.swiftpm/xcode -experimental-emit-module-separately -disable-cmo
ScanDependencies /Users/admin/builder/spi-builder-workspace/.derivedData/Build/Intermediates.noindex/swift-system.build/Debug-watchos/CSystem-t.build/Objects-normal/arm64/shims.o /Users/admin/builder/spi-builder-workspace/Sources/CSystem/shims.c normal arm64 c com.apple.compilers.llvm.clang.1_0.compiler (in target 'CSystem' from project 'swift-system')
cd /Users/admin/builder/spi-builder-workspace/.swiftpm/xcode
Using response file: /Users/admin/builder/spi-builder-workspace/.derivedData/Build/Intermediates.noindex/swift-system.build/Debug-watchos/CSystem-t.build/Objects-normal/arm64/7187679823f38a2a940e0043cdf9d637-common-args.resp
builtin-ScanDependencies -o /Users/admin/builder/spi-builder-workspace/.derivedData/Build/Intermediates.noindex/swift-system.build/Debug-watchos/CSystem-t.build/Objects-normal/arm64/shims.o.scan -- /Applications/Xcode-27.0.0-Release.Candidate.app/Contents/Developer/Toolchains/XcodeDefault.xctoolchain/usr/bin/clang -x c -ivfsstatcache /Users/admin/builder/spi-builder-workspace/.derivedData/SDKStatCaches.noindex/watchos27.0-24R360-e829b21a6f8c9b70876ba0858053c04477534ef55a1706bf4c1112bbb242f0a2.sdkstatcache -target arm64-apple-watchos9.0 -fmessage-length\=0 -fdiagnostics-show-note-include-stack -fmacro-backtrace-limit\=0 -fno-color-diagnostics -fmodules-prune-interval\=86400 -fmodules-prune-after\=345600 -fbuild-session-file\=/Users/admin/builder/spi-builder-workspace/.derivedData/ModuleCache.noindex/Session.modulevalidation -fmodules-validate-once-per-build-session -Wnon-modular-include-in-framework-module -Werror\=non-modular-include-in-framework-module -Wno-trigraphs -Wno-missing-field-initializers -Wno-missing-prototypes -Wno-return-type -Wno-missing-braces -Wparentheses -Wswitch -Wno-unused-function -Wno-unused-label -Wno-unused-parameter -Wno-unused-variable -Wunused-value -Wno-empty-body -Wno-uninitialized -Wno-unknown-pragmas -Wno-shadow -Wno-four-char-constants -Wno-conversion -Wno-constant-conversion -Wno-int-conversion -Wno-bool-conversion -Wno-enum-conversion -Wno-float-conversion -Wno-non-literal-null-conversion -Wno-objc-literal-conversion -Wshorten-64-to-32 -Wpointer-sign -Wno-newline-eof -Wno-implicit-fallthrough -isysroot /Applications/Xcode-27.0.0-Release.Candidate.app/Contents/Developer/Platforms/WatchOS.platform/Developer/SDKs/WatchOS27.0.sdk -fstrict-aliasing -Wdeprecated-declarations -Wno-sign-conversion -Wno-infinite-recursion -Wno-comma -Wno-block-capture-autoreleasing -Wno-strict-prototypes -Wno-semicolon-before-method-body -index-store-path /Users/admin/builder/spi-builder-workspace/.derivedData/Index.noindex/DataStore @/Users/admin/builder/spi-builder-workspace/.derivedData/Build/Intermediates.noindex/swift-system.build/Debug-watchos/CSystem-t.build/Objects-normal/arm64/7187679823f38a2a940e0043cdf9d637-common-args.resp -MMD -MT dependencies -MF /Users/admin/builder/spi-builder-workspace/.derivedData/Build/Intermediates.noindex/swift-system.build/Debug-watchos/CSystem-t.build/Objects-normal/arm64/shims.d --serialize-diagnostics /Users/admin/builder/spi-builder-workspace/.derivedData/Build/Intermediates.noindex/swift-system.build/Debug-watchos/CSystem-t.build/Objects-normal/arm64/shims.dia -c /Users/admin/builder/spi-builder-workspace/Sources/CSystem/shims.c -o /Users/admin/builder/spi-builder-workspace/.derivedData/Build/Intermediates.noindex/swift-system.build/Debug-watchos/CSystem-t.build/Objects-normal/arm64/shims.o -index-unit-output-path /swift-system.build/Debug-watchos/CSystem-t.build/Objects-normal/arm64/shims.o
CompileC /Users/admin/builder/spi-builder-workspace/.derivedData/Build/Intermediates.noindex/swift-system.build/Debug-watchos/CSystem-t.build/Objects-normal/arm64_32/shims.o /Users/admin/builder/spi-builder-workspace/Sources/CSystem/shims.c normal arm64_32 c com.apple.compilers.llvm.clang.1_0.compiler (in target 'CSystem' from project 'swift-system')
cd /Users/admin/builder/spi-builder-workspace/.swiftpm/xcode
Using response file: /Users/admin/builder/spi-builder-workspace/.derivedData/Build/Intermediates.noindex/swift-system.build/Debug-watchos/CSystem-t.build/Objects-normal/arm64_32/7187679823f38a2a940e0043cdf9d637-common-args.resp
/Applications/Xcode-27.0.0-Release.Candidate.app/Contents/Developer/Toolchains/XcodeDefault.xctoolchain/usr/bin/clang -x c -ivfsstatcache /Users/admin/builder/spi-builder-workspace/.derivedData/SDKStatCaches.noindex/watchos27.0-24R360-e829b21a6f8c9b70876ba0858053c04477534ef55a1706bf4c1112bbb242f0a2.sdkstatcache -target arm64_32-apple-watchos9.0 -fmessage-length\=0 -fdiagnostics-show-note-include-stack -fmacro-backtrace-limit\=0 -fno-color-diagnostics -fmodules-prune-interval\=86400 -fmodules-prune-after\=345600 -fbuild-session-file\=/Users/admin/builder/spi-builder-workspace/.derivedData/ModuleCache.noindex/Session.modulevalidation -fmodules-validate-once-per-build-session -Wnon-modular-include-in-framework-module -Werror\=non-modular-include-in-framework-module -Wno-trigraphs -Wno-missing-field-initializers -Wno-missing-prototypes -Wno-return-type -Wno-missing-braces -Wparentheses -Wswitch -Wno-unused-function -Wno-unused-label -Wno-unused-parameter -Wno-unused-variable -Wunused-value -Wno-empty-body -Wno-uninitialized -Wno-unknown-pragmas -Wno-shadow -Wno-four-char-constants -Wno-conversion -Wno-constant-conversion -Wno-int-conversion -Wno-bool-conversion -Wno-enum-conversion -Wno-float-conversion -Wno-non-literal-null-conversion -Wno-objc-literal-conversion -Wno-shorten-64-to-32 -Wpointer-sign -Wno-newline-eof -Wno-implicit-fallthrough -isysroot /Applications/Xcode-27.0.0-Release.Candidate.app/Contents/Developer/Platforms/WatchOS.platform/Developer/SDKs/WatchOS27.0.sdk -fstrict-aliasing -Wdeprecated-declarations -Wno-sign-conversion -Wno-infinite-recursion -Wno-comma -Wno-block-capture-autoreleasing -Wno-strict-prototypes -Wno-semicolon-before-method-body -index-store-path /Users/admin/builder/spi-builder-workspace/.derivedData/Index.noindex/DataStore @/Users/admin/builder/spi-builder-workspace/.derivedData/Build/Intermediates.noindex/swift-system.build/Debug-watchos/CSystem-t.build/Objects-normal/arm64_32/7187679823f38a2a940e0043cdf9d637-common-args.resp -MMD -MT dependencies -MF /Users/admin/builder/spi-builder-workspace/.derivedData/Build/Intermediates.noindex/swift-system.build/Debug-watchos/CSystem-t.build/Objects-normal/arm64_32/shims.d --serialize-diagnostics /Users/admin/builder/spi-builder-workspace/.derivedData/Build/Intermediates.noindex/swift-system.build/Debug-watchos/CSystem-t.build/Objects-normal/arm64_32/shims.dia -c /Users/admin/builder/spi-builder-workspace/Sources/CSystem/shims.c -o /Users/admin/builder/spi-builder-workspace/.derivedData/Build/Intermediates.noindex/swift-system.build/Debug-watchos/CSystem-t.build/Objects-normal/arm64_32/shims.o -index-unit-output-path /swift-system.build/Debug-watchos/CSystem-t.build/Objects-normal/arm64_32/shims.o
CompileC /Users/admin/builder/spi-builder-workspace/.derivedData/Build/Intermediates.noindex/swift-system.build/Debug-watchos/CSystem-t.build/Objects-normal/arm64/shims.o /Users/admin/builder/spi-builder-workspace/Sources/CSystem/shims.c normal arm64 c com.apple.compilers.llvm.clang.1_0.compiler (in target 'CSystem' from project 'swift-system')
cd /Users/admin/builder/spi-builder-workspace/.swiftpm/xcode
Using response file: /Users/admin/builder/spi-builder-workspace/.derivedData/Build/Intermediates.noindex/swift-system.build/Debug-watchos/CSystem-t.build/Objects-normal/arm64/7187679823f38a2a940e0043cdf9d637-common-args.resp
/Applications/Xcode-27.0.0-Release.Candidate.app/Contents/Developer/Toolchains/XcodeDefault.xctoolchain/usr/bin/clang -x c -ivfsstatcache /Users/admin/builder/spi-builder-workspace/.derivedData/SDKStatCaches.noindex/watchos27.0-24R360-e829b21a6f8c9b70876ba0858053c04477534ef55a1706bf4c1112bbb242f0a2.sdkstatcache -target arm64-apple-watchos9.0 -fmessage-length\=0 -fdiagnostics-show-note-include-stack -fmacro-backtrace-limit\=0 -fno-color-diagnostics -fmodules-prune-interval\=86400 -fmodules-prune-after\=345600 -fbuild-session-file\=/Users/admin/builder/spi-builder-workspace/.derivedData/ModuleCache.noindex/Session.modulevalidation -fmodules-validate-once-per-build-session -Wnon-modular-include-in-framework-module -Werror\=non-modular-include-in-framework-module -Wno-trigraphs -Wno-missing-field-initializers -Wno-missing-prototypes -Wno-return-type -Wno-missing-braces -Wparentheses -Wswitch -Wno-unused-function -Wno-unused-label -Wno-unused-parameter -Wno-unused-variable -Wunused-value -Wno-empty-body -Wno-uninitialized -Wno-unknown-pragmas -Wno-shadow -Wno-four-char-constants -Wno-conversion -Wno-constant-conversion -Wno-int-conversion -Wno-bool-conversion -Wno-enum-conversion -Wno-float-conversion -Wno-non-literal-null-conversion -Wno-objc-literal-conversion -Wshorten-64-to-32 -Wpointer-sign -Wno-newline-eof -Wno-implicit-fallthrough -isysroot /Applications/Xcode-27.0.0-Release.Candidate.app/Contents/Developer/Platforms/WatchOS.platform/Developer/SDKs/WatchOS27.0.sdk -fstrict-aliasing -Wdeprecated-declarations -Wno-sign-conversion -Wno-infinite-recursion -Wno-comma -Wno-block-capture-autoreleasing -Wno-strict-prototypes -Wno-semicolon-before-method-body -index-store-path /Users/admin/builder/spi-builder-workspace/.derivedData/Index.noindex/DataStore @/Users/admin/builder/spi-builder-workspace/.derivedData/Build/Intermediates.noindex/swift-system.build/Debug-watchos/CSystem-t.build/Objects-normal/arm64/7187679823f38a2a940e0043cdf9d637-common-args.resp -MMD -MT dependencies -MF /Users/admin/builder/spi-builder-workspace/.derivedData/Build/Intermediates.noindex/swift-system.build/Debug-watchos/CSystem-t.build/Objects-normal/arm64/shims.d --serialize-diagnostics /Users/admin/builder/spi-builder-workspace/.derivedData/Build/Intermediates.noindex/swift-system.build/Debug-watchos/CSystem-t.build/Objects-normal/arm64/shims.dia -c /Users/admin/builder/spi-builder-workspace/Sources/CSystem/shims.c -o /Users/admin/builder/spi-builder-workspace/.derivedData/Build/Intermediates.noindex/swift-system.build/Debug-watchos/CSystem-t.build/Objects-normal/arm64/shims.o -index-unit-output-path /swift-system.build/Debug-watchos/CSystem-t.build/Objects-normal/arm64/shims.o
Ld /Users/admin/builder/spi-builder-workspace/.derivedData/Build/Intermediates.noindex/swift-system.build/Debug-watchos/CSystem-t.build/Objects-normal/arm64_32/Binary/CSystem.o normal arm64_32 (in target 'CSystem' from project 'swift-system')
cd /Users/admin/builder/spi-builder-workspace
/Applications/Xcode-27.0.0-Release.Candidate.app/Contents/Developer/Toolchains/XcodeDefault.xctoolchain/usr/bin/clang -Xlinker -reproducible -target arm64_32-apple-watchos9.0 -r -isysroot /Applications/Xcode-27.0.0-Release.Candidate.app/Contents/Developer/Platforms/WatchOS.platform/Developer/SDKs/WatchOS27.0.sdk -O0 -Xlinker -no_warn_duplicate_libraries -F/Users/admin/builder/spi-builder-workspace/.derivedData/Build/Intermediates.noindex/EagerLinkingTBDs/Debug-watchos -F/Users/admin/builder/spi-builder-workspace/.derivedData/Build/Products/Debug-watchos -iframework /Applications/Xcode-27.0.0-Release.Candidate.app/Contents/Developer/Platforms/WatchOS.platform/Developer/Library/Frameworks -iframework /Applications/Xcode-27.0.0-Release.Candidate.app/Contents/Developer/Platforms/WatchOS.platform/Developer/SDKs/WatchOS27.0.sdk/Developer/Library/Frameworks -filelist /Users/admin/builder/spi-builder-workspace/.derivedData/Build/Intermediates.noindex/swift-system.build/Debug-watchos/CSystem-t.build/Objects-normal/arm64_32/CSystem.LinkFileList -nostdlib -Xlinker -object_path_lto -Xlinker /Users/admin/builder/spi-builder-workspace/.derivedData/Build/Intermediates.noindex/swift-system.build/Debug-watchos/CSystem-t.build/Objects-normal/arm64_32/CSystem_lto.o -Xlinker -no_deduplicate -Xlinker -debug_variant -Xlinker -dependency_info -Xlinker /Users/admin/builder/spi-builder-workspace/.derivedData/Build/Intermediates.noindex/swift-system.build/Debug-watchos/CSystem-t.build/Objects-normal/arm64_32/CSystem_dependency_info.dat -o /Users/admin/builder/spi-builder-workspace/.derivedData/Build/Intermediates.noindex/swift-system.build/Debug-watchos/CSystem-t.build/Objects-normal/arm64_32/Binary/CSystem.o
Ld /Users/admin/builder/spi-builder-workspace/.derivedData/Build/Intermediates.noindex/swift-system.build/Debug-watchos/CSystem-t.build/Objects-normal/arm64/Binary/CSystem.o normal arm64 (in target 'CSystem' from project 'swift-system')
cd /Users/admin/builder/spi-builder-workspace
/Applications/Xcode-27.0.0-Release.Candidate.app/Contents/Developer/Toolchains/XcodeDefault.xctoolchain/usr/bin/clang -Xlinker -reproducible -target arm64-apple-watchos9.0 -r -isysroot /Applications/Xcode-27.0.0-Release.Candidate.app/Contents/Developer/Platforms/WatchOS.platform/Developer/SDKs/WatchOS27.0.sdk -O0 -Xlinker -no_warn_duplicate_libraries -F/Users/admin/builder/spi-builder-workspace/.derivedData/Build/Intermediates.noindex/EagerLinkingTBDs/Debug-watchos -F/Users/admin/builder/spi-builder-workspace/.derivedData/Build/Products/Debug-watchos -iframework /Applications/Xcode-27.0.0-Release.Candidate.app/Contents/Developer/Platforms/WatchOS.platform/Developer/Library/Frameworks -iframework /Applications/Xcode-27.0.0-Release.Candidate.app/Contents/Developer/Platforms/WatchOS.platform/Developer/SDKs/WatchOS27.0.sdk/Developer/Library/Frameworks -filelist /Users/admin/builder/spi-builder-workspace/.derivedData/Build/Intermediates.noindex/swift-system.build/Debug-watchos/CSystem-t.build/Objects-normal/arm64/CSystem.LinkFileList -nostdlib -Xlinker -object_path_lto -Xlinker /Users/admin/builder/spi-builder-workspace/.derivedData/Build/Intermediates.noindex/swift-system.build/Debug-watchos/CSystem-t.build/Objects-normal/arm64/CSystem_lto.o -Xlinker -no_deduplicate -Xlinker -debug_variant -Xlinker -dependency_info -Xlinker /Users/admin/builder/spi-builder-workspace/.derivedData/Build/Intermediates.noindex/swift-system.build/Debug-watchos/CSystem-t.build/Objects-normal/arm64/CSystem_dependency_info.dat -o /Users/admin/builder/spi-builder-workspace/.derivedData/Build/Intermediates.noindex/swift-system.build/Debug-watchos/CSystem-t.build/Objects-normal/arm64/Binary/CSystem.o
CreateUniversalBinary /Users/admin/builder/spi-builder-workspace/.derivedData/Build/Products/Debug-watchos/CSystem.o normal arm64\ arm64_32 (in target 'CSystem' from project 'swift-system')
cd /Users/admin/builder/spi-builder-workspace
/Applications/Xcode-27.0.0-Release.Candidate.app/Contents/Developer/Toolchains/XcodeDefault.xctoolchain/usr/bin/lipo -create /Users/admin/builder/spi-builder-workspace/.derivedData/Build/Intermediates.noindex/swift-system.build/Debug-watchos/CSystem-t.build/Objects-normal/arm64/Binary/CSystem.o /Users/admin/builder/spi-builder-workspace/.derivedData/Build/Intermediates.noindex/swift-system.build/Debug-watchos/CSystem-t.build/Objects-normal/arm64_32/Binary/CSystem.o -output /Users/admin/builder/spi-builder-workspace/.derivedData/Build/Products/Debug-watchos/CSystem.o
SwiftExplicitDependencyGeneratePcm arm64 /Users/admin/builder/spi-builder-workspace/.derivedData/SDKExplicitPrecompiledModules/_AvailabilityInternal-COJEVCAKSKDVOGFHS0DOB6OY2.pcm
SwiftExplicitDependencyGeneratePcm arm64 /Users/admin/builder/spi-builder-workspace/.derivedData/SDKExplicitPrecompiledModules/_Builtin_stdbool-3R0QT5QYQVY4EAAITZYZUEJK.pcm
SwiftExplicitDependencyGeneratePcm arm64 /Users/admin/builder/spi-builder-workspace/.derivedData/SDKExplicitPrecompiledModules/_Builtin_float-77U76MSIA12UZLWKQPBK00H32.pcm
SwiftExplicitDependencyGeneratePcm arm64 /Users/admin/builder/spi-builder-workspace/.derivedData/SDKExplicitPrecompiledModules/_Builtin_stdarg-9NIR6PL5DPH5N6YAP13OEUEDT.pcm
SwiftExplicitDependencyGeneratePcm arm64 /Users/admin/builder/spi-builder-workspace/.derivedData/SDKExplicitPrecompiledModules/SwiftShims-CSHQZNJLLTPEG4K1PLJXJQZ4H.pcm
SwiftExplicitDependencyGeneratePcm arm64_32 /Users/admin/builder/spi-builder-workspace/.derivedData/SDKExplicitPrecompiledModules/_Builtin_float-EC88HHYEV1TRC7KCU9L688YFY.pcm
SwiftExplicitDependencyGeneratePcm arm64 /Users/admin/builder/spi-builder-workspace/.derivedData/SDKExplicitPrecompiledModules/_Builtin_stddef-A65DN98QALV9N0S5PPIMNDJCQ.pcm
SwiftExplicitDependencyGeneratePcm arm64 /Users/admin/builder/spi-builder-workspace/.derivedData/SDKExplicitPrecompiledModules/ptrcheck-3UOBEVT9AZXWOP2MW58XHTQMO.pcm
SwiftExplicitDependencyGeneratePcm arm64_32 /Users/admin/builder/spi-builder-workspace/.derivedData/SDKExplicitPrecompiledModules/_Builtin_stddef-4ZEQ5YCFEQ0GMFXY85D1RA3G6.pcm
SwiftExplicitDependencyGeneratePcm arm64_32 /Users/admin/builder/spi-builder-workspace/.derivedData/SDKExplicitPrecompiledModules/_Builtin_stdbool-27JMMBE5VNZFAOQUWGAR42YRJ.pcm
SwiftExplicitDependencyGeneratePcm arm64_32 /Users/admin/builder/spi-builder-workspace/.derivedData/SDKExplicitPrecompiledModules/SwiftShims-BVUGWEJ97WCEXEE9ARRICCKI5.pcm
SwiftExplicitDependencyGeneratePcm arm64_32 /Users/admin/builder/spi-builder-workspace/.derivedData/SDKExplicitPrecompiledModules/ptrcheck-ATL3XSPWLQIR7YQ8OGJJ0I4GJ.pcm
SwiftExplicitDependencyGeneratePcm arm64_32 /Users/admin/builder/spi-builder-workspace/.derivedData/SDKExplicitPrecompiledModules/_Builtin_stdarg-VCQT8J1SAAE2KXQUZ32S2KL.pcm
SwiftExplicitDependencyGeneratePcm arm64_32 /Users/admin/builder/spi-builder-workspace/.derivedData/SDKExplicitPrecompiledModules/_SwiftConcurrencyShims-856YORFICZI3JHJ3LSAVBA531.pcm
SwiftExplicitDependencyGeneratePcm arm64 /Users/admin/builder/spi-builder-workspace/.derivedData/SDKExplicitPrecompiledModules/_SwiftConcurrencyShims-855XHBAI7VFFZJ38D4OSLB478.pcm
SwiftExplicitDependencyGeneratePcm arm64_32 /Users/admin/builder/spi-builder-workspace/.derivedData/SDKExplicitPrecompiledModules/_AvailabilityInternal-46YPHTJU5RRRZAH3Q6HDA14D0.pcm
SwiftExplicitDependencyGeneratePcm arm64 /Users/admin/builder/spi-builder-workspace/.derivedData/SDKExplicitPrecompiledModules/_DarwinFoundation1-2PWWNBNOJ0DQTS5641ZBKLTWS.pcm
SwiftExplicitDependencyGeneratePcm arm64_32 /Users/admin/builder/spi-builder-workspace/.derivedData/SDKExplicitPrecompiledModules/_DarwinFoundation1-4MTEQIIR2FXUSKRTWBFHJWVDA.pcm
SwiftExplicitDependencyGeneratePcm arm64 /Users/admin/builder/spi-builder-workspace/.derivedData/SDKExplicitPrecompiledModules/_DarwinFoundation2-6X6MB8D1Z0LD7ELRO6BQ1SKWB.pcm
SwiftExplicitDependencyGeneratePcm arm64 /Users/admin/builder/spi-builder-workspace/.derivedData/SDKExplicitPrecompiledModules/_Builtin_limits-266GJK80NC7ITJ1J4NQKBZSTT.pcm
SwiftExplicitDependencyGeneratePcm arm64_32 /Users/admin/builder/spi-builder-workspace/.derivedData/SDKExplicitPrecompiledModules/_DarwinFoundation2-6VXYS3VD2PRW5J8NT45UW572Z.pcm
SwiftExplicitDependencyGeneratePcm arm64_32 /Users/admin/builder/spi-builder-workspace/.derivedData/SDKExplicitPrecompiledModules/_Builtin_limits-9FWMOUVJ955FVYOCXLWZJZX68.pcm
SwiftExplicitDependencyGeneratePcm arm64 /Users/admin/builder/spi-builder-workspace/.derivedData/SDKExplicitPrecompiledModules/_Builtin_stdint-CD17O3S784IR4UZEV67H4SOGG.pcm
SwiftExplicitDependencyGeneratePcm arm64 /Users/admin/builder/spi-builder-workspace/.derivedData/SDKExplicitPrecompiledModules/sys_types-7CXQTOGVTI9K005KU7T54WXPT.pcm
SwiftExplicitDependencyGeneratePcm arm64 /Users/admin/builder/spi-builder-workspace/.derivedData/SDKExplicitPrecompiledModules/_DarwinFoundation3-6B834YJ4L72C3CTV8N5RU0PYB.pcm
SwiftExplicitDependencyGeneratePcm arm64_32 /Users/admin/builder/spi-builder-workspace/.derivedData/SDKExplicitPrecompiledModules/sys_types-4Z5LF975VTWR7NF5LTMRDSPF2.pcm
SwiftExplicitDependencyGeneratePcm arm64_32 /Users/admin/builder/spi-builder-workspace/.derivedData/SDKExplicitPrecompiledModules/_Builtin_stdint-E4EXU0J7UIJWUYGQZT0I3RIWP.pcm
SwiftExplicitDependencyGeneratePcm arm64_32 /Users/admin/builder/spi-builder-workspace/.derivedData/SDKExplicitPrecompiledModules/_DarwinFoundation3-6K1N9GATQSODDNXYJQ99RB94V.pcm
SwiftExplicitDependencyGeneratePcm arm64 /Users/admin/builder/spi-builder-workspace/.derivedData/SDKExplicitPrecompiledModules/_Builtin_inttypes-9OXDCVBG1SVOEZM8W5TEGKGQ7.pcm
SwiftExplicitDependencyGeneratePcm arm64 /Users/admin/builder/spi-builder-workspace/.derivedData/SDKExplicitPrecompiledModules/Darwin-B6CY24YLU1SSY425FRV33U5XY.pcm
SwiftExplicitDependencyGeneratePcm arm64_32 /Users/admin/builder/spi-builder-workspace/.derivedData/SDKExplicitPrecompiledModules/_Builtin_inttypes-AX0ZF3ND8O9U138S8X8QMC1F0.pcm
SwiftExplicitDependencyGeneratePcm arm64_32 /Users/admin/builder/spi-builder-workspace/.derivedData/SDKExplicitPrecompiledModules/Darwin-AQEXNO6W5TLMNF1LYDHIY2ED3.pcm
SwiftCompile normal arm64 Compiling\ Clock.swift,\ Microseconds.swift,\ Nanoseconds.swift,\ ProcessorTime.swift,\ Time.swift,\ TimeComponents.swift /Users/admin/builder/spi-builder-workspace/Sources/System/Time/Clock.swift /Users/admin/builder/spi-builder-workspace/Sources/System/Time/Microseconds.swift /Users/admin/builder/spi-builder-workspace/Sources/System/Time/Nanoseconds.swift /Users/admin/builder/spi-builder-workspace/Sources/System/Time/ProcessorTime.swift /Users/admin/builder/spi-builder-workspace/Sources/System/Time/Time.swift /Users/admin/builder/spi-builder-workspace/Sources/System/Time/TimeComponents.swift (in target 'SystemPackage' from project 'swift-system')
SwiftCompile normal arm64 /Users/admin/builder/spi-builder-workspace/Sources/System/Time/Clock.swift (in target 'SystemPackage' from project 'swift-system')
cd /Users/admin/builder/spi-builder-workspace/.swiftpm/xcode
builtin-SwiftPerFileCompile Clock.swift
SwiftCompile normal arm64 /Users/admin/builder/spi-builder-workspace/Sources/System/Time/Microseconds.swift (in target 'SystemPackage' from project 'swift-system')
cd /Users/admin/builder/spi-builder-workspace/.swiftpm/xcode
builtin-SwiftPerFileCompile Microseconds.swift
SwiftCompile normal arm64 /Users/admin/builder/spi-builder-workspace/Sources/System/Time/Nanoseconds.swift (in target 'SystemPackage' from project 'swift-system')
cd /Users/admin/builder/spi-builder-workspace/.swiftpm/xcode
builtin-SwiftPerFileCompile Nanoseconds.swift
SwiftCompile normal arm64 /Users/admin/builder/spi-builder-workspace/Sources/System/Time/ProcessorTime.swift (in target 'SystemPackage' from project 'swift-system')
cd /Users/admin/builder/spi-builder-workspace/.swiftpm/xcode
builtin-SwiftPerFileCompile ProcessorTime.swift
SwiftCompile normal arm64 /Users/admin/builder/spi-builder-workspace/Sources/System/Time/Time.swift (in target 'SystemPackage' from project 'swift-system')
cd /Users/admin/builder/spi-builder-workspace/.swiftpm/xcode
builtin-SwiftPerFileCompile Time.swift
SwiftCompile normal arm64 /Users/admin/builder/spi-builder-workspace/Sources/System/Time/TimeComponents.swift (in target 'SystemPackage' from project 'swift-system')
cd /Users/admin/builder/spi-builder-workspace/.swiftpm/xcode
builtin-SwiftPerFileCompile TimeComponents.swift
SwiftEmitModule normal arm64 Emitting\ module\ for\ SystemPackage (in target 'SystemPackage' from project 'swift-system')
/Users/admin/builder/spi-builder-workspace/Sources/System/FileDescriptorSet.swift:21:13: warning: setter for property 'bytes' is private and cannot be referenced from an '@_alwaysEmitIntoClient' function; this will be an error in a future Swift language mode
15 |
16 | @_alwaysEmitIntoClient
17 | internal private(set) var bytes: CInterop.FileDescriptorSet
| `- note: setter for property 'bytes' is not '@usableFromInline' or public
18 |
19 | @_alwaysEmitIntoClient
20 | public init(_ bytes: CInterop.FileDescriptorSet) {
21 | self.bytes = bytes
| `- warning: setter for property 'bytes' is private and cannot be referenced from an '@_alwaysEmitIntoClient' function; this will be an error in a future Swift language mode
22 | }
23 |
/Users/admin/builder/spi-builder-workspace/Sources/System/FileDescriptorSet.swift:26:32: warning: initializer 'init()' cannot be used in an '@_alwaysEmitIntoClient' function because '_DarwinFoundation2' was not imported by this file; this is an error in the Swift 6 language mode
24 | @_alwaysEmitIntoClient
25 | public init() {
26 | self.init(CInterop.FileDescriptorSet())
| |- warning: initializer 'init()' cannot be used in an '@_alwaysEmitIntoClient' function because '_DarwinFoundation2' was not imported by this file; this is an error in the Swift 6 language mode
| `- note: The missing import of module '_DarwinFoundation2' will be added implicitly
27 | }
28 | }
/Users/admin/builder/spi-builder-workspace/Sources/System/FileDescriptorSet.swift:37:13: warning: setter for property 'bytes' is private and cannot be referenced from an '@_alwaysEmitIntoClient' function; this will be an error in a future Swift language mode
15 |
16 | @_alwaysEmitIntoClient
17 | internal private(set) var bytes: CInterop.FileDescriptorSet
| `- note: setter for property 'bytes' is not '@usableFromInline' or public
18 |
19 | @_alwaysEmitIntoClient
:
35 | self.init()
36 | for element in sequence {
37 | bytes.set(element.rawValue)
| `- warning: setter for property 'bytes' is private and cannot be referenced from an '@_alwaysEmitIntoClient' function; this will be an error in a future Swift language mode
38 | }
39 | }
/Users/admin/builder/spi-builder-workspace/Sources/System/FileDescriptorSet.swift:43:9: warning: setter for property 'bytes' is private and cannot be referenced from an '@_alwaysEmitIntoClient' function; this will be an error in a future Swift language mode
15 |
16 | @_alwaysEmitIntoClient
17 | internal private(set) var bytes: CInterop.FileDescriptorSet
| `- note: setter for property 'bytes' is not '@usableFromInline' or public
18 |
19 | @_alwaysEmitIntoClient
:
41 | @_alwaysEmitIntoClient
42 | mutating func append(_ element: FileDescriptor) {
43 | bytes.set(element.rawValue)
| `- warning: setter for property 'bytes' is private and cannot be referenced from an '@_alwaysEmitIntoClient' function; this will be an error in a future Swift language mode
44 | }
45 |
/Users/admin/builder/spi-builder-workspace/Sources/System/FileDescriptorSet.swift:48:9: warning: setter for property 'bytes' is private and cannot be referenced from an '@_alwaysEmitIntoClient' function; this will be an error in a future Swift language mode
15 |
16 | @_alwaysEmitIntoClient
17 | internal private(set) var bytes: CInterop.FileDescriptorSet
| `- note: setter for property 'bytes' is not '@usableFromInline' or public
18 |
19 | @_alwaysEmitIntoClient
:
46 | @_alwaysEmitIntoClient
47 | mutating func remove(_ element: FileDescriptor) {
48 | bytes.clear(element.rawValue)
| `- warning: setter for property 'bytes' is private and cannot be referenced from an '@_alwaysEmitIntoClient' function; this will be an error in a future Swift language mode
49 | }
50 |
/Users/admin/builder/spi-builder-workspace/Sources/System/FileDescriptorSet.swift:53:9: warning: setter for property 'bytes' is private and cannot be referenced from an '@_alwaysEmitIntoClient' function; this will be an error in a future Swift language mode
15 |
16 | @_alwaysEmitIntoClient
17 | internal private(set) var bytes: CInterop.FileDescriptorSet
| `- note: setter for property 'bytes' is not '@usableFromInline' or public
18 |
19 | @_alwaysEmitIntoClient
:
51 | @_alwaysEmitIntoClient
52 | mutating func contains(_ element: FileDescriptor) -> Bool {
53 | bytes.isSet(element.rawValue)
| `- warning: setter for property 'bytes' is private and cannot be referenced from an '@_alwaysEmitIntoClient' function; this will be an error in a future Swift language mode
54 | }
55 |
/Users/admin/builder/spi-builder-workspace/Sources/System/FileDescriptorSet.swift:58:9: warning: setter for property 'bytes' is private and cannot be referenced from an '@_alwaysEmitIntoClient' function; this will be an error in a future Swift language mode
15 |
16 | @_alwaysEmitIntoClient
17 | internal private(set) var bytes: CInterop.FileDescriptorSet
| `- note: setter for property 'bytes' is not '@usableFromInline' or public
18 |
19 | @_alwaysEmitIntoClient
:
56 | @_alwaysEmitIntoClient
57 | mutating func removeAll() {
58 | self.bytes.zero()
| `- warning: setter for property 'bytes' is private and cannot be referenced from an '@_alwaysEmitIntoClient' function; this will be an error in a future Swift language mode
59 | }
60 |
/Users/admin/builder/spi-builder-workspace/Sources/System/FileDescriptorSet.swift:94:20: warning: setter for property 'bytes' is private and cannot be referenced from an '@_alwaysEmitIntoClient' function; this will be an error in a future Swift language mode
15 |
16 | @_alwaysEmitIntoClient
17 | internal private(set) var bytes: CInterop.FileDescriptorSet
| `- note: setter for property 'bytes' is not '@usableFromInline' or public
18 |
19 | @_alwaysEmitIntoClient
:
92 | @_alwaysEmitIntoClient
93 | mutating func withUnsafeMutablePointer<T>(_ body: (UnsafeMutablePointer<Int32>) throws -> T) rethrows -> T {
94 | return try bytes.withUnsafeMutablePointer(body)
| `- warning: setter for property 'bytes' is private and cannot be referenced from an '@_alwaysEmitIntoClient' function; this will be an error in a future Swift language mode
95 | }
96 | }
/Users/admin/builder/spi-builder-workspace/Sources/System/Internals/CInterop.swift:127:38: error: cannot find type 'proc_taskinfo' in scope
125 |
126 | #if os(macOS) || os(iOS) || os(watchOS) || os(tvOS)
127 | public typealias ProcessTaskInfo = proc_taskinfo
| `- error: cannot find type 'proc_taskinfo' in scope
128 | #endif
129 |
/Users/admin/builder/spi-builder-workspace/Sources/System/Signal/SignalAction.swift:32:32: warning: initializer 'init(__sigaction_u:sa_mask:sa_flags:)' cannot be used in an '@_alwaysEmitIntoClient' function because '_DarwinFoundation3' was not imported by this file; this is an error in the Swift 6 language mode
30 | assert(flags.contains(.sigInfo) == false)
31 | #if os(macOS) || os(iOS) || os(watchOS) || os(tvOS)
32 | self.init(CInterop.SignalAction(
| |- warning: initializer 'init(__sigaction_u:sa_mask:sa_flags:)' cannot be used in an '@_alwaysEmitIntoClient' function because '_DarwinFoundation3' was not imported by this file; this is an error in the Swift 6 language mode
| `- note: The missing import of module '_DarwinFoundation3' will be added implicitly
33 | __sigaction_u: .init(__sa_handler: handler.rawValue),
34 | sa_mask: mask.bytes,
/Users/admin/builder/spi-builder-workspace/Sources/System/Signal/SignalAction.swift:33:33: warning: initializer 'init(__sa_handler:)' cannot be used in an '@_alwaysEmitIntoClient' function because '_DarwinFoundation3' was not imported by this file; this is an error in the Swift 6 language mode
31 | #if os(macOS) || os(iOS) || os(watchOS) || os(tvOS)
32 | self.init(CInterop.SignalAction(
33 | __sigaction_u: .init(__sa_handler: handler.rawValue),
| |- warning: initializer 'init(__sa_handler:)' cannot be used in an '@_alwaysEmitIntoClient' function because '_DarwinFoundation3' was not imported by this file; this is an error in the Swift 6 language mode
| `- note: The missing import of module '_DarwinFoundation3' will be added implicitly
34 | sa_mask: mask.bytes,
35 | sa_flags: flags.rawValue)
/Users/admin/builder/spi-builder-workspace/Sources/System/Signal/SignalAction.swift:56:32: warning: initializer 'init(__sigaction_u:sa_mask:sa_flags:)' cannot be used in an '@_alwaysEmitIntoClient' function because '_DarwinFoundation3' was not imported by this file; this is an error in the Swift 6 language mode
54 | flags.insert(.sigInfo)
55 | #if os(macOS) || os(iOS) || os(watchOS) || os(tvOS)
56 | self.init(CInterop.SignalAction(
| |- warning: initializer 'init(__sigaction_u:sa_mask:sa_flags:)' cannot be used in an '@_alwaysEmitIntoClient' function because '_DarwinFoundation3' was not imported by this file; this is an error in the Swift 6 language mode
| `- note: The missing import of module '_DarwinFoundation3' will be added implicitly
57 | __sigaction_u: .init(__sa_sigaction: body),
58 | sa_mask: mask.bytes,
/Users/admin/builder/spi-builder-workspace/Sources/System/Signal/SignalAction.swift:57:33: warning: initializer 'init(__sa_sigaction:)' cannot be used in an '@_alwaysEmitIntoClient' function because '_DarwinFoundation3' was not imported by this file; this is an error in the Swift 6 language mode
55 | #if os(macOS) || os(iOS) || os(watchOS) || os(tvOS)
56 | self.init(CInterop.SignalAction(
57 | __sigaction_u: .init(__sa_sigaction: body),
| |- warning: initializer 'init(__sa_sigaction:)' cannot be used in an '@_alwaysEmitIntoClient' function because '_DarwinFoundation3' was not imported by this file; this is an error in the Swift 6 language mode
| `- note: The missing import of module '_DarwinFoundation3' will be added implicitly
58 | sa_mask: mask.bytes,
59 | sa_flags: flags.rawValue)
/Users/admin/builder/spi-builder-workspace/Sources/System/Signal/SignalAction.swift:73:32: warning: initializer 'init()' cannot be used in an '@_alwaysEmitIntoClient' function because '_DarwinFoundation3' was not imported by this file; this is an error in the Swift 6 language mode
71 | @_alwaysEmitIntoClient
72 | internal init() {
73 | self.init(CInterop.SignalAction())
| |- warning: initializer 'init()' cannot be used in an '@_alwaysEmitIntoClient' function because '_DarwinFoundation3' was not imported by this file; this is an error in the Swift 6 language mode
| `- note: The missing import of module '_DarwinFoundation3' will be added implicitly
74 | }
75 | }
/Users/admin/builder/spi-builder-workspace/Sources/System/Signal/SignalAction.swift:82:38: warning: property 'sa_flags' cannot be used in an '@_alwaysEmitIntoClient' function because '_DarwinFoundation3' was not imported by this file; this is an error in the Swift 6 language mode
80 | @_alwaysEmitIntoClient
81 | var flags: Flags {
82 | return .init(rawValue: bytes.sa_flags)
| |- warning: property 'sa_flags' cannot be used in an '@_alwaysEmitIntoClient' function because '_DarwinFoundation3' was not imported by this file; this is an error in the Swift 6 language mode
| `- note: The missing import of module '_DarwinFoundation3' will be added implicitly
83 | }
84 |
/Users/admin/builder/spi-builder-workspace/Sources/System/Signal/SignalAction.swift:87:33: warning: property 'sa_mask' cannot be used in an '@_alwaysEmitIntoClient' function because '_DarwinFoundation3' was not imported by this file; this is an error in the Swift 6 language mode
85 | @_alwaysEmitIntoClient
86 | var mask: Signal.Set {
87 | return Signal.Set(bytes.sa_mask)
| |- warning: property 'sa_mask' cannot be used in an '@_alwaysEmitIntoClient' function because '_DarwinFoundation3' was not imported by this file; this is an error in the Swift 6 language mode
| `- note: The missing import of module '_DarwinFoundation3' will be added implicitly
88 | }
89 | }
/Users/admin/builder/spi-builder-workspace/Sources/System/Time/Clock.swift:16:50: warning: cannot use type alias 'RawValue' here; '_DarwinFoundation2' was not imported by this file
14 |
15 | #if os(macOS) || os(iOS) || os(watchOS) || os(tvOS)
16 | public typealias RawValue = CInterop.ClockID.RawValue
| `- warning: cannot use type alias 'RawValue' here; '_DarwinFoundation2' was not imported by this file
17 | #else
18 | public typealias RawValue = CInterop.ClockID
_DarwinFoundation2.clockid_t.RawValue:2:28: note: type alias declared here
1 | struct clockid_t {
2 | public typealias clockid_t.RawValue = UInt32}
| `- note: type alias declared here
3 |
Failed frontend command:
/Applications/Xcode-27.0.0-Release.Candidate.app/Contents/Developer/Toolchains/XcodeDefault.xctoolchain/usr/bin/swift-frontend -frontend -emit-module -experimental-skip-non-inlinable-function-bodies-without-types /Users/admin/builder/spi-builder-workspace/Sources/System/AsyncFileOperations.swift /Users/admin/builder/spi-builder-workspace/Sources/System/Errno.swift /Users/admin/builder/spi-builder-workspace/Sources/System/FileChange.swift /Users/admin/builder/spi-builder-workspace/Sources/System/FileDescriptor.swift /Users/admin/builder/spi-builder-workspace/Sources/System/FileDescriptorSet.swift /Users/admin/builder/spi-builder-workspace/Sources/System/FileEvent.swift /Users/admin/builder/spi-builder-workspace/Sources/System/FileHelpers.swift /Users/admin/builder/spi-builder-workspace/Sources/System/FileOperations.swift /Users/admin/builder/spi-builder-workspace/Sources/System/FilePath/FilePath.swift /Users/admin/builder/spi-builder-workspace/Sources/System/FilePath/FilePathComponentView.swift /Users/admin/builder/spi-builder-workspace/Sources/System/FilePath/FilePathComponents.swift /Users/admin/builder/spi-builder-workspace/Sources/System/FilePath/FilePathParsing.swift /Users/admin/builder/spi-builder-workspace/Sources/System/FilePath/FilePathString.swift /Users/admin/builder/spi-builder-workspace/Sources/System/FilePath/FilePathSyntax.swift /Users/admin/builder/spi-builder-workspace/Sources/System/FilePath/FilePathWindows.swift /Users/admin/builder/spi-builder-workspace/Sources/System/FilePermissions.swift /Users/admin/builder/spi-builder-workspace/Sources/System/InputOutput/IOControl.swift /Users/admin/builder/spi-builder-workspace/Sources/System/InputOutput/IODirection.swift /Users/admin/builder/spi-builder-workspace/Sources/System/InputOutput/IOOperations.swift /Users/admin/builder/spi-builder-workspace/Sources/System/InputOutput/IOType.swift /Users/admin/builder/spi-builder-workspace/Sources/System/InputOutput/TerminalIO.swift /Users/admin/builder/spi-builder-workspace/Sources/System/Internals/CInternetAddress.swift /Users/admin/builder/spi-builder-workspace/Sources/System/Internals/CInterop.swift /Users/admin/builder/spi-builder-workspace/Sources/System/Internals/CSocketAddress.swift /Users/admin/builder/spi-builder-workspace/Sources/System/Internals/Compatibility.swift /Users/admin/builder/spi-builder-workspace/Sources/System/Internals/Constants.swift /Users/admin/builder/spi-builder-workspace/Sources/System/Internals/Exports.swift /Users/admin/builder/spi-builder-workspace/Sources/System/Internals/IOCTL.swift /Users/admin/builder/spi-builder-workspace/Sources/System/Internals/Mocking.swift /Users/admin/builder/spi-builder-workspace/Sources/System/Internals/NetworkOrder.swift /Users/admin/builder/spi-builder-workspace/Sources/System/Internals/Syscalls.swift /Users/admin/builder/spi-builder-workspace/Sources/System/Internals/WindowsSyscallAdapters.swift /Users/admin/builder/spi-builder-workspace/Sources/System/InternetProtocol.swift /Users/admin/builder/spi-builder-workspace/Sources/System/PlatformString.swift /Users/admin/builder/spi-builder-workspace/Sources/System/ProcessID.swift /Users/admin/builder/spi-builder-workspace/Sources/System/Signal/Signal.swift /Users/admin/builder/spi-builder-workspace/Sources/System/Signal/SignalAction.swift /Users/admin/builder/spi-builder-workspace/Sources/System/Signal/SignalHandler.swift /Users/admin/builder/spi-builder-workspace/Sources/System/Signal/SignalInformation.swift /Users/admin/builder/spi-builder-workspace/Sources/System/Signal/SignalSet.swift /Users/admin/builder/spi-builder-workspace/Sources/System/Socket/AsyncSocketOperations.swift /Users/admin/builder/spi-builder-workspace/Sources/System/Socket/MessageFlags.swift /Users/admin/builder/spi-builder-workspace/Sources/System/Socket/Poll.swift /Users/admin/builder/spi-builder-workspace/Sources/System/Socket/SocketAddress.swift /Users/admin/builder/spi-builder-workspace/Sources/System/Socket/SocketAddressFamily.swift /Users/admin/builder/spi-builder-workspace/Sources/System/Socket/SocketFlags.swift /Users/admin/builder/spi-builder-workspace/Sources/System/Socket/SocketOperations.swift /Users/admin/builder/spi-builder-workspace/Sources/System/Socket/SocketOption.swift /Users/admin/builder/spi-builder-workspace/Sources/System/Socket/SocketOptionID.swift /Users/admin/builder/spi-builder-workspace/Sources/System/Socket/SocketOptionLevel.swift /Users/admin/builder/spi-builder-workspace/Sources/System/Socket/SocketProtocol.swift /Users/admin/builder/spi-builder-workspace/Sources/System/Socket/SocketType.swift /Users/admin/builder/spi-builder-workspace/Sources/System/SystemInfo.swift /Users/admin/builder/spi-builder-workspace/Sources/System/SystemString.swift /Users/admin/builder/spi-builder-workspace/Sources/System/Time/Clock.swift /Users/admin/builder/spi-builder-workspace/Sources/System/Time/Microseconds.swift /Users/admin/builder/spi-builder-workspace/Sources/System/Time/Nanoseconds.swift /Users/admin/builder/spi-builder-workspace/Sources/System/Time/ProcessorTime.swift /Users/admin/builder/spi-builder-workspace/Sources/System/Time/Time.swift /Users/admin/builder/spi-builder-workspace/Sources/System/Time/TimeComponents.swift /Users/admin/builder/spi-builder-workspace/Sources/System/Time/TimeInterval.swift /Users/admin/builder/spi-builder-workspace/Sources/System/Time/TimeIntervalMicroseconds.swift /Users/admin/builder/spi-builder-workspace/Sources/System/Time/TimeIntervalNanoseconds.swift /Users/admin/builder/spi-builder-workspace/Sources/System/UserID.swift /Users/admin/builder/spi-builder-workspace/Sources/System/Util.swift /Users/admin/builder/spi-builder-workspace/Sources/System/UtilConsumers.swift -target arm64-apple-watchos9.0 -disable-cross-import-overlay-search -swift-module-cross-import Darwin /Applications/Xcode-27.0.0-Release.Candidate.app/Contents/Developer/Platforms/WatchOS.platform/Developer/SDKs/WatchOS.sdk/usr/include/Darwin.swiftcrossimport/xlocale.swiftoverlay -load-resolved-plugin /Applications/Xcode-27.0.0-Release.Candidate.app/Contents/Developer/Platforms/WatchOS.platform/Developer/usr/lib/swift/host/plugins/libSwiftMacros.dylib\#/Applications/Xcode-27.0.0-Release.Candidate.app/Contents/Developer/Platforms/WatchOS.platform/Developer/usr/bin/swift-plugin-server\#SwiftMacros -disable-implicit-swift-modules -Xcc -fno-implicit-modules -Xcc -fno-implicit-module-maps -explicit-swift-module-map-file /Users/admin/builder/spi-builder-workspace/.derivedData/Build/Intermediates.noindex/swift-system.build/Debug-watchos/SystemPackage-t.build/Objects-normal/arm64/SystemPackage-dependencies-2.json -Xllvm -aarch64-use-tbi -enable-objc-interop -stack-check -sdk /Applications/Xcode-27.0.0-Release.Candidate.app/Contents/Developer/Platforms/WatchOS.platform/Developer/SDKs/WatchOS27.0.sdk -I /Users/admin/builder/spi-builder-workspace/.derivedData/Build/Products/Debug-watchos -Isystem /Applications/Xcode-27.0.0-Release.Candidate.app/Contents/Developer/Platforms/WatchOS.platform/Developer/usr/lib -F /Users/admin/builder/spi-builder-workspace/.derivedData/Build/Products/Debug-watchos/PackageFrameworks -F /Users/admin/builder/spi-builder-workspace/.derivedData/Build/Products/Debug-watchos -F /Applications/Xcode-27.0.0-Release.Candidate.app/Contents/Developer/Platforms/WatchOS.platform/Developer/Library/Frameworks -F /Applications/Xcode-27.0.0-Release.Candidate.app/Contents/Developer/Platforms/WatchOS.platform/Developer/SDKs/WatchOS27.0.sdk/Developer/Library/Frameworks -module-cache-path /Users/admin/builder/spi-builder-workspace/.derivedData/Build/Intermediates.noindex/SwiftExplicitPrecompiledModules -no-color-diagnostics -Xcc -fno-color-diagnostics -enable-testing -g -debug-info-format\=dwarf -dwarf-version\=4 -profile-generate -profile-coverage-mapping -swift-version 5 -Onone -D SWIFT_PACKAGE -D DEBUG -D SWIFT_MODULE_RESOURCE_BUNDLE_UNAVAILABLE -D SYSTEM_PACKAGE -D ENABLE_MOCKING -D Xcode -serialize-debugging-options -enable-experimental-feature DebugDescriptionMacro -empty-abi-descriptor -validate-clang-modules-once -clang-build-session-file /Users/admin/builder/spi-builder-workspace/.derivedData/ModuleCache.noindex/Session.modulevalidation -Xcc -working-directory -Xcc /Users/admin/builder/spi-builder-workspace/.swiftpm/xcode -enable-anonymous-context-mangled-names -file-compilation-dir /Users/admin/builder/spi-builder-workspace/.swiftpm/xcode -Xcc -fmodule-map-file\=/Users/admin/builder/spi-builder-workspace/Sources/CSystem/include/module.modulemap -Xcc -D_LIBCPP_HARDENING_MODE\=_LIBCPP_HARDENING_MODE_DEBUG -Xcc -ivfsstatcache -Xcc /Users/admin/builder/spi-builder-workspace/.derivedData/SDKStatCaches.noindex/watchos27.0-24R360-e829b21a6f8c9b70876ba0858053c04477534ef55a1706bf4c1112bbb242f0a2.sdkstatcache -Xcc -fmodules-prune-interval\=86400 -Xcc -fmodules-prune-after\=345600 -Xcc -I/Users/admin/builder/spi-builder-workspace/Sources/CSystem/include -Xcc -I/Users/admin/builder/spi-builder-workspace/.derivedData/Build/Products/Debug-watchos/include -Xcc -I/Users/admin/builder/spi-builder-workspace/.derivedData/Build/Intermediates.noindex/swift-system.build/Debug-watchos/SystemPackage-t.build/DerivedSources-normal/arm64 -Xcc -I/Users/admin/builder/spi-builder-workspace/.derivedData/Build/Intermediates.noindex/swift-system.build/Debug-watchos/SystemPackage-t.build/DerivedSources/arm64 -Xcc -I/Users/admin/builder/spi-builder-workspace/.derivedData/Build/Intermediates.noindex/swift-system.build/Debug-watchos/SystemPackage-t.build/DerivedSources -Xcc -DSWIFT_PACKAGE -Xcc -DDEBUG\=1 -Xcc -D_CRT_SECURE_NO_WARNINGS -no-auto-bridging-header-chaining -module-name SystemPackage -const-gather-protocols-file /Users/admin/builder/spi-builder-workspace/.derivedData/Build/Intermediates.noindex/swift-system.build/Debug-watchos/SystemPackage-t.build/Objects-normal/arm64/SystemPackage_const_extract_protocols.json -disable-clang-spi -clang-target arm64-apple-watchos27.0 -target-sdk-version 27.0 -target-sdk-name watchos27.0 -in-process-plugin-server-path /Applications/Xcode-27.0.0-Release.Candidate.app/Contents/Developer/Toolchains/XcodeDefault.xctoolchain/usr/lib/swift/host/libSwiftInProcPluginServer.dylib -emit-module-doc-path /Users/admin/builder/spi-builder-workspace/.derivedData/Build/Intermediates.noindex/swift-system.build/Debug-watchos/SystemPackage-t.build/Objects-normal/arm64/SystemPackage.swiftdoc -emit-module-source-info-path /Users/admin/builder/spi-builder-workspace/.derivedData/Build/Intermediates.noindex/swift-system.build/Debug-watchos/SystemPackage-t.build/Objects-normal/arm64/SystemPackage.swiftsourceinfo -emit-objc-header-path /Users/admin/builder/spi-builder-workspace/.derivedData/Build/Intermediates.noindex/swift-system.build/Debug-watchos/SystemPackage-t.build/Objects-normal/arm64/SystemPackage-Swift.h -serialize-diagnostics-path /Users/admin/builder/spi-builder-workspace/.derivedData/Build/Intermediates.noindex/swift-system.build/Debug-watchos/SystemPackage-t.build/Objects-normal/arm64/SystemPackage-primary-emit-module.dia -emit-dependencies-path /Users/admin/builder/spi-builder-workspace/.derivedData/Build/Intermediates.noindex/swift-system.build/Debug-watchos/SystemPackage-t.build/Objects-normal/arm64/SystemPackage-primary-emit-module.d -parse-as-library -o /Users/admin/builder/spi-builder-workspace/.derivedData/Build/Intermediates.noindex/swift-system.build/Debug-watchos/SystemPackage-t.build/Objects-normal/arm64/SystemPackage.swiftmodule -emit-abi-descriptor-path /Users/admin/builder/spi-builder-workspace/.derivedData/Build/Intermediates.noindex/swift-system.build/Debug-watchos/SystemPackage-t.build/Objects-normal/arm64/SystemPackage.abi.json
SwiftCompile normal arm64 (in target 'SystemPackage' from project 'swift-system')
cd /Users/admin/builder/spi-builder-workspace/.swiftpm/xcode
SwiftCompile normal arm64 Compiling\ TimeInterval.swift,\ TimeIntervalMicroseconds.swift,\ TimeIntervalNanoseconds.swift,\ UserID.swift,\ Util.swift,\ UtilConsumers.swift /Users/admin/builder/spi-builder-workspace/Sources/System/Time/TimeInterval.swift /Users/admin/builder/spi-builder-workspace/Sources/System/Time/TimeIntervalMicroseconds.swift /Users/admin/builder/spi-builder-workspace/Sources/System/Time/TimeIntervalNanoseconds.swift /Users/admin/builder/spi-builder-workspace/Sources/System/UserID.swift /Users/admin/builder/spi-builder-workspace/Sources/System/Util.swift /Users/admin/builder/spi-builder-workspace/Sources/System/UtilConsumers.swift (in target 'SystemPackage' from project 'swift-system')
SwiftCompile normal arm64 /Users/admin/builder/spi-builder-workspace/Sources/System/Time/TimeInterval.swift (in target 'SystemPackage' from project 'swift-system')
cd /Users/admin/builder/spi-builder-workspace/.swiftpm/xcode
builtin-SwiftPerFileCompile TimeInterval.swift
SwiftCompile normal arm64 /Users/admin/builder/spi-builder-workspace/Sources/System/Time/TimeIntervalMicroseconds.swift (in target 'SystemPackage' from project 'swift-system')
cd /Users/admin/builder/spi-builder-workspace/.swiftpm/xcode
builtin-SwiftPerFileCompile TimeIntervalMicroseconds.swift
SwiftCompile normal arm64 /Users/admin/builder/spi-builder-workspace/Sources/System/Time/TimeIntervalNanoseconds.swift (in target 'SystemPackage' from project 'swift-system')
cd /Users/admin/builder/spi-builder-workspace/.swiftpm/xcode
builtin-SwiftPerFileCompile TimeIntervalNanoseconds.swift
SwiftCompile normal arm64 /Users/admin/builder/spi-builder-workspace/Sources/System/UserID.swift (in target 'SystemPackage' from project 'swift-system')
cd /Users/admin/builder/spi-builder-workspace/.swiftpm/xcode
builtin-SwiftPerFileCompile UserID.swift
SwiftCompile normal arm64 /Users/admin/builder/spi-builder-workspace/Sources/System/Util.swift (in target 'SystemPackage' from project 'swift-system')
cd /Users/admin/builder/spi-builder-workspace/.swiftpm/xcode
builtin-SwiftPerFileCompile Util.swift
SwiftCompile normal arm64 /Users/admin/builder/spi-builder-workspace/Sources/System/UtilConsumers.swift (in target 'SystemPackage' from project 'swift-system')
cd /Users/admin/builder/spi-builder-workspace/.swiftpm/xcode
builtin-SwiftPerFileCompile UtilConsumers.swift
SwiftCompile normal arm64 Compiling\ SocketOptionID.swift,\ SocketOptionLevel.swift,\ SocketProtocol.swift,\ SocketType.swift,\ SystemInfo.swift,\ SystemString.swift /Users/admin/builder/spi-builder-workspace/Sources/System/Socket/SocketOptionID.swift /Users/admin/builder/spi-builder-workspace/Sources/System/Socket/SocketOptionLevel.swift /Users/admin/builder/spi-builder-workspace/Sources/System/Socket/SocketProtocol.swift /Users/admin/builder/spi-builder-workspace/Sources/System/Socket/SocketType.swift /Users/admin/builder/spi-builder-workspace/Sources/System/SystemInfo.swift /Users/admin/builder/spi-builder-workspace/Sources/System/SystemString.swift (in target 'SystemPackage' from project 'swift-system')
SwiftCompile normal arm64 /Users/admin/builder/spi-builder-workspace/Sources/System/Socket/SocketOptionID.swift (in target 'SystemPackage' from project 'swift-system')
cd /Users/admin/builder/spi-builder-workspace/.swiftpm/xcode
builtin-SwiftPerFileCompile SocketOptionID.swift
SwiftCompile normal arm64 /Users/admin/builder/spi-builder-workspace/Sources/System/Socket/SocketOptionLevel.swift (in target 'SystemPackage' from project 'swift-system')
cd /Users/admin/builder/spi-builder-workspace/.swiftpm/xcode
builtin-SwiftPerFileCompile SocketOptionLevel.swift
SwiftCompile normal arm64 /Users/admin/builder/spi-builder-workspace/Sources/System/Socket/SocketProtocol.swift (in target 'SystemPackage' from project 'swift-system')
cd /Users/admin/builder/spi-builder-workspace/.swiftpm/xcode
builtin-SwiftPerFileCompile SocketProtocol.swift
SwiftCompile normal arm64 /Users/admin/builder/spi-builder-workspace/Sources/System/Socket/SocketType.swift (in target 'SystemPackage' from project 'swift-system')
cd /Users/admin/builder/spi-builder-workspace/.swiftpm/xcode
builtin-SwiftPerFileCompile SocketType.swift
SwiftCompile normal arm64 /Users/admin/builder/spi-builder-workspace/Sources/System/SystemInfo.swift (in target 'SystemPackage' from project 'swift-system')
cd /Users/admin/builder/spi-builder-workspace/.swiftpm/xcode
builtin-SwiftPerFileCompile SystemInfo.swift
SwiftCompile normal arm64 /Users/admin/builder/spi-builder-workspace/Sources/System/SystemString.swift (in target 'SystemPackage' from project 'swift-system')
cd /Users/admin/builder/spi-builder-workspace/.swiftpm/xcode
builtin-SwiftPerFileCompile SystemString.swift
SwiftCompile normal arm64 Compiling\ Signal.swift,\ SignalAction.swift,\ SignalHandler.swift,\ SignalInformation.swift,\ SignalSet.swift,\ AsyncSocketOperations.swift,\ MessageFlags.swift /Users/admin/builder/spi-builder-workspace/Sources/System/Signal/Signal.swift /Users/admin/builder/spi-builder-workspace/Sources/System/Signal/SignalAction.swift /Users/admin/builder/spi-builder-workspace/Sources/System/Signal/SignalHandler.swift /Users/admin/builder/spi-builder-workspace/Sources/System/Signal/SignalInformation.swift /Users/admin/builder/spi-builder-workspace/Sources/System/Signal/SignalSet.swift /Users/admin/builder/spi-builder-workspace/Sources/System/Socket/AsyncSocketOperations.swift /Users/admin/builder/spi-builder-workspace/Sources/System/Socket/MessageFlags.swift (in target 'SystemPackage' from project 'swift-system')
/Users/admin/builder/spi-builder-workspace/Sources/System/Signal/SignalAction.swift:32:32: warning: initializer 'init(__sigaction_u:sa_mask:sa_flags:)' cannot be used in an '@_alwaysEmitIntoClient' function because '_DarwinFoundation3' was not imported by this file; this is an error in the Swift 6 language mode
30 | assert(flags.contains(.sigInfo) == false)
31 | #if os(macOS) || os(iOS) || os(watchOS) || os(tvOS)
32 | self.init(CInterop.SignalAction(
| |- warning: initializer 'init(__sigaction_u:sa_mask:sa_flags:)' cannot be used in an '@_alwaysEmitIntoClient' function because '_DarwinFoundation3' was not imported by this file; this is an error in the Swift 6 language mode
| `- note: The missing import of module '_DarwinFoundation3' will be added implicitly
33 | __sigaction_u: .init(__sa_handler: handler.rawValue),
34 | sa_mask: mask.bytes,
/Users/admin/builder/spi-builder-workspace/Sources/System/Signal/SignalAction.swift:33:33: warning: initializer 'init(__sa_handler:)' cannot be used in an '@_alwaysEmitIntoClient' function because '_DarwinFoundation3' was not imported by this file; this is an error in the Swift 6 language mode
31 | #if os(macOS) || os(iOS) || os(watchOS) || os(tvOS)
32 | self.init(CInterop.SignalAction(
33 | __sigaction_u: .init(__sa_handler: handler.rawValue),
| |- warning: initializer 'init(__sa_handler:)' cannot be used in an '@_alwaysEmitIntoClient' function because '_DarwinFoundation3' was not imported by this file; this is an error in the Swift 6 language mode
| `- note: The missing import of module '_DarwinFoundation3' will be added implicitly
34 | sa_mask: mask.bytes,
35 | sa_flags: flags.rawValue)
/Users/admin/builder/spi-builder-workspace/Sources/System/Signal/SignalAction.swift:56:32: warning: initializer 'init(__sigaction_u:sa_mask:sa_flags:)' cannot be used in an '@_alwaysEmitIntoClient' function because '_DarwinFoundation3' was not imported by this file; this is an error in the Swift 6 language mode
54 | flags.insert(.sigInfo)
55 | #if os(macOS) || os(iOS) || os(watchOS) || os(tvOS)
56 | self.init(CInterop.SignalAction(
| |- warning: initializer 'init(__sigaction_u:sa_mask:sa_flags:)' cannot be used in an '@_alwaysEmitIntoClient' function because '_DarwinFoundation3' was not imported by this file; this is an error in the Swift 6 language mode
| `- note: The missing import of module '_DarwinFoundation3' will be added implicitly
57 | __sigaction_u: .init(__sa_sigaction: body),
58 | sa_mask: mask.bytes,
/Users/admin/builder/spi-builder-workspace/Sources/System/Signal/SignalAction.swift:57:33: warning: initializer 'init(__sa_sigaction:)' cannot be used in an '@_alwaysEmitIntoClient' function because '_DarwinFoundation3' was not imported by this file; this is an error in the Swift 6 language mode
55 | #if os(macOS) || os(iOS) || os(watchOS) || os(tvOS)
56 | self.init(CInterop.SignalAction(
57 | __sigaction_u: .init(__sa_sigaction: body),
| |- warning: initializer 'init(__sa_sigaction:)' cannot be used in an '@_alwaysEmitIntoClient' function because '_DarwinFoundation3' was not imported by this file; this is an error in the Swift 6 language mode
| `- note: The missing import of module '_DarwinFoundation3' will be added implicitly
58 | sa_mask: mask.bytes,
59 | sa_flags: flags.rawValue)
/Users/admin/builder/spi-builder-workspace/Sources/System/Signal/SignalAction.swift:73:32: warning: initializer 'init()' cannot be used in an '@_alwaysEmitIntoClient' function because '_DarwinFoundation3' was not imported by this file; this is an error in the Swift 6 language mode
71 | @_alwaysEmitIntoClient
72 | internal init() {
73 | self.init(CInterop.SignalAction())
| |- warning: initializer 'init()' cannot be used in an '@_alwaysEmitIntoClient' function because '_DarwinFoundation3' was not imported by this file; this is an error in the Swift 6 language mode
| `- note: The missing import of module '_DarwinFoundation3' will be added implicitly
74 | }
75 | }
/Users/admin/builder/spi-builder-workspace/Sources/System/Signal/SignalAction.swift:82:38: warning: property 'sa_flags' cannot be used in an '@_alwaysEmitIntoClient' function because '_DarwinFoundation3' was not imported by this file; this is an error in the Swift 6 language mode
80 | @_alwaysEmitIntoClient
81 | var flags: Flags {
82 | return .init(rawValue: bytes.sa_flags)
| |- warning: property 'sa_flags' cannot be used in an '@_alwaysEmitIntoClient' function because '_DarwinFoundation3' was not imported by this file; this is an error in the Swift 6 language mode
| `- note: The missing import of module '_DarwinFoundation3' will be added implicitly
83 | }
84 |
SwiftCompile normal arm64 /Users/admin/builder/spi-builder-workspace/Sources/System/Signal/Signal.swift (in target 'SystemPackage' from project 'swift-system')
cd /Users/admin/builder/spi-builder-workspace/.swiftpm/xcode
builtin-SwiftPerFileCompile Signal.swift
SwiftCompile normal arm64 /Users/admin/builder/spi-builder-workspace/Sources/System/Signal/SignalAction.swift (in target 'SystemPackage' from project 'swift-system')
cd /Users/admin/builder/spi-builder-workspace/.swiftpm/xcode
builtin-SwiftPerFileCompile SignalAction.swift
SwiftCompile normal arm64 /Users/admin/builder/spi-builder-workspace/Sources/System/Signal/SignalHandler.swift (in target 'SystemPackage' from project 'swift-system')
cd /Users/admin/builder/spi-builder-workspace/.swiftpm/xcode
builtin-SwiftPerFileCompile SignalHandler.swift
SwiftCompile normal arm64 /Users/admin/builder/spi-builder-workspace/Sources/System/Signal/SignalInformation.swift (in target 'SystemPackage' from project 'swift-system')
cd /Users/admin/builder/spi-builder-workspace/.swiftpm/xcode
builtin-SwiftPerFileCompile SignalInformation.swift
SwiftCompile normal arm64 /Users/admin/builder/spi-builder-workspace/Sources/System/Signal/SignalSet.swift (in target 'SystemPackage' from project 'swift-system')
cd /Users/admin/builder/spi-builder-workspace/.swiftpm/xcode
builtin-SwiftPerFileCompile SignalSet.swift
SwiftCompile normal arm64 /Users/admin/builder/spi-builder-workspace/Sources/System/Socket/AsyncSocketOperations.swift (in target 'SystemPackage' from project 'swift-system')
cd /Users/admin/builder/spi-builder-workspace/.swiftpm/xcode
builtin-SwiftPerFileCompile AsyncSocketOperations.swift
SwiftCompile normal arm64 /Users/admin/builder/spi-builder-workspace/Sources/System/Socket/MessageFlags.swift (in target 'SystemPackage' from project 'swift-system')
cd /Users/admin/builder/spi-builder-workspace/.swiftpm/xcode
builtin-SwiftPerFileCompile MessageFlags.swift
SwiftCompile normal arm64 Compiling\ Poll.swift,\ SocketAddress.swift,\ SocketAddressFamily.swift,\ SocketFlags.swift,\ SocketOperations.swift,\ SocketOption.swift /Users/admin/builder/spi-builder-workspace/Sources/System/Socket/Poll.swift /Users/admin/builder/spi-builder-workspace/Sources/System/Socket/SocketAddress.swift /Users/admin/builder/spi-builder-workspace/Sources/System/Socket/SocketAddressFamily.swift /Users/admin/builder/spi-builder-workspace/Sources/System/Socket/SocketFlags.swift /Users/admin/builder/spi-builder-workspace/Sources/System/Socket/SocketOperations.swift /Users/admin/builder/spi-builder-workspace/Sources/System/Socket/SocketOption.swift (in target 'SystemPackage' from project 'swift-system')
SwiftCompile normal arm64 /Users/admin/builder/spi-builder-workspace/Sources/System/Socket/Poll.swift (in target 'SystemPackage' from project 'swift-system')
cd /Users/admin/builder/spi-builder-workspace/.swiftpm/xcode
builtin-SwiftPerFileCompile Poll.swift
SwiftCompile normal arm64 /Users/admin/builder/spi-builder-workspace/Sources/System/Socket/SocketAddress.swift (in target 'SystemPackage' from project 'swift-system')
cd /Users/admin/builder/spi-builder-workspace/.swiftpm/xcode
builtin-SwiftPerFileCompile SocketAddress.swift
SwiftCompile normal arm64 /Users/admin/builder/spi-builder-workspace/Sources/System/Socket/SocketAddressFamily.swift (in target 'SystemPackage' from project 'swift-system')
cd /Users/admin/builder/spi-builder-workspace/.swiftpm/xcode
builtin-SwiftPerFileCompile SocketAddressFamily.swift
SwiftCompile normal arm64 /Users/admin/builder/spi-builder-workspace/Sources/System/Socket/SocketFlags.swift (in target 'SystemPackage' from project 'swift-system')
cd /Users/admin/builder/spi-builder-workspace/.swiftpm/xcode
builtin-SwiftPerFileCompile SocketFlags.swift
SwiftCompile normal arm64 /Users/admin/builder/spi-builder-workspace/Sources/System/Socket/SocketOperations.swift (in target 'SystemPackage' from project 'swift-system')
cd /Users/admin/builder/spi-builder-workspace/.swiftpm/xcode
builtin-SwiftPerFileCompile SocketOperations.swift
SwiftCompile normal arm64 /Users/admin/builder/spi-builder-workspace/Sources/System/Socket/SocketOption.swift (in target 'SystemPackage' from project 'swift-system')
cd /Users/admin/builder/spi-builder-workspace/.swiftpm/xcode
builtin-SwiftPerFileCompile SocketOption.swift
SwiftCompile normal arm64 Compiling\ Mocking.swift,\ NetworkOrder.swift,\ Syscalls.swift,\ WindowsSyscallAdapters.swift,\ InternetProtocol.swift,\ PlatformString.swift,\ ProcessID.swift /Users/admin/builder/spi-builder-workspace/Sources/System/Internals/Mocking.swift /Users/admin/builder/spi-builder-workspace/Sources/System/Internals/NetworkOrder.swift /Users/admin/builder/spi-builder-workspace/Sources/System/Internals/Syscalls.swift /Users/admin/builder/spi-builder-workspace/Sources/System/Internals/WindowsSyscallAdapters.swift /Users/admin/builder/spi-builder-workspace/Sources/System/InternetProtocol.swift /Users/admin/builder/spi-builder-workspace/Sources/System/PlatformString.swift /Users/admin/builder/spi-builder-workspace/Sources/System/ProcessID.swift (in target 'SystemPackage' from project 'swift-system')
SwiftCompile normal arm64 /Users/admin/builder/spi-builder-workspace/Sources/System/Internals/Mocking.swift (in target 'SystemPackage' from project 'swift-system')
cd /Users/admin/builder/spi-builder-workspace/.swiftpm/xcode
builtin-SwiftPerFileCompile Mocking.swift
SwiftCompile normal arm64 /Users/admin/builder/spi-builder-workspace/Sources/System/Internals/NetworkOrder.swift (in target 'SystemPackage' from project 'swift-system')
cd /Users/admin/builder/spi-builder-workspace/.swiftpm/xcode
builtin-SwiftPerFileCompile NetworkOrder.swift
SwiftCompile normal arm64 /Users/admin/builder/spi-builder-workspace/Sources/System/Internals/Syscalls.swift (in target 'SystemPackage' from project 'swift-system')
cd /Users/admin/builder/spi-builder-workspace/.swiftpm/xcode
builtin-SwiftPerFileCompile Syscalls.swift
SwiftCompile normal arm64 /Users/admin/builder/spi-builder-workspace/Sources/System/Internals/WindowsSyscallAdapters.swift (in target 'SystemPackage' from project 'swift-system')
cd /Users/admin/builder/spi-builder-workspace/.swiftpm/xcode
builtin-SwiftPerFileCompile WindowsSyscallAdapters.swift
SwiftCompile normal arm64 /Users/admin/builder/spi-builder-workspace/Sources/System/InternetProtocol.swift (in target 'SystemPackage' from project 'swift-system')
cd /Users/admin/builder/spi-builder-workspace/.swiftpm/xcode
builtin-SwiftPerFileCompile InternetProtocol.swift
SwiftCompile normal arm64 /Users/admin/builder/spi-builder-workspace/Sources/System/PlatformString.swift (in target 'SystemPackage' from project 'swift-system')
cd /Users/admin/builder/spi-builder-workspace/.swiftpm/xcode
builtin-SwiftPerFileCompile PlatformString.swift
SwiftCompile normal arm64 /Users/admin/builder/spi-builder-workspace/Sources/System/ProcessID.swift (in target 'SystemPackage' from project 'swift-system')
cd /Users/admin/builder/spi-builder-workspace/.swiftpm/xcode
builtin-SwiftPerFileCompile ProcessID.swift
SwiftCompile normal arm64 Compiling\ CInternetAddress.swift,\ CInterop.swift,\ CSocketAddress.swift,\ Compatibility.swift,\ Constants.swift,\ Exports.swift,\ IOCTL.swift /Users/admin/builder/spi-builder-workspace/Sources/System/Internals/CInternetAddress.swift /Users/admin/builder/spi-builder-workspace/Sources/System/Internals/CInterop.swift /Users/admin/builder/spi-builder-workspace/Sources/System/Internals/CSocketAddress.swift /Users/admin/builder/spi-builder-workspace/Sources/System/Internals/Compatibility.swift /Users/admin/builder/spi-builder-workspace/Sources/System/Internals/Constants.swift /Users/admin/builder/spi-builder-workspace/Sources/System/Internals/Exports.swift /Users/admin/builder/spi-builder-workspace/Sources/System/Internals/IOCTL.swift (in target 'SystemPackage' from project 'swift-system')
SwiftCompile normal arm64 /Users/admin/builder/spi-builder-workspace/Sources/System/Internals/CInternetAddress.swift (in target 'SystemPackage' from project 'swift-system')
cd /Users/admin/builder/spi-builder-workspace/.swiftpm/xcode
builtin-SwiftPerFileCompile CInternetAddress.swift
SwiftCompile normal arm64 /Users/admin/builder/spi-builder-workspace/Sources/System/Internals/CInterop.swift (in target 'SystemPackage' from project 'swift-system')
cd /Users/admin/builder/spi-builder-workspace/.swiftpm/xcode
builtin-SwiftPerFileCompile CInterop.swift
SwiftCompile normal arm64 /Users/admin/builder/spi-builder-workspace/Sources/System/Internals/CSocketAddress.swift (in target 'SystemPackage' from project 'swift-system')
cd /Users/admin/builder/spi-builder-workspace/.swiftpm/xcode
builtin-SwiftPerFileCompile CSocketAddress.swift
SwiftCompile normal arm64 /Users/admin/builder/spi-builder-workspace/Sources/System/Internals/Compatibility.swift (in target 'SystemPackage' from project 'swift-system')
cd /Users/admin/builder/spi-builder-workspace/.swiftpm/xcode
builtin-SwiftPerFileCompile Compatibility.swift
SwiftCompile normal arm64 /Users/admin/builder/spi-builder-workspace/Sources/System/Internals/Constants.swift (in target 'SystemPackage' from project 'swift-system')
cd /Users/admin/builder/spi-builder-workspace/.swiftpm/xcode
builtin-SwiftPerFileCompile Constants.swift
SwiftCompile normal arm64 /Users/admin/builder/spi-builder-workspace/Sources/System/Internals/Exports.swift (in target 'SystemPackage' from project 'swift-system')
cd /Users/admin/builder/spi-builder-workspace/.swiftpm/xcode
builtin-SwiftPerFileCompile Exports.swift
SwiftCompile normal arm64 /Users/admin/builder/spi-builder-workspace/Sources/System/Internals/IOCTL.swift (in target 'SystemPackage' from project 'swift-system')
cd /Users/admin/builder/spi-builder-workspace/.swiftpm/xcode
builtin-SwiftPerFileCompile IOCTL.swift
SwiftCompile normal arm64 Compiling\ FileOperations.swift,\ FilePath.swift,\ FilePathComponentView.swift,\ FilePathComponents.swift,\ FilePathParsing.swift,\ FilePathString.swift,\ FilePathSyntax.swift /Users/admin/builder/spi-builder-workspace/Sources/System/FileOperations.swift /Users/admin/builder/spi-builder-workspace/Sources/System/FilePath/FilePath.swift /Users/admin/builder/spi-builder-workspace/Sources/System/FilePath/FilePathComponentView.swift /Users/admin/builder/spi-builder-workspace/Sources/System/FilePath/FilePathComponents.swift /Users/admin/builder/spi-builder-workspace/Sources/System/FilePath/FilePathParsing.swift /Users/admin/builder/spi-builder-workspace/Sources/System/FilePath/FilePathString.swift /Users/admin/builder/spi-builder-workspace/Sources/System/FilePath/FilePathSyntax.swift (in target 'SystemPackage' from project 'swift-system')
SwiftCompile normal arm64 /Users/admin/builder/spi-builder-workspace/Sources/System/FileOperations.swift (in target 'SystemPackage' from project 'swift-system')
cd /Users/admin/builder/spi-builder-workspace/.swiftpm/xcode
builtin-SwiftPerFileCompile FileOperations.swift
SwiftCompile normal arm64 /Users/admin/builder/spi-builder-workspace/Sources/System/FilePath/FilePath.swift (in target 'SystemPackage' from project 'swift-system')
cd /Users/admin/builder/spi-builder-workspace/.swiftpm/xcode
builtin-SwiftPerFileCompile FilePath.swift
SwiftCompile normal arm64 /Users/admin/builder/spi-builder-workspace/Sources/System/FilePath/FilePathComponentView.swift (in target 'SystemPackage' from project 'swift-system')
cd /Users/admin/builder/spi-builder-workspace/.swiftpm/xcode
builtin-SwiftPerFileCompile FilePathComponentView.swift
SwiftCompile normal arm64 /Users/admin/builder/spi-builder-workspace/Sources/System/FilePath/FilePathComponents.swift (in target 'SystemPackage' from project 'swift-system')
cd /Users/admin/builder/spi-builder-workspace/.swiftpm/xcode
builtin-SwiftPerFileCompile FilePathComponents.swift
SwiftCompile normal arm64 /Users/admin/builder/spi-builder-workspace/Sources/System/FilePath/FilePathParsing.swift (in target 'SystemPackage' from project 'swift-system')
cd /Users/admin/builder/spi-builder-workspace/.swiftpm/xcode
builtin-SwiftPerFileCompile FilePathParsing.swift
SwiftCompile normal arm64 /Users/admin/builder/spi-builder-workspace/Sources/System/FilePath/FilePathString.swift (in target 'SystemPackage' from project 'swift-system')
cd /Users/admin/builder/spi-builder-workspace/.swiftpm/xcode
builtin-SwiftPerFileCompile FilePathString.swift
SwiftCompile normal arm64 /Users/admin/builder/spi-builder-workspace/Sources/System/FilePath/FilePathSyntax.swift (in target 'SystemPackage' from project 'swift-system')
cd /Users/admin/builder/spi-builder-workspace/.swiftpm/xcode
builtin-SwiftPerFileCompile FilePathSyntax.swift
SwiftCompile normal arm64 Compiling\ FilePathWindows.swift,\ FilePermissions.swift,\ IOControl.swift,\ IODirection.swift,\ IOOperations.swift,\ IOType.swift,\ TerminalIO.swift /Users/admin/builder/spi-builder-workspace/Sources/System/FilePath/FilePathWindows.swift /Users/admin/builder/spi-builder-workspace/Sources/System/FilePermissions.swift /Users/admin/builder/spi-builder-workspace/Sources/System/InputOutput/IOControl.swift /Users/admin/builder/spi-builder-workspace/Sources/System/InputOutput/IODirection.swift /Users/admin/builder/spi-builder-workspace/Sources/System/InputOutput/IOOperations.swift /Users/admin/builder/spi-builder-workspace/Sources/System/InputOutput/IOType.swift /Users/admin/builder/spi-builder-workspace/Sources/System/InputOutput/TerminalIO.swift (in target 'SystemPackage' from project 'swift-system')
SwiftCompile normal arm64 /Users/admin/builder/spi-builder-workspace/Sources/System/FilePath/FilePathWindows.swift (in target 'SystemPackage' from project 'swift-system')
cd /Users/admin/builder/spi-builder-workspace/.swiftpm/xcode
builtin-SwiftPerFileCompile FilePathWindows.swift
SwiftCompile normal arm64 /Users/admin/builder/spi-builder-workspace/Sources/System/FilePermissions.swift (in target 'SystemPackage' from project 'swift-system')
cd /Users/admin/builder/spi-builder-workspace/.swiftpm/xcode
builtin-SwiftPerFileCompile FilePermissions.swift
SwiftCompile normal arm64 /Users/admin/builder/spi-builder-workspace/Sources/System/InputOutput/IOControl.swift (in target 'SystemPackage' from project 'swift-system')
cd /Users/admin/builder/spi-builder-workspace/.swiftpm/xcode
builtin-SwiftPerFileCompile IOControl.swift
SwiftCompile normal arm64 /Users/admin/builder/spi-builder-workspace/Sources/System/InputOutput/IODirection.swift (in target 'SystemPackage' from project 'swift-system')
cd /Users/admin/builder/spi-builder-workspace/.swiftpm/xcode
builtin-SwiftPerFileCompile IODirection.swift
SwiftCompile normal arm64 /Users/admin/builder/spi-builder-workspace/Sources/System/InputOutput/IOOperations.swift (in target 'SystemPackage' from project 'swift-system')
cd /Users/admin/builder/spi-builder-workspace/.swiftpm/xcode
builtin-SwiftPerFileCompile IOOperations.swift
SwiftCompile normal arm64 /Users/admin/builder/spi-builder-workspace/Sources/System/InputOutput/IOType.swift (in target 'SystemPackage' from project 'swift-system')
cd /Users/admin/builder/spi-builder-workspace/.swiftpm/xcode
builtin-SwiftPerFileCompile IOType.swift
SwiftCompile normal arm64 /Users/admin/builder/spi-builder-workspace/Sources/System/InputOutput/TerminalIO.swift (in target 'SystemPackage' from project 'swift-system')
cd /Users/admin/builder/spi-builder-workspace/.swiftpm/xcode
builtin-SwiftPerFileCompile TerminalIO.swift
SwiftEmitModule normal arm64_32 Emitting\ module\ for\ SystemPackage (in target 'SystemPackage' from project 'swift-system')
SwiftCompile normal arm64_32 (in target 'SystemPackage' from project 'swift-system')
cd /Users/admin/builder/spi-builder-workspace/.swiftpm/xcode
PruneExplicitPrecompiledModules /Users/admin/builder/spi-builder-workspace/.derivedData/Build/Intermediates.noindex/ExplicitPrecompiledModules
PruneExplicitPrecompiledModules /Users/admin/builder/spi-builder-workspace/.derivedData/SDKExplicitPrecompiledModules
PruneExplicitPrecompiledModules /Users/admin/builder/spi-builder-workspace/.derivedData/Build/Intermediates.noindex/SwiftExplicitPrecompiledModules
2026-09-19 22:24:38.508 xcodebuild[648:4200] [MT] IDERunDestination: Supported platforms for the buildables in the current scheme is empty.
** BUILD FAILED **
The following build commands failed:
SwiftEmitModule normal arm64 Emitting\ module\ for\ SystemPackage (in target 'SystemPackage' from project 'swift-system')
SwiftCompile normal arm64 (in target 'SystemPackage' from project 'swift-system')
Building workspace swift-system with scheme swift-system
(3 failures)
Command line invocation:
/Applications/Xcode-27.0.0-Release.Candidate.app/Contents/Developer/usr/bin/xcodebuild -IDEClonedSourcePackagesDirPathOverride=/Users/admin/builder/spi-builder-workspace/.dependencies -resolvePackageDependencies
Resolve Package Graph
Resolved source packages:
swift-system: /Users/admin/builder/spi-builder-workspace
resolved source packages: swift-system
2026-09-19 22:24:42.679 xcodebuild[716:4543] [MT] IDERunDestination: Supported platforms for the buildables in the current scheme is empty.
{
"dependencies" : [
],
"manifest_display_name" : "swift-system",
"name" : "swift-system",
"path" : "/Users/admin/builder/spi-builder-workspace",
"platforms" : [
],
"products" : [
{
"name" : "SystemPackage",
"targets" : [
"SystemPackage"
],
"type" : {
"library" : [
"static"
]
}
}
],
"targets" : [
{
"c99name" : "SystemTests",
"module_type" : "SwiftTarget",
"name" : "SystemTests",
"path" : "Tests/SystemTests",
"sources" : [
"ErrnoTest.swift",
"FileOperationsTest.swift",
"FilePathTests/FilePathComponentsTest.swift",
"FilePathTests/FilePathExtras.swift",
"FilePathTests/FilePathParsingTest.swift",
"FilePathTests/FilePathSyntaxTest.swift",
"FilePathTests/FilePathTest.swift",
"FileTypesTest.swift",
"InternetProtocolTests.swift",
"MockingTest.swift",
"SystemCharTest.swift",
"SystemStringTests.swift",
"TestingInfrastructure.swift",
"TimeTest.swift",
"XCTestManifests.swift"
],
"target_dependencies" : [
"SystemPackage"
],
"type" : "test"
},
{
"c99name" : "SystemPackage",
"module_type" : "SwiftTarget",
"name" : "SystemPackage",
"path" : "Sources/System",
"product_memberships" : [
"SystemPackage"
],
"sources" : [
"AsyncFileOperations.swift",
"Errno.swift",
"FileChange.swift",
"FileDescriptor.swift",
"FileDescriptorSet.swift",
"FileEvent.swift",
"FileHelpers.swift",
"FileOperations.swift",
"FilePath/FilePath.swift",
"FilePath/FilePathComponentView.swift",
"FilePath/FilePathComponents.swift",
"FilePath/FilePathParsing.swift",
"FilePath/FilePathString.swift",
"FilePath/FilePathSyntax.swift",
"FilePath/FilePathWindows.swift",
"FilePermissions.swift",
"InputOutput/IOControl.swift",
"InputOutput/IODirection.swift",
"InputOutput/IOOperations.swift",
"InputOutput/IOType.swift",
"InputOutput/TerminalIO.swift",
"Internals/CInternetAddress.swift",
"Internals/CInterop.swift",
"Internals/CSocketAddress.swift",
"Internals/Compatibility.swift",
"Internals/Constants.swift",
"Internals/Exports.swift",
"Internals/IOCTL.swift",
"Internals/Mocking.swift",
"Internals/NetworkOrder.swift",
"Internals/Syscalls.swift",
"Internals/WindowsSyscallAdapters.swift",
"InternetProtocol.swift",
"PlatformString.swift",
"ProcessID.swift",
"Signal/Signal.swift",
"Signal/SignalAction.swift",
"Signal/SignalHandler.swift",
"Signal/SignalInformation.swift",
"Signal/SignalSet.swift",
"Socket/AsyncSocketOperations.swift",
"Socket/MessageFlags.swift",
"Socket/Poll.swift",
"Socket/SocketAddress.swift",
"Socket/SocketAddressFamily.swift",
"Socket/SocketFlags.swift",
"Socket/SocketOperations.swift",
"Socket/SocketOption.swift",
"Socket/SocketOptionID.swift",
"Socket/SocketOptionLevel.swift",
"Socket/SocketProtocol.swift",
"Socket/SocketType.swift",
"SystemInfo.swift",
"SystemString.swift",
"Time/Clock.swift",
"Time/Microseconds.swift",
"Time/Nanoseconds.swift",
"Time/ProcessorTime.swift",
"Time/Time.swift",
"Time/TimeComponents.swift",
"Time/TimeInterval.swift",
"Time/TimeIntervalMicroseconds.swift",
"Time/TimeIntervalNanoseconds.swift",
"UserID.swift",
"Util.swift",
"UtilConsumers.swift"
],
"target_dependencies" : [
"CSystem"
],
"type" : "library"
},
{
"c99name" : "CSystem",
"module_type" : "ClangTarget",
"name" : "CSystem",
"path" : "Sources/CSystem",
"product_memberships" : [
"SystemPackage"
],
"sources" : [
"shims.c"
],
"type" : "library"
}
],
"tools_version" : "5.1"
}
{
"workspace" : {
"name" : "swift-system",
"schemes" : [
"swift-system"
]
}
}
2026-09-19 22:24:43.912 xcodebuild[724:4601] [MT] IDERunDestination: Supported platforms for the buildables in the current scheme is empty.
Running build ...
env DEVELOPER_DIR=/Applications/Xcode-27.0.0-Release.Candidate.app xcrun xcodebuild -IDEClonedSourcePackagesDirPathOverride=$PWD/.dependencies -skipMacroValidation -skipPackagePluginValidation -derivedDataPath $PWD/.derivedData build -scheme swift-system -destination generic/platform=watchOS
Command line invocation:
/Applications/Xcode-27.0.0-Release.Candidate.app/Contents/Developer/usr/bin/xcodebuild -IDEClonedSourcePackagesDirPathOverride=/Users/admin/builder/spi-builder-workspace/.dependencies -skipMacroValidation -skipPackagePluginValidation -derivedDataPath /Users/admin/builder/spi-builder-workspace/.derivedData build -scheme swift-system -destination generic/platform=watchOS
Resolve Package Graph
Resolved source packages:
swift-system: /Users/admin/builder/spi-builder-workspace
ComputePackagePrebuildTargetDependencyGraph
Prepare packages
CreateBuildRequest
SendProjectDescription
CreateBuildOperation
ComputeTargetDependencyGraph
note: Building targets in dependency order
note: Target dependency graph (3 targets)
Target 'SystemPackage-product' in project 'swift-system'
➜ Explicit dependency on target 'SystemPackage' in project 'swift-system'
➜ Explicit dependency on target 'CSystem' in project 'swift-system'
Target 'SystemPackage' in project 'swift-system'
➜ Explicit dependency on target 'CSystem' in project 'swift-system'
Target 'CSystem' in project 'swift-system' (no dependencies)
GatherProvisioningInputs
CreateBuildDescription
ClangStatCache /Applications/Xcode-27.0.0-Release.Candidate.app/Contents/Developer/Toolchains/XcodeDefault.xctoolchain/usr/bin/clang-stat-cache /Applications/Xcode-27.0.0-Release.Candidate.app/Contents/Developer/Platforms/WatchOS.platform/Developer/SDKs/WatchOS27.0.sdk /Users/admin/builder/spi-builder-workspace/.derivedData/SDKStatCaches.noindex/watchos27.0-24R360-e829b21a6f8c9b70876ba0858053c04477534ef55a1706bf4c1112bbb242f0a2.sdkstatcache
cd /Users/admin/builder/spi-builder-workspace/.swiftpm/xcode
/Applications/Xcode-27.0.0-Release.Candidate.app/Contents/Developer/Toolchains/XcodeDefault.xctoolchain/usr/bin/clang-stat-cache /Applications/Xcode-27.0.0-Release.Candidate.app/Contents/Developer/Platforms/WatchOS.platform/Developer/SDKs/WatchOS27.0.sdk -o /Users/admin/builder/spi-builder-workspace/.derivedData/SDKStatCaches.noindex/watchos27.0-24R360-e829b21a6f8c9b70876ba0858053c04477534ef55a1706bf4c1112bbb242f0a2.sdkstatcache
SwiftDriver SystemPackage normal arm64 com.apple.xcode.tools.swift.compiler (in target 'SystemPackage' from project 'swift-system')
cd /Users/admin/builder/spi-builder-workspace/.swiftpm/xcode
builtin-SwiftDriver -- /Applications/Xcode-27.0.0-Release.Candidate.app/Contents/Developer/Toolchains/XcodeDefault.xctoolchain/usr/bin/swiftc -parse-as-library -module-name SystemPackage -Onone @/Users/admin/builder/spi-builder-workspace/.derivedData/Build/Intermediates.noindex/swift-system.build/Debug-watchos/SystemPackage-t.build/Objects-normal/arm64/SystemPackage.SwiftFileList -DSWIFT_PACKAGE -DDEBUG -DSWIFT_MODULE_RESOURCE_BUNDLE_UNAVAILABLE -DSYSTEM_PACKAGE -DENABLE_MOCKING -Xcc -fmodule-map-file\=/Users/admin/builder/spi-builder-workspace/Sources/CSystem/include/module.modulemap -DXcode -plugin-path /Applications/Xcode-27.0.0-Release.Candidate.app/Contents/Developer/Toolchains/XcodeDefault.xctoolchain/usr/lib/swift/host/plugins/testing -enable-experimental-feature DebugDescriptionMacro -sdk /Applications/Xcode-27.0.0-Release.Candidate.app/Contents/Developer/Platforms/WatchOS.platform/Developer/SDKs/WatchOS27.0.sdk -target arm64-apple-watchos9.0 -g -module-cache-path /Users/admin/builder/spi-builder-workspace/.derivedData/ModuleCache.noindex -Xfrontend -serialize-debugging-options -profile-coverage-mapping -profile-generate -enable-testing -index-store-path /Users/admin/builder/spi-builder-workspace/.derivedData/Index.noindex/DataStore -Xcc -D_LIBCPP_HARDENING_MODE\=_LIBCPP_HARDENING_MODE_DEBUG -swift-version 5 -I /Users/admin/builder/spi-builder-workspace/.derivedData/Build/Products/Debug-watchos -Isystem /Applications/Xcode-27.0.0-Release.Candidate.app/Contents/Developer/Platforms/WatchOS.platform/Developer/usr/lib -F /Users/admin/builder/spi-builder-workspace/.derivedData/Build/Products/Debug-watchos/PackageFrameworks -F /Users/admin/builder/spi-builder-workspace/.derivedData/Build/Products/Debug-watchos -F /Applications/Xcode-27.0.0-Release.Candidate.app/Contents/Developer/Platforms/WatchOS.platform/Developer/Library/Frameworks -F /Applications/Xcode-27.0.0-Release.Candidate.app/Contents/Developer/Platforms/WatchOS.platform/Developer/SDKs/WatchOS27.0.sdk/Developer/Library/Frameworks -c -j10 -enable-batch-mode -incremental -Xcc -ivfsstatcache -Xcc /Users/admin/builder/spi-builder-workspace/.derivedData/SDKStatCaches.noindex/watchos27.0-24R360-e829b21a6f8c9b70876ba0858053c04477534ef55a1706bf4c1112bbb242f0a2.sdkstatcache -output-file-map /Users/admin/builder/spi-builder-workspace/.derivedData/Build/Intermediates.noindex/swift-system.build/Debug-watchos/SystemPackage-t.build/Objects-normal/arm64/SystemPackage-OutputFileMap.json -save-temps -no-color-diagnostics -explicit-module-build -module-cache-path /Users/admin/builder/spi-builder-workspace/.derivedData/Build/Intermediates.noindex/SwiftExplicitPrecompiledModules -clang-scanner-module-cache-path /Users/admin/builder/spi-builder-workspace/.derivedData/ModuleCache.noindex -sdk-module-cache-path /Users/admin/builder/spi-builder-workspace/.derivedData/SDKExplicitPrecompiledModules -emit-dependencies -emit-module -emit-module-path /Users/admin/builder/spi-builder-workspace/.derivedData/Build/Intermediates.noindex/swift-system.build/Debug-watchos/SystemPackage-t.build/Objects-normal/arm64/SystemPackage.swiftmodule -serialize-diagnostics -dependency-scan-serialize-diagnostics-path /Users/admin/builder/spi-builder-workspace/.derivedData/Build/Intermediates.noindex/swift-system.build/Debug-watchos/SystemPackage-t.build/Objects-normal/arm64/SystemPackage-dependency-scan.dia -validate-clang-modules-once -clang-build-session-file /Users/admin/builder/spi-builder-workspace/.derivedData/ModuleCache.noindex/Session.modulevalidation -Xcc -fmodules-prune-interval\=86400 -Xcc -fmodules-prune-after\=345600 -emit-const-values -const-gather-protocols-list /Users/admin/builder/spi-builder-workspace/.derivedData/Build/Intermediates.noindex/swift-system.build/Debug-watchos/SystemPackage-t.build/Objects-normal/arm64/SystemPackage_const_extract_protocols.json -Xcc -I/Users/admin/builder/spi-builder-workspace/Sources/CSystem/include -Xcc -I/Users/admin/builder/spi-builder-workspace/.derivedData/Build/Products/Debug-watchos/include -Xcc -I/Users/admin/builder/spi-builder-workspace/.derivedData/Build/Intermediates.noindex/swift-system.build/Debug-watchos/SystemPackage-t.build/DerivedSources-normal/arm64 -Xcc -I/Users/admin/builder/spi-builder-workspace/.derivedData/Build/Intermediates.noindex/swift-system.build/Debug-watchos/SystemPackage-t.build/DerivedSources/arm64 -Xcc -I/Users/admin/builder/spi-builder-workspace/.derivedData/Build/Intermediates.noindex/swift-system.build/Debug-watchos/SystemPackage-t.build/DerivedSources -Xcc -DSWIFT_PACKAGE -Xcc -DDEBUG\=1 -Xcc -D_CRT_SECURE_NO_WARNINGS -emit-objc-header -emit-objc-header-path /Users/admin/builder/spi-builder-workspace/.derivedData/Build/Intermediates.noindex/swift-system.build/Debug-watchos/SystemPackage-t.build/Objects-normal/arm64/SystemPackage-Swift.h -working-directory /Users/admin/builder/spi-builder-workspace/.swiftpm/xcode -experimental-emit-module-separately -disable-cmo
SwiftDriver SystemPackage normal arm64_32 com.apple.xcode.tools.swift.compiler (in target 'SystemPackage' from project 'swift-system')
cd /Users/admin/builder/spi-builder-workspace/.swiftpm/xcode
builtin-SwiftDriver -- /Applications/Xcode-27.0.0-Release.Candidate.app/Contents/Developer/Toolchains/XcodeDefault.xctoolchain/usr/bin/swiftc -parse-as-library -module-name SystemPackage -Onone @/Users/admin/builder/spi-builder-workspace/.derivedData/Build/Intermediates.noindex/swift-system.build/Debug-watchos/SystemPackage-t.build/Objects-normal/arm64_32/SystemPackage.SwiftFileList -DSWIFT_PACKAGE -DDEBUG -DSWIFT_MODULE_RESOURCE_BUNDLE_UNAVAILABLE -DSYSTEM_PACKAGE -DENABLE_MOCKING -Xcc -fmodule-map-file\=/Users/admin/builder/spi-builder-workspace/Sources/CSystem/include/module.modulemap -DXcode -plugin-path /Applications/Xcode-27.0.0-Release.Candidate.app/Contents/Developer/Toolchains/XcodeDefault.xctoolchain/usr/lib/swift/host/plugins/testing -enable-experimental-feature DebugDescriptionMacro -sdk /Applications/Xcode-27.0.0-Release.Candidate.app/Contents/Developer/Platforms/WatchOS.platform/Developer/SDKs/WatchOS27.0.sdk -target arm64_32-apple-watchos9.0 -g -module-cache-path /Users/admin/builder/spi-builder-workspace/.derivedData/ModuleCache.noindex -Xfrontend -serialize-debugging-options -profile-coverage-mapping -profile-generate -enable-testing -index-store-path /Users/admin/builder/spi-builder-workspace/.derivedData/Index.noindex/DataStore -Xcc -D_LIBCPP_HARDENING_MODE\=_LIBCPP_HARDENING_MODE_DEBUG -swift-version 5 -I /Users/admin/builder/spi-builder-workspace/.derivedData/Build/Products/Debug-watchos -Isystem /Applications/Xcode-27.0.0-Release.Candidate.app/Contents/Developer/Platforms/WatchOS.platform/Developer/usr/lib -F /Users/admin/builder/spi-builder-workspace/.derivedData/Build/Products/Debug-watchos/PackageFrameworks -F /Users/admin/builder/spi-builder-workspace/.derivedData/Build/Products/Debug-watchos -F /Applications/Xcode-27.0.0-Release.Candidate.app/Contents/Developer/Platforms/WatchOS.platform/Developer/Library/Frameworks -F /Applications/Xcode-27.0.0-Release.Candidate.app/Contents/Developer/Platforms/WatchOS.platform/Developer/SDKs/WatchOS27.0.sdk/Developer/Library/Frameworks -c -j10 -enable-batch-mode -incremental -Xcc -ivfsstatcache -Xcc /Users/admin/builder/spi-builder-workspace/.derivedData/SDKStatCaches.noindex/watchos27.0-24R360-e829b21a6f8c9b70876ba0858053c04477534ef55a1706bf4c1112bbb242f0a2.sdkstatcache -output-file-map /Users/admin/builder/spi-builder-workspace/.derivedData/Build/Intermediates.noindex/swift-system.build/Debug-watchos/SystemPackage-t.build/Objects-normal/arm64_32/SystemPackage-OutputFileMap.json -save-temps -no-color-diagnostics -explicit-module-build -module-cache-path /Users/admin/builder/spi-builder-workspace/.derivedData/Build/Intermediates.noindex/SwiftExplicitPrecompiledModules -clang-scanner-module-cache-path /Users/admin/builder/spi-builder-workspace/.derivedData/ModuleCache.noindex -sdk-module-cache-path /Users/admin/builder/spi-builder-workspace/.derivedData/SDKExplicitPrecompiledModules -emit-dependencies -emit-module -emit-module-path /Users/admin/builder/spi-builder-workspace/.derivedData/Build/Intermediates.noindex/swift-system.build/Debug-watchos/SystemPackage-t.build/Objects-normal/arm64_32/SystemPackage.swiftmodule -serialize-diagnostics -dependency-scan-serialize-diagnostics-path /Users/admin/builder/spi-builder-workspace/.derivedData/Build/Intermediates.noindex/swift-system.build/Debug-watchos/SystemPackage-t.build/Objects-normal/arm64_32/SystemPackage-dependency-scan.dia -validate-clang-modules-once -clang-build-session-file /Users/admin/builder/spi-builder-workspace/.derivedData/ModuleCache.noindex/Session.modulevalidation -Xcc -fmodules-prune-interval\=86400 -Xcc -fmodules-prune-after\=345600 -emit-const-values -const-gather-protocols-list /Users/admin/builder/spi-builder-workspace/.derivedData/Build/Intermediates.noindex/swift-system.build/Debug-watchos/SystemPackage-t.build/Objects-normal/arm64_32/SystemPackage_const_extract_protocols.json -Xcc -I/Users/admin/builder/spi-builder-workspace/Sources/CSystem/include -Xcc -I/Users/admin/builder/spi-builder-workspace/.derivedData/Build/Products/Debug-watchos/include -Xcc -I/Users/admin/builder/spi-builder-workspace/.derivedData/Build/Intermediates.noindex/swift-system.build/Debug-watchos/SystemPackage-t.build/DerivedSources-normal/arm64_32 -Xcc -I/Users/admin/builder/spi-builder-workspace/.derivedData/Build/Intermediates.noindex/swift-system.build/Debug-watchos/SystemPackage-t.build/DerivedSources/arm64_32 -Xcc -I/Users/admin/builder/spi-builder-workspace/.derivedData/Build/Intermediates.noindex/swift-system.build/Debug-watchos/SystemPackage-t.build/DerivedSources -Xcc -DSWIFT_PACKAGE -Xcc -DDEBUG\=1 -Xcc -D_CRT_SECURE_NO_WARNINGS -emit-objc-header -emit-objc-header-path /Users/admin/builder/spi-builder-workspace/.derivedData/Build/Intermediates.noindex/swift-system.build/Debug-watchos/SystemPackage-t.build/Objects-normal/arm64_32/SystemPackage-Swift.h -working-directory /Users/admin/builder/spi-builder-workspace/.swiftpm/xcode -experimental-emit-module-separately -disable-cmo
SwiftEmitModule normal arm64_32 Emitting\ module\ for\ SystemPackage (in target 'SystemPackage' from project 'swift-system')
/Users/admin/builder/spi-builder-workspace/Sources/System/FileDescriptorSet.swift:21:13: warning: setter for property 'bytes' is private and cannot be referenced from an '@_alwaysEmitIntoClient' function; this will be an error in a future Swift language mode
15 |
16 | @_alwaysEmitIntoClient
17 | internal private(set) var bytes: CInterop.FileDescriptorSet
| `- note: setter for property 'bytes' is not '@usableFromInline' or public
18 |
19 | @_alwaysEmitIntoClient
20 | public init(_ bytes: CInterop.FileDescriptorSet) {
21 | self.bytes = bytes
| `- warning: setter for property 'bytes' is private and cannot be referenced from an '@_alwaysEmitIntoClient' function; this will be an error in a future Swift language mode
22 | }
23 |
/Users/admin/builder/spi-builder-workspace/Sources/System/FileDescriptorSet.swift:26:32: warning: initializer 'init()' cannot be used in an '@_alwaysEmitIntoClient' function because '_DarwinFoundation2' was not imported by this file; this is an error in the Swift 6 language mode
24 | @_alwaysEmitIntoClient
25 | public init() {
26 | self.init(CInterop.FileDescriptorSet())
| |- warning: initializer 'init()' cannot be used in an '@_alwaysEmitIntoClient' function because '_DarwinFoundation2' was not imported by this file; this is an error in the Swift 6 language mode
| `- note: The missing import of module '_DarwinFoundation2' will be added implicitly
27 | }
28 | }
/Users/admin/builder/spi-builder-workspace/Sources/System/FileDescriptorSet.swift:37:13: warning: setter for property 'bytes' is private and cannot be referenced from an '@_alwaysEmitIntoClient' function; this will be an error in a future Swift language mode
15 |
16 | @_alwaysEmitIntoClient
17 | internal private(set) var bytes: CInterop.FileDescriptorSet
| `- note: setter for property 'bytes' is not '@usableFromInline' or public
18 |
19 | @_alwaysEmitIntoClient
:
35 | self.init()
36 | for element in sequence {
37 | bytes.set(element.rawValue)
| `- warning: setter for property 'bytes' is private and cannot be referenced from an '@_alwaysEmitIntoClient' function; this will be an error in a future Swift language mode
38 | }
39 | }
/Users/admin/builder/spi-builder-workspace/Sources/System/FileDescriptorSet.swift:43:9: warning: setter for property 'bytes' is private and cannot be referenced from an '@_alwaysEmitIntoClient' function; this will be an error in a future Swift language mode
15 |
16 | @_alwaysEmitIntoClient
17 | internal private(set) var bytes: CInterop.FileDescriptorSet
| `- note: setter for property 'bytes' is not '@usableFromInline' or public
18 |
19 | @_alwaysEmitIntoClient
:
41 | @_alwaysEmitIntoClient
42 | mutating func append(_ element: FileDescriptor) {
43 | bytes.set(element.rawValue)
| `- warning: setter for property 'bytes' is private and cannot be referenced from an '@_alwaysEmitIntoClient' function; this will be an error in a future Swift language mode
44 | }
45 |
/Users/admin/builder/spi-builder-workspace/Sources/System/FileDescriptorSet.swift:48:9: warning: setter for property 'bytes' is private and cannot be referenced from an '@_alwaysEmitIntoClient' function; this will be an error in a future Swift language mode
15 |
16 | @_alwaysEmitIntoClient
17 | internal private(set) var bytes: CInterop.FileDescriptorSet
| `- note: setter for property 'bytes' is not '@usableFromInline' or public
18 |
19 | @_alwaysEmitIntoClient
:
46 | @_alwaysEmitIntoClient
47 | mutating func remove(_ element: FileDescriptor) {
48 | bytes.clear(element.rawValue)
| `- warning: setter for property 'bytes' is private and cannot be referenced from an '@_alwaysEmitIntoClient' function; this will be an error in a future Swift language mode
49 | }
50 |
/Users/admin/builder/spi-builder-workspace/Sources/System/FileDescriptorSet.swift:53:9: warning: setter for property 'bytes' is private and cannot be referenced from an '@_alwaysEmitIntoClient' function; this will be an error in a future Swift language mode
15 |
16 | @_alwaysEmitIntoClient
17 | internal private(set) var bytes: CInterop.FileDescriptorSet
| `- note: setter for property 'bytes' is not '@usableFromInline' or public
18 |
19 | @_alwaysEmitIntoClient
:
51 | @_alwaysEmitIntoClient
52 | mutating func contains(_ element: FileDescriptor) -> Bool {
53 | bytes.isSet(element.rawValue)
| `- warning: setter for property 'bytes' is private and cannot be referenced from an '@_alwaysEmitIntoClient' function; this will be an error in a future Swift language mode
54 | }
55 |
/Users/admin/builder/spi-builder-workspace/Sources/System/FileDescriptorSet.swift:58:9: warning: setter for property 'bytes' is private and cannot be referenced from an '@_alwaysEmitIntoClient' function; this will be an error in a future Swift language mode
15 |
16 | @_alwaysEmitIntoClient
17 | internal private(set) var bytes: CInterop.FileDescriptorSet
| `- note: setter for property 'bytes' is not '@usableFromInline' or public
18 |
19 | @_alwaysEmitIntoClient
:
56 | @_alwaysEmitIntoClient
57 | mutating func removeAll() {
58 | self.bytes.zero()
| `- warning: setter for property 'bytes' is private and cannot be referenced from an '@_alwaysEmitIntoClient' function; this will be an error in a future Swift language mode
59 | }
60 |
/Users/admin/builder/spi-builder-workspace/Sources/System/FileDescriptorSet.swift:94:20: warning: setter for property 'bytes' is private and cannot be referenced from an '@_alwaysEmitIntoClient' function; this will be an error in a future Swift language mode
15 |
16 | @_alwaysEmitIntoClient
17 | internal private(set) var bytes: CInterop.FileDescriptorSet
| `- note: setter for property 'bytes' is not '@usableFromInline' or public
18 |
19 | @_alwaysEmitIntoClient
:
92 | @_alwaysEmitIntoClient
93 | mutating func withUnsafeMutablePointer<T>(_ body: (UnsafeMutablePointer<Int32>) throws -> T) rethrows -> T {
94 | return try bytes.withUnsafeMutablePointer(body)
| `- warning: setter for property 'bytes' is private and cannot be referenced from an '@_alwaysEmitIntoClient' function; this will be an error in a future Swift language mode
95 | }
96 | }
/Users/admin/builder/spi-builder-workspace/Sources/System/Internals/CInterop.swift:127:38: error: cannot find type 'proc_taskinfo' in scope
125 |
126 | #if os(macOS) || os(iOS) || os(watchOS) || os(tvOS)
127 | public typealias ProcessTaskInfo = proc_taskinfo
| `- error: cannot find type 'proc_taskinfo' in scope
128 | #endif
129 |
/Users/admin/builder/spi-builder-workspace/Sources/System/Signal/SignalAction.swift:32:32: warning: initializer 'init(__sigaction_u:sa_mask:sa_flags:)' cannot be used in an '@_alwaysEmitIntoClient' function because '_DarwinFoundation3' was not imported by this file; this is an error in the Swift 6 language mode
30 | assert(flags.contains(.sigInfo) == false)
31 | #if os(macOS) || os(iOS) || os(watchOS) || os(tvOS)
32 | self.init(CInterop.SignalAction(
| |- warning: initializer 'init(__sigaction_u:sa_mask:sa_flags:)' cannot be used in an '@_alwaysEmitIntoClient' function because '_DarwinFoundation3' was not imported by this file; this is an error in the Swift 6 language mode
| `- note: The missing import of module '_DarwinFoundation3' will be added implicitly
33 | __sigaction_u: .init(__sa_handler: handler.rawValue),
34 | sa_mask: mask.bytes,
/Users/admin/builder/spi-builder-workspace/Sources/System/Signal/SignalAction.swift:33:33: warning: initializer 'init(__sa_handler:)' cannot be used in an '@_alwaysEmitIntoClient' function because '_DarwinFoundation3' was not imported by this file; this is an error in the Swift 6 language mode
31 | #if os(macOS) || os(iOS) || os(watchOS) || os(tvOS)
32 | self.init(CInterop.SignalAction(
33 | __sigaction_u: .init(__sa_handler: handler.rawValue),
| |- warning: initializer 'init(__sa_handler:)' cannot be used in an '@_alwaysEmitIntoClient' function because '_DarwinFoundation3' was not imported by this file; this is an error in the Swift 6 language mode
| `- note: The missing import of module '_DarwinFoundation3' will be added implicitly
34 | sa_mask: mask.bytes,
35 | sa_flags: flags.rawValue)
/Users/admin/builder/spi-builder-workspace/Sources/System/Signal/SignalAction.swift:56:32: warning: initializer 'init(__sigaction_u:sa_mask:sa_flags:)' cannot be used in an '@_alwaysEmitIntoClient' function because '_DarwinFoundation3' was not imported by this file; this is an error in the Swift 6 language mode
54 | flags.insert(.sigInfo)
55 | #if os(macOS) || os(iOS) || os(watchOS) || os(tvOS)
56 | self.init(CInterop.SignalAction(
| |- warning: initializer 'init(__sigaction_u:sa_mask:sa_flags:)' cannot be used in an '@_alwaysEmitIntoClient' function because '_DarwinFoundation3' was not imported by this file; this is an error in the Swift 6 language mode
| `- note: The missing import of module '_DarwinFoundation3' will be added implicitly
57 | __sigaction_u: .init(__sa_sigaction: body),
58 | sa_mask: mask.bytes,
/Users/admin/builder/spi-builder-workspace/Sources/System/Signal/SignalAction.swift:57:33: warning: initializer 'init(__sa_sigaction:)' cannot be used in an '@_alwaysEmitIntoClient' function because '_DarwinFoundation3' was not imported by this file; this is an error in the Swift 6 language mode
55 | #if os(macOS) || os(iOS) || os(watchOS) || os(tvOS)
56 | self.init(CInterop.SignalAction(
57 | __sigaction_u: .init(__sa_sigaction: body),
| |- warning: initializer 'init(__sa_sigaction:)' cannot be used in an '@_alwaysEmitIntoClient' function because '_DarwinFoundation3' was not imported by this file; this is an error in the Swift 6 language mode
| `- note: The missing import of module '_DarwinFoundation3' will be added implicitly
58 | sa_mask: mask.bytes,
59 | sa_flags: flags.rawValue)
/Users/admin/builder/spi-builder-workspace/Sources/System/Signal/SignalAction.swift:73:32: warning: initializer 'init()' cannot be used in an '@_alwaysEmitIntoClient' function because '_DarwinFoundation3' was not imported by this file; this is an error in the Swift 6 language mode
71 | @_alwaysEmitIntoClient
72 | internal init() {
73 | self.init(CInterop.SignalAction())
| |- warning: initializer 'init()' cannot be used in an '@_alwaysEmitIntoClient' function because '_DarwinFoundation3' was not imported by this file; this is an error in the Swift 6 language mode
| `- note: The missing import of module '_DarwinFoundation3' will be added implicitly
74 | }
75 | }
/Users/admin/builder/spi-builder-workspace/Sources/System/Signal/SignalAction.swift:82:38: warning: property 'sa_flags' cannot be used in an '@_alwaysEmitIntoClient' function because '_DarwinFoundation3' was not imported by this file; this is an error in the Swift 6 language mode
80 | @_alwaysEmitIntoClient
81 | var flags: Flags {
82 | return .init(rawValue: bytes.sa_flags)
| |- warning: property 'sa_flags' cannot be used in an '@_alwaysEmitIntoClient' function because '_DarwinFoundation3' was not imported by this file; this is an error in the Swift 6 language mode
| `- note: The missing import of module '_DarwinFoundation3' will be added implicitly
83 | }
84 |
/Users/admin/builder/spi-builder-workspace/Sources/System/Signal/SignalAction.swift:87:33: warning: property 'sa_mask' cannot be used in an '@_alwaysEmitIntoClient' function because '_DarwinFoundation3' was not imported by this file; this is an error in the Swift 6 language mode
85 | @_alwaysEmitIntoClient
86 | var mask: Signal.Set {
87 | return Signal.Set(bytes.sa_mask)
| |- warning: property 'sa_mask' cannot be used in an '@_alwaysEmitIntoClient' function because '_DarwinFoundation3' was not imported by this file; this is an error in the Swift 6 language mode
| `- note: The missing import of module '_DarwinFoundation3' will be added implicitly
88 | }
89 | }
/Users/admin/builder/spi-builder-workspace/Sources/System/Time/Clock.swift:16:50: warning: cannot use type alias 'RawValue' here; '_DarwinFoundation2' was not imported by this file
14 |
15 | #if os(macOS) || os(iOS) || os(watchOS) || os(tvOS)
16 | public typealias RawValue = CInterop.ClockID.RawValue
| `- warning: cannot use type alias 'RawValue' here; '_DarwinFoundation2' was not imported by this file
17 | #else
18 | public typealias RawValue = CInterop.ClockID
_DarwinFoundation2.clockid_t.RawValue:2:28: note: type alias declared here
1 | struct clockid_t {
2 | public typealias clockid_t.RawValue = UInt32}
| `- note: type alias declared here
3 |
Failed frontend command:
SwiftCompile normal arm64_32 (in target 'SystemPackage' from project 'swift-system')
cd /Users/admin/builder/spi-builder-workspace/.swiftpm/xcode
/Applications/Xcode-27.0.0-Release.Candidate.app/Contents/Developer/Toolchains/XcodeDefault.xctoolchain/usr/bin/swift-frontend -frontend -emit-module -experimental-skip-non-inlinable-function-bodies-without-types /Users/admin/builder/spi-builder-workspace/Sources/System/AsyncFileOperations.swift /Users/admin/builder/spi-builder-workspace/Sources/System/Errno.swift /Users/admin/builder/spi-builder-workspace/Sources/System/FileChange.swift /Users/admin/builder/spi-builder-workspace/Sources/System/FileDescriptor.swift /Users/admin/builder/spi-builder-workspace/Sources/System/FileDescriptorSet.swift /Users/admin/builder/spi-builder-workspace/Sources/System/FileEvent.swift /Users/admin/builder/spi-builder-workspace/Sources/System/FileHelpers.swift /Users/admin/builder/spi-builder-workspace/Sources/System/FileOperations.swift /Users/admin/builder/spi-builder-workspace/Sources/System/FilePath/FilePath.swift /Users/admin/builder/spi-builder-workspace/Sources/System/FilePath/FilePathComponentView.swift /Users/admin/builder/spi-builder-workspace/Sources/System/FilePath/FilePathComponents.swift /Users/admin/builder/spi-builder-workspace/Sources/System/FilePath/FilePathParsing.swift /Users/admin/builder/spi-builder-workspace/Sources/System/FilePath/FilePathString.swift /Users/admin/builder/spi-builder-workspace/Sources/System/FilePath/FilePathSyntax.swift /Users/admin/builder/spi-builder-workspace/Sources/System/FilePath/FilePathWindows.swift /Users/admin/builder/spi-builder-workspace/Sources/System/FilePermissions.swift /Users/admin/builder/spi-builder-workspace/Sources/System/InputOutput/IOControl.swift /Users/admin/builder/spi-builder-workspace/Sources/System/InputOutput/IODirection.swift /Users/admin/builder/spi-builder-workspace/Sources/System/InputOutput/IOOperations.swift /Users/admin/builder/spi-builder-workspace/Sources/System/InputOutput/IOType.swift /Users/admin/builder/spi-builder-workspace/Sources/System/InputOutput/TerminalIO.swift /Users/admin/builder/spi-builder-workspace/Sources/System/Internals/CInternetAddress.swift /Users/admin/builder/spi-builder-workspace/Sources/System/Internals/CInterop.swift /Users/admin/builder/spi-builder-workspace/Sources/System/Internals/CSocketAddress.swift /Users/admin/builder/spi-builder-workspace/Sources/System/Internals/Compatibility.swift /Users/admin/builder/spi-builder-workspace/Sources/System/Internals/Constants.swift /Users/admin/builder/spi-builder-workspace/Sources/System/Internals/Exports.swift /Users/admin/builder/spi-builder-workspace/Sources/System/Internals/IOCTL.swift /Users/admin/builder/spi-builder-workspace/Sources/System/Internals/Mocking.swift /Users/admin/builder/spi-builder-workspace/Sources/System/Internals/NetworkOrder.swift /Users/admin/builder/spi-builder-workspace/Sources/System/Internals/Syscalls.swift /Users/admin/builder/spi-builder-workspace/Sources/System/Internals/WindowsSyscallAdapters.swift /Users/admin/builder/spi-builder-workspace/Sources/System/InternetProtocol.swift /Users/admin/builder/spi-builder-workspace/Sources/System/PlatformString.swift /Users/admin/builder/spi-builder-workspace/Sources/System/ProcessID.swift /Users/admin/builder/spi-builder-workspace/Sources/System/Signal/Signal.swift /Users/admin/builder/spi-builder-workspace/Sources/System/Signal/SignalAction.swift /Users/admin/builder/spi-builder-workspace/Sources/System/Signal/SignalHandler.swift /Users/admin/builder/spi-builder-workspace/Sources/System/Signal/SignalInformation.swift /Users/admin/builder/spi-builder-workspace/Sources/System/Signal/SignalSet.swift /Users/admin/builder/spi-builder-workspace/Sources/System/Socket/AsyncSocketOperations.swift /Users/admin/builder/spi-builder-workspace/Sources/System/Socket/MessageFlags.swift /Users/admin/builder/spi-builder-workspace/Sources/System/Socket/Poll.swift /Users/admin/builder/spi-builder-workspace/Sources/System/Socket/SocketAddress.swift /Users/admin/builder/spi-builder-workspace/Sources/System/Socket/SocketAddressFamily.swift /Users/admin/builder/spi-builder-workspace/Sources/System/Socket/SocketFlags.swift /Users/admin/builder/spi-builder-workspace/Sources/System/Socket/SocketOperations.swift /Users/admin/builder/spi-builder-workspace/Sources/System/Socket/SocketOption.swift /Users/admin/builder/spi-builder-workspace/Sources/System/Socket/SocketOptionID.swift /Users/admin/builder/spi-builder-workspace/Sources/System/Socket/SocketOptionLevel.swift /Users/admin/builder/spi-builder-workspace/Sources/System/Socket/SocketProtocol.swift /Users/admin/builder/spi-builder-workspace/Sources/System/Socket/SocketType.swift /Users/admin/builder/spi-builder-workspace/Sources/System/SystemInfo.swift /Users/admin/builder/spi-builder-workspace/Sources/System/SystemString.swift /Users/admin/builder/spi-builder-workspace/Sources/System/Time/Clock.swift /Users/admin/builder/spi-builder-workspace/Sources/System/Time/Microseconds.swift /Users/admin/builder/spi-builder-workspace/Sources/System/Time/Nanoseconds.swift /Users/admin/builder/spi-builder-workspace/Sources/System/Time/ProcessorTime.swift /Users/admin/builder/spi-builder-workspace/Sources/System/Time/Time.swift /Users/admin/builder/spi-builder-workspace/Sources/System/Time/TimeComponents.swift /Users/admin/builder/spi-builder-workspace/Sources/System/Time/TimeInterval.swift /Users/admin/builder/spi-builder-workspace/Sources/System/Time/TimeIntervalMicroseconds.swift /Users/admin/builder/spi-builder-workspace/Sources/System/Time/TimeIntervalNanoseconds.swift /Users/admin/builder/spi-builder-workspace/Sources/System/UserID.swift /Users/admin/builder/spi-builder-workspace/Sources/System/Util.swift /Users/admin/builder/spi-builder-workspace/Sources/System/UtilConsumers.swift -target arm64_32-apple-watchos9.0 -disable-cross-import-overlay-search -swift-module-cross-import Darwin /Applications/Xcode-27.0.0-Release.Candidate.app/Contents/Developer/Platforms/WatchOS.platform/Developer/SDKs/WatchOS.sdk/usr/include/Darwin.swiftcrossimport/xlocale.swiftoverlay -load-resolved-plugin /Applications/Xcode-27.0.0-Release.Candidate.app/Contents/Developer/Platforms/WatchOS.platform/Developer/usr/lib/swift/host/plugins/libSwiftMacros.dylib\#/Applications/Xcode-27.0.0-Release.Candidate.app/Contents/Developer/Platforms/WatchOS.platform/Developer/usr/bin/swift-plugin-server\#SwiftMacros -disable-implicit-swift-modules -Xcc -fno-implicit-modules -Xcc -fno-implicit-module-maps -explicit-swift-module-map-file /Users/admin/builder/spi-builder-workspace/.derivedData/Build/Intermediates.noindex/swift-system.build/Debug-watchos/SystemPackage-t.build/Objects-normal/arm64_32/SystemPackage-dependencies-1.json -enable-objc-interop -sdk /Applications/Xcode-27.0.0-Release.Candidate.app/Contents/Developer/Platforms/WatchOS.platform/Developer/SDKs/WatchOS27.0.sdk -I /Users/admin/builder/spi-builder-workspace/.derivedData/Build/Products/Debug-watchos -Isystem /Applications/Xcode-27.0.0-Release.Candidate.app/Contents/Developer/Platforms/WatchOS.platform/Developer/usr/lib -F /Users/admin/builder/spi-builder-workspace/.derivedData/Build/Products/Debug-watchos/PackageFrameworks -F /Users/admin/builder/spi-builder-workspace/.derivedData/Build/Products/Debug-watchos -F /Applications/Xcode-27.0.0-Release.Candidate.app/Contents/Developer/Platforms/WatchOS.platform/Developer/Library/Frameworks -F /Applications/Xcode-27.0.0-Release.Candidate.app/Contents/Developer/Platforms/WatchOS.platform/Developer/SDKs/WatchOS27.0.sdk/Developer/Library/Frameworks -module-cache-path /Users/admin/builder/spi-builder-workspace/.derivedData/Build/Intermediates.noindex/SwiftExplicitPrecompiledModules -no-color-diagnostics -Xcc -fno-color-diagnostics -enable-testing -g -debug-info-format\=dwarf -dwarf-version\=4 -profile-generate -profile-coverage-mapping -swift-version 5 -Onone -D SWIFT_PACKAGE -D DEBUG -D SWIFT_MODULE_RESOURCE_BUNDLE_UNAVAILABLE -D SYSTEM_PACKAGE -D ENABLE_MOCKING -D Xcode -serialize-debugging-options -enable-experimental-feature DebugDescriptionMacro -empty-abi-descriptor -validate-clang-modules-once -clang-build-session-file /Users/admin/builder/spi-builder-workspace/.derivedData/ModuleCache.noindex/Session.modulevalidation -Xcc -working-directory -Xcc /Users/admin/builder/spi-builder-workspace/.swiftpm/xcode -enable-anonymous-context-mangled-names -file-compilation-dir /Users/admin/builder/spi-builder-workspace/.swiftpm/xcode -Xcc -fmodule-map-file\=/Users/admin/builder/spi-builder-workspace/Sources/CSystem/include/module.modulemap -Xcc -D_LIBCPP_HARDENING_MODE\=_LIBCPP_HARDENING_MODE_DEBUG -Xcc -ivfsstatcache -Xcc /Users/admin/builder/spi-builder-workspace/.derivedData/SDKStatCaches.noindex/watchos27.0-24R360-e829b21a6f8c9b70876ba0858053c04477534ef55a1706bf4c1112bbb242f0a2.sdkstatcache -Xcc -fmodules-prune-interval\=86400 -Xcc -fmodules-prune-after\=345600 -Xcc -I/Users/admin/builder/spi-builder-workspace/Sources/CSystem/include -Xcc -I/Users/admin/builder/spi-builder-workspace/.derivedData/Build/Products/Debug-watchos/include -Xcc -I/Users/admin/builder/spi-builder-workspace/.derivedData/Build/Intermediates.noindex/swift-system.build/Debug-watchos/SystemPackage-t.build/DerivedSources-normal/arm64_32 -Xcc -I/Users/admin/builder/spi-builder-workspace/.derivedData/Build/Intermediates.noindex/swift-system.build/Debug-watchos/SystemPackage-t.build/DerivedSources/arm64_32 -Xcc -I/Users/admin/builder/spi-builder-workspace/.derivedData/Build/Intermediates.noindex/swift-system.build/Debug-watchos/SystemPackage-t.build/DerivedSources -Xcc -DSWIFT_PACKAGE -Xcc -DDEBUG\=1 -Xcc -D_CRT_SECURE_NO_WARNINGS -no-auto-bridging-header-chaining -module-name SystemPackage -const-gather-protocols-file /Users/admin/builder/spi-builder-workspace/.derivedData/Build/Intermediates.noindex/swift-system.build/Debug-watchos/SystemPackage-t.build/Objects-normal/arm64_32/SystemPackage_const_extract_protocols.json -disable-clang-spi -clang-target arm64_32-apple-watchos27.0 -target-sdk-version 27.0 -target-sdk-name watchos27.0 -in-process-plugin-server-path /Applications/Xcode-27.0.0-Release.Candidate.app/Contents/Developer/Toolchains/XcodeDefault.xctoolchain/usr/lib/swift/host/libSwiftInProcPluginServer.dylib -emit-module-doc-path /Users/admin/builder/spi-builder-workspace/.derivedData/Build/Intermediates.noindex/swift-system.build/Debug-watchos/SystemPackage-t.build/Objects-normal/arm64_32/SystemPackage.swiftdoc -emit-module-source-info-path /Users/admin/builder/spi-builder-workspace/.derivedData/Build/Intermediates.noindex/swift-system.build/Debug-watchos/SystemPackage-t.build/Objects-normal/arm64_32/SystemPackage.swiftsourceinfo -emit-objc-header-path /Users/admin/builder/spi-builder-workspace/.derivedData/Build/Intermediates.noindex/swift-system.build/Debug-watchos/SystemPackage-t.build/Objects-normal/arm64_32/SystemPackage-Swift.h -serialize-diagnostics-path /Users/admin/builder/spi-builder-workspace/.derivedData/Build/Intermediates.noindex/swift-system.build/Debug-watchos/SystemPackage-t.build/Objects-normal/arm64_32/SystemPackage-primary-emit-module.dia -emit-dependencies-path /Users/admin/builder/spi-builder-workspace/.derivedData/Build/Intermediates.noindex/swift-system.build/Debug-watchos/SystemPackage-t.build/Objects-normal/arm64_32/SystemPackage-primary-emit-module.d -parse-as-library -o /Users/admin/builder/spi-builder-workspace/.derivedData/Build/Intermediates.noindex/swift-system.build/Debug-watchos/SystemPackage-t.build/Objects-normal/arm64_32/SystemPackage.swiftmodule -emit-abi-descriptor-path /Users/admin/builder/spi-builder-workspace/.derivedData/Build/Intermediates.noindex/swift-system.build/Debug-watchos/SystemPackage-t.build/Objects-normal/arm64_32/SystemPackage.abi.json
SwiftCompile normal arm64_32 Compiling\ AsyncFileOperations.swift,\ Errno.swift,\ FileChange.swift,\ FileDescriptor.swift,\ FileDescriptorSet.swift,\ FileEvent.swift,\ FileHelpers.swift /Users/admin/builder/spi-builder-workspace/Sources/System/AsyncFileOperations.swift /Users/admin/builder/spi-builder-workspace/Sources/System/Errno.swift /Users/admin/builder/spi-builder-workspace/Sources/System/FileChange.swift /Users/admin/builder/spi-builder-workspace/Sources/System/FileDescriptor.swift /Users/admin/builder/spi-builder-workspace/Sources/System/FileDescriptorSet.swift /Users/admin/builder/spi-builder-workspace/Sources/System/FileEvent.swift /Users/admin/builder/spi-builder-workspace/Sources/System/FileHelpers.swift (in target 'SystemPackage' from project 'swift-system')
SwiftCompile normal arm64_32 /Users/admin/builder/spi-builder-workspace/Sources/System/AsyncFileOperations.swift (in target 'SystemPackage' from project 'swift-system')
cd /Users/admin/builder/spi-builder-workspace/.swiftpm/xcode
builtin-SwiftPerFileCompile AsyncFileOperations.swift
SwiftCompile normal arm64_32 /Users/admin/builder/spi-builder-workspace/Sources/System/Errno.swift (in target 'SystemPackage' from project 'swift-system')
cd /Users/admin/builder/spi-builder-workspace/.swiftpm/xcode
builtin-SwiftPerFileCompile Errno.swift
SwiftCompile normal arm64_32 /Users/admin/builder/spi-builder-workspace/Sources/System/FileChange.swift (in target 'SystemPackage' from project 'swift-system')
cd /Users/admin/builder/spi-builder-workspace/.swiftpm/xcode
builtin-SwiftPerFileCompile FileChange.swift
SwiftCompile normal arm64_32 /Users/admin/builder/spi-builder-workspace/Sources/System/FileDescriptor.swift (in target 'SystemPackage' from project 'swift-system')
cd /Users/admin/builder/spi-builder-workspace/.swiftpm/xcode
builtin-SwiftPerFileCompile FileDescriptor.swift
SwiftCompile normal arm64_32 /Users/admin/builder/spi-builder-workspace/Sources/System/FileDescriptorSet.swift (in target 'SystemPackage' from project 'swift-system')
cd /Users/admin/builder/spi-builder-workspace/.swiftpm/xcode
builtin-SwiftPerFileCompile FileDescriptorSet.swift
SwiftCompile normal arm64_32 /Users/admin/builder/spi-builder-workspace/Sources/System/FileEvent.swift (in target 'SystemPackage' from project 'swift-system')
cd /Users/admin/builder/spi-builder-workspace/.swiftpm/xcode
builtin-SwiftPerFileCompile FileEvent.swift
SwiftCompile normal arm64_32 /Users/admin/builder/spi-builder-workspace/Sources/System/FileHelpers.swift (in target 'SystemPackage' from project 'swift-system')
cd /Users/admin/builder/spi-builder-workspace/.swiftpm/xcode
builtin-SwiftPerFileCompile FileHelpers.swift
/Users/admin/builder/spi-builder-workspace/Sources/System/FileDescriptorSet.swift:21:13: warning: setter for property 'bytes' is private and cannot be referenced from an '@_alwaysEmitIntoClient' function; this will be an error in a future Swift language mode
15 |
16 | @_alwaysEmitIntoClient
17 | internal private(set) var bytes: CInterop.FileDescriptorSet
| `- note: setter for property 'bytes' is not '@usableFromInline' or public
18 |
19 | @_alwaysEmitIntoClient
20 | public init(_ bytes: CInterop.FileDescriptorSet) {
21 | self.bytes = bytes
| `- warning: setter for property 'bytes' is private and cannot be referenced from an '@_alwaysEmitIntoClient' function; this will be an error in a future Swift language mode
22 | }
23 |
/Users/admin/builder/spi-builder-workspace/Sources/System/FileDescriptorSet.swift:26:32: warning: initializer 'init()' cannot be used in an '@_alwaysEmitIntoClient' function because '_DarwinFoundation2' was not imported by this file; this is an error in the Swift 6 language mode
24 | @_alwaysEmitIntoClient
25 | public init() {
26 | self.init(CInterop.FileDescriptorSet())
| |- warning: initializer 'init()' cannot be used in an '@_alwaysEmitIntoClient' function because '_DarwinFoundation2' was not imported by this file; this is an error in the Swift 6 language mode
| `- note: The missing import of module '_DarwinFoundation2' will be added implicitly
27 | }
28 | }
/Users/admin/builder/spi-builder-workspace/Sources/System/FileDescriptorSet.swift:37:13: warning: setter for property 'bytes' is private and cannot be referenced from an '@_alwaysEmitIntoClient' function; this will be an error in a future Swift language mode
15 |
16 | @_alwaysEmitIntoClient
17 | internal private(set) var bytes: CInterop.FileDescriptorSet
| `- note: setter for property 'bytes' is not '@usableFromInline' or public
18 |
19 | @_alwaysEmitIntoClient
:
35 | self.init()
36 | for element in sequence {
37 | bytes.set(element.rawValue)
| `- warning: setter for property 'bytes' is private and cannot be referenced from an '@_alwaysEmitIntoClient' function; this will be an error in a future Swift language mode
38 | }
39 | }
/Users/admin/builder/spi-builder-workspace/Sources/System/FileDescriptorSet.swift:43:9: warning: setter for property 'bytes' is private and cannot be referenced from an '@_alwaysEmitIntoClient' function; this will be an error in a future Swift language mode
15 |
16 | @_alwaysEmitIntoClient
17 | internal private(set) var bytes: CInterop.FileDescriptorSet
| `- note: setter for property 'bytes' is not '@usableFromInline' or public
18 |
19 | @_alwaysEmitIntoClient
:
41 | @_alwaysEmitIntoClient
42 | mutating func append(_ element: FileDescriptor) {
43 | bytes.set(element.rawValue)
| `- warning: setter for property 'bytes' is private and cannot be referenced from an '@_alwaysEmitIntoClient' function; this will be an error in a future Swift language mode
44 | }
45 |
/Users/admin/builder/spi-builder-workspace/Sources/System/FileDescriptorSet.swift:48:9: warning: setter for property 'bytes' is private and cannot be referenced from an '@_alwaysEmitIntoClient' function; this will be an error in a future Swift language mode
15 |
16 | @_alwaysEmitIntoClient
17 | internal private(set) var bytes: CInterop.FileDescriptorSet
| `- note: setter for property 'bytes' is not '@usableFromInline' or public
18 |
19 | @_alwaysEmitIntoClient
:
46 | @_alwaysEmitIntoClient
47 | mutating func remove(_ element: FileDescriptor) {
48 | bytes.clear(element.rawValue)
| `- warning: setter for property 'bytes' is private and cannot be referenced from an '@_alwaysEmitIntoClient' function; this will be an error in a future Swift language mode
49 | }
50 |
/Users/admin/builder/spi-builder-workspace/Sources/System/FileDescriptorSet.swift:53:9: warning: setter for property 'bytes' is private and cannot be referenced from an '@_alwaysEmitIntoClient' function; this will be an error in a future Swift language mode
15 |
16 | @_alwaysEmitIntoClient
17 | internal private(set) var bytes: CInterop.FileDescriptorSet
| `- note: setter for property 'bytes' is not '@usableFromInline' or public
18 |
19 | @_alwaysEmitIntoClient
:
51 | @_alwaysEmitIntoClient
52 | mutating func contains(_ element: FileDescriptor) -> Bool {
53 | bytes.isSet(element.rawValue)
| `- warning: setter for property 'bytes' is private and cannot be referenced from an '@_alwaysEmitIntoClient' function; this will be an error in a future Swift language mode
54 | }
55 |
/Users/admin/builder/spi-builder-workspace/Sources/System/FileDescriptorSet.swift:58:9: warning: setter for property 'bytes' is private and cannot be referenced from an '@_alwaysEmitIntoClient' function; this will be an error in a future Swift language mode
15 |
16 | @_alwaysEmitIntoClient
17 | internal private(set) var bytes: CInterop.FileDescriptorSet
| `- note: setter for property 'bytes' is not '@usableFromInline' or public
18 |
19 | @_alwaysEmitIntoClient
:
56 | @_alwaysEmitIntoClient
57 | mutating func removeAll() {
58 | self.bytes.zero()
| `- warning: setter for property 'bytes' is private and cannot be referenced from an '@_alwaysEmitIntoClient' function; this will be an error in a future Swift language mode
59 | }
60 |
SwiftCompile normal arm64_32 Compiling\ CInternetAddress.swift,\ CInterop.swift,\ CSocketAddress.swift,\ Compatibility.swift,\ Constants.swift,\ Exports.swift,\ IOCTL.swift /Users/admin/builder/spi-builder-workspace/Sources/System/Internals/CInternetAddress.swift /Users/admin/builder/spi-builder-workspace/Sources/System/Internals/CInterop.swift /Users/admin/builder/spi-builder-workspace/Sources/System/Internals/CSocketAddress.swift /Users/admin/builder/spi-builder-workspace/Sources/System/Internals/Compatibility.swift /Users/admin/builder/spi-builder-workspace/Sources/System/Internals/Constants.swift /Users/admin/builder/spi-builder-workspace/Sources/System/Internals/Exports.swift /Users/admin/builder/spi-builder-workspace/Sources/System/Internals/IOCTL.swift (in target 'SystemPackage' from project 'swift-system')
SwiftCompile normal arm64_32 /Users/admin/builder/spi-builder-workspace/Sources/System/Internals/CInternetAddress.swift (in target 'SystemPackage' from project 'swift-system')
cd /Users/admin/builder/spi-builder-workspace/.swiftpm/xcode
builtin-SwiftPerFileCompile CInternetAddress.swift
SwiftCompile normal arm64_32 /Users/admin/builder/spi-builder-workspace/Sources/System/Internals/CInterop.swift (in target 'SystemPackage' from project 'swift-system')
cd /Users/admin/builder/spi-builder-workspace/.swiftpm/xcode
builtin-SwiftPerFileCompile CInterop.swift
SwiftCompile normal arm64_32 /Users/admin/builder/spi-builder-workspace/Sources/System/Internals/CSocketAddress.swift (in target 'SystemPackage' from project 'swift-system')
cd /Users/admin/builder/spi-builder-workspace/.swiftpm/xcode
builtin-SwiftPerFileCompile CSocketAddress.swift
SwiftCompile normal arm64_32 /Users/admin/builder/spi-builder-workspace/Sources/System/Internals/Compatibility.swift (in target 'SystemPackage' from project 'swift-system')
cd /Users/admin/builder/spi-builder-workspace/.swiftpm/xcode
builtin-SwiftPerFileCompile Compatibility.swift
SwiftCompile normal arm64_32 /Users/admin/builder/spi-builder-workspace/Sources/System/Internals/Constants.swift (in target 'SystemPackage' from project 'swift-system')
cd /Users/admin/builder/spi-builder-workspace/.swiftpm/xcode
builtin-SwiftPerFileCompile Constants.swift
SwiftCompile normal arm64_32 /Users/admin/builder/spi-builder-workspace/Sources/System/Internals/Exports.swift (in target 'SystemPackage' from project 'swift-system')
cd /Users/admin/builder/spi-builder-workspace/.swiftpm/xcode
builtin-SwiftPerFileCompile Exports.swift
SwiftCompile normal arm64_32 /Users/admin/builder/spi-builder-workspace/Sources/System/Internals/IOCTL.swift (in target 'SystemPackage' from project 'swift-system')
cd /Users/admin/builder/spi-builder-workspace/.swiftpm/xcode
builtin-SwiftPerFileCompile IOCTL.swift
SwiftCompile normal arm64_32 Compiling\ TimeInterval.swift,\ TimeIntervalMicroseconds.swift,\ TimeIntervalNanoseconds.swift,\ UserID.swift,\ Util.swift,\ UtilConsumers.swift /Users/admin/builder/spi-builder-workspace/Sources/System/Time/TimeInterval.swift /Users/admin/builder/spi-builder-workspace/Sources/System/Time/TimeIntervalMicroseconds.swift /Users/admin/builder/spi-builder-workspace/Sources/System/Time/TimeIntervalNanoseconds.swift /Users/admin/builder/spi-builder-workspace/Sources/System/UserID.swift /Users/admin/builder/spi-builder-workspace/Sources/System/Util.swift /Users/admin/builder/spi-builder-workspace/Sources/System/UtilConsumers.swift (in target 'SystemPackage' from project 'swift-system')
SwiftCompile normal arm64_32 /Users/admin/builder/spi-builder-workspace/Sources/System/Time/TimeInterval.swift (in target 'SystemPackage' from project 'swift-system')
cd /Users/admin/builder/spi-builder-workspace/.swiftpm/xcode
builtin-SwiftPerFileCompile TimeInterval.swift
SwiftCompile normal arm64_32 /Users/admin/builder/spi-builder-workspace/Sources/System/Time/TimeIntervalMicroseconds.swift (in target 'SystemPackage' from project 'swift-system')
cd /Users/admin/builder/spi-builder-workspace/.swiftpm/xcode
builtin-SwiftPerFileCompile TimeIntervalMicroseconds.swift
SwiftCompile normal arm64_32 /Users/admin/builder/spi-builder-workspace/Sources/System/Time/TimeIntervalNanoseconds.swift (in target 'SystemPackage' from project 'swift-system')
cd /Users/admin/builder/spi-builder-workspace/.swiftpm/xcode
builtin-SwiftPerFileCompile TimeIntervalNanoseconds.swift
SwiftCompile normal arm64_32 /Users/admin/builder/spi-builder-workspace/Sources/System/UserID.swift (in target 'SystemPackage' from project 'swift-system')
cd /Users/admin/builder/spi-builder-workspace/.swiftpm/xcode
builtin-SwiftPerFileCompile UserID.swift
SwiftCompile normal arm64_32 /Users/admin/builder/spi-builder-workspace/Sources/System/Util.swift (in target 'SystemPackage' from project 'swift-system')
cd /Users/admin/builder/spi-builder-workspace/.swiftpm/xcode
builtin-SwiftPerFileCompile Util.swift
SwiftCompile normal arm64_32 /Users/admin/builder/spi-builder-workspace/Sources/System/UtilConsumers.swift (in target 'SystemPackage' from project 'swift-system')
cd /Users/admin/builder/spi-builder-workspace/.swiftpm/xcode
builtin-SwiftPerFileCompile UtilConsumers.swift
SwiftCompile normal arm64 Compiling\ AsyncFileOperations.swift,\ Errno.swift,\ FileChange.swift,\ FileDescriptor.swift,\ FileDescriptorSet.swift,\ FileEvent.swift,\ FileHelpers.swift /Users/admin/builder/spi-builder-workspace/Sources/System/AsyncFileOperations.swift /Users/admin/builder/spi-builder-workspace/Sources/System/Errno.swift /Users/admin/builder/spi-builder-workspace/Sources/System/FileChange.swift /Users/admin/builder/spi-builder-workspace/Sources/System/FileDescriptor.swift /Users/admin/builder/spi-builder-workspace/Sources/System/FileDescriptorSet.swift /Users/admin/builder/spi-builder-workspace/Sources/System/FileEvent.swift /Users/admin/builder/spi-builder-workspace/Sources/System/FileHelpers.swift (in target 'SystemPackage' from project 'swift-system')
/Users/admin/builder/spi-builder-workspace/Sources/System/FileDescriptorSet.swift:21:13: warning: setter for property 'bytes' is private and cannot be referenced from an '@_alwaysEmitIntoClient' function; this will be an error in a future Swift language mode
15 |
16 | @_alwaysEmitIntoClient
17 | internal private(set) var bytes: CInterop.FileDescriptorSet
| `- note: setter for property 'bytes' is not '@usableFromInline' or public
18 |
19 | @_alwaysEmitIntoClient
20 | public init(_ bytes: CInterop.FileDescriptorSet) {
21 | self.bytes = bytes
| `- warning: setter for property 'bytes' is private and cannot be referenced from an '@_alwaysEmitIntoClient' function; this will be an error in a future Swift language mode
22 | }
23 |
/Users/admin/builder/spi-builder-workspace/Sources/System/FileDescriptorSet.swift:26:32: warning: initializer 'init()' cannot be used in an '@_alwaysEmitIntoClient' function because '_DarwinFoundation2' was not imported by this file; this is an error in the Swift 6 language mode
24 | @_alwaysEmitIntoClient
25 | public init() {
26 | self.init(CInterop.FileDescriptorSet())
| |- warning: initializer 'init()' cannot be used in an '@_alwaysEmitIntoClient' function because '_DarwinFoundation2' was not imported by this file; this is an error in the Swift 6 language mode
| `- note: The missing import of module '_DarwinFoundation2' will be added implicitly
27 | }
28 | }
/Users/admin/builder/spi-builder-workspace/Sources/System/FileDescriptorSet.swift:37:13: warning: setter for property 'bytes' is private and cannot be referenced from an '@_alwaysEmitIntoClient' function; this will be an error in a future Swift language mode
15 |
16 | @_alwaysEmitIntoClient
17 | internal private(set) var bytes: CInterop.FileDescriptorSet
| `- note: setter for property 'bytes' is not '@usableFromInline' or public
18 |
19 | @_alwaysEmitIntoClient
:
35 | self.init()
36 | for element in sequence {
37 | bytes.set(element.rawValue)
| `- warning: setter for property 'bytes' is private and cannot be referenced from an '@_alwaysEmitIntoClient' function; this will be an error in a future Swift language mode
38 | }
39 | }
/Users/admin/builder/spi-builder-workspace/Sources/System/FileDescriptorSet.swift:43:9: warning: setter for property 'bytes' is private and cannot be referenced from an '@_alwaysEmitIntoClient' function; this will be an error in a future Swift language mode
15 |
16 | @_alwaysEmitIntoClient
17 | internal private(set) var bytes: CInterop.FileDescriptorSet
| `- note: setter for property 'bytes' is not '@usableFromInline' or public
18 |
19 | @_alwaysEmitIntoClient
:
41 | @_alwaysEmitIntoClient
42 | mutating func append(_ element: FileDescriptor) {
43 | bytes.set(element.rawValue)
| `- warning: setter for property 'bytes' is private and cannot be referenced from an '@_alwaysEmitIntoClient' function; this will be an error in a future Swift language mode
44 | }
45 |
/Users/admin/builder/spi-builder-workspace/Sources/System/FileDescriptorSet.swift:48:9: warning: setter for property 'bytes' is private and cannot be referenced from an '@_alwaysEmitIntoClient' function; this will be an error in a future Swift language mode
15 |
16 | @_alwaysEmitIntoClient
17 | internal private(set) var bytes: CInterop.FileDescriptorSet
| `- note: setter for property 'bytes' is not '@usableFromInline' or public
18 |
19 | @_alwaysEmitIntoClient
:
46 | @_alwaysEmitIntoClient
47 | mutating func remove(_ element: FileDescriptor) {
48 | bytes.clear(element.rawValue)
| `- warning: setter for property 'bytes' is private and cannot be referenced from an '@_alwaysEmitIntoClient' function; this will be an error in a future Swift language mode
49 | }
50 |
/Users/admin/builder/spi-builder-workspace/Sources/System/FileDescriptorSet.swift:53:9: warning: setter for property 'bytes' is private and cannot be referenced from an '@_alwaysEmitIntoClient' function; this will be an error in a future Swift language mode
15 |
16 | @_alwaysEmitIntoClient
17 | internal private(set) var bytes: CInterop.FileDescriptorSet
| `- note: setter for property 'bytes' is not '@usableFromInline' or public
18 |
19 | @_alwaysEmitIntoClient
:
51 | @_alwaysEmitIntoClient
52 | mutating func contains(_ element: FileDescriptor) -> Bool {
53 | bytes.isSet(element.rawValue)
| `- warning: setter for property 'bytes' is private and cannot be referenced from an '@_alwaysEmitIntoClient' function; this will be an error in a future Swift language mode
54 | }
55 |
/Users/admin/builder/spi-builder-workspace/Sources/System/FileDescriptorSet.swift:58:9: warning: setter for property 'bytes' is private and cannot be referenced from an '@_alwaysEmitIntoClient' function; this will be an error in a future Swift language mode
15 |
16 | @_alwaysEmitIntoClient
17 | internal private(set) var bytes: CInterop.FileDescriptorSet
| `- note: setter for property 'bytes' is not '@usableFromInline' or public
18 |
19 | @_alwaysEmitIntoClient
:
56 | @_alwaysEmitIntoClient
57 | mutating func removeAll() {
58 | self.bytes.zero()
| `- warning: setter for property 'bytes' is private and cannot be referenced from an '@_alwaysEmitIntoClient' function; this will be an error in a future Swift language mode
59 | }
60 |
SwiftCompile normal arm64 /Users/admin/builder/spi-builder-workspace/Sources/System/AsyncFileOperations.swift (in target 'SystemPackage' from project 'swift-system')
cd /Users/admin/builder/spi-builder-workspace/.swiftpm/xcode
builtin-SwiftPerFileCompile AsyncFileOperations.swift
SwiftCompile normal arm64 /Users/admin/builder/spi-builder-workspace/Sources/System/Errno.swift (in target 'SystemPackage' from project 'swift-system')
cd /Users/admin/builder/spi-builder-workspace/.swiftpm/xcode
builtin-SwiftPerFileCompile Errno.swift
SwiftCompile normal arm64 /Users/admin/builder/spi-builder-workspace/Sources/System/FileChange.swift (in target 'SystemPackage' from project 'swift-system')
cd /Users/admin/builder/spi-builder-workspace/.swiftpm/xcode
builtin-SwiftPerFileCompile FileChange.swift
SwiftCompile normal arm64 /Users/admin/builder/spi-builder-workspace/Sources/System/FileDescriptor.swift (in target 'SystemPackage' from project 'swift-system')
cd /Users/admin/builder/spi-builder-workspace/.swiftpm/xcode
builtin-SwiftPerFileCompile FileDescriptor.swift
SwiftCompile normal arm64 /Users/admin/builder/spi-builder-workspace/Sources/System/FileDescriptorSet.swift (in target 'SystemPackage' from project 'swift-system')
cd /Users/admin/builder/spi-builder-workspace/.swiftpm/xcode
builtin-SwiftPerFileCompile FileDescriptorSet.swift
SwiftCompile normal arm64 /Users/admin/builder/spi-builder-workspace/Sources/System/FileEvent.swift (in target 'SystemPackage' from project 'swift-system')
cd /Users/admin/builder/spi-builder-workspace/.swiftpm/xcode
builtin-SwiftPerFileCompile FileEvent.swift
SwiftCompile normal arm64 /Users/admin/builder/spi-builder-workspace/Sources/System/FileHelpers.swift (in target 'SystemPackage' from project 'swift-system')
cd /Users/admin/builder/spi-builder-workspace/.swiftpm/xcode
builtin-SwiftPerFileCompile FileHelpers.swift
SwiftCompile normal arm64_32 Compiling\ SocketOptionID.swift,\ SocketOptionLevel.swift,\ SocketProtocol.swift,\ SocketType.swift,\ SystemInfo.swift,\ SystemString.swift /Users/admin/builder/spi-builder-workspace/Sources/System/Socket/SocketOptionID.swift /Users/admin/builder/spi-builder-workspace/Sources/System/Socket/SocketOptionLevel.swift /Users/admin/builder/spi-builder-workspace/Sources/System/Socket/SocketProtocol.swift /Users/admin/builder/spi-builder-workspace/Sources/System/Socket/SocketType.swift /Users/admin/builder/spi-builder-workspace/Sources/System/SystemInfo.swift /Users/admin/builder/spi-builder-workspace/Sources/System/SystemString.swift (in target 'SystemPackage' from project 'swift-system')
SwiftCompile normal arm64_32 /Users/admin/builder/spi-builder-workspace/Sources/System/Socket/SocketOptionID.swift (in target 'SystemPackage' from project 'swift-system')
cd /Users/admin/builder/spi-builder-workspace/.swiftpm/xcode
builtin-SwiftPerFileCompile SocketOptionID.swift
SwiftCompile normal arm64_32 /Users/admin/builder/spi-builder-workspace/Sources/System/Socket/SocketOptionLevel.swift (in target 'SystemPackage' from project 'swift-system')
cd /Users/admin/builder/spi-builder-workspace/.swiftpm/xcode
builtin-SwiftPerFileCompile SocketOptionLevel.swift
SwiftCompile normal arm64_32 /Users/admin/builder/spi-builder-workspace/Sources/System/Socket/SocketProtocol.swift (in target 'SystemPackage' from project 'swift-system')
cd /Users/admin/builder/spi-builder-workspace/.swiftpm/xcode
builtin-SwiftPerFileCompile SocketProtocol.swift
SwiftCompile normal arm64_32 /Users/admin/builder/spi-builder-workspace/Sources/System/Socket/SocketType.swift (in target 'SystemPackage' from project 'swift-system')
cd /Users/admin/builder/spi-builder-workspace/.swiftpm/xcode
builtin-SwiftPerFileCompile SocketType.swift
SwiftCompile normal arm64_32 /Users/admin/builder/spi-builder-workspace/Sources/System/SystemInfo.swift (in target 'SystemPackage' from project 'swift-system')
cd /Users/admin/builder/spi-builder-workspace/.swiftpm/xcode
builtin-SwiftPerFileCompile SystemInfo.swift
SwiftCompile normal arm64_32 /Users/admin/builder/spi-builder-workspace/Sources/System/SystemString.swift (in target 'SystemPackage' from project 'swift-system')
cd /Users/admin/builder/spi-builder-workspace/.swiftpm/xcode
builtin-SwiftPerFileCompile SystemString.swift
SwiftCompile normal arm64_32 Compiling\ Mocking.swift,\ NetworkOrder.swift,\ Syscalls.swift,\ WindowsSyscallAdapters.swift,\ InternetProtocol.swift,\ PlatformString.swift,\ ProcessID.swift /Users/admin/builder/spi-builder-workspace/Sources/System/Internals/Mocking.swift /Users/admin/builder/spi-builder-workspace/Sources/System/Internals/NetworkOrder.swift /Users/admin/builder/spi-builder-workspace/Sources/System/Internals/Syscalls.swift /Users/admin/builder/spi-builder-workspace/Sources/System/Internals/WindowsSyscallAdapters.swift /Users/admin/builder/spi-builder-workspace/Sources/System/InternetProtocol.swift /Users/admin/builder/spi-builder-workspace/Sources/System/PlatformString.swift /Users/admin/builder/spi-builder-workspace/Sources/System/ProcessID.swift (in target 'SystemPackage' from project 'swift-system')
SwiftCompile normal arm64_32 /Users/admin/builder/spi-builder-workspace/Sources/System/Internals/Mocking.swift (in target 'SystemPackage' from project 'swift-system')
cd /Users/admin/builder/spi-builder-workspace/.swiftpm/xcode
builtin-SwiftPerFileCompile Mocking.swift
SwiftCompile normal arm64_32 /Users/admin/builder/spi-builder-workspace/Sources/System/Internals/NetworkOrder.swift (in target 'SystemPackage' from project 'swift-system')
cd /Users/admin/builder/spi-builder-workspace/.swiftpm/xcode
builtin-SwiftPerFileCompile NetworkOrder.swift
SwiftCompile normal arm64_32 /Users/admin/builder/spi-builder-workspace/Sources/System/Internals/Syscalls.swift (in target 'SystemPackage' from project 'swift-system')
cd /Users/admin/builder/spi-builder-workspace/.swiftpm/xcode
builtin-SwiftPerFileCompile Syscalls.swift
SwiftCompile normal arm64_32 /Users/admin/builder/spi-builder-workspace/Sources/System/Internals/WindowsSyscallAdapters.swift (in target 'SystemPackage' from project 'swift-system')
cd /Users/admin/builder/spi-builder-workspace/.swiftpm/xcode
builtin-SwiftPerFileCompile WindowsSyscallAdapters.swift
SwiftCompile normal arm64_32 /Users/admin/builder/spi-builder-workspace/Sources/System/InternetProtocol.swift (in target 'SystemPackage' from project 'swift-system')
cd /Users/admin/builder/spi-builder-workspace/.swiftpm/xcode
builtin-SwiftPerFileCompile InternetProtocol.swift
SwiftCompile normal arm64_32 /Users/admin/builder/spi-builder-workspace/Sources/System/PlatformString.swift (in target 'SystemPackage' from project 'swift-system')
cd /Users/admin/builder/spi-builder-workspace/.swiftpm/xcode
builtin-SwiftPerFileCompile PlatformString.swift
SwiftCompile normal arm64_32 /Users/admin/builder/spi-builder-workspace/Sources/System/ProcessID.swift (in target 'SystemPackage' from project 'swift-system')
cd /Users/admin/builder/spi-builder-workspace/.swiftpm/xcode
builtin-SwiftPerFileCompile ProcessID.swift
SwiftCompile normal arm64_32 Compiling\ Clock.swift,\ Microseconds.swift,\ Nanoseconds.swift,\ ProcessorTime.swift,\ Time.swift,\ TimeComponents.swift /Users/admin/builder/spi-builder-workspace/Sources/System/Time/Clock.swift /Users/admin/builder/spi-builder-workspace/Sources/System/Time/Microseconds.swift /Users/admin/builder/spi-builder-workspace/Sources/System/Time/Nanoseconds.swift /Users/admin/builder/spi-builder-workspace/Sources/System/Time/ProcessorTime.swift /Users/admin/builder/spi-builder-workspace/Sources/System/Time/Time.swift /Users/admin/builder/spi-builder-workspace/Sources/System/Time/TimeComponents.swift (in target 'SystemPackage' from project 'swift-system')
SwiftCompile normal arm64_32 /Users/admin/builder/spi-builder-workspace/Sources/System/Time/Clock.swift (in target 'SystemPackage' from project 'swift-system')
cd /Users/admin/builder/spi-builder-workspace/.swiftpm/xcode
builtin-SwiftPerFileCompile Clock.swift
SwiftCompile normal arm64_32 /Users/admin/builder/spi-builder-workspace/Sources/System/Time/Microseconds.swift (in target 'SystemPackage' from project 'swift-system')
cd /Users/admin/builder/spi-builder-workspace/.swiftpm/xcode
builtin-SwiftPerFileCompile Microseconds.swift
SwiftCompile normal arm64_32 /Users/admin/builder/spi-builder-workspace/Sources/System/Time/Nanoseconds.swift (in target 'SystemPackage' from project 'swift-system')
cd /Users/admin/builder/spi-builder-workspace/.swiftpm/xcode
builtin-SwiftPerFileCompile Nanoseconds.swift
SwiftCompile normal arm64_32 /Users/admin/builder/spi-builder-workspace/Sources/System/Time/ProcessorTime.swift (in target 'SystemPackage' from project 'swift-system')
cd /Users/admin/builder/spi-builder-workspace/.swiftpm/xcode
builtin-SwiftPerFileCompile ProcessorTime.swift
SwiftCompile normal arm64_32 /Users/admin/builder/spi-builder-workspace/Sources/System/Time/Time.swift (in target 'SystemPackage' from project 'swift-system')
cd /Users/admin/builder/spi-builder-workspace/.swiftpm/xcode
builtin-SwiftPerFileCompile Time.swift
SwiftCompile normal arm64_32 /Users/admin/builder/spi-builder-workspace/Sources/System/Time/TimeComponents.swift (in target 'SystemPackage' from project 'swift-system')
cd /Users/admin/builder/spi-builder-workspace/.swiftpm/xcode
builtin-SwiftPerFileCompile TimeComponents.swift
SwiftCompile normal arm64_32 Compiling\ Signal.swift,\ SignalAction.swift,\ SignalHandler.swift,\ SignalInformation.swift,\ SignalSet.swift,\ AsyncSocketOperations.swift,\ MessageFlags.swift /Users/admin/builder/spi-builder-workspace/Sources/System/Signal/Signal.swift /Users/admin/builder/spi-builder-workspace/Sources/System/Signal/SignalAction.swift /Users/admin/builder/spi-builder-workspace/Sources/System/Signal/SignalHandler.swift /Users/admin/builder/spi-builder-workspace/Sources/System/Signal/SignalInformation.swift /Users/admin/builder/spi-builder-workspace/Sources/System/Signal/SignalSet.swift /Users/admin/builder/spi-builder-workspace/Sources/System/Socket/AsyncSocketOperations.swift /Users/admin/builder/spi-builder-workspace/Sources/System/Socket/MessageFlags.swift (in target 'SystemPackage' from project 'swift-system')
/Users/admin/builder/spi-builder-workspace/Sources/System/Signal/SignalAction.swift:32:32: warning: initializer 'init(__sigaction_u:sa_mask:sa_flags:)' cannot be used in an '@_alwaysEmitIntoClient' function because '_DarwinFoundation3' was not imported by this file; this is an error in the Swift 6 language mode
30 | assert(flags.contains(.sigInfo) == false)
31 | #if os(macOS) || os(iOS) || os(watchOS) || os(tvOS)
32 | self.init(CInterop.SignalAction(
| |- warning: initializer 'init(__sigaction_u:sa_mask:sa_flags:)' cannot be used in an '@_alwaysEmitIntoClient' function because '_DarwinFoundation3' was not imported by this file; this is an error in the Swift 6 language mode
| `- note: The missing import of module '_DarwinFoundation3' will be added implicitly
33 | __sigaction_u: .init(__sa_handler: handler.rawValue),
34 | sa_mask: mask.bytes,
/Users/admin/builder/spi-builder-workspace/Sources/System/Signal/SignalAction.swift:33:33: warning: initializer 'init(__sa_handler:)' cannot be used in an '@_alwaysEmitIntoClient' function because '_DarwinFoundation3' was not imported by this file; this is an error in the Swift 6 language mode
31 | #if os(macOS) || os(iOS) || os(watchOS) || os(tvOS)
32 | self.init(CInterop.SignalAction(
33 | __sigaction_u: .init(__sa_handler: handler.rawValue),
| |- warning: initializer 'init(__sa_handler:)' cannot be used in an '@_alwaysEmitIntoClient' function because '_DarwinFoundation3' was not imported by this file; this is an error in the Swift 6 language mode
| `- note: The missing import of module '_DarwinFoundation3' will be added implicitly
34 | sa_mask: mask.bytes,
35 | sa_flags: flags.rawValue)
/Users/admin/builder/spi-builder-workspace/Sources/System/Signal/SignalAction.swift:56:32: warning: initializer 'init(__sigaction_u:sa_mask:sa_flags:)' cannot be used in an '@_alwaysEmitIntoClient' function because '_DarwinFoundation3' was not imported by this file; this is an error in the Swift 6 language mode
54 | flags.insert(.sigInfo)
55 | #if os(macOS) || os(iOS) || os(watchOS) || os(tvOS)
56 | self.init(CInterop.SignalAction(
| |- warning: initializer 'init(__sigaction_u:sa_mask:sa_flags:)' cannot be used in an '@_alwaysEmitIntoClient' function because '_DarwinFoundation3' was not imported by this file; this is an error in the Swift 6 language mode
| `- note: The missing import of module '_DarwinFoundation3' will be added implicitly
57 | __sigaction_u: .init(__sa_sigaction: body),
58 | sa_mask: mask.bytes,
/Users/admin/builder/spi-builder-workspace/Sources/System/Signal/SignalAction.swift:57:33: warning: initializer 'init(__sa_sigaction:)' cannot be used in an '@_alwaysEmitIntoClient' function because '_DarwinFoundation3' was not imported by this file; this is an error in the Swift 6 language mode
55 | #if os(macOS) || os(iOS) || os(watchOS) || os(tvOS)
56 | self.init(CInterop.SignalAction(
57 | __sigaction_u: .init(__sa_sigaction: body),
| |- warning: initializer 'init(__sa_sigaction:)' cannot be used in an '@_alwaysEmitIntoClient' function because '_DarwinFoundation3' was not imported by this file; this is an error in the Swift 6 language mode
| `- note: The missing import of module '_DarwinFoundation3' will be added implicitly
58 | sa_mask: mask.bytes,
59 | sa_flags: flags.rawValue)
/Users/admin/builder/spi-builder-workspace/Sources/System/Signal/SignalAction.swift:73:32: warning: initializer 'init()' cannot be used in an '@_alwaysEmitIntoClient' function because '_DarwinFoundation3' was not imported by this file; this is an error in the Swift 6 language mode
71 | @_alwaysEmitIntoClient
72 | internal init() {
73 | self.init(CInterop.SignalAction())
| |- warning: initializer 'init()' cannot be used in an '@_alwaysEmitIntoClient' function because '_DarwinFoundation3' was not imported by this file; this is an error in the Swift 6 language mode
| `- note: The missing import of module '_DarwinFoundation3' will be added implicitly
74 | }
75 | }
/Users/admin/builder/spi-builder-workspace/Sources/System/Signal/SignalAction.swift:82:38: warning: property 'sa_flags' cannot be used in an '@_alwaysEmitIntoClient' function because '_DarwinFoundation3' was not imported by this file; this is an error in the Swift 6 language mode
80 | @_alwaysEmitIntoClient
81 | var flags: Flags {
82 | return .init(rawValue: bytes.sa_flags)
| |- warning: property 'sa_flags' cannot be used in an '@_alwaysEmitIntoClient' function because '_DarwinFoundation3' was not imported by this file; this is an error in the Swift 6 language mode
| `- note: The missing import of module '_DarwinFoundation3' will be added implicitly
83 | }
84 |
SwiftCompile normal arm64_32 /Users/admin/builder/spi-builder-workspace/Sources/System/Signal/Signal.swift (in target 'SystemPackage' from project 'swift-system')
cd /Users/admin/builder/spi-builder-workspace/.swiftpm/xcode
builtin-SwiftPerFileCompile Signal.swift
SwiftCompile normal arm64_32 /Users/admin/builder/spi-builder-workspace/Sources/System/Signal/SignalAction.swift (in target 'SystemPackage' from project 'swift-system')
cd /Users/admin/builder/spi-builder-workspace/.swiftpm/xcode
builtin-SwiftPerFileCompile SignalAction.swift
SwiftCompile normal arm64_32 /Users/admin/builder/spi-builder-workspace/Sources/System/Signal/SignalHandler.swift (in target 'SystemPackage' from project 'swift-system')
cd /Users/admin/builder/spi-builder-workspace/.swiftpm/xcode
builtin-SwiftPerFileCompile SignalHandler.swift
SwiftCompile normal arm64_32 /Users/admin/builder/spi-builder-workspace/Sources/System/Signal/SignalInformation.swift (in target 'SystemPackage' from project 'swift-system')
cd /Users/admin/builder/spi-builder-workspace/.swiftpm/xcode
builtin-SwiftPerFileCompile SignalInformation.swift
SwiftCompile normal arm64_32 /Users/admin/builder/spi-builder-workspace/Sources/System/Signal/SignalSet.swift (in target 'SystemPackage' from project 'swift-system')
cd /Users/admin/builder/spi-builder-workspace/.swiftpm/xcode
builtin-SwiftPerFileCompile SignalSet.swift
SwiftCompile normal arm64_32 /Users/admin/builder/spi-builder-workspace/Sources/System/Socket/AsyncSocketOperations.swift (in target 'SystemPackage' from project 'swift-system')
cd /Users/admin/builder/spi-builder-workspace/.swiftpm/xcode
builtin-SwiftPerFileCompile AsyncSocketOperations.swift
SwiftCompile normal arm64_32 /Users/admin/builder/spi-builder-workspace/Sources/System/Socket/MessageFlags.swift (in target 'SystemPackage' from project 'swift-system')
cd /Users/admin/builder/spi-builder-workspace/.swiftpm/xcode
builtin-SwiftPerFileCompile MessageFlags.swift
SwiftEmitModule normal arm64 Emitting\ module\ for\ SystemPackage (in target 'SystemPackage' from project 'swift-system')
/Users/admin/builder/spi-builder-workspace/Sources/System/FileDescriptorSet.swift:21:13: warning: setter for property 'bytes' is private and cannot be referenced from an '@_alwaysEmitIntoClient' function; this will be an error in a future Swift language mode
15 |
16 | @_alwaysEmitIntoClient
17 | internal private(set) var bytes: CInterop.FileDescriptorSet
| `- note: setter for property 'bytes' is not '@usableFromInline' or public
18 |
19 | @_alwaysEmitIntoClient
20 | public init(_ bytes: CInterop.FileDescriptorSet) {
21 | self.bytes = bytes
| `- warning: setter for property 'bytes' is private and cannot be referenced from an '@_alwaysEmitIntoClient' function; this will be an error in a future Swift language mode
22 | }
23 |
/Users/admin/builder/spi-builder-workspace/Sources/System/FileDescriptorSet.swift:26:32: warning: initializer 'init()' cannot be used in an '@_alwaysEmitIntoClient' function because '_DarwinFoundation2' was not imported by this file; this is an error in the Swift 6 language mode
24 | @_alwaysEmitIntoClient
25 | public init() {
26 | self.init(CInterop.FileDescriptorSet())
| |- warning: initializer 'init()' cannot be used in an '@_alwaysEmitIntoClient' function because '_DarwinFoundation2' was not imported by this file; this is an error in the Swift 6 language mode
| `- note: The missing import of module '_DarwinFoundation2' will be added implicitly
27 | }
28 | }
/Users/admin/builder/spi-builder-workspace/Sources/System/FileDescriptorSet.swift:37:13: warning: setter for property 'bytes' is private and cannot be referenced from an '@_alwaysEmitIntoClient' function; this will be an error in a future Swift language mode
15 |
16 | @_alwaysEmitIntoClient
17 | internal private(set) var bytes: CInterop.FileDescriptorSet
| `- note: setter for property 'bytes' is not '@usableFromInline' or public
18 |
19 | @_alwaysEmitIntoClient
:
35 | self.init()
36 | for element in sequence {
37 | bytes.set(element.rawValue)
| `- warning: setter for property 'bytes' is private and cannot be referenced from an '@_alwaysEmitIntoClient' function; this will be an error in a future Swift language mode
38 | }
39 | }
/Users/admin/builder/spi-builder-workspace/Sources/System/FileDescriptorSet.swift:43:9: warning: setter for property 'bytes' is private and cannot be referenced from an '@_alwaysEmitIntoClient' function; this will be an error in a future Swift language mode
15 |
16 | @_alwaysEmitIntoClient
17 | internal private(set) var bytes: CInterop.FileDescriptorSet
| `- note: setter for property 'bytes' is not '@usableFromInline' or public
18 |
19 | @_alwaysEmitIntoClient
:
41 | @_alwaysEmitIntoClient
42 | mutating func append(_ element: FileDescriptor) {
43 | bytes.set(element.rawValue)
| `- warning: setter for property 'bytes' is private and cannot be referenced from an '@_alwaysEmitIntoClient' function; this will be an error in a future Swift language mode
44 | }
45 |
/Users/admin/builder/spi-builder-workspace/Sources/System/FileDescriptorSet.swift:48:9: warning: setter for property 'bytes' is private and cannot be referenced from an '@_alwaysEmitIntoClient' function; this will be an error in a future Swift language mode
15 |
16 | @_alwaysEmitIntoClient
17 | internal private(set) var bytes: CInterop.FileDescriptorSet
| `- note: setter for property 'bytes' is not '@usableFromInline' or public
18 |
19 | @_alwaysEmitIntoClient
:
46 | @_alwaysEmitIntoClient
47 | mutating func remove(_ element: FileDescriptor) {
48 | bytes.clear(element.rawValue)
| `- warning: setter for property 'bytes' is private and cannot be referenced from an '@_alwaysEmitIntoClient' function; this will be an error in a future Swift language mode
49 | }
50 |
/Users/admin/builder/spi-builder-workspace/Sources/System/FileDescriptorSet.swift:53:9: warning: setter for property 'bytes' is private and cannot be referenced from an '@_alwaysEmitIntoClient' function; this will be an error in a future Swift language mode
15 |
16 | @_alwaysEmitIntoClient
17 | internal private(set) var bytes: CInterop.FileDescriptorSet
| `- note: setter for property 'bytes' is not '@usableFromInline' or public
18 |
19 | @_alwaysEmitIntoClient
:
51 | @_alwaysEmitIntoClient
52 | mutating func contains(_ element: FileDescriptor) -> Bool {
53 | bytes.isSet(element.rawValue)
| `- warning: setter for property 'bytes' is private and cannot be referenced from an '@_alwaysEmitIntoClient' function; this will be an error in a future Swift language mode
54 | }
55 |
/Users/admin/builder/spi-builder-workspace/Sources/System/FileDescriptorSet.swift:58:9: warning: setter for property 'bytes' is private and cannot be referenced from an '@_alwaysEmitIntoClient' function; this will be an error in a future Swift language mode
15 |
16 | @_alwaysEmitIntoClient
17 | internal private(set) var bytes: CInterop.FileDescriptorSet
| `- note: setter for property 'bytes' is not '@usableFromInline' or public
18 |
19 | @_alwaysEmitIntoClient
:
56 | @_alwaysEmitIntoClient
57 | mutating func removeAll() {
58 | self.bytes.zero()
| `- warning: setter for property 'bytes' is private and cannot be referenced from an '@_alwaysEmitIntoClient' function; this will be an error in a future Swift language mode
59 | }
60 |
/Users/admin/builder/spi-builder-workspace/Sources/System/FileDescriptorSet.swift:94:20: warning: setter for property 'bytes' is private and cannot be referenced from an '@_alwaysEmitIntoClient' function; this will be an error in a future Swift language mode
15 |
16 | @_alwaysEmitIntoClient
17 | internal private(set) var bytes: CInterop.FileDescriptorSet
| `- note: setter for property 'bytes' is not '@usableFromInline' or public
18 |
19 | @_alwaysEmitIntoClient
:
92 | @_alwaysEmitIntoClient
93 | mutating func withUnsafeMutablePointer<T>(_ body: (UnsafeMutablePointer<Int32>) throws -> T) rethrows -> T {
94 | return try bytes.withUnsafeMutablePointer(body)
| `- warning: setter for property 'bytes' is private and cannot be referenced from an '@_alwaysEmitIntoClient' function; this will be an error in a future Swift language mode
95 | }
96 | }
/Users/admin/builder/spi-builder-workspace/Sources/System/Internals/CInterop.swift:127:38: error: cannot find type 'proc_taskinfo' in scope
125 |
126 | #if os(macOS) || os(iOS) || os(watchOS) || os(tvOS)
127 | public typealias ProcessTaskInfo = proc_taskinfo
| `- error: cannot find type 'proc_taskinfo' in scope
128 | #endif
129 |
/Users/admin/builder/spi-builder-workspace/Sources/System/Signal/SignalAction.swift:32:32: warning: initializer 'init(__sigaction_u:sa_mask:sa_flags:)' cannot be used in an '@_alwaysEmitIntoClient' function because '_DarwinFoundation3' was not imported by this file; this is an error in the Swift 6 language mode
30 | assert(flags.contains(.sigInfo) == false)
31 | #if os(macOS) || os(iOS) || os(watchOS) || os(tvOS)
32 | self.init(CInterop.SignalAction(
| |- warning: initializer 'init(__sigaction_u:sa_mask:sa_flags:)' cannot be used in an '@_alwaysEmitIntoClient' function because '_DarwinFoundation3' was not imported by this file; this is an error in the Swift 6 language mode
| `- note: The missing import of module '_DarwinFoundation3' will be added implicitly
33 | __sigaction_u: .init(__sa_handler: handler.rawValue),
34 | sa_mask: mask.bytes,
/Users/admin/builder/spi-builder-workspace/Sources/System/Signal/SignalAction.swift:33:33: warning: initializer 'init(__sa_handler:)' cannot be used in an '@_alwaysEmitIntoClient' function because '_DarwinFoundation3' was not imported by this file; this is an error in the Swift 6 language mode
31 | #if os(macOS) || os(iOS) || os(watchOS) || os(tvOS)
32 | self.init(CInterop.SignalAction(
33 | __sigaction_u: .init(__sa_handler: handler.rawValue),
| |- warning: initializer 'init(__sa_handler:)' cannot be used in an '@_alwaysEmitIntoClient' function because '_DarwinFoundation3' was not imported by this file; this is an error in the Swift 6 language mode
| `- note: The missing import of module '_DarwinFoundation3' will be added implicitly
34 | sa_mask: mask.bytes,
35 | sa_flags: flags.rawValue)
/Users/admin/builder/spi-builder-workspace/Sources/System/Signal/SignalAction.swift:56:32: warning: initializer 'init(__sigaction_u:sa_mask:sa_flags:)' cannot be used in an '@_alwaysEmitIntoClient' function because '_DarwinFoundation3' was not imported by this file; this is an error in the Swift 6 language mode
54 | flags.insert(.sigInfo)
55 | #if os(macOS) || os(iOS) || os(watchOS) || os(tvOS)
56 | self.init(CInterop.SignalAction(
| |- warning: initializer 'init(__sigaction_u:sa_mask:sa_flags:)' cannot be used in an '@_alwaysEmitIntoClient' function because '_DarwinFoundation3' was not imported by this file; this is an error in the Swift 6 language mode
| `- note: The missing import of module '_DarwinFoundation3' will be added implicitly
57 | __sigaction_u: .init(__sa_sigaction: body),
58 | sa_mask: mask.bytes,
/Users/admin/builder/spi-builder-workspace/Sources/System/Signal/SignalAction.swift:57:33: warning: initializer 'init(__sa_sigaction:)' cannot be used in an '@_alwaysEmitIntoClient' function because '_DarwinFoundation3' was not imported by this file; this is an error in the Swift 6 language mode
55 | #if os(macOS) || os(iOS) || os(watchOS) || os(tvOS)
56 | self.init(CInterop.SignalAction(
57 | __sigaction_u: .init(__sa_sigaction: body),
| |- warning: initializer 'init(__sa_sigaction:)' cannot be used in an '@_alwaysEmitIntoClient' function because '_DarwinFoundation3' was not imported by this file; this is an error in the Swift 6 language mode
| `- note: The missing import of module '_DarwinFoundation3' will be added implicitly
58 | sa_mask: mask.bytes,
59 | sa_flags: flags.rawValue)
/Users/admin/builder/spi-builder-workspace/Sources/System/Signal/SignalAction.swift:73:32: warning: initializer 'init()' cannot be used in an '@_alwaysEmitIntoClient' function because '_DarwinFoundation3' was not imported by this file; this is an error in the Swift 6 language mode
71 | @_alwaysEmitIntoClient
72 | internal init() {
73 | self.init(CInterop.SignalAction())
| |- warning: initializer 'init()' cannot be used in an '@_alwaysEmitIntoClient' function because '_DarwinFoundation3' was not imported by this file; this is an error in the Swift 6 language mode
| `- note: The missing import of module '_DarwinFoundation3' will be added implicitly
74 | }
75 | }
/Users/admin/builder/spi-builder-workspace/Sources/System/Signal/SignalAction.swift:82:38: warning: property 'sa_flags' cannot be used in an '@_alwaysEmitIntoClient' function because '_DarwinFoundation3' was not imported by this file; this is an error in the Swift 6 language mode
80 | @_alwaysEmitIntoClient
81 | var flags: Flags {
82 | return .init(rawValue: bytes.sa_flags)
| |- warning: property 'sa_flags' cannot be used in an '@_alwaysEmitIntoClient' function because '_DarwinFoundation3' was not imported by this file; this is an error in the Swift 6 language mode
| `- note: The missing import of module '_DarwinFoundation3' will be added implicitly
83 | }
84 |
/Users/admin/builder/spi-builder-workspace/Sources/System/Signal/SignalAction.swift:87:33: warning: property 'sa_mask' cannot be used in an '@_alwaysEmitIntoClient' function because '_DarwinFoundation3' was not imported by this file; this is an error in the Swift 6 language mode
85 | @_alwaysEmitIntoClient
86 | var mask: Signal.Set {
87 | return Signal.Set(bytes.sa_mask)
| |- warning: property 'sa_mask' cannot be used in an '@_alwaysEmitIntoClient' function because '_DarwinFoundation3' was not imported by this file; this is an error in the Swift 6 language mode
| `- note: The missing import of module '_DarwinFoundation3' will be added implicitly
88 | }
89 | }
/Users/admin/builder/spi-builder-workspace/Sources/System/Time/Clock.swift:16:50: warning: cannot use type alias 'RawValue' here; '_DarwinFoundation2' was not imported by this file
14 |
15 | #if os(macOS) || os(iOS) || os(watchOS) || os(tvOS)
16 | public typealias RawValue = CInterop.ClockID.RawValue
| `- warning: cannot use type alias 'RawValue' here; '_DarwinFoundation2' was not imported by this file
17 | #else
18 | public typealias RawValue = CInterop.ClockID
_DarwinFoundation2.clockid_t.RawValue:2:28: note: type alias declared here
1 | struct clockid_t {
2 | public typealias clockid_t.RawValue = UInt32}
| `- note: type alias declared here
3 |
SwiftCompile normal arm64 (in target 'SystemPackage' from project 'swift-system')
cd /Users/admin/builder/spi-builder-workspace/.swiftpm/xcode
PruneExplicitPrecompiledModules /Users/admin/builder/spi-builder-workspace/.derivedData/Build/Intermediates.noindex/ExplicitPrecompiledModules
PruneExplicitPrecompiledModules /Users/admin/builder/spi-builder-workspace/.derivedData/Build/Intermediates.noindex/SwiftExplicitPrecompiledModules
PruneExplicitPrecompiledModules /Users/admin/builder/spi-builder-workspace/.derivedData/SDKExplicitPrecompiledModules
2026-09-19 22:24:44.910 xcodebuild[725:4625] [MT] IDERunDestination: Supported platforms for the buildables in the current scheme is empty.
** BUILD FAILED **
The following build commands failed:
SwiftCompile normal arm64_32 (in target 'SystemPackage' from project 'swift-system')
SwiftEmitModule normal arm64_32 Emitting\ module\ for\ SystemPackage (in target 'SystemPackage' from project 'swift-system')
Building workspace swift-system with scheme swift-system
(3 failures)
BUILD FAILURE 6.4 watchOS