Build Information
Failed to build SwiftIdempotency, reference main (5863da), with Swift 6.2 for Wasm on 27 Sep 2026 05:30:50 UTC.
Build Command
bash -c docker run --pull=always --rm -v "checkouts-53886770-1":/host -w "$PWD" -e JAVA_HOME="/root/.sdkman/candidates/java/current" -e SPI_BUILD="1" -e SPI_PROCESSING="1" registry.gitlab.com/saguaro1/spi-images:wasm-6.2-latest swift build --swift-sdk swift-6.2-RELEASE_wasm 2>&1Build Log
========================================
RunAll
========================================
Builder version: 5.1.0
Interrupt handler set up.
========================================
Checkout
========================================
Clone URL: https://github.com/Joseph-Cursio/SwiftIdempotency.git
Reference: main
Initialized empty Git repository in /host/spi-builder-workspace/.git/
hint: Using 'master' as the name for the initial branch. This default branch name
hint: is subject to change. To configure the initial branch name to use in all
hint: of your new repositories, which will suppress this warning, call:
hint:
hint: git config --global init.defaultBranch <name>
hint:
hint: Names commonly chosen instead of 'master' are 'main', 'trunk' and
hint: 'development'. The just-created branch can be renamed via this command:
hint:
hint: git branch -m <name>
From https://github.com/Joseph-Cursio/SwiftIdempotency
* branch main -> FETCH_HEAD
* [new branch] main -> origin/main
HEAD is now at 5863dad Merge pull request #22 from Joseph-Cursio/widen-helpers-with-resolved-generators
Cloned https://github.com/Joseph-Cursio/SwiftIdempotency.git
Revision (git rev-parse @):
5863dadc9a6da422a8939710858d588d3dd001c9
SPI manifest file found: $PWD/.spi.yml
SUCCESS checkout https://github.com/Joseph-Cursio/SwiftIdempotency.git at main
========================================
Build
========================================
Selected platform: wasm
Swift version: 6.2
Building package at path: $PWD
https://github.com/Joseph-Cursio/SwiftIdempotency.git
Running build ...
bash -c docker run --pull=always --rm -v "checkouts-53886770-1":/host -w "$PWD" -e JAVA_HOME="/root/.sdkman/candidates/java/current" -e SPI_BUILD="1" -e SPI_PROCESSING="1" registry.gitlab.com/saguaro1/spi-images:wasm-6.2-latest swift build --swift-sdk swift-6.2-RELEASE_wasm 2>&1
wasm-6.2-latest: Pulling from saguaro1/spi-images
Digest: sha256:ff44196b45f83e5a0a99a627b185f548850d9bc1242e3dee2178fb1570812fe8
Status: Image is up to date for registry.gitlab.com/saguaro1/spi-images:wasm-6.2-latest
Fetching https://github.com/x-sheep/swift-property-based.git
Fetching https://github.com/vapor/fluent-kit
Fetching https://github.com/swiftlang/swift-syntax.git
[1/1335] Fetching swift-property-based
[1336/15303] Fetching swift-property-based, fluent-kit
Fetched https://github.com/vapor/fluent-kit from cache (0.66s)
[1/80069] Fetching swift-syntax
Fetched https://github.com/x-sheep/swift-property-based.git from cache (3.44s)
Fetched https://github.com/swiftlang/swift-syntax.git from cache (3.45s)
Computing version for https://github.com/x-sheep/swift-property-based.git
Computed https://github.com/x-sheep/swift-property-based.git at 2.0.1 (3.63s)
Computing version for https://github.com/swiftlang/swift-syntax.git
Computed https://github.com/swiftlang/swift-syntax.git at 603.0.2 (0.95s)
Computing version for https://github.com/vapor/fluent-kit
Computed https://github.com/vapor/fluent-kit at 1.57.0 (0.15s)
Fetching https://github.com/apple/swift-distributed-tracing.git
Fetching https://github.com/swift-server/swift-service-lifecycle.git
Fetching https://github.com/apple/swift-service-context.git
Fetching https://github.com/apple/swift-nio.git
Fetching https://github.com/apple/swift-log.git
Fetching https://github.com/vapor/sql-kit.git
[1/8165] Fetching swift-log
[491/9551] Fetching swift-log, swift-service-context
[2297/12394] Fetching swift-log, swift-service-context, swift-service-lifecycle
[12395/18756] Fetching swift-log, swift-service-context, swift-service-lifecycle, swift-distributed-tracing
Fetched https://github.com/swift-server/swift-service-lifecycle.git from cache (0.54s)
[11269/15913] Fetching swift-log, swift-service-context, swift-distributed-tracing
Fetched https://github.com/apple/swift-log.git from cache (0.54s)
[3613/7748] Fetching swift-service-context, swift-distributed-tracing
Fetched https://github.com/apple/swift-distributed-tracing.git from cache (0.61s)
[1/86168] Fetching swift-nio
[863/92526] Fetching swift-nio, sql-kit
Fetched https://github.com/apple/swift-service-context.git from cache (1.03s)
Fetched https://github.com/vapor/sql-kit.git from cache (1.03s)
[11202/86168] Fetching swift-nio
Fetched https://github.com/apple/swift-nio.git from cache (3.36s)
Computing version for https://github.com/apple/swift-distributed-tracing.git
Computed https://github.com/apple/swift-distributed-tracing.git at 1.5.0 (3.53s)
Computing version for https://github.com/apple/swift-service-context.git
Computed https://github.com/apple/swift-service-context.git at 1.3.0 (0.15s)
Computing version for https://github.com/swift-server/swift-service-lifecycle.git
Computed https://github.com/swift-server/swift-service-lifecycle.git at 2.12.0 (0.15s)
Fetching https://github.com/apple/swift-async-algorithms.git
[1/6737] Fetching swift-async-algorithms
Fetched https://github.com/apple/swift-async-algorithms.git from cache (1.15s)
Computing version for https://github.com/apple/swift-log.git
Computed https://github.com/apple/swift-log.git at 1.15.1 (1.31s)
Computing version for https://github.com/apple/swift-async-algorithms.git
Computed https://github.com/apple/swift-async-algorithms.git at 1.1.6 (0.21s)
Fetching https://github.com/apple/swift-collections.git
[1/27779] Fetching swift-collections
Fetched https://github.com/apple/swift-collections.git from cache (1.25s)
Computing version for https://github.com/apple/swift-collections.git
Computed https://github.com/apple/swift-collections.git at 1.7.1 (1.51s)
Computing version for https://github.com/vapor/sql-kit.git
Computed https://github.com/vapor/sql-kit.git at 3.36.0 (0.15s)
Computing version for https://github.com/apple/swift-nio.git
Computed https://github.com/apple/swift-nio.git at 2.103.0 (0.35s)
Fetching https://github.com/apple/swift-atomics.git
Fetching https://github.com/apple/swift-system.git
[1/1885] Fetching swift-atomics
[1886/8868] Fetching swift-atomics, swift-system
Fetched https://github.com/apple/swift-atomics.git from cache (0.67s)
Fetched https://github.com/apple/swift-system.git from cache (0.67s)
Computing version for https://github.com/apple/swift-atomics.git
Computed https://github.com/apple/swift-atomics.git at 1.3.1 (0.83s)
Computing version for https://github.com/apple/swift-system.git
Computed https://github.com/apple/swift-system.git at 1.8.1 (0.18s)
Creating working copy for https://github.com/swift-server/swift-service-lifecycle.git
Working copy of https://github.com/swift-server/swift-service-lifecycle.git resolved at 2.12.0
Creating working copy for https://github.com/apple/swift-nio.git
Working copy of https://github.com/apple/swift-nio.git resolved at 2.103.0
Creating working copy for https://github.com/apple/swift-log.git
Working copy of https://github.com/apple/swift-log.git resolved at 1.15.1
Creating working copy for https://github.com/apple/swift-collections.git
Working copy of https://github.com/apple/swift-collections.git resolved at 1.7.1
Creating working copy for https://github.com/apple/swift-service-context.git
Working copy of https://github.com/apple/swift-service-context.git resolved at 1.3.0
Creating working copy for https://github.com/x-sheep/swift-property-based.git
Working copy of https://github.com/x-sheep/swift-property-based.git resolved at 2.0.1
Creating working copy for https://github.com/apple/swift-async-algorithms.git
Working copy of https://github.com/apple/swift-async-algorithms.git resolved at 1.1.6
Creating working copy for https://github.com/vapor/fluent-kit
Working copy of https://github.com/vapor/fluent-kit resolved at 1.57.0
Creating working copy for https://github.com/swiftlang/swift-syntax.git
Working copy of https://github.com/swiftlang/swift-syntax.git resolved at 603.0.2
Creating working copy for https://github.com/apple/swift-atomics.git
Working copy of https://github.com/apple/swift-atomics.git resolved at 1.3.1
Creating working copy for https://github.com/apple/swift-system.git
Working copy of https://github.com/apple/swift-system.git resolved at 1.8.1
Creating working copy for https://github.com/vapor/sql-kit.git
Working copy of https://github.com/vapor/sql-kit.git resolved at 3.36.0
Creating working copy for https://github.com/apple/swift-distributed-tracing.git
Working copy of https://github.com/apple/swift-distributed-tracing.git resolved at 1.5.0
Building for debugging...
[0/131] Write sources
[48/131] Compiling CNIOWindows WSAStartup.c
[49/131] Compiling CNIOWASI CNIOWASI.c
[50/131] Compiling CNIOOpenBSD shim.c
[50/131] Compiling CNIOPosix event_loop_id.c
[51/131] Compiling CNIOWindows shim.c
[53/131] Compiling _AtomicsShims.c
[54/131] Compiling CNIOLinux liburing_shims.c
[55/131] Write sources
[61/131] Compiling CNIOFreeBSD shim.c
[62/131] Compiling _SwiftSyntaxCShims PlatformMutex.c
[63/131] Write sources
[66/131] Compiling CNIODarwin shim.c
[67/131] Write sources
[90/131] Compiling _CWASI _CWASI.c
[91/131] Compiling CNIOWindows shim.c
[92/131] Compiling _AtomicsShims.c
[93/131] Compiling CNIOWindows WSAStartup.c
[93/131] Compiling CNIOWASI CNIOWASI.c
[95/131] Compiling CNIOPosix event_loop_id.c
[96/131] Compiling CNIOOpenBSD shim.c
[97/131] Compiling CNIOLinux shim.c
[98/131] Compiling CNIOLinux liburing_shims.c
[99/131] Compiling CNIOFreeBSD shim.c
[100/131] Write sources
[103/131] Compiling CNIODarwin shim.c
[104/131] Write swift-version-24593BA9C3E375BF.txt
[105/131] Compiling CNIOLinux shim.c
[107/195] Emitting module _NIODataStructures
[108/195] Emitting module InternalCollectionsUtilities
[108/198] Compiling c-nioatomics.c
[111/202] Compiling InternalCollectionsUtilities UnsafeMutablePointer+Extras.swift
[112/202] Compiling InternalCollectionsUtilities UnsafeMutableRawBufferPointer+Extras.swift
[113/202] Compiling InternalCollectionsUtilities UnsafePointer+Extras.swift
[114/202] Compiling _NIOBase64 Base64.swift
[115/202] Emitting module _NIOBase64
[116/203] Compiling InternalCollectionsUtilities Strideable+LimitHelpers.swift
[117/203] Compiling InternalCollectionsUtilities String+Padding.swift
[118/203] Compiling InternalCollectionsUtilities TemporaryAllocation.swift
[119/203] Compiling InternalCollectionsUtilities _UnsafeBitSet+Index.swift
[121/203] Compiling InternalCollectionsUtilities MutableSpan+Extras.swift
[122/203] Compiling InternalCollectionsUtilities OutputSpan+Extras.swift
[123/203] Compiling InternalCollectionsUtilities RandomAccessCollection+Offsets.swift
[124/203] Compiling InternalCollectionsUtilities Span+Extras.swift
[124/203] Compiling c-atomics.c
[127/207] Compiling _NIODataStructures _TinyArray.swift
[128/207] Emitting module SwiftSyntax602
[129/207] Compiling SwiftSyntax602 Empty.swift
[130/208] Compiling _NIODataStructures PriorityQueue.swift
[131/208] Compiling SwiftSyntax603 Empty.swift
[132/208] Emitting module SwiftSyntax603
[133/211] Compiling InternalCollectionsUtilities UnsafeRawBufferPointer+Extras.swift
[134/211] Compiling InternalCollectionsUtilities _SortedCollection.swift
[135/211] Compiling InternalCollectionsUtilities _UniqueCollection.swift
[137/211] Compiling InternalCollectionsUtilities BorrowingIteratorProtocol+Equality.swift
[138/211] Compiling InternalCollectionsUtilities BorrowingIteratorProtocol+Extras.swift
[139/211] Compiling InternalCollectionsUtilities Debugging.swift
[140/211] Compiling InternalCollectionsUtilities Descriptions.swift
[141/211] Compiling SwiftSyntax601 Empty.swift
[142/211] Emitting module SwiftSyntax601
[145/216] Emitting module SwiftSyntax600
[146/216] Compiling SwiftSyntax600 Empty.swift
[148/218] Compiling SwiftSyntax510 Empty.swift
[149/219] Emitting module SwiftSyntax510
[150/219] Compiling InternalCollectionsUtilities Iterable+CopyContents.swift
[151/219] Compiling InternalCollectionsUtilities Iterable+Equality.swift
[152/219] Compiling InternalCollectionsUtilities LifetimeOverride.swift
[153/219] Compiling InternalCollectionsUtilities MutableRef.swift
[154/220] Compiling InternalCollectionsUtilities FixedWidthInteger+roundUpToPowerOfTwo.swift
[155/220] Compiling InternalCollectionsUtilities Integer rank.swift
[156/220] Compiling InternalCollectionsUtilities UInt+first and last set bit.swift
[157/220] Compiling InternalCollectionsUtilities UInt+reversed.swift
[158/220] Compiling InternalCollectionsUtilities _UnsafeBitSet+_Word.swift
[159/220] Compiling InternalCollectionsUtilities _UnsafeBitSet.swift
[160/220] Compiling InternalCollectionsUtilities UnsafeBufferPointer+Extras.swift
[161/220] Compiling InternalCollectionsUtilities UnsafeMutableBufferPointer+Extras.swift
[162/220] Emitting module SwiftSyntax509
[163/221] Compiling SwiftSyntax509 Empty.swift
[167/259] Compiling ServiceContextModule ServiceContextKey.swift
[168/270] Compiling _RopeModule BigString+CustomStringConvertible.swift
[169/270] Compiling _RopeModule BigString+Equatable.swift
[170/270] Compiling _RopeModule BigString+ExpressibleByStringLiteral.swift
[171/270] Compiling _RopeModule BigString+Hashing.swift
[172/328] Compiling _RopeModule BigSubstring+UTF8View.swift
[173/328] Compiling _RopeModule BigSubstring+UnicodeScalarView.swift
[174/328] Compiling _RopeModule BigSubstring.swift
[175/332] Compiling _NIOBase64 Base64.swift
[176/332] Emitting module _NIOBase64
[177/333] Emitting module InternalCollectionsUtilities
[178/333] Compiling _RopeModule BigString+Chunk.swift
[179/333] Compiling _RopeModule BigString+BidirectionalCollection.swift
[180/333] Compiling _RopeModule BigString+Comparable.swift
[181/333] Compiling _RopeModule BigString+CustomDebugStringConvertible.swift
[182/333] Emitting module ServiceContextModule
[183/333] Compiling ServiceContextModule ServiceContext.swift
[185/334] Compiling _RopeModule Rope+Builder.swift
[186/334] Compiling _RopeModule Rope+Debugging.swift
[187/334] Compiling _RopeModule Rope+Invariants.swift
[188/334] Compiling ServiceContextModule ServiceContext.swift
[189/334] Compiling ServiceContextModule ServiceContextKey.swift
[190/334] Emitting module ServiceContextModule
[191/334] Compiling _RopeModule BigString+LosslessStringConvertible.swift
[192/334] Compiling _RopeModule BigString+RangeReplaceableCollection.swift
[193/334] Compiling _RopeModule BigString+Chunk+Breaks.swift
[194/334] Compiling _RopeModule BigString+Chunk+Character.swift
[195/335] Compiling _RopeModule BigString+Chunk+Counts.swift
[196/335] Compiling _RopeModule BigString+Chunk+Description.swift
[197/335] Compiling _RopeModule BigString+Chunk+Index.swift
[198/335] Compiling _RopeModule BigString+Chunk+RopeElement.swift
[201/335] Compiling _RopeModule BigString+UTF16View.swift
[202/335] Compiling _RopeModule BigString+UTF8View.swift
[203/335] Compiling _RopeModule BigString+UnicodeScalarView.swift
[204/335] Compiling _RopeModule BigSubstring+UTF16View.swift
[205/335] Compiling _RopeModule BigString+Chunk+Splitting.swift
[206/335] Compiling _RopeModule BigString+Chunk+UTF16.swift
[207/335] Compiling _RopeModule BigString+Chunk+UTF8.swift
[208/335] Compiling _RopeModule BigString+Chunk+UnicodeScalar.swift
[210/434] Compiling SpanPreview OutputSpan+InputSpanHelpers.swift
[211/434] Compiling SpanPreview MutableSpan+InputSpanHelpers.swift
[212/434] Compiling SpanPreview InputSpan.swift
[213/434] Emitting module SpanPreview
[215/492] Compiling _NIODataStructures PriorityQueue.swift
[216/492] Compiling _NIODataStructures _TinyArray.swift
[217/562] Compiling _NIODataStructures Heap.swift
[219/563] Emitting module _NIODataStructures
[220/563] Compiling _NIODataStructures Heap.swift
[222/595] Compiling SpanPreview MutableSpan+InputSpanHelpers.swift
[223/625] Compiling SpanPreview OutputSpan+InputSpanHelpers.swift
[224/625] Compiling SpanPreview InputSpan.swift
[225/625] Emitting module SpanPreview
[227/633] Compiling OrderedCollections OrderedDictionary+Hashable.swift
[228/633] Compiling OrderedCollections OrderedDictionary+Initializers.swift
[229/633] Compiling OrderedCollections OrderedDictionary+Invariants.swift
[230/633] Compiling OrderedCollections OrderedDictionary+Move.swift
[231/633] Compiling OrderedCollections OrderedDictionary+Partial MutableCollection.swift
[232/633] Compiling OrderedCollections OrderedDictionary+Partial RangeReplaceableCollection.swift
[233/633] Compiling OrderedCollections OrderedDictionary+Sendable.swift
[234/633] Compiling OrderedCollections OrderedDictionary+Sequence.swift
[235/640] Compiling NIOConcurrencyHelpers NIOLockedValueBox.swift
[236/640] Compiling OrderedCollections OrderedSet+Partial SetAlgebra isSuperset.swift
[237/640] Compiling OrderedCollections OrderedSet+Partial SetAlgebra subtract.swift
[238/640] Compiling OrderedCollections OrderedSet+Partial SetAlgebra subtracting.swift
[239/640] Compiling OrderedCollections OrderedSet+Partial SetAlgebra symmetricDifference.swift
[240/640] Compiling OrderedCollections OrderedSet+Partial SetAlgebra union.swift
[241/640] Compiling OrderedCollections OrderedSet+Partial SetAlgebra+Basics.swift
[242/640] Compiling OrderedCollections OrderedSet+RandomAccessCollection.swift
[243/640] Compiling OrderedCollections OrderedSet+ReserveCapacity.swift
[244/640] Compiling OrderedCollections OrderedSet+Partial SetAlgebra formSymmetricDifference.swift
[245/640] Compiling OrderedCollections OrderedSet+Partial SetAlgebra formUnion.swift
[246/640] Compiling OrderedCollections OrderedSet+Partial SetAlgebra intersection.swift
[247/640] Compiling OrderedCollections OrderedSet+Partial SetAlgebra isDisjoint.swift
[248/640] Compiling OrderedCollections OrderedSet+Partial SetAlgebra isEqualSet.swift
[249/640] Compiling OrderedCollections OrderedSet+Partial SetAlgebra isStrictSubset.swift
[250/640] Compiling OrderedCollections OrderedSet+Partial SetAlgebra isStrictSuperset.swift
[251/640] Compiling OrderedCollections OrderedSet+Partial SetAlgebra isSubset.swift
[252/647] Compiling OrderedCollections _HashTable+Bucket.swift
[253/647] Compiling OrderedCollections _HashTable+BucketIterator.swift
[254/647] Compiling OrderedCollections _HashTable+Constants.swift
[255/647] Compiling OrderedCollections _HashTable+CustomStringConvertible.swift
[256/647] Compiling OrderedCollections _HashTable+Testing.swift
[257/647] Compiling OrderedCollections _HashTable+UnsafeHandle.swift
[258/647] Compiling OrderedCollections _HashTable.swift
[259/647] Compiling OrderedCollections _Hashtable+Header.swift
[262/650] Compiling NIOConcurrencyHelpers NIOThreadPoolWorkAvailable.swift
[263/656] Compiling OrderedCollections OrderedSet+Hashable.swift
[264/656] Compiling OrderedCollections OrderedSet+Initializers.swift
[265/656] Compiling OrderedCollections OrderedSet+Insertions.swift
[266/656] Compiling OrderedCollections OrderedSet+Invariants.swift
[267/656] Compiling OrderedCollections OrderedSet+Move.swift
[268/656] Compiling OrderedCollections OrderedSet+Partial MutableCollection.swift
[269/656] Compiling OrderedCollections OrderedSet+Partial RangeReplaceableCollection.swift
[270/656] Compiling OrderedCollections OrderedSet+Partial SetAlgebra formIntersection.swift
[279/656] Compiling OrderedCollections OrderedDictionary+Codable.swift
[280/656] Compiling OrderedCollections OrderedDictionary+CustomReflectable.swift
[281/656] Compiling OrderedCollections OrderedDictionary+Deprecations.swift
[282/656] Compiling OrderedCollections OrderedDictionary+Descriptions.swift
[283/656] Compiling OrderedCollections OrderedDictionary+Elements.SubSequence.swift
[284/656] Compiling OrderedCollections OrderedDictionary+Elements.swift
[285/656] Compiling OrderedCollections OrderedDictionary+Equatable.swift
[286/656] Compiling OrderedCollections OrderedDictionary+ExpressibleByDictionaryLiteral.swift
[293/656] Compiling OrderedCollections OrderedDictionary+Values.swift
[294/656] Compiling OrderedCollections OrderedDictionary.swift
[295/656] Compiling OrderedCollections OrderedSet+Codable.swift
[296/656] Compiling OrderedCollections OrderedSet+CustomReflectable.swift
[309/665] Compiling OrderedCollections OrderedSet+Descriptions.swift
[310/665] Compiling OrderedCollections OrderedSet+Diffing.swift
[311/665] Compiling OrderedCollections OrderedSet+Equatable.swift
[312/665] Compiling OrderedCollections OrderedSet+ExpressibleByArrayLiteral.swift
[313/665] Compiling NIOConcurrencyHelpers NIOLock.swift
[314/665] Compiling NIOConcurrencyHelpers lock.swift
[324/665] Compiling NIOConcurrencyHelpers atomics.swift
[325/665] Compiling NIOConcurrencyHelpers NIOAtomic.swift
[344/665] Emitting module NIOConcurrencyHelpers
[346/673] Compiling OrderedCollections OrderedSet+UnorderedView.swift
[347/673] Compiling OrderedCollections OrderedSet+UnstableInternals.swift
[348/673] Compiling OrderedCollections OrderedSet.swift
[349/673] Compiling OrderedCollections _UnsafeBitset.swift
[350/673] Compiling _RopeModule Rope+Sequence.swift
[351/673] Compiling _RopeModule Rope+Append.swift
[352/673] Compiling _RopeModule Rope+Extract.swift
[353/673] Compiling _RopeModule Rope+Find.swift
[354/673] Compiling _RopeModule Rope+ForEachWhile.swift
[355/673] Compiling _RopeModule Rope+Insert.swift
[356/673] Compiling NIOConcurrencyHelpers lock.swift
[357/673] Compiling NIOConcurrencyHelpers NIOLock.swift
[358/673] Compiling OrderedCollections OrderedSet+Sendable.swift
[359/673] Compiling OrderedCollections OrderedSet+SubSequence.swift
[360/673] Compiling OrderedCollections OrderedSet+Testing.swift
[365/673] Emitting module NIOConcurrencyHelpers
[387/677] Compiling NIOConcurrencyHelpers atomics.swift
[396/677] Compiling NIOConcurrencyHelpers NIOAtomic.swift
[397/677] Compiling NIOConcurrencyHelpers NIOLockedValueBox.swift
[398/677] Compiling PropertyBased Xoshiro.swift
[399/677] Compiling PropertyBased Zip.swift
[406/677] Compiling NIOConcurrencyHelpers NIOThreadPoolWorkAvailable.swift
[422/686] Compiling SwiftSyntax SyntaxNodesC.swift
[442/697] Compiling Logging LogHandler.swift
[446/697] Emitting module _RopeModule
[447/697] Compiling Logging MultiplexLogHandler.swift
[448/697] Compiling Logging StreamLogHandler.swift
[449/697] Compiling Logging SwiftLogNoOpLogHandler.swift
[450/697] Compiling Logging Locks.swift
[451/697] Compiling Logging LogEvent.swift
[455/697] Emitting module OrderedCollections
[461/702] Compiling Logging LoggingSystem.swift
[462/714] Compiling Logging SwiftLogNoOpLogHandler.swift
[463/714] Compiling Logging Locks.swift
[464/714] Compiling Logging MetadataProvider.swift
[465/714] Compiling Logging MultiplexLogHandler.swift
[466/714] Compiling Logging StreamLogHandler.swift
[469/714] Compiling Logging LogEvent.swift
[470/714] Compiling Logging LogHandler.swift
[475/714] Emitting module PropertyBased
[476/714] Emitting module _RopeModule
[479/714] Compiling Logging Logger+Attributes.swift
[480/714] Compiling SwiftSyntax SyntaxNodesTUVWXYZ.swift
[481/714] Compiling _RopeModule Rope+MutatingForEach.swift
[482/714] Compiling _RopeModule Rope+Remove.swift
[483/714] Compiling _RopeModule Rope+RemoveSubrange.swift
[484/714] Compiling _RopeModule Rope+Split.swift
[485/714] Compiling _RopeModule Optional Utilities.swift
[486/714] Compiling _RopeModule String Utilities.swift
[487/714] Compiling _RopeModule String.Index+ABI.swift
[488/714] Compiling _RopeModule _CharacterRecognizer.swift
[491/714] Emitting module Logging
[505/715] Compiling Logging LoggingSystem.swift
[506/715] Compiling Logging Logger+Attributes.swift
[507/715] Compiling Logging Logger+With.swift
[508/715] Compiling Logging MetadataProvider.swift
[509/715] Compiling Logging Logger+With.swift
[510/715] Compiling Logging Logger.swift
[516/722] Compiling Instrumentation Instrument.swift
[517/722] Compiling Logging Logger.swift
[518/722] Compiling Instrumentation NoOpInstrument.swift
[519/722] Compiling PropertyBased Shrink+Tuple.swift
[520/722] Compiling PropertyBased Shrink.swift
[521/722] Compiling PropertyBased Xoshiro.swift
[522/722] Compiling PropertyBased Zip.swift
[532/722] Emitting module PropertyBased
[561/722] Compiling Instrumentation MultiplexInstrument.swift
[562/722] Compiling Instrumentation Locks.swift
[565/722] Emitting module Logging
[566/723] Emitting module Instrumentation
[567/723] Compiling Instrumentation InstrumentationSystem.swift
[614/724] Emitting module OrderedCollections
[617/740] Compiling Instrumentation NoOpInstrument.swift
[618/740] Compiling Instrumentation MultiplexInstrument.swift
[619/740] Compiling Instrumentation Locks.swift
[620/748] Emitting module Instrumentation
[621/748] Compiling Instrumentation Instrument.swift
[622/748] Compiling HeapModule Heap+ExpressibleByArrayLiteral.swift
[623/748] Compiling Instrumentation InstrumentationSystem.swift
[645/757] Compiling HeapModule Heap+Invariants.swift
[647/758] Compiling HeapModule Heap+Testing.swift
[649/758] Compiling HeapModule Heap+Descriptions.swift
[650/758] Emitting module Tracing
[651/759] Compiling Tracing TracingTime.swift
[652/759] Compiling Tracing TracerProtocol.swift
[653/804] Compiling Tracing WithTracer.swift
[654/835] Compiling HeapModule Heap+Descriptions.swift
[655/839] Emitting module HeapModule
[656/843] Compiling Tracing TracerProtocol+Legacy.swift
[657/843] Compiling Tracing Tracer.swift
[658/843] Compiling HeapModule Heap+UnsafeHandle.swift
[659/843] Compiling HeapModule _HeapNode.swift
[660/843] Compiling HeapModule Heap.swift
[662/843] Compiling HeapModule _HeapNode.swift
[664/844] Compiling Tracing InstrumentationSystem+Tracing.swift
[665/907] Compiling HeapModule Heap+ExpressibleByArrayLiteral.swift
[666/907] Compiling HeapModule Heap+Testing.swift
[667/908] Compiling HeapModule Heap+UnsafeHandle.swift
[668/921] Compiling Tracing TracingTime.swift
[669/921] Emitting module Tracing
[670/921] Emitting module HeapModule
[671/922] Compiling Tracing WithTracer.swift
[673/922] Compiling Tracing TracerProtocol.swift
[674/964] Compiling Tracing SpanProtocol.swift
[675/964] Compiling Tracing InstrumentationSystem+Tracing.swift
[676/964] Compiling Tracing NoOpTracer.swift
[677/965] Compiling Tracing TracerProtocol+Legacy.swift
[678/965] Compiling Tracing Tracer.swift
[680/1007] Compiling HashTreeCollections TreeSet+Hashable.swift
[681/1007] Compiling HashTreeCollections TreeSet+Sendable.swift
[682/1007] Compiling HashTreeCollections TreeSet+Sequence.swift
[683/1007] Compiling HashTreeCollections TreeSet+SetAlgebra Initializers.swift
[684/1007] Compiling HashTreeCollections TreeSet+SetAlgebra basics.swift
[685/1007] Compiling HashTreeCollections TreeSet+SetAlgebra formIntersection.swift
[686/1007] Compiling HashTreeCollections TreeSet+SetAlgebra formSymmetricDifference.swift
[687/1007] Compiling HashTreeCollections TreeSet+SetAlgebra formUnion.swift
[688/1007] Compiling HashTreeCollections TreeSet+SetAlgebra intersection.swift
[689/1007] Compiling HashTreeCollections TreeSet+SetAlgebra isDisjoint.swift
[690/1017] Compiling Tracing NoOpTracer.swift
[691/1017] Compiling Tracing SpanProtocol.swift
[693/1018] Compiling DequeModule Deque+Extras.swift
[694/1018] Compiling DequeModule Deque+Hashable.swift
[695/1018] Compiling DequeModule Deque+Testing.swift
[696/1018] Compiling DequeModule Deque._Storage.swift
[697/1018] Compiling DequeModule Deque._UnsafeHandle.swift
[698/1018] Compiling DequeModule Deque.swift
[699/1023] Compiling DequeModule UniqueDeque+Descriptions.swift
[700/1023] Compiling DequeModule UniqueDeque+Equatable.swift
[701/1023] Compiling DequeModule UniqueDeque+Hashable.swift
[702/1023] Compiling DequeModule UniqueDeque+Initializers.swift
[703/1023] Compiling DequeModule UniqueDeque+Insertions.swift
[704/1023] Compiling DequeModule UniqueDeque+Iterable.swift
[705/1023] Compiling DequeModule UniqueDeque+Prepend.swift
[706/1023] Compiling DequeModule UniqueDeque+Removals.swift
[707/1023] Compiling DequeModule UniqueDeque+Replacements.swift
[708/1023] Compiling DequeModule UniqueDeque.swift
[709/1023] Compiling DequeModule _DequeSlot.swift
[720/1033] Compiling HashTreeCollections TreeDictionary.swift
[721/1033] Compiling HashTreeCollections TreeSet+Codable.swift
[722/1033] Compiling HashTreeCollections TreeSet+Collection.swift
[723/1033] Compiling HashTreeCollections TreeSet+CustomReflectable.swift
[724/1033] Compiling HashTreeCollections TreeSet+Debugging.swift
[725/1033] Compiling HashTreeCollections TreeSet+Descriptions.swift
[726/1033] Compiling HashTreeCollections TreeSet+Equatable.swift
[727/1033] Compiling HashTreeCollections TreeSet+ExpressibleByArrayLiteral.swift
[728/1033] Compiling HashTreeCollections TreeSet+Extras.swift
[729/1033] Compiling HashTreeCollections TreeSet+Filter.swift
[730/1033] Compiling DequeModule UniqueDeque+Consumption.swift
[731/1033] Compiling DequeModule UniqueDeque+ContainerOperations.swift
[732/1033] Compiling DequeModule UniqueDeque+Deprecations.swift
[747/1041] Compiling ConcurrencyHelpers LockedValueBox.swift
[763/1041] Compiling DequeModule RigidDeque+Prepend.swift
[764/1041] Compiling DequeModule RigidDeque+Removals.swift
[765/1041] Compiling DequeModule RigidDeque+Replacements.swift
[766/1041] Compiling DequeModule RigidDeque+Testing.swift
[767/1041] Compiling DequeModule RigidDeque.swift
[768/1041] Compiling DequeModule UniqueDeque+Append.swift
[769/1041] Compiling DequeModule _DequeBuffer.swift
[770/1041] Compiling DequeModule _DequeBufferHeader.swift
[771/1041] Compiling DequeModule RigidDeque+Append.swift
[772/1041] Compiling DequeModule RigidDeque+Consumption.swift
[773/1041] Compiling DequeModule RigidDeque+ContainerOperations.swift
[774/1041] Compiling DequeModule RigidDeque+Deprecations.swift
[781/1041] Compiling DequeModule RigidDeque+Descriptions.swift
[782/1041] Compiling DequeModule RigidDeque+Equatable.swift
[783/1041] Compiling DequeModule RigidDeque+Hashable.swift
[784/1041] Compiling DequeModule RigidDeque+Initializers.swift
[785/1041] Compiling DequeModule RigidDeque+Insertions.swift
[786/1041] Compiling DequeModule RigidDeque+Iterable.swift
[802/1043] Compiling DequeModule _UnsafeDequeHandle.swift
[803/1043] Compiling DequeModule _UnsafeDequeSegments.swift
[804/1043] Compiling HashTreeCollections TreeDictionary+Filter.swift
[805/1043] Compiling HashTreeCollections TreeDictionary+Hashable.swift
[806/1043] Compiling HashTreeCollections TreeDictionary+Initializers.swift
[807/1043] Compiling HashTreeCollections TreeDictionary+Keys.swift
[808/1043] Compiling HashTreeCollections TreeDictionary+MapValues.swift
[809/1043] Compiling HashTreeCollections TreeDictionary+Merge.swift
[810/1043] Compiling HashTreeCollections TreeDictionary+Sendable.swift
[811/1043] Compiling HashTreeCollections TreeDictionary+Sequence.swift
[812/1043] Compiling HashTreeCollections TreeDictionary+Values.swift
[813/1043] Emitting module ConcurrencyHelpers
[814/1043] Compiling ConcurrencyHelpers Lock.swift
[834/1047] Compiling HashTreeCollections TreeSet+SetAlgebra isEqualSet.swift
[835/1047] Compiling HashTreeCollections TreeSet+SetAlgebra isStrictSubset.swift
[836/1047] Compiling HashTreeCollections TreeSet+SetAlgebra isStrictSuperset.swift
[837/1047] Compiling HashTreeCollections TreeSet+SetAlgebra isSubset.swift
[838/1047] Compiling HashTreeCollections TreeSet+SetAlgebra isSuperset.swift
[839/1047] Compiling HashTreeCollections TreeSet+SetAlgebra subtract.swift
[840/1047] Compiling HashTreeCollections TreeSet+SetAlgebra subtracting.swift
[841/1047] Compiling HashTreeCollections TreeSet+SetAlgebra symmetricDifference.swift
[842/1047] Compiling HashTreeCollections TreeSet+SetAlgebra union.swift
[843/1047] Compiling HashTreeCollections TreeSet.swift
[844/1091] Compiling ConcurrencyHelpers LockedValueBox.swift
[845/1155] Compiling BitCollections BitSet+Extras.swift
[846/1155] Compiling BitCollections BitSet.Counted.swift
[847/1155] Compiling BitCollections BitSet+SetAlgebra formUnion.swift
[848/1155] Compiling BitCollections BitSet+SetAlgebra subtract.swift
[849/1155] Compiling BitCollections BitSet+SetAlgebra subtracting.swift
[850/1155] Compiling BitCollections BitSet+SetAlgebra isEqualSet.swift
[851/1155] Compiling BitCollections BitSet+SetAlgebra isStrictSubset.swift
[852/1155] Compiling BitCollections BitSet+SetAlgebra isStrictSuperset.swift
[853/1155] Compiling BitCollections BitSet+SetAlgebra isSubset.swift
[866/1155] Emitting module ConcurrencyHelpers
[867/1155] Compiling ConcurrencyHelpers Lock.swift
[869/1159] Compiling BitCollections BitArray+Fill.swift
[870/1159] Compiling BitCollections BitArray+Hashable.swift
[871/1159] Compiling BitCollections BitArray+Initializers.swift
[872/1159] Compiling BitCollections BitArray+Invariants.swift
[873/1159] Compiling BitCollections BitArray+LosslessStringConvertible.swift
[874/1159] Compiling BitCollections BitArray+BitwiseOperations.swift
[875/1159] Compiling BitCollections BinaryInteger extensions.swift
[876/1159] Compiling BitCollections BitArray+BitwiseOperations.swift
[877/1159] Compiling BitCollections BitArray+ChunkedBitsIterators.swift
[878/1159] Compiling BitCollections BitArray+Codable.swift
[879/1159] Compiling BitCollections BitArray+Testing.swift
[880/1159] Compiling BitCollections BitArray._UnsafeHandle.swift
[881/1159] Compiling BitCollections BitSet+Codable.swift
[882/1159] Compiling BitCollections BitSet+Invariants.swift
[883/1159] Compiling BitCollections BitSet+Random.swift
[884/1159] Compiling BitCollections BitSet+SetAlgebra basics.swift
[885/1159] Compiling BitCollections BitSet+SetAlgebra conformance.swift
[886/1159] Compiling BitCollections BitSet+ExpressibleByArrayLiteral.swift
[887/1159] Compiling BitCollections BitSet+Extras.swift
[888/1159] Compiling BitCollections BitSet+SetAlgebra formUnion.swift
[895/1166] Compiling BitCollections BitArray.swift
[896/1166] Compiling BitCollections BitArray+Descriptions.swift
[897/1166] Compiling BitCollections BitArray+Equatable.swift
[898/1166] Compiling BitCollections BitArray+ExpressibleByArrayLiteral.swift
[899/1166] Compiling BitCollections BitArray+ExpressibleByStringLiteral.swift
[900/1166] Compiling BitCollections BitArray+Extras.swift
[901/1166] Compiling BitCollections BitSet+SetAlgebra isDisjoint.swift
[902/1166] Compiling BitCollections BitSet+SetAlgebra isEqualSet.swift
[903/1166] Compiling BitCollections BitSet+SetAlgebra isStrictSubset.swift
[904/1166] Compiling BitCollections BitSet+SetAlgebra isStrictSuperset.swift
[905/1166] Compiling BitCollections BitSet+SetAlgebra isSubset.swift
[906/1166] Compiling BitCollections BitSet+Codable.swift
[907/1166] Compiling BitCollections BitSet+CustomDebugStringConvertible.swift
[908/1166] Compiling BitCollections BitSet+CustomReflectable.swift
[909/1166] Compiling BitCollections BitSet+CustomStringConvertible.swift
[910/1166] Compiling BitCollections BitSet+Equatable.swift
[911/1166] Compiling BitCollections BitSet+ExpressibleByArrayLiteral.swift
[919/1173] Compiling BitCollections BitSet+SetAlgebra intersection.swift
[926/1173] Compiling UnixSignals UnixSignalsSequence.swift
[927/1173] Emitting module UnixSignals
[928/1173] Compiling UnixSignals UnixSignal.swift
[988/1177] Emitting module UnixSignals
[989/1177] Compiling BitCollections BitArray.swift
[990/1177] Compiling BitCollections BitSet+BidirectionalCollection.swift
[1007/1177] Compiling BitCollections BitArray+ChunkedBitsIterators.swift
[1008/1177] Compiling BitCollections BitArray+Codable.swift
[1009/1177] Compiling BitCollections BitArray+Collection.swift
[1010/1177] Compiling BitCollections BitArray._UnsafeHandle.swift
[1011/1177] Emitting module BitCollections
[1012/1177] Compiling UnixSignals UnixSignalsSequence.swift
[1013/1177] Compiling UnixSignals UnixSignal.swift
[1015/1178] Emitting module BitCollections
[1016/1190] Compiling BitCollections BitSet.Index.swift
[1017/1190] Compiling BitCollections BitSet._UnsafeHandle.swift
[1018/1190] Compiling BitCollections BitSet.swift
[1019/1190] Compiling BitCollections Range+Utilities.swift
[1020/1190] Compiling BitCollections Slice+Utilities.swift
[1021/1190] Compiling BitCollections UInt+Tricks.swift
[1022/1190] Compiling BitCollections _Word.swift
[1023/1196] Compiling Atomics AtomicReference.swift
[1024/1196] Compiling Atomics AtomicStorage.swift
[1025/1196] Compiling Atomics AtomicValue.swift
[1026/1196] Compiling Atomics AtomicMemoryOrderings.swift
[1027/1196] Compiling Atomics DoubleWord.swift
[1028/1196] Compiling Atomics UnsafeAtomic.swift
[1029/1196] Compiling Atomics UnsafeAtomicLazyReference.swift
[1030/1196] Compiling Atomics ManagedAtomic.swift
[1031/1196] Compiling Atomics OptionalRawRepresentable.swift
[1032/1196] Compiling Atomics RawRepresentable.swift
[1033/1196] Compiling Atomics AtomicBool.swift
[1034/1196] Compiling Atomics IntegerConformances.swift
[1035/1196] Compiling Atomics PointerConformances.swift
[1036/1196] Compiling Atomics Primitives.native.swift
[1037/1196] Compiling Atomics AtomicInteger.swift
[1038/1196] Compiling Atomics AtomicOptionalWrappable.swift
[1039/1196] Compiling Atomics ManagedAtomicLazyReference.swift
[1104/1200] Compiling Atomics IntegerOperations.swift
[1105/1200] Compiling Atomics Unmanaged extensions.swift
[1109/1200] Wrapping AST for SwiftSyntax603 for debugging
[1110/1218] Wrapping AST for SwiftSyntax602 for debugging
[1111/1218] Wrapping AST for SwiftSyntax601 for debugging
[1114/1218] Wrapping AST for SwiftSyntax600 for debugging
[1116/1218] Compiling Atomics AtomicInteger.swift
[1117/1218] Compiling Atomics AtomicOptionalWrappable.swift
[1118/1218] Compiling Atomics AtomicReference.swift
[1118/1218] Wrapping AST for SwiftSyntax510 for debugging
[1119/1218] Wrapping AST for SwiftSyntax509 for debugging
[1121/1218] Compiling Atomics UnsafeAtomic.swift
[1122/1218] Compiling Atomics UnsafeAtomicLazyReference.swift
[1123/1218] Compiling Atomics ManagedAtomic.swift
[1124/1218] Compiling Atomics ManagedAtomicLazyReference.swift
[1125/1220] Emitting module HashTreeCollections
[1126/1221] Compiling Atomics AtomicStorage.swift
[1127/1221] Compiling Atomics AtomicValue.swift
[1128/1221] Compiling Atomics AtomicMemoryOrderings.swift
[1129/1221] Compiling Atomics DoubleWord.swift
[1131/1221] Compiling Atomics IntegerOperations.swift
[1132/1221] Compiling Atomics Unmanaged extensions.swift
[1141/1221] Emitting module DequeModule
[1142/1221] Emitting module HashTreeCollections
[1144/1222] Emitting module DequeModule
[1146/1230] Emitting module Collections
[1147/1238] Compiling Collections Collections.swift
[1149/1279] Compiling AsyncAlgorithms Disconnected.swift
[1150/1279] Compiling AsyncAlgorithms _TinyArray.swift
[1151/1279] Compiling AsyncAlgorithms AsyncInterspersedSequence.swift
[1152/1279] Compiling AsyncAlgorithms Locking.swift
[1153/1279] Compiling AsyncAlgorithms AsyncMerge2Sequence.swift
[1154/1280] Emitting module Atomics
[1155/1280] Compiling AsyncAlgorithms AsyncAdjacentPairsSequence.swift
[1156/1280] Compiling AsyncAlgorithms AsyncBufferedByteIterator.swift
[1157/1280] Compiling AsyncAlgorithms AsyncChain2Sequence.swift
[1158/1280] Compiling AsyncAlgorithms AsyncChain3Sequence.swift
[1159/1280] Compiling AsyncAlgorithms AsyncChunkedByGroupSequence.swift
[1160/1280] Compiling AsyncAlgorithms AsyncChunkedOnProjectionSequence.swift
[1163/1336] Compiling Collections Collections.swift
[1164/1336] Emitting module Collections
[1166/1401] Emitting module Atomics
[1167/1401] Compiling NIOCore AsyncChannelHandler.swift
[1168/1401] Compiling NIOCore AsyncChannelInboundStream.swift
[1169/1401] Compiling NIOCore AsyncChannelOutboundWriter.swift
[1170/1401] Compiling NIOCore AddressedEnvelope.swift
[1171/1401] Compiling NIOCore AsyncAwaitSupport.swift
[1172/1401] Compiling NIOCore AsyncChannel.swift
[1174/1466] Compiling NIOCore NIOAsyncWriter.swift
[1175/1466] Compiling NIOCore EventLoopFuture+Deprecated.swift
[1176/1466] Compiling NIOCore EventLoopFuture+WithEventLoop.swift
[1177/1466] Compiling NIOCore EventLoopFuture.swift
[1178/1466] Compiling NIOCore FileDescriptor.swift
[1179/1466] Compiling NIOCore FileHandle.swift
[1180/1466] Compiling NIOCore FileRegion.swift
[1181/1466] Compiling NIOCore GlobalSingletons.swift
[1182/1473] Emitting module AsyncAlgorithms
[1183/1473] Compiling NIOCore IO.swift
[1184/1473] Compiling NIOCore IOData.swift
[1185/1473] Compiling NIOCore CircularBuffer.swift
[1186/1473] Compiling NIOCore Codec.swift
[1187/1473] Compiling NIOCore ConvenienceOptionSupport.swift
[1188/1473] Compiling NIOCore DeadChannel.swift
[1189/1473] Compiling NIOCore DispatchQueue+WithFuture.swift
[1197/1480] Compiling NIOCore EventLoop+Deprecated.swift
[1198/1480] Compiling NIOCore AddressedEnvelope.swift
[1199/1480] Compiling NIOCore AsyncAwaitSupport.swift
[1200/1480] Compiling NIOCore AsyncChannel.swift
[1201/1480] Compiling NIOCore AsyncChannelHandler.swift
[1202/1480] Compiling NIOCore AsyncChannelInboundStream.swift
[1203/1480] Compiling NIOCore AsyncChannelOutboundWriter.swift
[1204/1480] Compiling NIOCore NIOAsyncSequenceProducer.swift
[1205/1480] Compiling NIOCore NIOAsyncSequenceProducerStrategies.swift
[1206/1480] Compiling AsyncAlgorithms UnsafeTransfer.swift
[1207/1480] Compiling AsyncAlgorithms AsyncZip2Sequence.swift
[1208/1480] Compiling AsyncAlgorithms AsyncZip3Sequence.swift
[1209/1480] Compiling AsyncAlgorithms ZipStateMachine.swift
[1210/1480] Compiling AsyncAlgorithms ZipStorage.swift
[1211/1480] Compiling NIOCore NIOSendable.swift
[1212/1480] Compiling NIOCore NIOSplitLinesMessageDecoder.swift
[1213/1480] Compiling NIOCore NIOTransportAccessibleChannelCore.swift
[1214/1480] Compiling NIOCore RecvByteBufferAllocator.swift
[1215/1488] Compiling NIOCore ChannelHandler.swift
[1216/1488] Compiling NIOCore ChannelHandlers.swift
[1217/1488] Compiling NIOCore ChannelInvoker.swift
[1218/1488] Compiling NIOCore ChannelOption.swift
[1219/1488] Compiling NIOCore ChannelPipeline.swift
[1220/1488] Compiling NIOCore NIOThrowingAsyncSequenceProducer.swift
[1221/1488] Compiling NIOCore BSDSocketAPI.swift
[1222/1488] Compiling NIOCore EventLoop+SerialExecutor.swift
[1223/1488] Compiling NIOCore EventLoop.swift
[1224/1488] Compiling NIOCore EventLoopFuture+AssumeIsolated.swift
[1225/1488] Compiling NIOCore ByteBuffer-multi-int.swift
[1226/1488] Compiling NIOCore ByteBuffer-quicBinaryEncodingStrategy.swift
[1227/1488] Compiling NIOCore ByteBuffer-views.swift
[1228/1488] Compiling NIOCore Channel.swift
[1238/1496] Emitting module AsyncAlgorithms
[1239/1496] Compiling AsyncAlgorithms Rethrow.swift
[1240/1496] Compiling AsyncAlgorithms SetAlgebra.swift
[1262/1496] Compiling NIOCore IPProtocol.swift
[1263/1496] Compiling NIOCore IntegerBitPacking.swift
[1264/1496] Compiling NIOCore IntegerTypes.swift
[1265/1496] Compiling NIOCore Interfaces.swift
[1266/1496] Compiling NIOCore Linux.swift
[1267/1496] Compiling NIOCore MarkedCircularBuffer.swift
[1268/1496] Compiling NIOCore MulticastChannel.swift
[1271/1496] Emitting module SwiftSyntax
[1274/1496] Compiling NIOCore ByteBuffer-aux.swift
[1275/1496] Compiling NIOCore ByteBuffer-binaryEncodedLengthPrefix.swift
[1276/1496] Compiling NIOCore ByteBuffer-conversions.swift
[1277/1496] Compiling NIOCore ByteBuffer-core.swift
[1278/1496] Compiling NIOCore ByteBuffer-hex.swift
[1279/1496] Compiling NIOCore ByteBuffer-int.swift
[1280/1496] Compiling NIOCore ByteBuffer-lengthPrefix.swift
[1327/1506] Compiling ServiceLifecycle Service.swift
[1328/1507] Compiling ServiceLifecycle CancellationWaiter.swift
[1329/1507] Emitting module ServiceLifecycle
[1330/1507] Compiling ServiceLifecycle AsyncCancelOnGracefulShutdownSequence.swift
[1331/1507] Compiling ServiceLifecycle AsyncGracefulShutdownSequence.swift
[1332/1507] Compiling ServiceLifecycle ServiceGroupConfiguration.swift
[1333/1507] Compiling ServiceLifecycle ServiceRunnerError.swift
[1334/1507] Compiling ServiceLifecycle ClosureService.swift
[1335/1507] Compiling ServiceLifecycle GracefulShutdown.swift
[1350/1508] Compiling NIOCore SingleStepByteToMessageDecoder.swift
[1351/1508] Compiling NIOCore SocketAddresses.swift
[1352/1508] Compiling NIOCore SocketOptionProvider.swift
[1353/1508] Compiling NIOCore SystemCallHelpers.swift
[1354/1508] Compiling NIOCore TimeAmount+Duration.swift
[1355/1508] Compiling NIOCore TypeAssistedChannelHandler.swift
[1356/1508] Compiling NIOCore UniversalBootstrapSupport.swift
[1357/1508] Compiling NIOCore Utilities.swift
[1359/1517] Compiling ServiceLifecycle AsyncCancelOnGracefulShutdownSequence.swift
[1360/1517] Compiling ServiceLifecycle AsyncGracefulShutdownSequence.swift
[1397/1518] Compiling ServiceLifecycle ServiceGroupConfiguration.swift
[1398/1518] Emitting module ServiceLifecycle
[1407/1518] Compiling ServiceLifecycle CancellationWaiter.swift
[1408/1518] Compiling ServiceLifecycle ClosureService.swift
[1409/1518] Compiling ServiceLifecycle ServiceRunnerError.swift
[1410/1518] Compiling ServiceLifecycle ServiceGroup.swift
[1413/1519] Compiling ServiceLifecycle GracefulShutdown.swift
[1414/1519] Compiling ServiceLifecycle Service.swift
[1461/1520] Emitting module NIOCore
[1465/1626] Compiling NIOEmbedded AsyncTestingChannel.swift
[1466/1712] Compiling SQLKit SQLAlterEnumBuilder.swift
[1467/1716] Compiling SQLKit SQLAlterTableBuilder.swift
[1468/1716] Compiling SQLKit SQLConflictUpdateBuilder.swift
[1469/1716] Compiling SQLKit SQLCreateEnumBuilder.swift
[1470/1716] Compiling SQLKit SQLCreateIndexBuilder.swift
[1471/1716] Compiling SQLKit SQLCreateTableBuilder.swift
[1472/1716] Compiling SQLKit SQLCreateTriggerBuilder.swift
error: emit-module command failed with exit code 1 (use -v to see invocation)
[1473/1720] Emitting module NIOPosix
/host/spi-builder-workspace/.build/checkouts/swift-nio/Sources/NIOPosix/BaseSocketChannel+AccessibleTransport.swift:17:11: error: cannot find type 'BaseSocketChannel' in scope
15 | import NIOCore
16 |
17 | extension BaseSocketChannel where SocketType: BaseSocket {
| `- error: cannot find type 'BaseSocketChannel' in scope
18 | /// The underlying transport type backing this channel.
19 | typealias Transport = NIOBSDSocket.Handle
/host/spi-builder-workspace/.build/checkouts/swift-nio/Sources/NIOPosix/BaseSocketChannel+AccessibleTransport.swift:27:11: error: cannot find type 'BaseSocketChannel' in scope
25 | }
26 |
27 | extension BaseSocketChannel where SocketType: PipePair {
| `- error: cannot find type 'BaseSocketChannel' in scope
28 | /// The underlying transport type backing this channel.
29 | typealias Transport = NIOBSDSocket.PipeHandle
/host/spi-builder-workspace/.build/checkouts/swift-nio/Sources/NIOPosix/BaseSocketChannel+AccessibleTransport.swift:42:11: error: cannot find type 'SocketChannel' in scope
40 | }
41 |
42 | extension SocketChannel: NIOTransportAccessibleChannelCore {}
| `- error: cannot find type 'SocketChannel' in scope
43 | extension ServerSocketChannel: NIOTransportAccessibleChannelCore {}
44 | extension DatagramChannel: NIOTransportAccessibleChannelCore {}
/host/spi-builder-workspace/.build/checkouts/swift-nio/Sources/NIOPosix/BaseSocketChannel+AccessibleTransport.swift:43:11: error: cannot find type 'ServerSocketChannel' in scope
41 |
42 | extension SocketChannel: NIOTransportAccessibleChannelCore {}
43 | extension ServerSocketChannel: NIOTransportAccessibleChannelCore {}
| `- error: cannot find type 'ServerSocketChannel' in scope
44 | extension DatagramChannel: NIOTransportAccessibleChannelCore {}
45 | extension PipeChannel: NIOTransportAccessibleChannelCore {}
/host/spi-builder-workspace/.build/checkouts/swift-nio/Sources/NIOPosix/BaseSocketChannel+AccessibleTransport.swift:44:11: error: cannot find type 'DatagramChannel' in scope
42 | extension SocketChannel: NIOTransportAccessibleChannelCore {}
43 | extension ServerSocketChannel: NIOTransportAccessibleChannelCore {}
44 | extension DatagramChannel: NIOTransportAccessibleChannelCore {}
| `- error: cannot find type 'DatagramChannel' in scope
45 | extension PipeChannel: NIOTransportAccessibleChannelCore {}
46 |
/host/spi-builder-workspace/.build/checkouts/swift-nio/Sources/NIOPosix/BaseSocketChannel+AccessibleTransport.swift:45:11: error: cannot find type 'PipeChannel' in scope
43 | extension ServerSocketChannel: NIOTransportAccessibleChannelCore {}
44 | extension DatagramChannel: NIOTransportAccessibleChannelCore {}
45 | extension PipeChannel: NIOTransportAccessibleChannelCore {}
| `- error: cannot find type 'PipeChannel' in scope
46 |
[1474/1734] Compiling NIOPosix PipeChannel.swift
[1475/1734] Compiling NIOPosix PipePair.swift
[1476/1734] Compiling NIOPosix Pool.swift
[1477/1734] Compiling NIOPosix PosixSingletons+ConcurrencyTakeOver.swift
[1478/1734] Compiling NIOPosix PosixSingletons.swift
[1479/1734] Compiling NIOPosix RawSocketBootstrap.swift
[1480/1734] Compiling NIOPosix Resolver.swift
[1481/1734] Compiling NIOPosix MultiThreadedEventLoopGroup.swift
[1482/1734] Compiling NIOPosix NIOPosixSendableMetatype.swift
[1483/1734] Compiling NIOPosix NIORandomizedDNSResolver.swift
[1484/1734] Compiling NIOPosix NIOThreadPool.swift
[1485/1734] Compiling NIOPosix NonBlockingFileIO.swift
[1486/1734] Compiling NIOPosix PendingDatagramWritesManager.swift
[1487/1734] Compiling NIOPosix PendingWritesManager.swift
[1488/1773] Compiling SQLKit SQLDialect.swift
[1489/1773] Compiling SQLKit SQLDatabase+Deprecated.swift
[1490/1773] Compiling SQLKit SQLError.swift
[1491/1773] Compiling SQLKit SQLExpressions+Deprecated.swift
[1492/1773] Compiling SQLKit SQLQueryBuilders+Deprecated.swift
[1493/1773] Compiling SQLKit Exports.swift
[1494/1773] Compiling SQLKit SQLAlias.swift
[1495/1775] Compiling SQLKit SQLRawBuilder.swift
[1496/1775] Compiling SQLKit SQLSecondaryPredicateGroupBuilder.swift
[1497/1775] Compiling SQLKit SQLSelectBuilder.swift
[1498/1775] Compiling SQLKit SQLSubqueryBuilder.swift
[1499/1775] Compiling SQLKit SQLUnionBuilder.swift
[1500/1775] Compiling SQLKit SQLUpdateBuilder.swift
[1501/1775] Compiling SQLKit SQLAliasedColumnListBuilder.swift
[1502/1785] Compiling SQLKit SQLDeleteBuilder.swift
/host/spi-builder-workspace/.build/checkouts/swift-nio/Sources/NIOPosix/BaseSocketChannel+AccessibleTransport.swift:17:11: error: cannot find type 'BaseSocketChannel' in scope
15 | import NIOCore
16 |
17 | extension BaseSocketChannel where SocketType: BaseSocket {
| `- error: cannot find type 'BaseSocketChannel' in scope
18 | /// The underlying transport type backing this channel.
19 | typealias Transport = NIOBSDSocket.Handle
/host/spi-builder-workspace/.build/checkouts/swift-nio/Sources/NIOPosix/BaseSocketChannel+AccessibleTransport.swift:27:11: error: cannot find type 'BaseSocketChannel' in scope
25 | }
26 |
27 | extension BaseSocketChannel where SocketType: PipePair {
| `- error: cannot find type 'BaseSocketChannel' in scope
28 | /// The underlying transport type backing this channel.
29 | typealias Transport = NIOBSDSocket.PipeHandle
/host/spi-builder-workspace/.build/checkouts/swift-nio/Sources/NIOPosix/BaseSocketChannel+AccessibleTransport.swift:42:11: error: cannot find type 'SocketChannel' in scope
40 | }
41 |
42 | extension SocketChannel: NIOTransportAccessibleChannelCore {}
| `- error: cannot find type 'SocketChannel' in scope
43 | extension ServerSocketChannel: NIOTransportAccessibleChannelCore {}
44 | extension DatagramChannel: NIOTransportAccessibleChannelCore {}
/host/spi-builder-workspace/.build/checkouts/swift-nio/Sources/NIOPosix/BaseSocketChannel+AccessibleTransport.swift:43:11: error: cannot find type 'ServerSocketChannel' in scope
41 |
42 | extension SocketChannel: NIOTransportAccessibleChannelCore {}
43 | extension ServerSocketChannel: NIOTransportAccessibleChannelCore {}
| `- error: cannot find type 'ServerSocketChannel' in scope
44 | extension DatagramChannel: NIOTransportAccessibleChannelCore {}
45 | extension PipeChannel: NIOTransportAccessibleChannelCore {}
/host/spi-builder-workspace/.build/checkouts/swift-nio/Sources/NIOPosix/BaseSocketChannel+AccessibleTransport.swift:44:11: error: cannot find type 'DatagramChannel' in scope
42 | extension SocketChannel: NIOTransportAccessibleChannelCore {}
43 | extension ServerSocketChannel: NIOTransportAccessibleChannelCore {}
44 | extension DatagramChannel: NIOTransportAccessibleChannelCore {}
| `- error: cannot find type 'DatagramChannel' in scope
45 | extension PipeChannel: NIOTransportAccessibleChannelCore {}
46 |
/host/spi-builder-workspace/.build/checkouts/swift-nio/Sources/NIOPosix/BaseSocketChannel+AccessibleTransport.swift:45:11: error: cannot find type 'PipeChannel' in scope
43 | extension ServerSocketChannel: NIOTransportAccessibleChannelCore {}
44 | extension DatagramChannel: NIOTransportAccessibleChannelCore {}
45 | extension PipeChannel: NIOTransportAccessibleChannelCore {}
| `- error: cannot find type 'PipeChannel' in scope
46 |
/host/spi-builder-workspace/.build/checkouts/swift-nio/Sources/NIOPosix/BaseSocketChannel+AccessibleTransport.swift:17:29: error: 'where' clause cannot be applied to a non-generic top-level declaration
15 | import NIOCore
16 |
17 | extension BaseSocketChannel where SocketType: BaseSocket {
| `- error: 'where' clause cannot be applied to a non-generic top-level declaration
18 | /// The underlying transport type backing this channel.
19 | typealias Transport = NIOBSDSocket.Handle
/host/spi-builder-workspace/.build/checkouts/swift-nio/Sources/NIOPosix/BaseSocketChannel+AccessibleTransport.swift:27:29: error: 'where' clause cannot be applied to a non-generic top-level declaration
25 | }
26 |
27 | extension BaseSocketChannel where SocketType: PipePair {
| `- error: 'where' clause cannot be applied to a non-generic top-level declaration
28 | /// The underlying transport type backing this channel.
29 | typealias Transport = NIOBSDSocket.PipeHandle
[1503/1785] Compiling SQLKit SQLDropEnumBuilder.swift
/host/spi-builder-workspace/.build/checkouts/swift-nio/Sources/NIOPosix/BaseSocketChannel+AccessibleTransport.swift:17:11: error: cannot find type 'BaseSocketChannel' in scope
15 | import NIOCore
16 |
17 | extension BaseSocketChannel where SocketType: BaseSocket {
| `- error: cannot find type 'BaseSocketChannel' in scope
18 | /// The underlying transport type backing this channel.
19 | typealias Transport = NIOBSDSocket.Handle
/host/spi-builder-workspace/.build/checkouts/swift-nio/Sources/NIOPosix/BaseSocketChannel+AccessibleTransport.swift:27:11: error: cannot find type 'BaseSocketChannel' in scope
25 | }
26 |
27 | extension BaseSocketChannel where SocketType: PipePair {
| `- error: cannot find type 'BaseSocketChannel' in scope
28 | /// The underlying transport type backing this channel.
29 | typealias Transport = NIOBSDSocket.PipeHandle
/host/spi-builder-workspace/.build/checkouts/swift-nio/Sources/NIOPosix/BaseSocketChannel+AccessibleTransport.swift:42:11: error: cannot find type 'SocketChannel' in scope
40 | }
41 |
42 | extension SocketChannel: NIOTransportAccessibleChannelCore {}
| `- error: cannot find type 'SocketChannel' in scope
43 | extension ServerSocketChannel: NIOTransportAccessibleChannelCore {}
44 | extension DatagramChannel: NIOTransportAccessibleChannelCore {}
/host/spi-builder-workspace/.build/checkouts/swift-nio/Sources/NIOPosix/BaseSocketChannel+AccessibleTransport.swift:43:11: error: cannot find type 'ServerSocketChannel' in scope
41 |
42 | extension SocketChannel: NIOTransportAccessibleChannelCore {}
43 | extension ServerSocketChannel: NIOTransportAccessibleChannelCore {}
| `- error: cannot find type 'ServerSocketChannel' in scope
44 | extension DatagramChannel: NIOTransportAccessibleChannelCore {}
45 | extension PipeChannel: NIOTransportAccessibleChannelCore {}
/host/spi-builder-workspace/.build/checkouts/swift-nio/Sources/NIOPosix/BaseSocketChannel+AccessibleTransport.swift:44:11: error: cannot find type 'DatagramChannel' in scope
42 | extension SocketChannel: NIOTransportAccessibleChannelCore {}
43 | extension ServerSocketChannel: NIOTransportAccessibleChannelCore {}
44 | extension DatagramChannel: NIOTransportAccessibleChannelCore {}
| `- error: cannot find type 'DatagramChannel' in scope
45 | extension PipeChannel: NIOTransportAccessibleChannelCore {}
46 |
/host/spi-builder-workspace/.build/checkouts/swift-nio/Sources/NIOPosix/BaseSocketChannel+AccessibleTransport.swift:45:11: error: cannot find type 'PipeChannel' in scope
43 | extension ServerSocketChannel: NIOTransportAccessibleChannelCore {}
44 | extension DatagramChannel: NIOTransportAccessibleChannelCore {}
45 | extension PipeChannel: NIOTransportAccessibleChannelCore {}
| `- error: cannot find type 'PipeChannel' in scope
46 |
/host/spi-builder-workspace/.build/checkouts/swift-nio/Sources/NIOPosix/BaseSocketChannel+AccessibleTransport.swift:17:29: error: 'where' clause cannot be applied to a non-generic top-level declaration
15 | import NIOCore
16 |
17 | extension BaseSocketChannel where SocketType: BaseSocket {
| `- error: 'where' clause cannot be applied to a non-generic top-level declaration
18 | /// The underlying transport type backing this channel.
19 | typealias Transport = NIOBSDSocket.Handle
/host/spi-builder-workspace/.build/checkouts/swift-nio/Sources/NIOPosix/BaseSocketChannel+AccessibleTransport.swift:27:29: error: 'where' clause cannot be applied to a non-generic top-level declaration
25 | }
26 |
27 | extension BaseSocketChannel where SocketType: PipePair {
| `- error: 'where' clause cannot be applied to a non-generic top-level declaration
28 | /// The underlying transport type backing this channel.
29 | typealias Transport = NIOBSDSocket.PipeHandle
[1504/1785] Compiling SQLKit SQLDropIndexBuilder.swift
/host/spi-builder-workspace/.build/checkouts/swift-nio/Sources/NIOPosix/BaseSocketChannel+AccessibleTransport.swift:17:11: error: cannot find type 'BaseSocketChannel' in scope
15 | import NIOCore
16 |
17 | extension BaseSocketChannel where SocketType: BaseSocket {
| `- error: cannot find type 'BaseSocketChannel' in scope
18 | /// The underlying transport type backing this channel.
19 | typealias Transport = NIOBSDSocket.Handle
/host/spi-builder-workspace/.build/checkouts/swift-nio/Sources/NIOPosix/BaseSocketChannel+AccessibleTransport.swift:27:11: error: cannot find type 'BaseSocketChannel' in scope
25 | }
26 |
27 | extension BaseSocketChannel where SocketType: PipePair {
| `- error: cannot find type 'BaseSocketChannel' in scope
28 | /// The underlying transport type backing this channel.
29 | typealias Transport = NIOBSDSocket.PipeHandle
/host/spi-builder-workspace/.build/checkouts/swift-nio/Sources/NIOPosix/BaseSocketChannel+AccessibleTransport.swift:42:11: error: cannot find type 'SocketChannel' in scope
40 | }
41 |
42 | extension SocketChannel: NIOTransportAccessibleChannelCore {}
| `- error: cannot find type 'SocketChannel' in scope
43 | extension ServerSocketChannel: NIOTransportAccessibleChannelCore {}
44 | extension DatagramChannel: NIOTransportAccessibleChannelCore {}
/host/spi-builder-workspace/.build/checkouts/swift-nio/Sources/NIOPosix/BaseSocketChannel+AccessibleTransport.swift:43:11: error: cannot find type 'ServerSocketChannel' in scope
41 |
42 | extension SocketChannel: NIOTransportAccessibleChannelCore {}
43 | extension ServerSocketChannel: NIOTransportAccessibleChannelCore {}
| `- error: cannot find type 'ServerSocketChannel' in scope
44 | extension DatagramChannel: NIOTransportAccessibleChannelCore {}
45 | extension PipeChannel: NIOTransportAccessibleChannelCore {}
/host/spi-builder-workspace/.build/checkouts/swift-nio/Sources/NIOPosix/BaseSocketChannel+AccessibleTransport.swift:44:11: error: cannot find type 'DatagramChannel' in scope
42 | extension SocketChannel: NIOTransportAccessibleChannelCore {}
43 | extension ServerSocketChannel: NIOTransportAccessibleChannelCore {}
44 | extension DatagramChannel: NIOTransportAccessibleChannelCore {}
| `- error: cannot find type 'DatagramChannel' in scope
45 | extension PipeChannel: NIOTransportAccessibleChannelCore {}
46 |
/host/spi-builder-workspace/.build/checkouts/swift-nio/Sources/NIOPosix/BaseSocketChannel+AccessibleTransport.swift:45:11: error: cannot find type 'PipeChannel' in scope
43 | extension ServerSocketChannel: NIOTransportAccessibleChannelCore {}
44 | extension DatagramChannel: NIOTransportAccessibleChannelCore {}
45 | extension PipeChannel: NIOTransportAccessibleChannelCore {}
| `- error: cannot find type 'PipeChannel' in scope
46 |
/host/spi-builder-workspace/.build/checkouts/swift-nio/Sources/NIOPosix/BaseSocketChannel+AccessibleTransport.swift:17:29: error: 'where' clause cannot be applied to a non-generic top-level declaration
15 | import NIOCore
16 |
17 | extension BaseSocketChannel where SocketType: BaseSocket {
| `- error: 'where' clause cannot be applied to a non-generic top-level declaration
18 | /// The underlying transport type backing this channel.
19 | typealias Transport = NIOBSDSocket.Handle
/host/spi-builder-workspace/.build/checkouts/swift-nio/Sources/NIOPosix/BaseSocketChannel+AccessibleTransport.swift:27:29: error: 'where' clause cannot be applied to a non-generic top-level declaration
25 | }
26 |
27 | extension BaseSocketChannel where SocketType: PipePair {
| `- error: 'where' clause cannot be applied to a non-generic top-level declaration
28 | /// The underlying transport type backing this channel.
29 | typealias Transport = NIOBSDSocket.PipeHandle
[1505/1785] Compiling SQLKit SQLDropTableBuilder.swift
/host/spi-builder-workspace/.build/checkouts/swift-nio/Sources/NIOPosix/BaseSocketChannel+AccessibleTransport.swift:17:11: error: cannot find type 'BaseSocketChannel' in scope
15 | import NIOCore
16 |
17 | extension BaseSocketChannel where SocketType: BaseSocket {
| `- error: cannot find type 'BaseSocketChannel' in scope
18 | /// The underlying transport type backing this channel.
19 | typealias Transport = NIOBSDSocket.Handle
/host/spi-builder-workspace/.build/checkouts/swift-nio/Sources/NIOPosix/BaseSocketChannel+AccessibleTransport.swift:27:11: error: cannot find type 'BaseSocketChannel' in scope
25 | }
26 |
27 | extension BaseSocketChannel where SocketType: PipePair {
| `- error: cannot find type 'BaseSocketChannel' in scope
28 | /// The underlying transport type backing this channel.
29 | typealias Transport = NIOBSDSocket.PipeHandle
/host/spi-builder-workspace/.build/checkouts/swift-nio/Sources/NIOPosix/BaseSocketChannel+AccessibleTransport.swift:42:11: error: cannot find type 'SocketChannel' in scope
40 | }
41 |
42 | extension SocketChannel: NIOTransportAccessibleChannelCore {}
| `- error: cannot find type 'SocketChannel' in scope
43 | extension ServerSocketChannel: NIOTransportAccessibleChannelCore {}
44 | extension DatagramChannel: NIOTransportAccessibleChannelCore {}
/host/spi-builder-workspace/.build/checkouts/swift-nio/Sources/NIOPosix/BaseSocketChannel+AccessibleTransport.swift:43:11: error: cannot find type 'ServerSocketChannel' in scope
41 |
42 | extension SocketChannel: NIOTransportAccessibleChannelCore {}
43 | extension ServerSocketChannel: NIOTransportAccessibleChannelCore {}
| `- error: cannot find type 'ServerSocketChannel' in scope
44 | extension DatagramChannel: NIOTransportAccessibleChannelCore {}
45 | extension PipeChannel: NIOTransportAccessibleChannelCore {}
/host/spi-builder-workspace/.build/checkouts/swift-nio/Sources/NIOPosix/BaseSocketChannel+AccessibleTransport.swift:44:11: error: cannot find type 'DatagramChannel' in scope
42 | extension SocketChannel: NIOTransportAccessibleChannelCore {}
43 | extension ServerSocketChannel: NIOTransportAccessibleChannelCore {}
44 | extension DatagramChannel: NIOTransportAccessibleChannelCore {}
| `- error: cannot find type 'DatagramChannel' in scope
45 | extension PipeChannel: NIOTransportAccessibleChannelCore {}
46 |
/host/spi-builder-workspace/.build/checkouts/swift-nio/Sources/NIOPosix/BaseSocketChannel+AccessibleTransport.swift:45:11: error: cannot find type 'PipeChannel' in scope
43 | extension ServerSocketChannel: NIOTransportAccessibleChannelCore {}
44 | extension DatagramChannel: NIOTransportAccessibleChannelCore {}
45 | extension PipeChannel: NIOTransportAccessibleChannelCore {}
| `- error: cannot find type 'PipeChannel' in scope
46 |
/host/spi-builder-workspace/.build/checkouts/swift-nio/Sources/NIOPosix/BaseSocketChannel+AccessibleTransport.swift:17:29: error: 'where' clause cannot be applied to a non-generic top-level declaration
15 | import NIOCore
16 |
17 | extension BaseSocketChannel where SocketType: BaseSocket {
| `- error: 'where' clause cannot be applied to a non-generic top-level declaration
18 | /// The underlying transport type backing this channel.
19 | typealias Transport = NIOBSDSocket.Handle
/host/spi-builder-workspace/.build/checkouts/swift-nio/Sources/NIOPosix/BaseSocketChannel+AccessibleTransport.swift:27:29: error: 'where' clause cannot be applied to a non-generic top-level declaration
25 | }
26 |
27 | extension BaseSocketChannel where SocketType: PipePair {
| `- error: 'where' clause cannot be applied to a non-generic top-level declaration
28 | /// The underlying transport type backing this channel.
29 | typealias Transport = NIOBSDSocket.PipeHandle
[1506/1785] Compiling SQLKit SQLDropTriggerBuilder.swift
/host/spi-builder-workspace/.build/checkouts/swift-nio/Sources/NIOPosix/BaseSocketChannel+AccessibleTransport.swift:17:11: error: cannot find type 'BaseSocketChannel' in scope
15 | import NIOCore
16 |
17 | extension BaseSocketChannel where SocketType: BaseSocket {
| `- error: cannot find type 'BaseSocketChannel' in scope
18 | /// The underlying transport type backing this channel.
19 | typealias Transport = NIOBSDSocket.Handle
/host/spi-builder-workspace/.build/checkouts/swift-nio/Sources/NIOPosix/BaseSocketChannel+AccessibleTransport.swift:27:11: error: cannot find type 'BaseSocketChannel' in scope
25 | }
26 |
27 | extension BaseSocketChannel where SocketType: PipePair {
| `- error: cannot find type 'BaseSocketChannel' in scope
28 | /// The underlying transport type backing this channel.
29 | typealias Transport = NIOBSDSocket.PipeHandle
/host/spi-builder-workspace/.build/checkouts/swift-nio/Sources/NIOPosix/BaseSocketChannel+AccessibleTransport.swift:42:11: error: cannot find type 'SocketChannel' in scope
40 | }
41 |
42 | extension SocketChannel: NIOTransportAccessibleChannelCore {}
| `- error: cannot find type 'SocketChannel' in scope
43 | extension ServerSocketChannel: NIOTransportAccessibleChannelCore {}
44 | extension DatagramChannel: NIOTransportAccessibleChannelCore {}
/host/spi-builder-workspace/.build/checkouts/swift-nio/Sources/NIOPosix/BaseSocketChannel+AccessibleTransport.swift:43:11: error: cannot find type 'ServerSocketChannel' in scope
41 |
42 | extension SocketChannel: NIOTransportAccessibleChannelCore {}
43 | extension ServerSocketChannel: NIOTransportAccessibleChannelCore {}
| `- error: cannot find type 'ServerSocketChannel' in scope
44 | extension DatagramChannel: NIOTransportAccessibleChannelCore {}
45 | extension PipeChannel: NIOTransportAccessibleChannelCore {}
/host/spi-builder-workspace/.build/checkouts/swift-nio/Sources/NIOPosix/BaseSocketChannel+AccessibleTransport.swift:44:11: error: cannot find type 'DatagramChannel' in scope
42 | extension SocketChannel: NIOTransportAccessibleChannelCore {}
43 | extension ServerSocketChannel: NIOTransportAccessibleChannelCore {}
44 | extension DatagramChannel: NIOTransportAccessibleChannelCore {}
| `- error: cannot find type 'DatagramChannel' in scope
45 | extension PipeChannel: NIOTransportAccessibleChannelCore {}
46 |
/host/spi-builder-workspace/.build/checkouts/swift-nio/Sources/NIOPosix/BaseSocketChannel+AccessibleTransport.swift:45:11: error: cannot find type 'PipeChannel' in scope
43 | extension ServerSocketChannel: NIOTransportAccessibleChannelCore {}
44 | extension DatagramChannel: NIOTransportAccessibleChannelCore {}
45 | extension PipeChannel: NIOTransportAccessibleChannelCore {}
| `- error: cannot find type 'PipeChannel' in scope
46 |
/host/spi-builder-workspace/.build/checkouts/swift-nio/Sources/NIOPosix/BaseSocketChannel+AccessibleTransport.swift:17:29: error: 'where' clause cannot be applied to a non-generic top-level declaration
15 | import NIOCore
16 |
17 | extension BaseSocketChannel where SocketType: BaseSocket {
| `- error: 'where' clause cannot be applied to a non-generic top-level declaration
18 | /// The underlying transport type backing this channel.
19 | typealias Transport = NIOBSDSocket.Handle
/host/spi-builder-workspace/.build/checkouts/swift-nio/Sources/NIOPosix/BaseSocketChannel+AccessibleTransport.swift:27:29: error: 'where' clause cannot be applied to a non-generic top-level declaration
25 | }
26 |
27 | extension BaseSocketChannel where SocketType: PipePair {
| `- error: 'where' clause cannot be applied to a non-generic top-level declaration
28 | /// The underlying transport type backing this channel.
29 | typealias Transport = NIOBSDSocket.PipeHandle
[1507/1785] Compiling SQLKit SQLInsertBuilder.swift
/host/spi-builder-workspace/.build/checkouts/swift-nio/Sources/NIOPosix/BaseSocketChannel+AccessibleTransport.swift:17:11: error: cannot find type 'BaseSocketChannel' in scope
15 | import NIOCore
16 |
17 | extension BaseSocketChannel where SocketType: BaseSocket {
| `- error: cannot find type 'BaseSocketChannel' in scope
18 | /// The underlying transport type backing this channel.
19 | typealias Transport = NIOBSDSocket.Handle
/host/spi-builder-workspace/.build/checkouts/swift-nio/Sources/NIOPosix/BaseSocketChannel+AccessibleTransport.swift:27:11: error: cannot find type 'BaseSocketChannel' in scope
25 | }
26 |
27 | extension BaseSocketChannel where SocketType: PipePair {
| `- error: cannot find type 'BaseSocketChannel' in scope
28 | /// The underlying transport type backing this channel.
29 | typealias Transport = NIOBSDSocket.PipeHandle
/host/spi-builder-workspace/.build/checkouts/swift-nio/Sources/NIOPosix/BaseSocketChannel+AccessibleTransport.swift:42:11: error: cannot find type 'SocketChannel' in scope
40 | }
41 |
42 | extension SocketChannel: NIOTransportAccessibleChannelCore {}
| `- error: cannot find type 'SocketChannel' in scope
43 | extension ServerSocketChannel: NIOTransportAccessibleChannelCore {}
44 | extension DatagramChannel: NIOTransportAccessibleChannelCore {}
/host/spi-builder-workspace/.build/checkouts/swift-nio/Sources/NIOPosix/BaseSocketChannel+AccessibleTransport.swift:43:11: error: cannot find type 'ServerSocketChannel' in scope
41 |
42 | extension SocketChannel: NIOTransportAccessibleChannelCore {}
43 | extension ServerSocketChannel: NIOTransportAccessibleChannelCore {}
| `- error: cannot find type 'ServerSocketChannel' in scope
44 | extension DatagramChannel: NIOTransportAccessibleChannelCore {}
45 | extension PipeChannel: NIOTransportAccessibleChannelCore {}
/host/spi-builder-workspace/.build/checkouts/swift-nio/Sources/NIOPosix/BaseSocketChannel+AccessibleTransport.swift:44:11: error: cannot find type 'DatagramChannel' in scope
42 | extension SocketChannel: NIOTransportAccessibleChannelCore {}
43 | extension ServerSocketChannel: NIOTransportAccessibleChannelCore {}
44 | extension DatagramChannel: NIOTransportAccessibleChannelCore {}
| `- error: cannot find type 'DatagramChannel' in scope
45 | extension PipeChannel: NIOTransportAccessibleChannelCore {}
46 |
/host/spi-builder-workspace/.build/checkouts/swift-nio/Sources/NIOPosix/BaseSocketChannel+AccessibleTransport.swift:45:11: error: cannot find type 'PipeChannel' in scope
43 | extension ServerSocketChannel: NIOTransportAccessibleChannelCore {}
44 | extension DatagramChannel: NIOTransportAccessibleChannelCore {}
45 | extension PipeChannel: NIOTransportAccessibleChannelCore {}
| `- error: cannot find type 'PipeChannel' in scope
46 |
/host/spi-builder-workspace/.build/checkouts/swift-nio/Sources/NIOPosix/BaseSocketChannel+AccessibleTransport.swift:17:29: error: 'where' clause cannot be applied to a non-generic top-level declaration
15 | import NIOCore
16 |
17 | extension BaseSocketChannel where SocketType: BaseSocket {
| `- error: 'where' clause cannot be applied to a non-generic top-level declaration
18 | /// The underlying transport type backing this channel.
19 | typealias Transport = NIOBSDSocket.Handle
/host/spi-builder-workspace/.build/checkouts/swift-nio/Sources/NIOPosix/BaseSocketChannel+AccessibleTransport.swift:27:29: error: 'where' clause cannot be applied to a non-generic top-level declaration
25 | }
26 |
27 | extension BaseSocketChannel where SocketType: PipePair {
| `- error: 'where' clause cannot be applied to a non-generic top-level declaration
28 | /// The underlying transport type backing this channel.
29 | typealias Transport = NIOBSDSocket.PipeHandle
[1508/1785] Compiling SQLKit SQLPredicateGroupBuilder.swift
/host/spi-builder-workspace/.build/checkouts/swift-nio/Sources/NIOPosix/BaseSocketChannel+AccessibleTransport.swift:17:11: error: cannot find type 'BaseSocketChannel' in scope
15 | import NIOCore
16 |
17 | extension BaseSocketChannel where SocketType: BaseSocket {
| `- error: cannot find type 'BaseSocketChannel' in scope
18 | /// The underlying transport type backing this channel.
19 | typealias Transport = NIOBSDSocket.Handle
/host/spi-builder-workspace/.build/checkouts/swift-nio/Sources/NIOPosix/BaseSocketChannel+AccessibleTransport.swift:27:11: error: cannot find type 'BaseSocketChannel' in scope
25 | }
26 |
27 | extension BaseSocketChannel where SocketType: PipePair {
| `- error: cannot find type 'BaseSocketChannel' in scope
28 | /// The underlying transport type backing this channel.
29 | typealias Transport = NIOBSDSocket.PipeHandle
/host/spi-builder-workspace/.build/checkouts/swift-nio/Sources/NIOPosix/BaseSocketChannel+AccessibleTransport.swift:42:11: error: cannot find type 'SocketChannel' in scope
40 | }
41 |
42 | extension SocketChannel: NIOTransportAccessibleChannelCore {}
| `- error: cannot find type 'SocketChannel' in scope
43 | extension ServerSocketChannel: NIOTransportAccessibleChannelCore {}
44 | extension DatagramChannel: NIOTransportAccessibleChannelCore {}
/host/spi-builder-workspace/.build/checkouts/swift-nio/Sources/NIOPosix/BaseSocketChannel+AccessibleTransport.swift:43:11: error: cannot find type 'ServerSocketChannel' in scope
41 |
42 | extension SocketChannel: NIOTransportAccessibleChannelCore {}
43 | extension ServerSocketChannel: NIOTransportAccessibleChannelCore {}
| `- error: cannot find type 'ServerSocketChannel' in scope
44 | extension DatagramChannel: NIOTransportAccessibleChannelCore {}
45 | extension PipeChannel: NIOTransportAccessibleChannelCore {}
/host/spi-builder-workspace/.build/checkouts/swift-nio/Sources/NIOPosix/BaseSocketChannel+AccessibleTransport.swift:44:11: error: cannot find type 'DatagramChannel' in scope
42 | extension SocketChannel: NIOTransportAccessibleChannelCore {}
43 | extension ServerSocketChannel: NIOTransportAccessibleChannelCore {}
44 | extension DatagramChannel: NIOTransportAccessibleChannelCore {}
| `- error: cannot find type 'DatagramChannel' in scope
45 | extension PipeChannel: NIOTransportAccessibleChannelCore {}
46 |
/host/spi-builder-workspace/.build/checkouts/swift-nio/Sources/NIOPosix/BaseSocketChannel+AccessibleTransport.swift:45:11: error: cannot find type 'PipeChannel' in scope
43 | extension ServerSocketChannel: NIOTransportAccessibleChannelCore {}
44 | extension DatagramChannel: NIOTransportAccessibleChannelCore {}
45 | extension PipeChannel: NIOTransportAccessibleChannelCore {}
| `- error: cannot find type 'PipeChannel' in scope
46 |
/host/spi-builder-workspace/.build/checkouts/swift-nio/Sources/NIOPosix/BaseSocketChannel+AccessibleTransport.swift:17:29: error: 'where' clause cannot be applied to a non-generic top-level declaration
15 | import NIOCore
16 |
17 | extension BaseSocketChannel where SocketType: BaseSocket {
| `- error: 'where' clause cannot be applied to a non-generic top-level declaration
18 | /// The underlying transport type backing this channel.
19 | typealias Transport = NIOBSDSocket.Handle
/host/spi-builder-workspace/.build/checkouts/swift-nio/Sources/NIOPosix/BaseSocketChannel+AccessibleTransport.swift:27:29: error: 'where' clause cannot be applied to a non-generic top-level declaration
25 | }
26 |
27 | extension BaseSocketChannel where SocketType: PipePair {
| `- error: 'where' clause cannot be applied to a non-generic top-level declaration
28 | /// The underlying transport type backing this channel.
29 | typealias Transport = NIOBSDSocket.PipeHandle
[1509/1788] Compiling SQLKit SQLBetween.swift
[1510/1788] Compiling SQLKit SQLColumn.swift
[1511/1788] Compiling SQLKit SQLConstraint.swift
[1512/1788] Compiling SQLKit SQLDataType.swift
[1513/1788] Compiling SQLKit SQLDirection.swift
[1514/1788] Compiling SQLKit SQLDistinct.swift
[1515/1788] Compiling SQLKit SQLForeignKeyAction.swift
[1516/1821] Compiling SQLKit SQLNestedSubpathExpression.swift
[1517/1821] Compiling SQLKit SQLQualifiedTable.swift
[1518/1821] Compiling SQLKit SQLQueryString.swift
[1519/1821] Compiling SQLKit SQLAlterColumnDefinitionType.swift
[1520/1821] Compiling SQLKit SQLColumnAssignment.swift
[1521/1821] Compiling SQLKit SQLColumnConstraintAlgorithm.swift
[1522/1821] Compiling SQLKit SQLColumnDefinition.swift
[1526/1821] Compiling SQLKit SQLColumnUpdateBuilder.swift
[1527/1821] Compiling SQLKit SQLCommonTableExpressionBuilder.swift
[1528/1821] Compiling SQLKit SQLCommonUnionBuilder.swift
[1529/1821] Compiling SQLKit SQLJoinBuilder.swift
[1530/1821] Compiling SQLKit SQLPartialResultBuilder.swift
[1531/1821] Compiling SQLKit SQLPredicateBuilder.swift
BUILD FAILURE 6.2 wasm