Build Information
Failed to build SwiftOpenaiApi, reference 5.0.0 (a485ed), with Swift 6.1 for Wasm on 27 Oct 2026 17:06:29 UTC.
Build Command
bash -c docker run --pull=always --rm -v "checkouts-53886770-0":/host -w "$PWD" -e JAVA_HOME="/root/.sdkman/candidates/java/current" -e SPI_BUILD="1" -e SPI_PROCESSING="1" registry.gitlab.com/saguaro1/spi-images:wasm-6.1-latest swift build --swift-sdk wasm32-unknown-wasi 2>&1Build Log
========================================
RunAll
========================================
Builder version: 5.1.3
Interrupt handler set up.
========================================
Checkout
========================================
Clone URL: https://github.com/atacan/swift-openai-api.git
Reference: 5.0.0
Initialized empty Git repository in /host/spi-builder-workspace/.git/
hint: Using 'master' as the name for the initial branch. This default branch name
hint: is subject to change. To configure the initial branch name to use in all
hint: of your new repositories, which will suppress this warning, call:
hint:
hint: git config --global init.defaultBranch <name>
hint:
hint: Names commonly chosen instead of 'master' are 'main', 'trunk' and
hint: 'development'. The just-created branch can be renamed via this command:
hint:
hint: git branch -m <name>
From https://github.com/atacan/swift-openai-api
* tag 5.0.0 -> FETCH_HEAD
HEAD is now at a485ed6 Merge pull request #9 from atacan/feature/transport-products-v5
Cloned https://github.com/atacan/swift-openai-api.git
Revision (git rev-parse @):
a485ed62e28c2cc475e9fa1b0a90d0c8c08b3675
SUCCESS checkout https://github.com/atacan/swift-openai-api.git at 5.0.0
========================================
Build
========================================
Selected platform: wasm
Swift version: 6.1
Building package at path: $PWD
https://github.com/atacan/swift-openai-api.git
https://github.com/atacan/swift-openai-api.git
WARNING: environment variable SUPPRESS_SWIFT_6_FLAGS is not set
Running build ...
bash -c docker run --pull=always --rm -v "checkouts-53886770-0":/host -w "$PWD" -e JAVA_HOME="/root/.sdkman/candidates/java/current" -e SPI_BUILD="1" -e SPI_PROCESSING="1" registry.gitlab.com/saguaro1/spi-images:wasm-6.1-latest swift build --swift-sdk wasm32-unknown-wasi -Xswiftc -Xfrontend -Xswiftc -stats-output-dir -Xswiftc -Xfrontend -Xswiftc .stats -Xswiftc -strict-concurrency=complete -Xswiftc -enable-upcoming-feature -Xswiftc StrictConcurrency -Xswiftc -enable-upcoming-feature -Xswiftc DisableOutwardActorInference -Xswiftc -enable-upcoming-feature -Xswiftc GlobalActorIsolatedTypesUsability -Xswiftc -enable-upcoming-feature -Xswiftc InferSendableFromCaptures 2>&1
wasm-6.1-latest: Pulling from saguaro1/spi-images
Digest: sha256:f257c9b8465670613eb336f6def351d681b1d395aebdb231a45bac980c1f9d3c
Status: Image is up to date for registry.gitlab.com/saguaro1/spi-images:wasm-6.1-latest
Fetching https://github.com/apple/swift-openapi-urlsession
Fetching https://github.com/apple/swift-openapi-runtime.git
Fetching https://github.com/swift-server/swift-openapi-async-http-client
Fetching https://github.com/apple/swift-openapi-generator.git
Fetching https://github.com/apple/swift-http-types.git
[1/1961] Fetching swift-http-types
[276/9225] Fetching swift-http-types, swift-openapi-runtime
[8863/10484] Fetching swift-http-types, swift-openapi-runtime, swift-openapi-urlsession
[9252/11133] Fetching swift-http-types, swift-openapi-runtime, swift-openapi-urlsession, swift-openapi-async-http-client
Fetched https://github.com/apple/swift-openapi-urlsession from cache (0.57s)
[1/19044] Fetching swift-openapi-generator
Fetched https://github.com/apple/swift-http-types.git from cache (1.97s)
Fetched https://github.com/swift-server/swift-openapi-async-http-client from cache (1.97s)
Fetched https://github.com/apple/swift-openapi-runtime.git from cache (1.97s)
Fetched https://github.com/apple/swift-openapi-generator.git from cache (1.97s)
Computing version for https://github.com/swift-server/swift-openapi-async-http-client
Computed https://github.com/swift-server/swift-openapi-async-http-client at 1.5.0 (2.91s)
Fetching https://github.com/swift-server/async-http-client.git
[1/16517] Fetching async-http-client
Fetched https://github.com/swift-server/async-http-client.git from cache (1.15s)
Computing version for https://github.com/apple/swift-openapi-generator.git
Computed https://github.com/apple/swift-openapi-generator.git at 1.13.1 (0.28s)
Fetching https://github.com/apple/swift-argument-parser
Fetching https://github.com/apple/swift-algorithms
Fetching https://github.com/mattpolzin/OpenAPIKit
Fetching https://github.com/jpsim/Yams
[1/6159] Fetching swift-algorithms
[6160/18037] Fetching swift-algorithms, yams
[6161/37350] Fetching swift-algorithms, yams, swift-argument-parser
[27968/223785] Fetching swift-algorithms, yams, swift-argument-parser, openapikit
Fetched https://github.com/jpsim/Yams from cache (4.52s)
Fetched https://github.com/apple/swift-algorithms from cache (6.30s)
Fetched https://github.com/apple/swift-argument-parser from cache (6.30s)
Fetched https://github.com/mattpolzin/OpenAPIKit from cache (6.35s)
Computing version for https://github.com/apple/swift-algorithms
Computed https://github.com/apple/swift-algorithms at 1.2.1 (7.25s)
Fetching https://github.com/apple/swift-numerics.git
[1/6766] Fetching swift-numerics
Fetched https://github.com/apple/swift-numerics.git from cache (1.82s)
Computing version for https://github.com/mattpolzin/OpenAPIKit
Computed https://github.com/mattpolzin/OpenAPIKit at 6.4.0 (2.06s)
Computing version for https://github.com/apple/swift-numerics.git
Computed https://github.com/apple/swift-numerics.git at 1.1.1 (0.21s)
Computing version for https://github.com/apple/swift-openapi-runtime.git
Computed https://github.com/apple/swift-openapi-runtime.git at 1.12.2 (0.22s)
Computing version for https://github.com/apple/swift-http-types.git
Computed https://github.com/apple/swift-http-types.git at 1.8.0 (0.23s)
Computing version for https://github.com/apple/swift-openapi-urlsession
Computed https://github.com/apple/swift-openapi-urlsession at 1.4.0 (0.27s)
Fetching https://github.com/apple/swift-collections
[1/29362] Fetching swift-collections
Fetched https://github.com/apple/swift-collections from cache (1.39s)
Computing version for https://github.com/apple/swift-argument-parser
Computed https://github.com/apple/swift-argument-parser at 1.8.2 (1.62s)
Computing version for https://github.com/swift-server/async-http-client.git
Computed https://github.com/swift-server/async-http-client.git at 1.36.2 (0.24s)
Fetching https://github.com/apple/swift-nio-transport-services.git
Fetching https://github.com/apple/swift-atomics.git
Fetching https://github.com/apple/swift-nio-http2.git
Fetching https://github.com/apple/swift-nio-extras.git
Fetching https://github.com/apple/swift-log.git
Fetching https://github.com/apple/swift-distributed-tracing.git
[1/6710] Fetching swift-nio-extras
[471/8603] Fetching swift-nio-extras, swift-atomics
[1658/11470] Fetching swift-nio-extras, swift-atomics, swift-nio-transport-services
[10611/18167] Fetching swift-nio-extras, swift-atomics, swift-nio-transport-services, swift-distributed-tracing
Fetched https://github.com/apple/swift-nio-extras.git from cache (0.64s)
Fetching https://github.com/apple/swift-nio-ssl.git
[3930/11457] Fetching swift-atomics, swift-nio-transport-services, swift-distributed-tracing
[5163/19838] Fetching swift-atomics, swift-nio-transport-services, swift-distributed-tracing, swift-log
[5432/32157] Fetching swift-atomics, swift-nio-transport-services, swift-distributed-tracing, swift-log, swift-nio-http2
Fetched https://github.com/apple/swift-atomics.git from cache (1.45s)
Fetching https://github.com/apple/swift-nio.git
[29193/30264] Fetching swift-nio-transport-services, swift-distributed-tracing, swift-log, swift-nio-http2
[29328/47158] Fetching swift-nio-transport-services, swift-distributed-tracing, swift-log, swift-nio-http2, swift-nio-ssl
Fetched https://github.com/apple/swift-nio-http2.git from cache (1.46s)
[17177/34839] Fetching swift-nio-transport-services, swift-distributed-tracing, swift-log, swift-nio-ssl
Fetched https://github.com/apple/swift-nio-transport-services.git from cache (1.60s)
[17275/31972] Fetching swift-distributed-tracing, swift-log, swift-nio-ssl
Fetched https://github.com/apple/swift-log.git from cache (1.60s)
Fetched https://github.com/apple/swift-distributed-tracing.git from cache (1.60s)
[2366/16894] Fetching swift-nio-ssl
Fetched https://github.com/apple/swift-nio-ssl.git from cache (1.54s)
[1/86691] Fetching swift-nio
Fetched https://github.com/apple/swift-nio.git from cache (3.66s)
Computing version for https://github.com/apple/swift-atomics.git
Computed https://github.com/apple/swift-atomics.git at 1.3.1 (5.34s)
Computing version for https://github.com/apple/swift-nio-transport-services.git
Computed https://github.com/apple/swift-nio-transport-services.git at 1.28.0 (0.22s)
Computing version for https://github.com/apple/swift-nio.git
Computed https://github.com/apple/swift-nio.git at 2.104.0 (0.42s)
Fetching https://github.com/apple/swift-system.git
[1/7381] Fetching swift-system
Fetched https://github.com/apple/swift-system.git from cache (0.72s)
Computing version for https://github.com/apple/swift-distributed-tracing.git
Computed https://github.com/apple/swift-distributed-tracing.git at 1.5.0 (0.22s)
Fetching https://github.com/apple/swift-service-context.git
[1/1546] Fetching swift-service-context
Fetched https://github.com/apple/swift-service-context.git from cache (0.65s)
Computing version for https://github.com/apple/swift-service-context.git
Computed https://github.com/apple/swift-service-context.git at 1.3.0 (0.22s)
Computing version for https://github.com/apple/swift-nio-http2.git
Computed https://github.com/apple/swift-nio-http2.git at 1.46.0 (0.23s)
Computing version for https://github.com/apple/swift-nio-ssl.git
Computed https://github.com/apple/swift-nio-ssl.git at 2.37.5 (0.24s)
Computing version for https://github.com/apple/swift-log.git
Computed https://github.com/apple/swift-log.git at 1.15.1 (0.22s)
Computing version for https://github.com/apple/swift-system.git
Computed https://github.com/apple/swift-system.git at 1.8.1 (0.25s)
Computing version for https://github.com/apple/swift-nio-extras.git
Computed https://github.com/apple/swift-nio-extras.git at 1.35.2 (0.32s)
Fetching https://github.com/apple/swift-async-algorithms.git
Fetching https://github.com/apple/swift-asn1.git
Fetching https://github.com/apple/swift-http-structured-headers.git
Fetching https://github.com/apple/swift-certificates.git
Fetching https://github.com/swift-server/swift-service-lifecycle.git
[1/1284] Fetching swift-http-structured-headers
[1196/3335] Fetching swift-http-structured-headers, swift-asn1
[1306/6221] Fetching swift-http-structured-headers, swift-asn1, swift-service-lifecycle
[4098/13828] Fetching swift-http-structured-headers, swift-asn1, swift-service-lifecycle, swift-certificates
[4521/20653] Fetching swift-http-structured-headers, swift-asn1, swift-service-lifecycle, swift-certificates, swift-async-algorithms
Fetched https://github.com/apple/swift-asn1.git from cache (0.56s)
[15395/18602] Fetching swift-http-structured-headers, swift-service-lifecycle, swift-certificates, swift-async-algorithms
Fetched https://github.com/apple/swift-http-structured-headers.git from cache (0.59s)
Fetched https://github.com/swift-server/swift-service-lifecycle.git from cache (0.59s)
Fetched https://github.com/apple/swift-certificates.git from cache (0.59s)
[4164/6825] Fetching swift-async-algorithms
Fetched https://github.com/apple/swift-async-algorithms.git from cache (0.68s)
Computing version for https://github.com/apple/swift-http-structured-headers.git
Computed https://github.com/apple/swift-http-structured-headers.git at 1.7.0 (0.90s)
Computing version for https://github.com/swift-server/swift-service-lifecycle.git
Computed https://github.com/swift-server/swift-service-lifecycle.git at 2.12.1 (0.22s)
Computing version for https://github.com/apple/swift-async-algorithms.git
Computed https://github.com/apple/swift-async-algorithms.git at 1.1.7 (0.25s)
Computing version for https://github.com/apple/swift-asn1.git
Computed https://github.com/apple/swift-asn1.git at 1.7.3 (0.24s)
Computing version for https://github.com/apple/swift-certificates.git
Computed https://github.com/apple/swift-certificates.git at 1.21.1 (0.26s)
Fetching https://github.com/apple/swift-crypto.git
[1/18859] Fetching swift-crypto
Fetched https://github.com/apple/swift-crypto.git from cache (1.23s)
Computing version for https://github.com/apple/swift-collections
Computed https://github.com/apple/swift-collections at 1.6.0 (0.32s)
Computing version for https://github.com/apple/swift-crypto.git
Computing version for https://github.com/jpsim/Yams
Computed https://github.com/jpsim/Yams at 6.2.2 (0.21s)
Computed https://github.com/apple/swift-crypto.git at 4.5.2 (0.76s)
Creating working copy for https://github.com/apple/swift-http-structured-headers.git
Working copy of https://github.com/apple/swift-http-structured-headers.git resolved at 1.7.0
Creating working copy for https://github.com/apple/swift-async-algorithms.git
Working copy of https://github.com/apple/swift-async-algorithms.git resolved at 1.1.7
Creating working copy for https://github.com/swift-server/swift-service-lifecycle.git
Working copy of https://github.com/swift-server/swift-service-lifecycle.git resolved at 2.12.1
Creating working copy for https://github.com/apple/swift-nio-ssl.git
Working copy of https://github.com/apple/swift-nio-ssl.git resolved at 2.37.5
Creating working copy for https://github.com/apple/swift-numerics.git
Working copy of https://github.com/apple/swift-numerics.git resolved at 1.1.1
Creating working copy for https://github.com/apple/swift-nio.git
Working copy of https://github.com/apple/swift-nio.git resolved at 2.104.0
Creating working copy for https://github.com/apple/swift-nio-http2.git
Working copy of https://github.com/apple/swift-nio-http2.git resolved at 1.46.0
Creating working copy for https://github.com/apple/swift-certificates.git
Working copy of https://github.com/apple/swift-certificates.git resolved at 1.21.1
Creating working copy for https://github.com/apple/swift-distributed-tracing.git
Working copy of https://github.com/apple/swift-distributed-tracing.git resolved at 1.5.0
Creating working copy for https://github.com/apple/swift-algorithms
Working copy of https://github.com/apple/swift-algorithms resolved at 1.2.1
Creating working copy for https://github.com/apple/swift-openapi-urlsession
Working copy of https://github.com/apple/swift-openapi-urlsession resolved at 1.4.0
Creating working copy for https://github.com/swift-server/async-http-client.git
Working copy of https://github.com/swift-server/async-http-client.git resolved at 1.36.2
Creating working copy for https://github.com/apple/swift-atomics.git
Working copy of https://github.com/apple/swift-atomics.git resolved at 1.3.1
Creating working copy for https://github.com/jpsim/Yams
Working copy of https://github.com/jpsim/Yams resolved at 6.2.2
Creating working copy for https://github.com/apple/swift-system.git
Working copy of https://github.com/apple/swift-system.git resolved at 1.8.1
Creating working copy for https://github.com/apple/swift-nio-extras.git
Working copy of https://github.com/apple/swift-nio-extras.git resolved at 1.35.2
Creating working copy for https://github.com/apple/swift-log.git
Working copy of https://github.com/apple/swift-log.git resolved at 1.15.1
Creating working copy for https://github.com/mattpolzin/OpenAPIKit
Working copy of https://github.com/mattpolzin/OpenAPIKit resolved at 6.4.0
Creating working copy for https://github.com/apple/swift-collections
Working copy of https://github.com/apple/swift-collections resolved at 1.6.0
Creating working copy for https://github.com/apple/swift-crypto.git
Working copy of https://github.com/apple/swift-crypto.git resolved at 4.5.2
Creating working copy for https://github.com/apple/swift-asn1.git
Working copy of https://github.com/apple/swift-asn1.git resolved at 1.7.3
Creating working copy for https://github.com/apple/swift-openapi-generator.git
Working copy of https://github.com/apple/swift-openapi-generator.git resolved at 1.13.1
Creating working copy for https://github.com/apple/swift-openapi-runtime.git
Working copy of https://github.com/apple/swift-openapi-runtime.git resolved at 1.12.2
Creating working copy for https://github.com/swift-server/swift-openapi-async-http-client
Working copy of https://github.com/swift-server/swift-openapi-async-http-client resolved at 1.5.0
Creating working copy for https://github.com/apple/swift-nio-transport-services.git
Working copy of https://github.com/apple/swift-nio-transport-services.git resolved at 1.28.0
Creating working copy for https://github.com/apple/swift-argument-parser
Working copy of https://github.com/apple/swift-argument-parser resolved at 1.8.2
Creating working copy for https://github.com/apple/swift-http-types.git
Working copy of https://github.com/apple/swift-http-types.git resolved at 1.8.0
Creating working copy for https://github.com/apple/swift-service-context.git
Working copy of https://github.com/apple/swift-service-context.git resolved at 1.3.0
[1/1] Compiling plugin OpenAPIGeneratorCommand
[2/2] Compiling plugin OpenAPIGenerator
[3/3] Compiling plugin GenerateManual
[4/4] Compiling plugin GenerateDoccReference
Building for debugging...
[4/466] Write sources
[36/466] Compiling CNIOWindows WSAStartup.c
[36/466] Compiling _CWASI _CWASI.c
[36/466] Compiling _NumericsShims _NumericsShims.c
[39/466] Compiling CNIOWindows shim.c
[40/466] Compiling CNIOWASI CNIOWASI.c
[41/466] Compiling CNIOPosix event_loop_id.c
[42/466] Compiling _AtomicsShims.c
[43/466] Compiling CNIOLinux liburing_shims.c
[44/466] Compiling CNIOOpenBSD shim.c
[45/466] Compiling CNIOLinux shim.c
[46/466] Compiling CNIOFreeBSD shim.c
[47/466] Compiling CNIOLLHTTP c_nio_http.c
[48/466] Compiling CNIOExtrasZlib zutil.c
[49/466] Compiling CNIOLLHTTP c_nio_api.c
[50/466] Compiling CNIOExtrasZlib inftrees.c
[51/466] Compiling CNIOExtrasZlib inffast.c
[52/466] Compiling CNIODarwin shim.c
[53/466] Compiling CNIOExtrasZlib trees.c
[54/466] Compiling CNIOExtrasZlib adler32.c
[54/466] Compiling CNIOExtrasZlib crc32.c
[56/466] Compiling CNIOExtrasZlib inflate.c
[57/466] Compiling fiat_p256_adx_mul.S
[58/466] Compiling fiat_p256_adx_sqr.S
[59/466] Compiling fiat_curve25519_adx_square.S
[60/466] Compiling CNIOExtrasZlib deflate.c
[61/466] Compiling fiat_curve25519_adx_mul.S
[62/466] Write swift-version-24593BA9C3E375BF.txt
[63/466] Compiling CNIOBoringSSLShims shims.c
[64/470] Compiling CNIOLLHTTP c_nio_llhttp.c
In file included from /host/spi-builder-workspace/.build/checkouts/swift-nio-ssl/Sources/CNIOBoringSSL/ssl/tls_record.cc:19:
/host/spi-builder-workspace/.build/checkouts/swift-nio-ssl/Sources/CNIOBoringSSL/ssl/../crypto/internal.h:32:10: fatal error: 'pthread.h' file not found
32 | #include <pthread.h>
| ^~~~~~~~~~~
1 error generated.
[65/472] Compiling tls_record.cc
In file included from /host/spi-builder-workspace/.build/checkouts/swift-nio-ssl/Sources/CNIOBoringSSL/ssl/tls_method.cc:17:
/host/spi-builder-workspace/.build/checkouts/swift-nio-ssl/Sources/CNIOBoringSSL/ssl/../crypto/internal.h:32:10: fatal error: 'pthread.h' file not found
32 | #include <pthread.h>
| ^~~~~~~~~~~
1 error generated.
[65/472] Compiling tls_method.cc
In file included from /host/spi-builder-workspace/.build/checkouts/swift-nio-ssl/Sources/CNIOBoringSSL/ssl/tls13_client.cc:30:
/host/spi-builder-workspace/.build/checkouts/swift-nio-ssl/Sources/CNIOBoringSSL/ssl/../crypto/internal.h:32:10: fatal error: 'pthread.h' file not found
32 | #include <pthread.h>
| ^~~~~~~~~~~
1 error generated.
[65/472] Compiling tls13_client.cc
In file included from /host/spi-builder-workspace/.build/checkouts/swift-nio-ssl/Sources/CNIOBoringSSL/ssl/tls13_server.cc:32:
/host/spi-builder-workspace/.build/checkouts/swift-nio-ssl/Sources/CNIOBoringSSL/ssl/../crypto/internal.h:32:10: fatal error: 'pthread.h' file not found
32 | #include <pthread.h>
| ^~~~~~~~~~~
[65/472] Compiling tls13_server.cc
In file included from /host/spi-builder-workspace/.build/checkouts/swift-nio-ssl/Sources/CNIOBoringSSL/ssl/tls13_both.cc:29:
/host/spi-builder-workspace/.build/checkouts/swift-nio-ssl/Sources/CNIOBoringSSL/ssl/../crypto/internal.h:32:10: fatal error: 'pthread.h' file not found
32 | #include <pthread.h>
| ^~~~~~~~~~~
[65/472] Compiling tls13_both.cc
[66/472] Emitting module _NIOBase64
<unknown>:0: warning: upcoming feature 'InferSendableFromCaptures' is already enabled as of Swift version 6
<unknown>:0: warning: upcoming feature 'GlobalActorIsolatedTypesUsability' is already enabled as of Swift version 6
<unknown>:0: warning: upcoming feature 'DisableOutwardActorInference' is already enabled as of Swift version 6
<unknown>:0: warning: upcoming feature 'InferSendableFromCaptures' is already enabled as of Swift version 6
<unknown>:0: warning: upcoming feature 'GlobalActorIsolatedTypesUsability' is already enabled as of Swift version 6
<unknown>:0: warning: upcoming feature 'DisableOutwardActorInference' is already enabled as of Swift version 6
In file included from /host/spi-builder-workspace/.build/checkouts/swift-nio-ssl/Sources/CNIOBoringSSL/ssl/tls13_enc.cc:34:
/host/spi-builder-workspace/.build/checkouts/swift-nio-ssl/Sources/CNIOBoringSSL/ssl/../crypto/internal.h:32:10: fatal error: 'pthread.h' file not found
32 | #include <pthread.h>
| ^~~~~~~~~~~
1 error generated.
[66/472] Compiling tls13_enc.cc
[67/472] Emitting module _NIODataStructures
<unknown>:0: warning: upcoming feature 'InferSendableFromCaptures' is already enabled as of Swift version 6
<unknown>:0: warning: upcoming feature 'GlobalActorIsolatedTypesUsability' is already enabled as of Swift version 6
<unknown>:0: warning: upcoming feature 'DisableOutwardActorInference' is already enabled as of Swift version 6
<unknown>:0: warning: upcoming feature 'InferSendableFromCaptures' is already enabled as of Swift version 6
<unknown>:0: warning: upcoming feature 'GlobalActorIsolatedTypesUsability' is already enabled as of Swift version 6
<unknown>:0: warning: upcoming feature 'DisableOutwardActorInference' is already enabled as of Swift version 6
Running build ...
bash -c docker run --pull=always --rm -v "checkouts-53886770-0":/host -w "$PWD" -e JAVA_HOME="/root/.sdkman/candidates/java/current" -e SPI_BUILD="1" -e SPI_PROCESSING="1" registry.gitlab.com/saguaro1/spi-images:wasm-6.1-latest swift build --swift-sdk wasm32-unknown-wasi 2>&1
wasm-6.1-latest: Pulling from saguaro1/spi-images
Digest: sha256:f257c9b8465670613eb336f6def351d681b1d395aebdb231a45bac980c1f9d3c
Status: Image is up to date for registry.gitlab.com/saguaro1/spi-images:wasm-6.1-latest
[0/1] Planning build
[1/1] Compiling plugin OpenAPIGeneratorCommand
[2/2] Compiling plugin OpenAPIGenerator
[3/3] Compiling plugin GenerateManual
[4/4] Compiling plugin GenerateDoccReference
Building for debugging...
In file included from /host/spi-builder-workspace/.build/checkouts/swift-nio-ssl/Sources/CNIOBoringSSL/ssl/t1_enc.cc:28:
/host/spi-builder-workspace/.build/checkouts/swift-nio-ssl/Sources/CNIOBoringSSL/ssl/../crypto/internal.h:32:10: fatal error: 'pthread.h' file not found
32 | #include <pthread.h>
| ^~~~~~~~~~~
1 error generated.
[4/406] Compiling t1_enc.cc
In file included from /host/spi-builder-workspace/.build/checkouts/swift-nio-ssl/Sources/CNIOBoringSSL/ssl/tls13_both.cc:29:
/host/spi-builder-workspace/.build/checkouts/swift-nio-ssl/Sources/CNIOBoringSSL/ssl/../crypto/internal.h:32:10: fatal error: 'pthread.h' file not found
32 | #include <pthread.h>
| ^~~~~~~~~~~
1 error generated.
In file included from /host/spi-builder-workspace/.build/checkouts/swift-nio-ssl/Sources/CNIOBoringSSL/ssl/tls_method.cc:17:
/host/spi-builder-workspace/.build/checkouts/swift-nio-ssl/Sources/CNIOBoringSSL/ssl/../crypto/internal.h:32:10: fatal error: 'pthread.h' file not found
32 | #include <pthread.h>
| ^~~~~~~~~~~
1 error generated.
[4/406] Compiling tls13_both.cc
[4/406] Compiling tls_method.cc
In file included from /host/spi-builder-workspace/.build/checkouts/swift-nio-ssl/Sources/CNIOBoringSSL/ssl/tls_record.cc:19:
/host/spi-builder-workspace/.build/checkouts/swift-nio-ssl/Sources/CNIOBoringSSL/ssl/../crypto/internal.h:32:10: fatal error: 'pthread.h' file not found
32 | #include <pthread.h>
| ^~~~~~~~~~~
1 error generated.
[4/406] Compiling tls_record.cc
In file included from /host/spi-builder-workspace/.build/checkouts/swift-nio-ssl/Sources/CNIOBoringSSL/ssl/tls13_server.cc:32:
/host/spi-builder-workspace/.build/checkouts/swift-nio-ssl/Sources/CNIOBoringSSL/ssl/../crypto/internal.h:32:10: fatal error: 'pthread.h' file not found
32 | #include <pthread.h>
| ^~~~~~~~~~~
1 error generated.
[4/406] Compiling tls13_server.cc
In file included from /host/spi-builder-workspace/.build/checkouts/swift-nio-ssl/Sources/CNIOBoringSSL/ssl/tls13_enc.cc:34:
/host/spi-builder-workspace/.build/checkouts/swift-nio-ssl/Sources/CNIOBoringSSL/ssl/../crypto/internal.h:32:10: fatal error: 'pthread.h' file not found
32 | #include <pthread.h>
| ^~~~~~~~~~~
1 error generated.
[4/406] Compiling tls13_enc.cc
In file included from /host/spi-builder-workspace/.build/checkouts/swift-nio-ssl/Sources/CNIOBoringSSL/ssl/tls13_client.cc:30:
/host/spi-builder-workspace/.build/checkouts/swift-nio-ssl/Sources/CNIOBoringSSL/ssl/../crypto/internal.h:32:10: fatal error: 'pthread.h' file not found
32 | #include <pthread.h>
| ^~~~~~~~~~~
[4/406] Compiling tls13_client.cc
In file included from /host/spi-builder-workspace/.build/checkouts/swift-nio-ssl/Sources/CNIOBoringSSL/ssl/ssl_x509.cc:23:
/host/spi-builder-workspace/.build/checkouts/swift-nio-ssl/Sources/CNIOBoringSSL/ssl/../crypto/internal.h:32:10: fatal error: 'pthread.h' file not found
32 | #include <pthread.h>
| ^~~~~~~~~~~
[4/406] Compiling ssl_x509.cc
BUILD FAILURE 6.1 wasm