Build Information
Failed to build SierraSDK, reference main (c92be5), with Swift 6.2 for Linux on 16 Oct 2026 00:52:38 UTC.
Build Command
bash -c docker run --pull=always --rm -v "checkouts-53886770-0":/host -w "$PWD" -e JAVA_HOME="/root/.sdkman/candidates/java/current" -e SPI_BUILD="1" -e SPI_PROCESSING="1" registry.gitlab.com/saguaro1/spi-images:linux-6.2-latest swift build --triple x86_64-unknown-linux-gnu 2>&1Build Log
========================================
RunAll
========================================
Builder version: 5.1.3
Interrupt handler set up.
========================================
Checkout
========================================
Clone URL: https://github.com/sierra-inc/sierra-ios-sdk.git
Reference: main
Initialized empty Git repository in /host/spi-builder-workspace/.git/
hint: Using 'master' as the name for the initial branch. This default branch name
hint: is subject to change. To configure the initial branch name to use in all
hint: of your new repositories, which will suppress this warning, call:
hint:
hint: git config --global init.defaultBranch <name>
hint:
hint: Names commonly chosen instead of 'master' are 'main', 'trunk' and
hint: 'development'. The just-created branch can be renamed via this command:
hint:
hint: git branch -m <name>
From https://github.com/sierra-inc/sierra-ios-sdk
* branch main -> FETCH_HEAD
* [new branch] main -> origin/main
HEAD is now at c92be52 Update Sierra iOS SDK
Cloned https://github.com/sierra-inc/sierra-ios-sdk.git
Revision (git rev-parse @):
c92be52b8c26aaa3435dfa7a72ad59af5829320d
SUCCESS checkout https://github.com/sierra-inc/sierra-ios-sdk.git at main
========================================
Build
========================================
Selected platform: linux
Swift version: 6.2
Building package at path: $PWD
https://github.com/sierra-inc/sierra-ios-sdk.git
Running build ...
bash -c docker run --pull=always --rm -v "checkouts-53886770-0":/host -w "$PWD" -e JAVA_HOME="/root/.sdkman/candidates/java/current" -e SPI_BUILD="1" -e SPI_PROCESSING="1" registry.gitlab.com/saguaro1/spi-images:linux-6.2-latest swift build --triple x86_64-unknown-linux-gnu 2>&1
linux-6.2-latest: Pulling from saguaro1/spi-images
Digest: sha256:af72ee10f3ab8145e300c2afec9616a3ae441bd9d7c561ce3ed6cd39331f6017
Status: Image is up to date for registry.gitlab.com/saguaro1/spi-images:linux-6.2-latest
Building for debugging...
[0/8] Write sources
[0/8] Copying PrivacyInfo.xcprivacy
[0/8] Write sources
[0/8] Copying PrivacyInfo.xcprivacy
[5/8] Copying Assets.xcassets
[7/8] Write swift-version-24593BA9C3E375BF.txt
[9/38] Compiling SierraSDK ExpandingTextView.swift
/host/spi-builder-workspace/Sources/SierraSDK/Controllers/AgentChatController.swift:3:8: error: no such module 'UIKit'
1 | // Copyright Sierra
2 |
3 | import UIKit
| `- error: no such module 'UIKit'
4 | import WebKit
5 |
[10/38] Compiling SierraSDK SendButton.swift
/host/spi-builder-workspace/Sources/SierraSDK/Controllers/AgentChatController.swift:3:8: error: no such module 'UIKit'
1 | // Copyright Sierra
2 |
3 | import UIKit
| `- error: no such module 'UIKit'
4 | import WebKit
5 |
[11/40] Compiling SierraChatKit VoiceWaveform.swift
/host/spi-builder-workspace/Sources/SierraChatKit/Voice/EndCallButtonLegacy.swift:3:8: error: no such module 'UIKit'
1 | // Copyright Sierra
2 |
3 | import UIKit
| `- error: no such module 'UIKit'
4 |
5 | public final class EndCallButtonLegacy: UIButton {
[12/41] Compiling SierraSDK AgentChatController.swift
/host/spi-builder-workspace/Sources/SierraSDK/Controllers/AgentChatController.swift:3:8: error: no such module 'UIKit'
1 | // Copyright Sierra
2 |
3 | import UIKit
| `- error: no such module 'UIKit'
4 | import WebKit
5 |
[13/41] Compiling SierraSDK InputController.swift
/host/spi-builder-workspace/Sources/SierraSDK/Controllers/AgentChatController.swift:3:8: error: no such module 'UIKit'
1 | // Copyright Sierra
2 |
3 | import UIKit
| `- error: no such module 'UIKit'
4 | import WebKit
5 |
[14/41] Compiling SierraSDK MessagesController.swift
/host/spi-builder-workspace/Sources/SierraSDK/Controllers/AgentChatController.swift:3:8: error: no such module 'UIKit'
1 | // Copyright Sierra
2 |
3 | import UIKit
| `- error: no such module 'UIKit'
4 | import WebKit
5 |
[15/41] Compiling SierraSDK PersistenceMode.swift
/host/spi-builder-workspace/Sources/SierraSDK/Controllers/AgentChatController.swift:3:8: error: no such module 'UIKit'
1 | // Copyright Sierra
2 |
3 | import UIKit
| `- error: no such module 'UIKit'
4 | import WebKit
5 |
[16/41] Compiling SierraSDK TranscriptPDFGenerator.swift
/host/spi-builder-workspace/Sources/SierraSDK/Controllers/AgentChatController.swift:3:8: error: no such module 'UIKit'
1 | // Copyright Sierra
2 |
3 | import UIKit
| `- error: no such module 'UIKit'
4 | import WebKit
5 |
[17/41] Compiling SierraChatKit EndCallButtonLegacy.swift
/host/spi-builder-workspace/Sources/SierraSDK/Controllers/AgentChatController.swift:3:8: error: no such module 'UIKit'
1 | // Copyright Sierra
2 |
3 | import UIKit
| `- error: no such module 'UIKit'
4 | import WebKit
5 |
[18/41] Compiling SierraChatKit EndCallButtonPill.swift
/host/spi-builder-workspace/Sources/SierraSDK/Controllers/AgentChatController.swift:3:8: error: no such module 'UIKit'
1 | // Copyright Sierra
2 |
3 | import UIKit
| `- error: no such module 'UIKit'
4 | import WebKit
5 |
[19/41] Compiling SierraChatKit UnmuteButtonLegacy.swift
/host/spi-builder-workspace/Sources/SierraSDK/Controllers/AgentChatController.swift:3:8: error: no such module 'UIKit'
1 | // Copyright Sierra
2 |
3 | import UIKit
| `- error: no such module 'UIKit'
4 | import WebKit
5 |
[20/41] Compiling SierraSDK ConversationStorage.swift
/host/spi-builder-workspace/Sources/SierraSDK/Controllers/AgentChatController.swift:3:8: error: no such module 'UIKit'
1 | // Copyright Sierra
2 |
3 | import UIKit
| `- error: no such module 'UIKit'
4 | import WebKit
5 |
[21/41] Compiling SierraSDK EndConversationConfirmationStyle.swift
/host/spi-builder-workspace/Sources/SierraSDK/Controllers/AgentChatController.swift:3:8: error: no such module 'UIKit'
1 | // Copyright Sierra
2 |
3 | import UIKit
| `- error: no such module 'UIKit'
4 | import WebKit
5 |
[22/41] Compiling SierraSDK MessageInputPresetAction.swift
/host/spi-builder-workspace/Sources/SierraSDK/Controllers/AgentChatController.swift:3:8: error: no such module 'UIKit'
1 | // Copyright Sierra
2 |
3 | import UIKit
| `- error: no such module 'UIKit'
4 | import WebKit
5 |
[23/41] Compiling SierraChatKit UnmuteButtonPill.swift
/host/spi-builder-workspace/Sources/SierraSDK/Controllers/AgentChatController.swift:3:8: error: no such module 'UIKit'
1 | // Copyright Sierra
2 |
3 | import UIKit
| `- error: no such module 'UIKit'
4 | import WebKit
5 |
[24/41] Compiling SierraChatKit MuteButtonLegacy.swift
/host/spi-builder-workspace/Sources/SierraSDK/Controllers/AgentChatController.swift:3:8: error: no such module 'UIKit'
1 | // Copyright Sierra
2 |
3 | import UIKit
| `- error: no such module 'UIKit'
4 | import WebKit
5 |
[25/41] Compiling SierraChatKit MuteButtonPill.swift
/host/spi-builder-workspace/Sources/SierraSDK/Controllers/AgentChatController.swift:3:8: error: no such module 'UIKit'
1 | // Copyright Sierra
2 |
3 | import UIKit
| `- error: no such module 'UIKit'
4 | import WebKit
5 |
[26/41] Compiling SierraChatKit resource_bundle_accessor.swift
/host/spi-builder-workspace/Sources/SierraChatKit/Voice/EndCallButtonLegacy.swift:3:8: error: no such module 'UIKit'
1 | // Copyright Sierra
2 |
3 | import UIKit
| `- error: no such module 'UIKit'
4 |
5 | public final class EndCallButtonLegacy: UIButton {
[27/41] Compiling SierraSDK TypingIndicatorView.swift
/host/spi-builder-workspace/Sources/SierraSDK/Controllers/AgentChatController.swift:3:8: error: no such module 'UIKit'
1 | // Copyright Sierra
2 |
3 | import UIKit
| `- error: no such module 'UIKit'
4 | import WebKit
5 |
[28/41] Compiling SierraSDK resource_bundle_accessor.swift
/host/spi-builder-workspace/Sources/SierraSDK/Controllers/AgentChatController.swift:3:8: error: no such module 'UIKit'
1 | // Copyright Sierra
2 |
3 | import UIKit
| `- error: no such module 'UIKit'
4 | import WebKit
5 |
[29/41] Compiling SierraSDK UserAttachment.swift
/host/spi-builder-workspace/Sources/SierraSDK/Controllers/AgentChatController.swift:3:8: error: no such module 'UIKit'
1 | // Copyright Sierra
2 |
3 | import UIKit
| `- error: no such module 'UIKit'
4 | import WebKit
5 |
[30/41] Compiling SierraSDK SierraSDK.swift
/host/spi-builder-workspace/Sources/SierraSDK/Controllers/AgentChatController.swift:3:8: error: no such module 'UIKit'
1 | // Copyright Sierra
2 |
3 | import UIKit
| `- error: no such module 'UIKit'
4 | import WebKit
5 |
error: emit-module command failed with exit code 1 (use -v to see invocation)
[31/41] Emitting module SierraSDK
/host/spi-builder-workspace/Sources/SierraSDK/Controllers/AgentChatController.swift:3:8: error: no such module 'UIKit'
1 | // Copyright Sierra
2 |
3 | import UIKit
| `- error: no such module 'UIKit'
4 | import WebKit
5 |
error: emit-module command failed with exit code 1 (use -v to see invocation)
[32/41] Emitting module SierraChatKit
/host/spi-builder-workspace/Sources/SierraChatKit/Voice/EndCallButtonLegacy.swift:3:8: error: no such module 'UIKit'
1 | // Copyright Sierra
2 |
3 | import UIKit
| `- error: no such module 'UIKit'
4 |
5 | public final class EndCallButtonLegacy: UIButton {
/host/spi-builder-workspace/Sources/SierraChatKit/Voice/EndCallButtonLegacy.swift:3:8: error: no such module 'UIKit'
1 | // Copyright Sierra
2 |
3 | import UIKit
| `- error: no such module 'UIKit'
4 |
5 | public final class EndCallButtonLegacy: UIButton {
/host/spi-builder-workspace/Sources/SierraChatKit/Voice/EndCallButtonLegacy.swift:3:8: error: no such module 'UIKit'
1 | // Copyright Sierra
2 |
3 | import UIKit
| `- error: no such module 'UIKit'
4 |
5 | public final class EndCallButtonLegacy: UIButton {
[35/41] Compiling SierraChatKit VoiceAudioLevelView.swift
/host/spi-builder-workspace/Sources/SierraChatKit/Voice/EndCallButtonLegacy.swift:3:8: error: no such module 'UIKit'
1 | // Copyright Sierra
2 |
3 | import UIKit
| `- error: no such module 'UIKit'
4 |
5 | public final class EndCallButtonLegacy: UIButton {
BUILD FAILURE 6.2 linux