Build Information
Failed to build Koba, reference 0.2.0 (813180), with Swift 6.1 for Wasm on 10 Aug 2026 22:31:22 UTC.
Build Command
bash -c docker run --pull=always --rm -v "checkouts-54344849-0":/host -w "$PWD" -e JAVA_HOME="/root/.sdkman/candidates/java/current" -e SPI_BUILD="1" -e SPI_PROCESSING="1" registry.gitlab.com/saguaro1/spi-images:wasm-6.1-latest swift build --swift-sdk wasm32-unknown-wasi 2>&1Build Log
========================================
RunAll
========================================
Builder version: 729ceb5fcd9493dc13ee340bc4f0908bd201f85d
Interrupt handler set up.
========================================
Checkout
========================================
Clone URL: https://github.com/TypeError/koba.git
Reference: 0.2.0
Initialized empty Git repository in /host/spi-builder-workspace/.git/
hint: Using 'master' as the name for the initial branch. This default branch name
hint: is subject to change. To configure the initial branch name to use in all
hint: of your new repositories, which will suppress this warning, call:
hint:
hint: git config --global init.defaultBranch <name>
hint:
hint: Names commonly chosen instead of 'master' are 'main', 'trunk' and
hint: 'development'. The just-created branch can be renamed via this command:
hint:
hint: git branch -m <name>
From https://github.com/TypeError/koba
* tag 0.2.0 -> FETCH_HEAD
HEAD is now at 813180e Update for v0.2.0
Cloned https://github.com/TypeError/koba.git
Revision (git rev-parse @):
813180e054af23a0564460d15b83393821795a4f
SUCCESS checkout https://github.com/TypeError/koba.git at 0.2.0
========================================
Build
========================================
Selected platform: wasm
Swift version: 6.1
Building package at path: $PWD
https://github.com/TypeError/koba.git
https://github.com/TypeError/koba.git
WARNING: environment variable SUPPRESS_SWIFT_6_FLAGS is not set
Running build ...
bash -c docker run --pull=always --rm -v "checkouts-54344849-0":/host -w "$PWD" -e JAVA_HOME="/root/.sdkman/candidates/java/current" -e SPI_BUILD="1" -e SPI_PROCESSING="1" registry.gitlab.com/saguaro1/spi-images:wasm-6.1-latest swift build --swift-sdk wasm32-unknown-wasi -Xswiftc -Xfrontend -Xswiftc -stats-output-dir -Xswiftc -Xfrontend -Xswiftc .stats -Xswiftc -strict-concurrency=complete -Xswiftc -enable-upcoming-feature -Xswiftc StrictConcurrency -Xswiftc -enable-upcoming-feature -Xswiftc DisableOutwardActorInference -Xswiftc -enable-upcoming-feature -Xswiftc GlobalActorIsolatedTypesUsability -Xswiftc -enable-upcoming-feature -Xswiftc InferSendableFromCaptures 2>&1
wasm-6.1-latest: Pulling from saguaro1/spi-images
Digest: sha256:290f441d1f5b7bf0dbbe61e8b7514208804cdcb507d57b3c762463ad036298f7
Status: Image is up to date for registry.gitlab.com/saguaro1/spi-images:wasm-6.1-latest
Fetching https://github.com/IBM-Swift/Kitura.git
[1/16915] Fetching kitura
Fetched https://github.com/IBM-Swift/Kitura.git from cache (1.21s)
Computing version for https://github.com/IBM-Swift/Kitura.git
Computed https://github.com/IBM-Swift/Kitura.git at 2.9.200 (1.48s)
Fetching https://github.com/Kitura/LoggerAPI.git
Fetching https://github.com/Kitura/KituraContracts.git
Fetching https://github.com/Kitura/TypeDecoder.git
Fetching https://github.com/Kitura/Kitura-TemplateEngine.git
Fetching https://github.com/apple/swift-log.git
Fetching https://github.com/Kitura/Kitura-net.git
[1/784] Fetching loggerapi
[174/8737] Fetching loggerapi, swift-log
[2456/11293] Fetching loggerapi, swift-log, kituracontracts
[3277/11752] Fetching loggerapi, swift-log, kituracontracts, typedecoder
[5114/12190] Fetching loggerapi, swift-log, kituracontracts, typedecoder, kitura-templateengine
[9212/21734] Fetching loggerapi, swift-log, kituracontracts, typedecoder, kitura-templateengine, kitura-net
Fetched https://github.com/apple/swift-log.git from cache (0.49s)
[4361/13781] Fetching loggerapi, kituracontracts, typedecoder, kitura-templateengine, kitura-net
Fetched https://github.com/Kitura/LoggerAPI.git from cache (0.55s)
[6317/12997] Fetching kituracontracts, typedecoder, kitura-templateengine, kitura-net
Fetched https://github.com/Kitura/Kitura-TemplateEngine.git from cache (0.75s)
Fetched https://github.com/Kitura/TypeDecoder.git from cache (0.76s)
Fetched https://github.com/Kitura/KituraContracts.git from cache (0.76s)
Fetched https://github.com/Kitura/Kitura-net.git from cache (0.76s)
Computing version for https://github.com/Kitura/Kitura-TemplateEngine.git
Computed https://github.com/Kitura/Kitura-TemplateEngine.git at 2.0.200 (1.01s)
Computing version for https://github.com/Kitura/Kitura-net.git
Computed https://github.com/Kitura/Kitura-net.git at 2.4.200 (0.26s)
Fetching https://github.com/Kitura/BlueSocket.git
Fetching https://github.com/Kitura/BlueSSLService.git
Fetching https://github.com/Kitura/BlueSignals.git
[1/681] Fetching bluesignals
[682/3623] Fetching bluesignals, bluesocket
Fetched https://github.com/Kitura/BlueSignals.git from cache (0.37s)
[148/2942] Fetching bluesocket
[2943/5019] Fetching bluesocket, bluesslservice
Fetched https://github.com/Kitura/BlueSocket.git from cache (0.46s)
[499/2077] Fetching bluesslservice
Fetched https://github.com/Kitura/BlueSSLService.git from cache (0.49s)
Computing version for https://github.com/Kitura/LoggerAPI.git
Computed https://github.com/Kitura/LoggerAPI.git at 1.9.200 (0.75s)
Computing version for https://github.com/Kitura/BlueSignals.git
Computed https://github.com/Kitura/BlueSignals.git at 1.0.200 (0.25s)
Computing version for https://github.com/Kitura/BlueSSLService.git
Computed https://github.com/Kitura/BlueSSLService.git at 1.0.200 (0.25s)
Fetching https://github.com/Kitura/OpenSSL.git
[1/203] Fetching openssl
Fetched https://github.com/Kitura/OpenSSL.git from cache (0.39s)
Computing version for https://github.com/Kitura/BlueSocket.git
Computed https://github.com/Kitura/BlueSocket.git at 1.0.200 (0.64s)
Computing version for https://github.com/Kitura/TypeDecoder.git
Computed https://github.com/Kitura/TypeDecoder.git at 1.3.201 (0.25s)
Computing version for https://github.com/Kitura/KituraContracts.git
Computed https://github.com/Kitura/KituraContracts.git at 1.2.201 (0.25s)
Computing version for https://github.com/Kitura/OpenSSL.git
Computed https://github.com/Kitura/OpenSSL.git at 2.3.1 (0.95s)
Computing version for https://github.com/apple/swift-log.git
Computed https://github.com/apple/swift-log.git at 1.15.0 (0.25s)
Creating working copy for https://github.com/Kitura/Kitura-net.git
Working copy of https://github.com/Kitura/Kitura-net.git resolved at 2.4.200
Creating working copy for https://github.com/Kitura/BlueSignals.git
Working copy of https://github.com/Kitura/BlueSignals.git resolved at 1.0.200
Creating working copy for https://github.com/apple/swift-log.git
Working copy of https://github.com/apple/swift-log.git resolved at 1.15.0
Creating working copy for https://github.com/Kitura/BlueSSLService.git
Working copy of https://github.com/Kitura/BlueSSLService.git resolved at 1.0.200
Creating working copy for https://github.com/Kitura/BlueSocket.git
Working copy of https://github.com/Kitura/BlueSocket.git resolved at 1.0.200
Creating working copy for https://github.com/Kitura/KituraContracts.git
Working copy of https://github.com/Kitura/KituraContracts.git resolved at 1.2.201
Creating working copy for https://github.com/IBM-Swift/Kitura.git
Working copy of https://github.com/IBM-Swift/Kitura.git resolved at 2.9.200
Creating working copy for https://github.com/Kitura/OpenSSL.git
Working copy of https://github.com/Kitura/OpenSSL.git resolved at 2.3.1
Creating working copy for https://github.com/Kitura/LoggerAPI.git
Working copy of https://github.com/Kitura/LoggerAPI.git resolved at 1.9.200
Creating working copy for https://github.com/Kitura/Kitura-TemplateEngine.git
Working copy of https://github.com/Kitura/Kitura-TemplateEngine.git resolved at 2.0.200
Creating working copy for https://github.com/Kitura/TypeDecoder.git
Working copy of https://github.com/Kitura/TypeDecoder.git resolved at 1.3.201
warning: you may be able to install openssl using your system-packager:
apt-get install openssl libssl-dev
warning: you may be able to install openssl using your system-packager:
apt-get install openssl libssl-dev
Building for debugging...
[0/14] Write sources
[11/14] Compiling CHTTPParser utils.c
[12/14] Write swift-version-24593BA9C3E375BF.txt
[13/14] Compiling CHTTPParser http_parser.c
[15/36] Compiling TypeDecoder OrderedDictionary.swift
[16/36] Compiling KituraTemplateEngine TemplateEngine.swift
[17/36] Emitting module KituraTemplateEngine
[19/37] Compiling Logging LoggingSystem.swift
<unknown>:0: warning: upcoming feature 'InferSendableFromCaptures' is already enabled as of Swift version 6
<unknown>:0: warning: upcoming feature 'GlobalActorIsolatedTypesUsability' is already enabled as of Swift version 6
<unknown>:0: warning: upcoming feature 'DisableOutwardActorInference' is already enabled as of Swift version 6
[20/38] Compiling Logging LogEvent.swift
<unknown>:0: warning: upcoming feature 'InferSendableFromCaptures' is already enabled as of Swift version 6
<unknown>:0: warning: upcoming feature 'GlobalActorIsolatedTypesUsability' is already enabled as of Swift version 6
<unknown>:0: warning: upcoming feature 'DisableOutwardActorInference' is already enabled as of Swift version 6
[21/38] Compiling Logging LogHandler.swift
<unknown>:0: warning: upcoming feature 'InferSendableFromCaptures' is already enabled as of Swift version 6
<unknown>:0: warning: upcoming feature 'GlobalActorIsolatedTypesUsability' is already enabled as of Swift version 6
<unknown>:0: warning: upcoming feature 'DisableOutwardActorInference' is already enabled as of Swift version 6
[22/38] Compiling Logging Logger.swift
<unknown>:0: warning: upcoming feature 'InferSendableFromCaptures' is already enabled as of Swift version 6
<unknown>:0: warning: upcoming feature 'GlobalActorIsolatedTypesUsability' is already enabled as of Swift version 6
<unknown>:0: warning: upcoming feature 'DisableOutwardActorInference' is already enabled as of Swift version 6
[23/38] Emitting module Logging
unable to find node: pound
unable to find node: pound
<unknown>:0: warning: upcoming feature 'InferSendableFromCaptures' is already enabled as of Swift version 6
<unknown>:0: warning: upcoming feature 'GlobalActorIsolatedTypesUsability' is already enabled as of Swift version 6
<unknown>:0: warning: upcoming feature 'DisableOutwardActorInference' is already enabled as of Swift version 6
[24/38] Compiling Logging Logger+Attributes.swift
<unknown>:0: warning: upcoming feature 'InferSendableFromCaptures' is already enabled as of Swift version 6
<unknown>:0: warning: upcoming feature 'GlobalActorIsolatedTypesUsability' is already enabled as of Swift version 6
<unknown>:0: warning: upcoming feature 'DisableOutwardActorInference' is already enabled as of Swift version 6
[25/38] Compiling Logging Logger+With.swift
unable to find node: pound
unable to find node: pound
<unknown>:0: warning: upcoming feature 'InferSendableFromCaptures' is already enabled as of Swift version 6
<unknown>:0: warning: upcoming feature 'GlobalActorIsolatedTypesUsability' is already enabled as of Swift version 6
<unknown>:0: warning: upcoming feature 'DisableOutwardActorInference' is already enabled as of Swift version 6
[26/38] Emitting module Signals
[27/38] Compiling Signals Signals.swift
/host/spi-builder-workspace/.build/checkouts/BlueSignals/Sources/Signals/Signals.swift:56:18: error: cannot find 'SIGHUP' in scope
54 | switch self {
55 | case .hup:
56 | return Int32(SIGHUP)
| `- error: cannot find 'SIGHUP' in scope
57 | case .int:
58 | return Int32(SIGINT)
/host/spi-builder-workspace/.build/checkouts/BlueSignals/Sources/Signals/Signals.swift:58:18: error: cannot find 'SIGINT' in scope
56 | return Int32(SIGHUP)
57 | case .int:
58 | return Int32(SIGINT)
| `- error: cannot find 'SIGINT' in scope
59 | case .quit:
60 | return Int32(SIGQUIT)
/host/spi-builder-workspace/.build/checkouts/BlueSignals/Sources/Signals/Signals.swift:60:18: error: cannot find 'SIGQUIT' in scope
58 | return Int32(SIGINT)
59 | case .quit:
60 | return Int32(SIGQUIT)
| `- error: cannot find 'SIGQUIT' in scope
61 | case .abrt:
62 | return Int32(SIGABRT)
/host/spi-builder-workspace/.build/checkouts/BlueSignals/Sources/Signals/Signals.swift:62:18: error: cannot find 'SIGABRT' in scope
60 | return Int32(SIGQUIT)
61 | case .abrt:
62 | return Int32(SIGABRT)
| `- error: cannot find 'SIGABRT' in scope
63 | case .kill:
64 | return Int32(SIGKILL)
/host/spi-builder-workspace/.build/checkouts/BlueSignals/Sources/Signals/Signals.swift:64:18: error: cannot find 'SIGKILL' in scope
62 | return Int32(SIGABRT)
63 | case .kill:
64 | return Int32(SIGKILL)
| `- error: cannot find 'SIGKILL' in scope
65 | case .alrm:
66 | return Int32(SIGALRM)
/host/spi-builder-workspace/.build/checkouts/BlueSignals/Sources/Signals/Signals.swift:66:18: error: cannot find 'SIGALRM' in scope
64 | return Int32(SIGKILL)
65 | case .alrm:
66 | return Int32(SIGALRM)
| `- error: cannot find 'SIGALRM' in scope
67 | case .term:
68 | return Int32(SIGTERM)
/host/spi-builder-workspace/.build/checkouts/BlueSignals/Sources/Signals/Signals.swift:68:18: error: cannot find 'SIGTERM' in scope
66 | return Int32(SIGALRM)
67 | case .term:
68 | return Int32(SIGTERM)
| `- error: cannot find 'SIGTERM' in scope
69 | case .pipe:
70 | return Int32(SIGPIPE)
/host/spi-builder-workspace/.build/checkouts/BlueSignals/Sources/Signals/Signals.swift:70:18: error: cannot find 'SIGPIPE' in scope
68 | return Int32(SIGTERM)
69 | case .pipe:
70 | return Int32(SIGPIPE)
| `- error: cannot find 'SIGPIPE' in scope
71 | case .user(let sig):
72 | return Int32(sig)
<unknown>:0: warning: upcoming feature 'InferSendableFromCaptures' is already enabled as of Swift version 6
<unknown>:0: warning: upcoming feature 'GlobalActorIsolatedTypesUsability' is already enabled as of Swift version 6
<unknown>:0: warning: upcoming feature 'DisableOutwardActorInference' is already enabled as of Swift version 6
/host/spi-builder-workspace/.build/checkouts/BlueSocket/Sources/Socket/SocketUtils.swift:146:27: error: cannot find '__DARWIN_FD_SETSIZE' in scope
144 | // __DARWIN_FD_SETSIZE is number of *bits*, so divide by number bits in each element to get element count
145 | // at present this is 1024 / 32 == 32
146 | let __fd_set_count = Int(__DARWIN_FD_SETSIZE) / 32
| `- error: cannot find '__DARWIN_FD_SETSIZE' in scope
147 |
148 | extension fd_set {
[28/38] Emitting module TypeDecoder
Running build ...
bash -c docker run --pull=always --rm -v "checkouts-54344849-0":/host -w "$PWD" -e JAVA_HOME="/root/.sdkman/candidates/java/current" -e SPI_BUILD="1" -e SPI_PROCESSING="1" registry.gitlab.com/saguaro1/spi-images:wasm-6.1-latest swift build --swift-sdk wasm32-unknown-wasi 2>&1
wasm-6.1-latest: Pulling from saguaro1/spi-images
Digest: sha256:290f441d1f5b7bf0dbbe61e8b7514208804cdcb507d57b3c762463ad036298f7
Status: Image is up to date for registry.gitlab.com/saguaro1/spi-images:wasm-6.1-latest
warning: you may be able to install openssl using your system-packager:
apt-get install openssl libssl-dev
warning: you may be able to install openssl using your system-packager:
apt-get install openssl libssl-dev
[0/1] Planning build
Building for debugging...
[0/1] Write swift-version-24593BA9C3E375BF.txt
[2/23] Compiling KituraTemplateEngine TemplateEngine.swift
[3/23] Emitting module KituraTemplateEngine
[4/24] Compiling Socket SocketProtocols.swift
[5/24] Compiling Socket SocketUtils.swift
/host/spi-builder-workspace/.build/checkouts/BlueSocket/Sources/Socket/SocketUtils.swift:146:27: error: cannot find '__DARWIN_FD_SETSIZE' in scope
144 | // __DARWIN_FD_SETSIZE is number of *bits*, so divide by number bits in each element to get element count
145 | // at present this is 1024 / 32 == 32
146 | let __fd_set_count = Int(__DARWIN_FD_SETSIZE) / 32
| `- error: cannot find '__DARWIN_FD_SETSIZE' in scope
147 |
148 | extension fd_set {
/host/spi-builder-workspace/.build/checkouts/BlueSocket/Sources/Socket/SocketUtils.swift:152:45: error: cannot find 'fds_bits' in scope
150 | @inline(__always)
151 | mutating func withCArrayAccess<T>(block: (UnsafeMutablePointer<Int32>) throws -> T) rethrows -> T {
152 | return try withUnsafeMutablePointer(to: &fds_bits) {
| `- error: cannot find 'fds_bits' in scope
153 | try block(UnsafeMutableRawPointer($0).assumingMemoryBound(to: Int32.self))
154 | }
[7/24] Emitting module Signals
[8/24] Compiling Signals Signals.swift
/host/spi-builder-workspace/.build/checkouts/BlueSignals/Sources/Signals/Signals.swift:56:18: error: cannot find 'SIGHUP' in scope
54 | switch self {
55 | case .hup:
56 | return Int32(SIGHUP)
| `- error: cannot find 'SIGHUP' in scope
57 | case .int:
58 | return Int32(SIGINT)
/host/spi-builder-workspace/.build/checkouts/BlueSignals/Sources/Signals/Signals.swift:58:18: error: cannot find 'SIGINT' in scope
56 | return Int32(SIGHUP)
57 | case .int:
58 | return Int32(SIGINT)
| `- error: cannot find 'SIGINT' in scope
59 | case .quit:
60 | return Int32(SIGQUIT)
/host/spi-builder-workspace/.build/checkouts/BlueSignals/Sources/Signals/Signals.swift:60:18: error: cannot find 'SIGQUIT' in scope
58 | return Int32(SIGINT)
59 | case .quit:
60 | return Int32(SIGQUIT)
| `- error: cannot find 'SIGQUIT' in scope
61 | case .abrt:
62 | return Int32(SIGABRT)
/host/spi-builder-workspace/.build/checkouts/BlueSignals/Sources/Signals/Signals.swift:62:18: error: cannot find 'SIGABRT' in scope
60 | return Int32(SIGQUIT)
61 | case .abrt:
62 | return Int32(SIGABRT)
| `- error: cannot find 'SIGABRT' in scope
63 | case .kill:
64 | return Int32(SIGKILL)
/host/spi-builder-workspace/.build/checkouts/BlueSignals/Sources/Signals/Signals.swift:64:18: error: cannot find 'SIGKILL' in scope
62 | return Int32(SIGABRT)
63 | case .kill:
64 | return Int32(SIGKILL)
| `- error: cannot find 'SIGKILL' in scope
65 | case .alrm:
66 | return Int32(SIGALRM)
/host/spi-builder-workspace/.build/checkouts/BlueSignals/Sources/Signals/Signals.swift:66:18: error: cannot find 'SIGALRM' in scope
64 | return Int32(SIGKILL)
65 | case .alrm:
66 | return Int32(SIGALRM)
| `- error: cannot find 'SIGALRM' in scope
67 | case .term:
68 | return Int32(SIGTERM)
/host/spi-builder-workspace/.build/checkouts/BlueSignals/Sources/Signals/Signals.swift:68:18: error: cannot find 'SIGTERM' in scope
66 | return Int32(SIGALRM)
67 | case .term:
68 | return Int32(SIGTERM)
| `- error: cannot find 'SIGTERM' in scope
69 | case .pipe:
70 | return Int32(SIGPIPE)
/host/spi-builder-workspace/.build/checkouts/BlueSignals/Sources/Signals/Signals.swift:70:18: error: cannot find 'SIGPIPE' in scope
68 | return Int32(SIGTERM)
69 | case .pipe:
70 | return Int32(SIGPIPE)
| `- error: cannot find 'SIGPIPE' in scope
71 | case .user(let sig):
72 | return Int32(sig)
BUILD FAILURE 6.1 wasm