Build Information
Failed to build Sovran, reference 1.1.2 (24867f), with Swift 6.4 for watchOS using Xcode 27.0 on 20 Sep 2026 18:28:19 UTC.
Build Command
env DEVELOPER_DIR=/Applications/Xcode-27.0.0-Release.Candidate.app xcrun xcodebuild -IDEClonedSourcePackagesDirPathOverride=$PWD/.dependencies -skipMacroValidation -skipPackagePluginValidation -derivedDataPath $PWD/.derivedData build -scheme Sovran-Package -destination generic/platform=watchOSBuild Log
========================================
RunAll
========================================
Builder version: 5.1.0
Interrupt handler set up.
========================================
Checkout
========================================
Clone URL: https://github.com/segmentio/Sovran-Swift.git
Reference: 1.1.2
Initialized empty Git repository in /Users/admin/builder/spi-builder-workspace/.git/
From https://github.com/segmentio/Sovran-Swift
* tag 1.1.2 -> FETCH_HEAD
HEAD is now at 24867f3 Version 1.1.2
Cloned https://github.com/segmentio/Sovran-Swift.git
Revision (git rev-parse @):
24867f3e4ac62027db9827112135e6531b6f4051
SUCCESS checkout https://github.com/segmentio/Sovran-Swift.git at 1.1.2
========================================
Build
========================================
Selected platform: watchOS
Swift version: 6.4
Building package at path: $PWD
https://github.com/segmentio/Sovran-Swift.git
Command line invocation:
/Applications/Xcode-27.0.0-Release.Candidate.app/Contents/Developer/usr/bin/xcodebuild -IDEClonedSourcePackagesDirPathOverride=/Users/admin/builder/spi-builder-workspace/.dependencies -resolvePackageDependencies
resolved source packages:
{
"dependencies" : [
],
"manifest_display_name" : "Sovran",
"name" : "Sovran",
"path" : "/Users/admin/builder/spi-builder-workspace",
"platforms" : [
{
"name" : "macos",
"version" : "10.15"
},
{
"name" : "ios",
"version" : "13.0"
},
{
"name" : "tvos",
"version" : "12.0"
},
{
"name" : "watchos",
"version" : "7.1"
}
],
"products" : [
{
"name" : "Sovran",
"targets" : [
"Sovran"
],
"type" : {
"library" : [
"automatic"
]
}
}
],
"targets" : [
{
"c99name" : "SovranTests",
"module_type" : "SwiftTarget",
"name" : "SovranTests",
"path" : "Tests/SovranTests",
"sources" : [
"ExampleStates.swift",
"SovranTests.swift",
"XCTestManifests.swift"
],
"target_dependencies" : [
"Sovran"
],
"type" : "test"
},
{
"c99name" : "Sovran",
"module_type" : "SwiftTarget",
"name" : "Sovran",
"path" : "Sources/Sovran",
"product_memberships" : [
"Sovran"
],
"sources" : [
"Action.swift",
"State.swift",
"Store.swift",
"Subscriber.swift",
"Testing.swift",
"Version.swift"
],
"type" : "library"
}
],
"tools_version" : "5.3"
}
{
"project" : {
"configurations" : [
"Debug",
"Release"
],
"name" : "Sovran",
"schemes" : [
"Sovran",
"Sovran-Package"
],
"targets" : [
"Sovran",
"SovranPackageDescription",
"SovranPackageTests",
"SovranTests"
]
}
}
Running build ...
env DEVELOPER_DIR=/Applications/Xcode-27.0.0-Release.Candidate.app xcrun xcodebuild -IDEClonedSourcePackagesDirPathOverride=$PWD/.dependencies -skipMacroValidation -skipPackagePluginValidation -derivedDataPath $PWD/.derivedData build -scheme Sovran-Package -destination generic/platform=watchOS
Command line invocation:
/Applications/Xcode-27.0.0-Release.Candidate.app/Contents/Developer/usr/bin/xcodebuild -IDEClonedSourcePackagesDirPathOverride=/Users/admin/builder/spi-builder-workspace/.dependencies -skipMacroValidation -skipPackagePluginValidation -derivedDataPath /Users/admin/builder/spi-builder-workspace/.derivedData build -scheme Sovran-Package -destination generic/platform=watchOS
ComputePackagePrebuildTargetDependencyGraph
Prepare packages
CreateBuildRequest
SendProjectDescription
CreateBuildOperation
ComputeTargetDependencyGraph
note: Building targets in dependency order
note: Target dependency graph (1 target)
Target 'Sovran' in project 'Sovran' (no dependencies)
GatherProvisioningInputs
CreateBuildDescription
ExecuteExternalTool /Applications/Xcode-27.0.0-Release.Candidate.app/Contents/Developer/Toolchains/XcodeDefault.xctoolchain/usr/bin/clang -v -E -dM -isysroot /Applications/Xcode-27.0.0-Release.Candidate.app/Contents/Developer/Platforms/WatchOS.platform/Developer/SDKs/WatchOS27.0.sdk -x c -c /dev/null
ExecuteExternalTool /Applications/Xcode-27.0.0-Release.Candidate.app/Contents/Developer/Toolchains/XcodeDefault.xctoolchain/usr/bin/swiftc --version
ExecuteExternalTool /Applications/Xcode-27.0.0-Release.Candidate.app/Contents/Developer/Toolchains/XcodeDefault.xctoolchain/usr/bin/ld -version_details
Build description signature: 400105fee212355d0199e14e111c2eb1
Build description path: /Users/admin/builder/spi-builder-workspace/.derivedData/Build/Intermediates.noindex/XCBuildData/400105fee212355d0199e14e111c2eb1.xcbuilddata
/Users/admin/builder/spi-builder-workspace/Sovran.xcodeproj: error: The watchOS deployment target 'WATCHOS_DEPLOYMENT_TARGET' is set to 7.1, but the range of supported deployment target versions is 9.0 to 27.0.x. (in target 'Sovran' from project 'Sovran')
error: The armv7k architecture is deprecated. You should update your ARCHS build setting to remove the armv7k architecture. (in target 'Sovran' from project 'Sovran')
** BUILD FAILED **
The following build commands failed:
Building project Sovran with scheme Sovran-Package
(1 failure)
Command line invocation:
/Applications/Xcode-27.0.0-Release.Candidate.app/Contents/Developer/usr/bin/xcodebuild -IDEClonedSourcePackagesDirPathOverride=/Users/admin/builder/spi-builder-workspace/.dependencies -resolvePackageDependencies
resolved source packages:
{
"dependencies" : [
],
"manifest_display_name" : "Sovran",
"name" : "Sovran",
"path" : "/Users/admin/builder/spi-builder-workspace",
"platforms" : [
{
"name" : "macos",
"version" : "10.15"
},
{
"name" : "ios",
"version" : "13.0"
},
{
"name" : "tvos",
"version" : "12.0"
},
{
"name" : "watchos",
"version" : "7.1"
}
],
"products" : [
{
"name" : "Sovran",
"targets" : [
"Sovran"
],
"type" : {
"library" : [
"automatic"
]
}
}
],
"targets" : [
{
"c99name" : "SovranTests",
"module_type" : "SwiftTarget",
"name" : "SovranTests",
"path" : "Tests/SovranTests",
"sources" : [
"ExampleStates.swift",
"SovranTests.swift",
"XCTestManifests.swift"
],
"target_dependencies" : [
"Sovran"
],
"type" : "test"
},
{
"c99name" : "Sovran",
"module_type" : "SwiftTarget",
"name" : "Sovran",
"path" : "Sources/Sovran",
"product_memberships" : [
"Sovran"
],
"sources" : [
"Action.swift",
"State.swift",
"Store.swift",
"Subscriber.swift",
"Testing.swift",
"Version.swift"
],
"type" : "library"
}
],
"tools_version" : "5.3"
}
{
"project" : {
"configurations" : [
"Debug",
"Release"
],
"name" : "Sovran",
"schemes" : [
"Sovran",
"Sovran-Package"
],
"targets" : [
"Sovran",
"SovranPackageDescription",
"SovranPackageTests",
"SovranTests"
]
}
}
Running build ...
env DEVELOPER_DIR=/Applications/Xcode-27.0.0-Release.Candidate.app xcrun xcodebuild -IDEClonedSourcePackagesDirPathOverride=$PWD/.dependencies -skipMacroValidation -skipPackagePluginValidation -derivedDataPath $PWD/.derivedData build -scheme Sovran-Package -destination generic/platform=watchOS
Command line invocation:
/Applications/Xcode-27.0.0-Release.Candidate.app/Contents/Developer/usr/bin/xcodebuild -IDEClonedSourcePackagesDirPathOverride=/Users/admin/builder/spi-builder-workspace/.dependencies -skipMacroValidation -skipPackagePluginValidation -derivedDataPath /Users/admin/builder/spi-builder-workspace/.derivedData build -scheme Sovran-Package -destination generic/platform=watchOS
ComputePackagePrebuildTargetDependencyGraph
Prepare packages
CreateBuildRequest
SendProjectDescription
CreateBuildOperation
ComputeTargetDependencyGraph
note: Building targets in dependency order
note: Target dependency graph (1 target)
Target 'Sovran' in project 'Sovran' (no dependencies)
GatherProvisioningInputs
CreateBuildDescription
error: The armv7k architecture is deprecated. You should update your ARCHS build setting to remove the armv7k architecture. (in target 'Sovran' from project 'Sovran')
/Users/admin/builder/spi-builder-workspace/Sovran.xcodeproj: error: The watchOS deployment target 'WATCHOS_DEPLOYMENT_TARGET' is set to 7.1, but the range of supported deployment target versions is 9.0 to 27.0.x. (in target 'Sovran' from project 'Sovran')
** BUILD FAILED **
The following build commands failed:
Building project Sovran with scheme Sovran-Package
(1 failure)
BUILD FAILURE 6.4 watchOS