The Swift Package Index logo.Swift Package Index

Build Information

Failed to build UIEnvironment, reference main (98ae70), with Swift 6.4 for Wasm on 20 Sep 2026 18:27:35 UTC.

Build Command

bash -c docker run --pull=always --rm -v "checkouts-53886769-0":/host -w "$PWD" -e JAVA_HOME="/root/.sdkman/candidates/java/current" -e SPI_BUILD="1" -e SPI_PROCESSING="1" registry.gitlab.com/saguaro1/spi-images:wasm-6.4-latest swift build --swift-sdk swift-6.4.x-DEVELOPMENT-SNAPSHOT-2026-09-04-a_wasm 2>&1

Build Log

========================================
RunAll
========================================
Builder version: 5.1.0
Interrupt handler set up.
========================================
Checkout
========================================
Clone URL: https://github.com/nonameplum/UIEnvironment.git
Reference: main
Initialized empty Git repository in /host/spi-builder-workspace/.git/
hint: Using 'master' as the name for the initial branch. This default branch name
hint: is subject to change. To configure the initial branch name to use in all
hint: of your new repositories, which will suppress this warning, call:
hint:
hint: 	git config --global init.defaultBranch <name>
hint:
hint: Names commonly chosen instead of 'master' are 'main', 'trunk' and
hint: 'development'. The just-created branch can be renamed via this command:
hint:
hint: 	git branch -m <name>
From https://github.com/nonameplum/UIEnvironment
 * branch            main       -> FETCH_HEAD
 * [new branch]      main       -> origin/main
HEAD is now at 98ae706 Readme update for release 1.1.0
Cloned https://github.com/nonameplum/UIEnvironment.git
Revision (git rev-parse @):
98ae706d8870f02268fa2756d2dedf1cd84a82fc
SUCCESS checkout https://github.com/nonameplum/UIEnvironment.git at main
========================================
Build
========================================
Selected platform:         wasm
Swift version:             6.4
Building package at path:  $PWD
https://github.com/nonameplum/UIEnvironment.git
Running build ...
bash -c docker run --pull=always --rm -v "checkouts-53886769-0":/host -w "$PWD" -e JAVA_HOME="/root/.sdkman/candidates/java/current" -e SPI_BUILD="1" -e SPI_PROCESSING="1" registry.gitlab.com/saguaro1/spi-images:wasm-6.4-latest swift build --swift-sdk swift-6.4.x-DEVELOPMENT-SNAPSHOT-2026-09-04-a_wasm 2>&1
wasm-6.4-latest: Pulling from saguaro1/spi-images
Digest: sha256:4328fdb43c680d205c1d6761b1e3267aa38277eefdda9ddfb17b6a0f1a77857a
Status: Image is up to date for registry.gitlab.com/saguaro1/spi-images:wasm-6.4-latest
Fetching https://github.com/623637646/SwiftHook
[1/4252] Fetching swifthook
Fetched https://github.com/623637646/SwiftHook (0.55s)
Computing version for https://github.com/623637646/SwiftHook
Computed https://github.com/623637646/SwiftHook at 3.5.3 (0.70s)
Fetching https://github.com/623637646/libffi.git
[1/15566] Fetching libffi
Fetched https://github.com/623637646/libffi.git (0.91s)
Computing version for https://github.com/623637646/libffi.git
Computed https://github.com/623637646/libffi.git at 3.4.7 (1.06s)
Creating working copy for https://github.com/623637646/SwiftHook
Working copy of https://github.com/623637646/SwiftHook resolved at 3.5.3
Creating working copy for https://github.com/623637646/libffi.git
Working copy of https://github.com/623637646/libffi.git resolved at 3.4.7
Building for debugging...
[Pre-planning 1 / 157]
In file included from /host/spi-builder-workspace/.build/checkouts/libffi/Sources/libffi_apple/src/types.c:32:
/host/spi-builder-workspace/.build/checkouts/libffi/Sources/libffi_apple/include/ffi_common.h:123:1: error: unknown type name 'ffi_status'
  123 | ffi_status ffi_prep_cif_machdep(ffi_cif *cif);
      | ^
/host/spi-builder-workspace/.build/checkouts/libffi/Sources/libffi_apple/include/ffi_common.h:123:33: error: unknown type name 'ffi_cif'
  123 | ffi_status ffi_prep_cif_machdep(ffi_cif *cif);
      |                                 ^
/host/spi-builder-workspace/.build/checkouts/libffi/Sources/libffi_apple/include/ffi_common.h:124:1: error: unknown type name 'ffi_status'
  124 | ffi_status ffi_prep_cif_machdep_var(ffi_cif *cif,
      | ^
/host/spi-builder-workspace/.build/checkouts/libffi/Sources/libffi_apple/include/ffi_common.h:124:37: error: unknown type name 'ffi_cif'
  124 | ffi_status ffi_prep_cif_machdep_var(ffi_cif *cif,
      |                                     ^
/host/spi-builder-workspace/.build/checkouts/libffi/Sources/libffi_apple/include/ffi_common.h:134:1: error: unknown type name 'ffi_status'
  134 | ffi_status ffi_prep_cif_core(ffi_cif *cif,
      | ^
/host/spi-builder-workspace/.build/checkouts/libffi/Sources/libffi_apple/include/ffi_common.h:134:30: error: unknown type name 'ffi_cif'
  134 | ffi_status ffi_prep_cif_core(ffi_cif *cif,
      |                              ^
/host/spi-builder-workspace/.build/checkouts/libffi/Sources/libffi_apple/include/ffi_common.h:135:9: error: unknown type name 'ffi_abi'
  135 |                              ffi_abi abi,
      |                              ^
/host/spi-builder-workspace/.build/checkouts/libffi/Sources/libffi_apple/include/ffi_common.h:139:9: error: unknown type name 'ffi_type'
  139 |                              ffi_type *rtype,
      |                              ^
/host/spi-builder-workspace/.build/checkouts/libffi/Sources/libffi_apple/include/ffi_common.h:140:9: error: unknown type name 'ffi_type'
  140 |                              ffi_type **atypes);
      |                              ^
/host/spi-builder-workspace/.build/checkouts/libffi/Sources/libffi_apple/include/ffi_common.h:144:45: error: expected function body after function declarator
  144 | void *ffi_data_to_code_pointer (void *data) FFI_HIDDEN;
      |                                             ^
/host/spi-builder-workspace/.build/checkouts/libffi/Sources/libffi_apple/include/ffi_common.h:148:42: error: expected function body after function declarator
  148 | int ffi_tramp_is_present (void *closure) FFI_HIDDEN;
      |                                          ^
/host/spi-builder-workspace/.build/checkouts/libffi/Sources/libffi_apple/include/ffi_common.h:152:31: error: expected function body after function declarator
  152 | int open_temp_exec_file(void) FFI_HIDDEN;
      |                               ^
/host/spi-builder-workspace/.build/checkouts/libffi/Sources/libffi_apple/include/ffi_common.h:157:3: error: unknown type name 'ffi_cif'
  157 |   ffi_cif *cif;
      |   ^
/host/spi-builder-workspace/.build/checkouts/libffi/Sources/libffi_apple/src/types.c:65:1: error: unknown type name 'FFI_EXTERN'
   65 | FFI_EXTERN const ffi_type ffi_type_void = {
      | ^
/host/spi-builder-workspace/.build/checkouts/libffi/Sources/libffi_apple/src/types.c:65:26: error: expected ';' after top level declarator
   65 | FFI_EXTERN const ffi_type ffi_type_void = {
      |                          ^
      |                          ;
/host/spi-builder-workspace/.build/checkouts/libffi/Sources/libffi_apple/src/types.c:69:1: error: unknown type name 'FFI_EXTERN'
   69 | FFI_TYPEDEF(uint8, UINT8, FFI_TYPE_UINT8, const);
      | ^
/host/spi-builder-workspace/.build/checkouts/libffi/Sources/libffi_apple/src/types.c:40:9: note: expanded from macro 'FFI_TYPEDEF'
   40 | };                                              \
      |                                                 ^
/host/spi-builder-workspace/.build/checkouts/libffi/Sources/libffi_apple/src/types.c:69:1: error: expected ';' after top level declarator
/host/spi-builder-workspace/.build/checkouts/libffi/Sources/libffi_apple/src/types.c:42:22: note: expanded from macro 'FFI_TYPEDEF'
   42 | maybe_const ffi_type ffi_type_##name = {        \
      |                      ^
<scratch space>:6:1: note: expanded from here
    6 | ffi_type_uint8
      | ^
/host/spi-builder-workspace/.build/checkouts/libffi/Sources/libffi_apple/src/types.c:70:1: error: unknown type name 'FFI_EXTERN'
   70 | FFI_TYPEDEF(sint8, SINT8, FFI_TYPE_SINT8, const);
      | ^
/host/spi-builder-workspace/.build/checkouts/libffi/Sources/libffi_apple/src/types.c:40:9: note: expanded from macro 'FFI_TYPEDEF'
   40 | };                                              \
      |                                                 ^
/host/spi-builder-workspace/.build/checkouts/libffi/Sources/libffi_apple/src/types.c:70:1: error: expected ';' after top level declarator
/host/spi-builder-workspace/.build/checkouts/libffi/Sources/libffi_apple/src/types.c:42:22: note: expanded from macro 'FFI_TYPEDEF'
   42 | maybe_const ffi_type ffi_type_##name = {        \
      |                      ^
<scratch space>:9:1: note: expanded from here
    9 | ffi_type_sint8
      | ^
fatal error: too many errors emitted, stopping now [-ferror-limit=]
20 errors generated.
error: CompileC /host/spi-builder-workspace/.build/out/Intermediates.noindex/libffi_apple.build/Debug-webassembly-wasm32/libffi_apple-t.build/Objects-normal/wasm32/types.o /host/spi-builder-workspace/.build/checkouts/libffi/Sources/libffi_apple/src/types.c normal wasm32 c com.apple.compilers.llvm.clang.1_0.compiler failed with a nonzero exit code. Command line:     cd /host

    Using response file: /host/spi-builder-workspace/.build/out/Intermediates.noindex/libffi_apple.build/Debug-webassembly-wasm32/libffi_apple-t.build/Objects-normal/wasm32/9f65232cb83f8421e3a495a5062eba382369c975104ee97bafc405ab795bfc5e-common-args.resp

    /usr/bin/clang -x c -target wasm32-unknown-wasip1 -fmessage-length\=0 -fdiagnostics-show-note-include-stack -fmacro-backtrace-limit\=0 -fcolor-diagnostics -Wno-trigraphs -Wno-missing-field-initializers -Wno-missing-prototypes -Wno-return-type -Wno-missing-braces -Wparentheses -Wswitch -Wno-unused-function -Wno-unused-label -Wno-unused-parameter -Wno-unused-variable -Wunused-value -Wno-empty-body -Wno-uninitialized -Wno-unknown-pragmas -w -Wno-shadow -Wno-four-char-constants -Wno-conversion -Wno-constant-conversion -Wno-int-conversion -Wno-bool-conversion -Wno-enum-conversion -Wno-float-conversion -Wno-non-literal-null-conversion -Wno-objc-literal-conversion -Wno-shorten-64-to-32 -Wpointer-sign -Wno-newline-eof -Wno-implicit-fallthrough -fstrict-aliasing -Wdeprecated-declarations -Wno-sign-conversion -Wno-infinite-recursion -Wno-comma -Wno-block-capture-autoreleasing -Wno-strict-prototypes -Wno-semicolon-before-method-body --sysroot /root/.swiftpm/swift-sdks/swift-6.4.x-DEVELOPMENT-SNAPSHOT-2026-09-04-a_wasm.artifactbundle/swift-6.4.x-DEVELOPMENT-SNAPSHOT-2026-09-04-a_wasm/wasm32-unknown-wasip1/WASI.sdk @/host/spi-builder-workspace/.build/out/Intermediates.noindex/libffi_apple.build/Debug-webassembly-wasm32/libffi_apple-t.build/Objects-normal/wasm32/9f65232cb83f8421e3a495a5062eba382369c975104ee97bafc405ab795bfc5e-common-args.resp -MMD -MT dependencies -MF /host/spi-builder-workspace/.build/out/Intermediates.noindex/libffi_apple.build/Debug-webassembly-wasm32/libffi_apple-t.build/Objects-normal/wasm32/types.d --serialize-diagnostics /host/spi-builder-workspace/.build/out/Intermediates.noindex/libffi_apple.build/Debug-webassembly-wasm32/libffi_apple-t.build/Objects-normal/wasm32/types.dia -c /host/spi-builder-workspace/.build/checkouts/libffi/Sources/libffi_apple/src/types.c -o /host/spi-builder-workspace/.build/out/Intermediates.noindex/libffi_apple.build/Debug-webassembly-wasm32/libffi_apple-t.build/Objects-normal/wasm32/types.o
error: Build failed
BUILD FAILURE 6.4 wasm