Build Information
Failed to build CodeEditSymbols, reference v0.3.0 (b10196), with Swift 6.1 for watchOS using Xcode 16.3 on 28 Jun 2026 17:52:38 UTC.
Build Command
env DEVELOPER_DIR=/Applications/Xcode-16.3.0.app xcrun xcodebuild -IDEClonedSourcePackagesDirPathOverride=$PWD/.dependencies -skipMacroValidation -skipPackagePluginValidation -derivedDataPath $PWD/.derivedData build -scheme CodeEditSymbols -destination generic/platform=watchOSBuild Log
========================================
RunAll
========================================
Builder version: undefined version: run 'make version' to update
Interrupt handler set up.
========================================
Checkout
========================================
Clone URL: https://github.com/1amageek/CodeEditSymbols.git
Reference: v0.3.0
Initialized empty Git repository in /Users/admin/builder/spi-builder-workspace/.git/
From https://github.com/1amageek/CodeEditSymbols
* tag v0.3.0 -> FETCH_HEAD
HEAD is now at b101968 Add plus symbol
Cloned https://github.com/1amageek/CodeEditSymbols.git
Revision (git rev-parse @):
b1019683bceeb1f0e8ee33870942150ef400b90b
SUCCESS checkout https://github.com/1amageek/CodeEditSymbols.git at v0.3.0
========================================
Build
========================================
Selected platform: watchOS
Swift version: 6.1
Building package at path: $PWD
https://github.com/1amageek/CodeEditSymbols.git
https://github.com/1amageek/CodeEditSymbols.git
{
"dependencies" : [
],
"manifest_display_name" : "CodeEditSymbols",
"name" : "CodeEditSymbols",
"path" : "/Users/admin/builder/spi-builder-workspace",
"platforms" : [
{
"name" : "macos",
"version" : "12.0"
}
],
"products" : [
{
"name" : "CodeEditSymbols",
"targets" : [
"CodeEditSymbols"
],
"type" : {
"library" : [
"automatic"
]
}
}
],
"targets" : [
{
"c99name" : "CodeEditSymbolsTests",
"module_type" : "SwiftTarget",
"name" : "CodeEditSymbolsTests",
"path" : "Tests/CodeEditSymbolsTests",
"sources" : [
"CodeEditSymbolsTests.swift"
],
"target_dependencies" : [
"CodeEditSymbols"
],
"type" : "test"
},
{
"c99name" : "CodeEditSymbols",
"module_type" : "SwiftTarget",
"name" : "CodeEditSymbols",
"path" : "Sources/CodeEditSymbols",
"product_memberships" : [
"CodeEditSymbols"
],
"resources" : [
{
"path" : "/Users/admin/builder/spi-builder-workspace/Sources/CodeEditSymbols/Symbols.xcassets",
"rule" : {
"process" : {
}
}
}
],
"sources" : [
"CodeEditSymbols.swift"
],
"type" : "library"
}
],
"tools_version" : "5.5"
}
Command line invocation:
/Applications/Xcode-16.3.0.app/Contents/Developer/usr/bin/xcodebuild -IDEClonedSourcePackagesDirPathOverride=/Users/admin/builder/spi-builder-workspace/.dependencies -resolvePackageDependencies
Resolve Package Graph
Resolved source packages:
CodeEditSymbols: /Users/admin/builder/spi-builder-workspace
resolved source packages: CodeEditSymbols
{
"dependencies" : [
],
"manifest_display_name" : "CodeEditSymbols",
"name" : "CodeEditSymbols",
"path" : "/Users/admin/builder/spi-builder-workspace",
"platforms" : [
{
"name" : "macos",
"version" : "12.0"
}
],
"products" : [
{
"name" : "CodeEditSymbols",
"targets" : [
"CodeEditSymbols"
],
"type" : {
"library" : [
"automatic"
]
}
}
],
"targets" : [
{
"c99name" : "CodeEditSymbolsTests",
"module_type" : "SwiftTarget",
"name" : "CodeEditSymbolsTests",
"path" : "Tests/CodeEditSymbolsTests",
"sources" : [
"CodeEditSymbolsTests.swift"
],
"target_dependencies" : [
"CodeEditSymbols"
],
"type" : "test"
},
{
"c99name" : "CodeEditSymbols",
"module_type" : "SwiftTarget",
"name" : "CodeEditSymbols",
"path" : "Sources/CodeEditSymbols",
"product_memberships" : [
"CodeEditSymbols"
],
"resources" : [
{
"path" : "/Users/admin/builder/spi-builder-workspace/Sources/CodeEditSymbols/Symbols.xcassets",
"rule" : {
"process" : {
}
}
}
],
"sources" : [
"CodeEditSymbols.swift"
],
"type" : "library"
}
],
"tools_version" : "5.5"
}
{
"workspace" : {
"name" : "spi-builder-workspace",
"schemes" : [
"CodeEditSymbols"
]
}
}
Running build ...
env DEVELOPER_DIR=/Applications/Xcode-16.3.0.app xcrun xcodebuild -IDEClonedSourcePackagesDirPathOverride=$PWD/.dependencies -skipMacroValidation -skipPackagePluginValidation -derivedDataPath $PWD/.derivedData build -scheme CodeEditSymbols -destination generic/platform=watchOS OTHER_SWIFT_FLAGS=-stats-output-dir .stats -strict-concurrency=complete -enable-upcoming-feature StrictConcurrency -enable-upcoming-feature DisableOutwardActorInference -enable-upcoming-feature GlobalActorIsolatedTypesUsability -enable-upcoming-feature InferSendableFromCaptures
Command line invocation:
/Applications/Xcode-16.3.0.app/Contents/Developer/usr/bin/xcodebuild -IDEClonedSourcePackagesDirPathOverride=/Users/admin/builder/spi-builder-workspace/.dependencies -skipMacroValidation -skipPackagePluginValidation -derivedDataPath /Users/admin/builder/spi-builder-workspace/.derivedData build -scheme CodeEditSymbols -destination generic/platform=watchOS "OTHER_SWIFT_FLAGS=-stats-output-dir .stats -strict-concurrency=complete -enable-upcoming-feature StrictConcurrency -enable-upcoming-feature DisableOutwardActorInference -enable-upcoming-feature GlobalActorIsolatedTypesUsability -enable-upcoming-feature InferSendableFromCaptures"
Build settings from command line:
OTHER_SWIFT_FLAGS = -stats-output-dir .stats -strict-concurrency=complete -enable-upcoming-feature StrictConcurrency -enable-upcoming-feature DisableOutwardActorInference -enable-upcoming-feature GlobalActorIsolatedTypesUsability -enable-upcoming-feature InferSendableFromCaptures
Resolve Package Graph
Resolved source packages:
CodeEditSymbols: /Users/admin/builder/spi-builder-workspace
ComputePackagePrebuildTargetDependencyGraph
Prepare packages
CreateBuildRequest
SendProjectDescription
CreateBuildOperation
ComputeTargetDependencyGraph
note: Building targets in dependency order
note: Target dependency graph (3 targets)
Target 'CodeEditSymbols' in project 'CodeEditSymbols'
➜ Explicit dependency on target 'CodeEditSymbols' in project 'CodeEditSymbols'
➜ Explicit dependency on target 'CodeEditSymbols_CodeEditSymbols' in project 'CodeEditSymbols'
Target 'CodeEditSymbols' in project 'CodeEditSymbols'
➜ Explicit dependency on target 'CodeEditSymbols_CodeEditSymbols' in project 'CodeEditSymbols'
Target 'CodeEditSymbols_CodeEditSymbols' in project 'CodeEditSymbols' (no dependencies)
GatherProvisioningInputs
CreateBuildDescription
ExecuteExternalTool /Applications/Xcode-16.3.0.app/Contents/Developer/usr/bin/actool --version --output-format xml1
ExecuteExternalTool /Applications/Xcode-16.3.0.app/Contents/Developer/Toolchains/XcodeDefault.xctoolchain/usr/bin/clang -v -E -dM -isysroot /Applications/Xcode-16.3.0.app/Contents/Developer/Platforms/WatchOS.platform/Developer/SDKs/WatchOS11.4.sdk -x c -c /dev/null
ExecuteExternalTool /Applications/Xcode-16.3.0.app/Contents/Developer/Toolchains/XcodeDefault.xctoolchain/usr/bin/swiftc --version
ExecuteExternalTool /Applications/Xcode-16.3.0.app/Contents/Developer/Toolchains/XcodeDefault.xctoolchain/usr/bin/ld -version_details
ReadFileContents /Applications/Xcode-16.3.0.app/Contents/Developer/Toolchains/XcodeDefault.xctoolchain/usr/share/docc/features.json
Build description signature: 5ca1625c5c2638bf2296728e8b37d2d4
Build description path: /Users/admin/builder/spi-builder-workspace/.derivedData/Build/Intermediates.noindex/XCBuildData/5ca1625c5c2638bf2296728e8b37d2d4.xcbuilddata
CreateBuildDirectory /Users/admin/builder/spi-builder-workspace/.derivedData/Build/Intermediates.noindex
cd /Users/admin/builder/spi-builder-workspace/.swiftpm/xcode
builtin-create-build-directory /Users/admin/builder/spi-builder-workspace/.derivedData/Build/Intermediates.noindex
CreateBuildDirectory /Users/admin/builder/spi-builder-workspace/.derivedData/Build/Products
cd /Users/admin/builder/spi-builder-workspace/.swiftpm/xcode
builtin-create-build-directory /Users/admin/builder/spi-builder-workspace/.derivedData/Build/Products
ClangStatCache /Applications/Xcode-16.3.0.app/Contents/Developer/Toolchains/XcodeDefault.xctoolchain/usr/bin/clang-stat-cache /Applications/Xcode-16.3.0.app/Contents/Developer/Platforms/WatchOS.platform/Developer/SDKs/WatchOS11.4.sdk /Users/admin/builder/spi-builder-workspace/.derivedData/SDKStatCaches.noindex/watchos11.4-22T246-43efb940ff07ba2497b70ec94253f576.sdkstatcache
cd /Users/admin/builder/spi-builder-workspace/.swiftpm/xcode
/Applications/Xcode-16.3.0.app/Contents/Developer/Toolchains/XcodeDefault.xctoolchain/usr/bin/clang-stat-cache /Applications/Xcode-16.3.0.app/Contents/Developer/Platforms/WatchOS.platform/Developer/SDKs/WatchOS11.4.sdk -o /Users/admin/builder/spi-builder-workspace/.derivedData/SDKStatCaches.noindex/watchos11.4-22T246-43efb940ff07ba2497b70ec94253f576.sdkstatcache
CreateBuildDirectory /Users/admin/builder/spi-builder-workspace/.derivedData/Build/Intermediates.noindex/EagerLinkingTBDs/Debug-watchos
cd /Users/admin/builder/spi-builder-workspace/.swiftpm/xcode
builtin-create-build-directory /Users/admin/builder/spi-builder-workspace/.derivedData/Build/Intermediates.noindex/EagerLinkingTBDs/Debug-watchos
CreateBuildDirectory /Users/admin/builder/spi-builder-workspace/.derivedData/Build/Products/Debug-watchos
cd /Users/admin/builder/spi-builder-workspace/.swiftpm/xcode
builtin-create-build-directory /Users/admin/builder/spi-builder-workspace/.derivedData/Build/Products/Debug-watchos
CreateBuildDirectory /Users/admin/builder/spi-builder-workspace/.derivedData/Build/Products/Debug-watchos/PackageFrameworks
cd /Users/admin/builder/spi-builder-workspace/.swiftpm/xcode
builtin-create-build-directory /Users/admin/builder/spi-builder-workspace/.derivedData/Build/Products/Debug-watchos/PackageFrameworks
MkDir /Users/admin/builder/spi-builder-workspace/.derivedData/Build/Products/Debug-watchos/CodeEditSymbols_CodeEditSymbols.bundle (in target 'CodeEditSymbols_CodeEditSymbols' from project 'CodeEditSymbols')
cd /Users/admin/builder/spi-builder-workspace
/bin/mkdir -p /Users/admin/builder/spi-builder-workspace/.derivedData/Build/Products/Debug-watchos/CodeEditSymbols_CodeEditSymbols.bundle
WriteAuxiliaryFile /Users/admin/builder/spi-builder-workspace/.derivedData/Build/Intermediates.noindex/CodeEditSymbols.build/Debug-watchos/CodeEditSymbols_CodeEditSymbols.build/CodeEditSymbols_CodeEditSymbols.DependencyMetadataFileList (in target 'CodeEditSymbols_CodeEditSymbols' from project 'CodeEditSymbols')
cd /Users/admin/builder/spi-builder-workspace
write-file /Users/admin/builder/spi-builder-workspace/.derivedData/Build/Intermediates.noindex/CodeEditSymbols.build/Debug-watchos/CodeEditSymbols_CodeEditSymbols.build/CodeEditSymbols_CodeEditSymbols.DependencyMetadataFileList
WriteAuxiliaryFile /Users/admin/builder/spi-builder-workspace/.derivedData/Build/Intermediates.noindex/CodeEditSymbols.build/Debug-watchos/CodeEditSymbols_CodeEditSymbols.build/CodeEditSymbols_CodeEditSymbols.DependencyStaticMetadataFileList (in target 'CodeEditSymbols_CodeEditSymbols' from project 'CodeEditSymbols')
cd /Users/admin/builder/spi-builder-workspace
write-file /Users/admin/builder/spi-builder-workspace/.derivedData/Build/Intermediates.noindex/CodeEditSymbols.build/Debug-watchos/CodeEditSymbols_CodeEditSymbols.build/CodeEditSymbols_CodeEditSymbols.DependencyStaticMetadataFileList
WriteAuxiliaryFile /Users/admin/builder/spi-builder-workspace/.derivedData/Build/Intermediates.noindex/CodeEditSymbols.build/Debug-watchos/CodeEditSymbols_CodeEditSymbols.build/empty-CodeEditSymbols_CodeEditSymbols.plist (in target 'CodeEditSymbols_CodeEditSymbols' from project 'CodeEditSymbols')
cd /Users/admin/builder/spi-builder-workspace
write-file /Users/admin/builder/spi-builder-workspace/.derivedData/Build/Intermediates.noindex/CodeEditSymbols.build/Debug-watchos/CodeEditSymbols_CodeEditSymbols.build/empty-CodeEditSymbols_CodeEditSymbols.plist
WriteAuxiliaryFile /Users/admin/builder/spi-builder-workspace/.derivedData/Build/Intermediates.noindex/CodeEditSymbols.build/Debug-watchos/CodeEditSymbols.build/CodeEditSymbols.modulemap (in target 'CodeEditSymbols' from project 'CodeEditSymbols')
cd /Users/admin/builder/spi-builder-workspace
write-file /Users/admin/builder/spi-builder-workspace/.derivedData/Build/Intermediates.noindex/CodeEditSymbols.build/Debug-watchos/CodeEditSymbols.build/CodeEditSymbols.modulemap
WriteAuxiliaryFile /Users/admin/builder/spi-builder-workspace/.derivedData/Build/Intermediates.noindex/CodeEditSymbols.build/Debug-watchos/CodeEditSymbols.build/Objects-normal/armv7k/CodeEditSymbols.LinkFileList (in target 'CodeEditSymbols' from project 'CodeEditSymbols')
cd /Users/admin/builder/spi-builder-workspace
write-file /Users/admin/builder/spi-builder-workspace/.derivedData/Build/Intermediates.noindex/CodeEditSymbols.build/Debug-watchos/CodeEditSymbols.build/Objects-normal/armv7k/CodeEditSymbols.LinkFileList
WriteAuxiliaryFile /Users/admin/builder/spi-builder-workspace/.derivedData/Build/Intermediates.noindex/CodeEditSymbols.build/Debug-watchos/CodeEditSymbols.build/Objects-normal/armv7k/CodeEditSymbols.SwiftFileList (in target 'CodeEditSymbols' from project 'CodeEditSymbols')
cd /Users/admin/builder/spi-builder-workspace
write-file /Users/admin/builder/spi-builder-workspace/.derivedData/Build/Intermediates.noindex/CodeEditSymbols.build/Debug-watchos/CodeEditSymbols.build/Objects-normal/armv7k/CodeEditSymbols.SwiftFileList
WriteAuxiliaryFile /Users/admin/builder/spi-builder-workspace/.derivedData/Build/Intermediates.noindex/CodeEditSymbols.build/Debug-watchos/CodeEditSymbols.build/Objects-normal/armv7k/CodeEditSymbols-OutputFileMap.json (in target 'CodeEditSymbols' from project 'CodeEditSymbols')
cd /Users/admin/builder/spi-builder-workspace
write-file /Users/admin/builder/spi-builder-workspace/.derivedData/Build/Intermediates.noindex/CodeEditSymbols.build/Debug-watchos/CodeEditSymbols.build/Objects-normal/armv7k/CodeEditSymbols-OutputFileMap.json
WriteAuxiliaryFile /Users/admin/builder/spi-builder-workspace/.derivedData/Build/Intermediates.noindex/CodeEditSymbols.build/Debug-watchos/CodeEditSymbols.build/Objects-normal/armv7k/CodeEditSymbols_const_extract_protocols.json (in target 'CodeEditSymbols' from project 'CodeEditSymbols')
cd /Users/admin/builder/spi-builder-workspace
write-file /Users/admin/builder/spi-builder-workspace/.derivedData/Build/Intermediates.noindex/CodeEditSymbols.build/Debug-watchos/CodeEditSymbols.build/Objects-normal/armv7k/CodeEditSymbols_const_extract_protocols.json
WriteAuxiliaryFile /Users/admin/builder/spi-builder-workspace/.derivedData/Build/Intermediates.noindex/CodeEditSymbols.build/Debug-watchos/CodeEditSymbols.build/Objects-normal/armv7k/CodeEditSymbols.SwiftConstValuesFileList (in target 'CodeEditSymbols' from project 'CodeEditSymbols')
cd /Users/admin/builder/spi-builder-workspace
write-file /Users/admin/builder/spi-builder-workspace/.derivedData/Build/Intermediates.noindex/CodeEditSymbols.build/Debug-watchos/CodeEditSymbols.build/Objects-normal/armv7k/CodeEditSymbols.SwiftConstValuesFileList
WriteAuxiliaryFile /Users/admin/builder/spi-builder-workspace/.derivedData/Build/Intermediates.noindex/CodeEditSymbols.build/Debug-watchos/CodeEditSymbols.build/Objects-normal/arm64_32/CodeEditSymbols_const_extract_protocols.json (in target 'CodeEditSymbols' from project 'CodeEditSymbols')
cd /Users/admin/builder/spi-builder-workspace
write-file /Users/admin/builder/spi-builder-workspace/.derivedData/Build/Intermediates.noindex/CodeEditSymbols.build/Debug-watchos/CodeEditSymbols.build/Objects-normal/arm64_32/CodeEditSymbols_const_extract_protocols.json
WriteAuxiliaryFile /Users/admin/builder/spi-builder-workspace/.derivedData/Build/Intermediates.noindex/CodeEditSymbols.build/Debug-watchos/CodeEditSymbols.build/Objects-normal/arm64_32/CodeEditSymbols.SwiftFileList (in target 'CodeEditSymbols' from project 'CodeEditSymbols')
cd /Users/admin/builder/spi-builder-workspace
write-file /Users/admin/builder/spi-builder-workspace/.derivedData/Build/Intermediates.noindex/CodeEditSymbols.build/Debug-watchos/CodeEditSymbols.build/Objects-normal/arm64_32/CodeEditSymbols.SwiftFileList
WriteAuxiliaryFile /Users/admin/builder/spi-builder-workspace/.derivedData/Build/Intermediates.noindex/CodeEditSymbols.build/Debug-watchos/CodeEditSymbols.build/Objects-normal/arm64_32/CodeEditSymbols.SwiftConstValuesFileList (in target 'CodeEditSymbols' from project 'CodeEditSymbols')
cd /Users/admin/builder/spi-builder-workspace
write-file /Users/admin/builder/spi-builder-workspace/.derivedData/Build/Intermediates.noindex/CodeEditSymbols.build/Debug-watchos/CodeEditSymbols.build/Objects-normal/arm64_32/CodeEditSymbols.SwiftConstValuesFileList
WriteAuxiliaryFile /Users/admin/builder/spi-builder-workspace/.derivedData/Build/Intermediates.noindex/CodeEditSymbols.build/Debug-watchos/CodeEditSymbols.build/Objects-normal/arm64_32/CodeEditSymbols.LinkFileList (in target 'CodeEditSymbols' from project 'CodeEditSymbols')
cd /Users/admin/builder/spi-builder-workspace
write-file /Users/admin/builder/spi-builder-workspace/.derivedData/Build/Intermediates.noindex/CodeEditSymbols.build/Debug-watchos/CodeEditSymbols.build/Objects-normal/arm64_32/CodeEditSymbols.LinkFileList
WriteAuxiliaryFile /Users/admin/builder/spi-builder-workspace/.derivedData/Build/Intermediates.noindex/CodeEditSymbols.build/Debug-watchos/CodeEditSymbols.build/Objects-normal/arm64_32/CodeEditSymbols-OutputFileMap.json (in target 'CodeEditSymbols' from project 'CodeEditSymbols')
cd /Users/admin/builder/spi-builder-workspace
write-file /Users/admin/builder/spi-builder-workspace/.derivedData/Build/Intermediates.noindex/CodeEditSymbols.build/Debug-watchos/CodeEditSymbols.build/Objects-normal/arm64_32/CodeEditSymbols-OutputFileMap.json
WriteAuxiliaryFile /Users/admin/builder/spi-builder-workspace/.derivedData/Build/Intermediates.noindex/CodeEditSymbols.build/Debug-watchos/CodeEditSymbols.build/Objects-normal/arm64/CodeEditSymbols_const_extract_protocols.json (in target 'CodeEditSymbols' from project 'CodeEditSymbols')
cd /Users/admin/builder/spi-builder-workspace
write-file /Users/admin/builder/spi-builder-workspace/.derivedData/Build/Intermediates.noindex/CodeEditSymbols.build/Debug-watchos/CodeEditSymbols.build/Objects-normal/arm64/CodeEditSymbols_const_extract_protocols.json
WriteAuxiliaryFile /Users/admin/builder/spi-builder-workspace/.derivedData/Build/Intermediates.noindex/CodeEditSymbols.build/Debug-watchos/CodeEditSymbols.build/Objects-normal/arm64/CodeEditSymbols.SwiftFileList (in target 'CodeEditSymbols' from project 'CodeEditSymbols')
cd /Users/admin/builder/spi-builder-workspace
write-file /Users/admin/builder/spi-builder-workspace/.derivedData/Build/Intermediates.noindex/CodeEditSymbols.build/Debug-watchos/CodeEditSymbols.build/Objects-normal/arm64/CodeEditSymbols.SwiftFileList
WriteAuxiliaryFile /Users/admin/builder/spi-builder-workspace/.derivedData/Build/Intermediates.noindex/CodeEditSymbols.build/Debug-watchos/CodeEditSymbols.build/Objects-normal/arm64/CodeEditSymbols.SwiftConstValuesFileList (in target 'CodeEditSymbols' from project 'CodeEditSymbols')
cd /Users/admin/builder/spi-builder-workspace
write-file /Users/admin/builder/spi-builder-workspace/.derivedData/Build/Intermediates.noindex/CodeEditSymbols.build/Debug-watchos/CodeEditSymbols.build/Objects-normal/arm64/CodeEditSymbols.SwiftConstValuesFileList
WriteAuxiliaryFile /Users/admin/builder/spi-builder-workspace/.derivedData/Build/Intermediates.noindex/CodeEditSymbols.build/Debug-watchos/CodeEditSymbols.build/Objects-normal/arm64/CodeEditSymbols.LinkFileList (in target 'CodeEditSymbols' from project 'CodeEditSymbols')
cd /Users/admin/builder/spi-builder-workspace
write-file /Users/admin/builder/spi-builder-workspace/.derivedData/Build/Intermediates.noindex/CodeEditSymbols.build/Debug-watchos/CodeEditSymbols.build/Objects-normal/arm64/CodeEditSymbols.LinkFileList
WriteAuxiliaryFile /Users/admin/builder/spi-builder-workspace/.derivedData/Build/Intermediates.noindex/CodeEditSymbols.build/Debug-watchos/CodeEditSymbols.build/Objects-normal/arm64/CodeEditSymbols-OutputFileMap.json (in target 'CodeEditSymbols' from project 'CodeEditSymbols')
cd /Users/admin/builder/spi-builder-workspace
write-file /Users/admin/builder/spi-builder-workspace/.derivedData/Build/Intermediates.noindex/CodeEditSymbols.build/Debug-watchos/CodeEditSymbols.build/Objects-normal/arm64/CodeEditSymbols-OutputFileMap.json
WriteAuxiliaryFile /Users/admin/builder/spi-builder-workspace/.derivedData/Build/Intermediates.noindex/CodeEditSymbols.build/Debug-watchos/CodeEditSymbols.build/DerivedSources/resource_bundle_accessor.swift (in target 'CodeEditSymbols' from project 'CodeEditSymbols')
cd /Users/admin/builder/spi-builder-workspace
write-file /Users/admin/builder/spi-builder-workspace/.derivedData/Build/Intermediates.noindex/CodeEditSymbols.build/Debug-watchos/CodeEditSymbols.build/DerivedSources/resource_bundle_accessor.swift
WriteAuxiliaryFile /Users/admin/builder/spi-builder-workspace/.derivedData/Build/Intermediates.noindex/CodeEditSymbols.build/Debug-watchos/CodeEditSymbols.build/CodeEditSymbols.DependencyStaticMetadataFileList (in target 'CodeEditSymbols' from project 'CodeEditSymbols')
cd /Users/admin/builder/spi-builder-workspace
write-file /Users/admin/builder/spi-builder-workspace/.derivedData/Build/Intermediates.noindex/CodeEditSymbols.build/Debug-watchos/CodeEditSymbols.build/CodeEditSymbols.DependencyStaticMetadataFileList
WriteAuxiliaryFile /Users/admin/builder/spi-builder-workspace/.derivedData/Build/Intermediates.noindex/CodeEditSymbols.build/Debug-watchos/CodeEditSymbols.build/CodeEditSymbols.DependencyMetadataFileList (in target 'CodeEditSymbols' from project 'CodeEditSymbols')
cd /Users/admin/builder/spi-builder-workspace
write-file /Users/admin/builder/spi-builder-workspace/.derivedData/Build/Intermediates.noindex/CodeEditSymbols.build/Debug-watchos/CodeEditSymbols.build/CodeEditSymbols.DependencyMetadataFileList
Copy /Users/admin/builder/spi-builder-workspace/.derivedData/Build/Intermediates.noindex/GeneratedModuleMaps-watchos/CodeEditSymbols.modulemap /Users/admin/builder/spi-builder-workspace/.derivedData/Build/Intermediates.noindex/CodeEditSymbols.build/Debug-watchos/CodeEditSymbols.build/CodeEditSymbols.modulemap (in target 'CodeEditSymbols' from project 'CodeEditSymbols')
cd /Users/admin/builder/spi-builder-workspace
builtin-copy -exclude .DS_Store -exclude CVS -exclude .svn -exclude .git -exclude .hg -resolve-src-symlinks /Users/admin/builder/spi-builder-workspace/.derivedData/Build/Intermediates.noindex/CodeEditSymbols.build/Debug-watchos/CodeEditSymbols.build/CodeEditSymbols.modulemap /Users/admin/builder/spi-builder-workspace/.derivedData/Build/Intermediates.noindex/GeneratedModuleMaps-watchos
MkDir /Users/admin/builder/spi-builder-workspace/.derivedData/Build/Intermediates.noindex/CodeEditSymbols.build/Debug-watchos/CodeEditSymbols_CodeEditSymbols.build/assetcatalog_output/thinned (in target 'CodeEditSymbols_CodeEditSymbols' from project 'CodeEditSymbols')
cd /Users/admin/builder/spi-builder-workspace
/bin/mkdir -p /Users/admin/builder/spi-builder-workspace/.derivedData/Build/Intermediates.noindex/CodeEditSymbols.build/Debug-watchos/CodeEditSymbols_CodeEditSymbols.build/assetcatalog_output/thinned
MkDir /Users/admin/builder/spi-builder-workspace/.derivedData/Build/Intermediates.noindex/CodeEditSymbols.build/Debug-watchos/CodeEditSymbols_CodeEditSymbols.build/assetcatalog_output/unthinned (in target 'CodeEditSymbols_CodeEditSymbols' from project 'CodeEditSymbols')
cd /Users/admin/builder/spi-builder-workspace
/bin/mkdir -p /Users/admin/builder/spi-builder-workspace/.derivedData/Build/Intermediates.noindex/CodeEditSymbols.build/Debug-watchos/CodeEditSymbols_CodeEditSymbols.build/assetcatalog_output/unthinned
CompileAssetCatalogVariant thinned /Users/admin/builder/spi-builder-workspace/.derivedData/Build/Products/Debug-watchos/CodeEditSymbols_CodeEditSymbols.bundle /Users/admin/builder/spi-builder-workspace/Sources/CodeEditSymbols/Symbols.xcassets (in target 'CodeEditSymbols_CodeEditSymbols' from project 'CodeEditSymbols')
cd /Users/admin/builder/spi-builder-workspace
/Applications/Xcode-16.3.0.app/Contents/Developer/usr/bin/actool /Users/admin/builder/spi-builder-workspace/Sources/CodeEditSymbols/Symbols.xcassets --compile /Users/admin/builder/spi-builder-workspace/.derivedData/Build/Intermediates.noindex/CodeEditSymbols.build/Debug-watchos/CodeEditSymbols_CodeEditSymbols.build/assetcatalog_output/thinned --output-format human-readable-text --notices --warnings --export-dependency-info /Users/admin/builder/spi-builder-workspace/.derivedData/Build/Intermediates.noindex/CodeEditSymbols.build/Debug-watchos/CodeEditSymbols_CodeEditSymbols.build/assetcatalog_dependencies_thinned --output-partial-info-plist /Users/admin/builder/spi-builder-workspace/.derivedData/Build/Intermediates.noindex/CodeEditSymbols.build/Debug-watchos/CodeEditSymbols_CodeEditSymbols.build/assetcatalog_generated_info.plist_thinned --compress-pngs --enable-on-demand-resources NO --development-region en --target-device watch --minimum-deployment-target 5.0 --platform watchos
GenerateAssetSymbols /Users/admin/builder/spi-builder-workspace/Sources/CodeEditSymbols/Symbols.xcassets (in target 'CodeEditSymbols' from project 'CodeEditSymbols')
cd /Users/admin/builder/spi-builder-workspace
/Applications/Xcode-16.3.0.app/Contents/Developer/usr/bin/actool /Users/admin/builder/spi-builder-workspace/Sources/CodeEditSymbols/Symbols.xcassets --compile /Users/admin/builder/spi-builder-workspace/.derivedData/Build/Products/Debug-watchos --output-format human-readable-text --notices --warnings --export-dependency-info /Users/admin/builder/spi-builder-workspace/.derivedData/Build/Intermediates.noindex/CodeEditSymbols.build/Debug-watchos/CodeEditSymbols.build/assetcatalog_dependencies --output-partial-info-plist /Users/admin/builder/spi-builder-workspace/.derivedData/Build/Intermediates.noindex/CodeEditSymbols.build/Debug-watchos/CodeEditSymbols.build/assetcatalog_generated_info.plist --compress-pngs --enable-on-demand-resources NO --development-region en --target-device watch --minimum-deployment-target 5.0 --platform watchos --bundle-identifier spi-builder-workspace.CodeEditSymbols --generate-swift-asset-symbol-extensions NO --generate-swift-asset-symbols /Users/admin/builder/spi-builder-workspace/.derivedData/Build/Intermediates.noindex/CodeEditSymbols.build/Debug-watchos/CodeEditSymbols.build/DerivedSources/GeneratedAssetSymbols.swift --generate-objc-asset-symbols /Users/admin/builder/spi-builder-workspace/.derivedData/Build/Intermediates.noindex/CodeEditSymbols.build/Debug-watchos/CodeEditSymbols.build/DerivedSources/GeneratedAssetSymbols.h --generate-asset-symbol-index /Users/admin/builder/spi-builder-workspace/.derivedData/Build/Intermediates.noindex/CodeEditSymbols.build/Debug-watchos/CodeEditSymbols.build/DerivedSources/GeneratedAssetSymbols-Index.plist
/* com.apple.actool.document.warnings */
/Users/admin/builder/spi-builder-workspace/Sources/CodeEditSymbols/Symbols.xcassets:./plus.symbolset/(null)[2d][plus.svg]: warning: The symbol image set "plus" has an unassigned child.
/* com.apple.actool.compilation-results */
/Users/admin/builder/spi-builder-workspace/.derivedData/Build/Intermediates.noindex/CodeEditSymbols.build/Debug-watchos/CodeEditSymbols.build/DerivedSources/GeneratedAssetSymbols-Index.plist
/Users/admin/builder/spi-builder-workspace/.derivedData/Build/Intermediates.noindex/CodeEditSymbols.build/Debug-watchos/CodeEditSymbols.build/DerivedSources/GeneratedAssetSymbols.h
/Users/admin/builder/spi-builder-workspace/.derivedData/Build/Intermediates.noindex/CodeEditSymbols.build/Debug-watchos/CodeEditSymbols.build/DerivedSources/GeneratedAssetSymbols.swift
SwiftDriver CodeEditSymbols normal armv7k com.apple.xcode.tools.swift.compiler (in target 'CodeEditSymbols' from project 'CodeEditSymbols')
cd /Users/admin/builder/spi-builder-workspace/.swiftpm/xcode
builtin-SwiftDriver -- /Applications/Xcode-16.3.0.app/Contents/Developer/Toolchains/XcodeDefault.xctoolchain/usr/bin/swiftc -module-name CodeEditSymbols -Onone -enforce-exclusivity\=checked @/Users/admin/builder/spi-builder-workspace/.derivedData/Build/Intermediates.noindex/CodeEditSymbols.build/Debug-watchos/CodeEditSymbols.build/Objects-normal/armv7k/CodeEditSymbols.SwiftFileList -DSWIFT_PACKAGE -DDEBUG -stats-output-dir .stats -strict-concurrency\=complete -enable-upcoming-feature StrictConcurrency -enable-upcoming-feature DisableOutwardActorInference -enable-upcoming-feature GlobalActorIsolatedTypesUsability -enable-upcoming-feature InferSendableFromCaptures -plugin-path /Applications/Xcode-16.3.0.app/Contents/Developer/Toolchains/XcodeDefault.xctoolchain/usr/lib/swift/host/plugins/testing -enable-experimental-feature DebugDescriptionMacro -sdk /Applications/Xcode-16.3.0.app/Contents/Developer/Platforms/WatchOS.platform/Developer/SDKs/WatchOS11.4.sdk -target armv7k-apple-watchos5.0 -g -module-cache-path /Users/admin/builder/spi-builder-workspace/.derivedData/ModuleCache.noindex -Xfrontend -serialize-debugging-options -profile-coverage-mapping -profile-generate -enable-testing -index-store-path /Users/admin/builder/spi-builder-workspace/.derivedData/Index.noindex/DataStore -swift-version 5 -I /Users/admin/builder/spi-builder-workspace/.derivedData/Build/Products/Debug-watchos -I /Applications/Xcode-16.3.0.app/Contents/Developer/Platforms/WatchOS.platform/Developer/usr/lib -F /Users/admin/builder/spi-builder-workspace/.derivedData/Build/Products/Debug-watchos -F /Applications/Xcode-16.3.0.app/Contents/Developer/Platforms/WatchOS.platform/Developer/Library/Frameworks -F /Applications/Xcode-16.3.0.app/Contents/Developer/Platforms/WatchOS.platform/Developer/SDKs/WatchOS11.4.sdk/Developer/Library/Frameworks -c -j10 -enable-batch-mode -incremental -Xcc -ivfsstatcache -Xcc /Users/admin/builder/spi-builder-workspace/.derivedData/SDKStatCaches.noindex/watchos11.4-22T246-43efb940ff07ba2497b70ec94253f576.sdkstatcache -output-file-map /Users/admin/builder/spi-builder-workspace/.derivedData/Build/Intermediates.noindex/CodeEditSymbols.build/Debug-watchos/CodeEditSymbols.build/Objects-normal/armv7k/CodeEditSymbols-OutputFileMap.json -use-frontend-parseable-output -save-temps -no-color-diagnostics -serialize-diagnostics -emit-dependencies -emit-module -emit-module-path /Users/admin/builder/spi-builder-workspace/.derivedData/Build/Intermediates.noindex/CodeEditSymbols.build/Debug-watchos/CodeEditSymbols.build/Objects-normal/armv7k/CodeEditSymbols.swiftmodule -validate-clang-modules-once -clang-build-session-file /Users/admin/builder/spi-builder-workspace/.derivedData/ModuleCache.noindex/Session.modulevalidation -Xcc -I/Users/admin/builder/spi-builder-workspace/.derivedData/Build/Intermediates.noindex/CodeEditSymbols.build/Debug-watchos/CodeEditSymbols.build/swift-overrides.hmap -emit-const-values -Xfrontend -const-gather-protocols-file -Xfrontend /Users/admin/builder/spi-builder-workspace/.derivedData/Build/Intermediates.noindex/CodeEditSymbols.build/Debug-watchos/CodeEditSymbols.build/Objects-normal/armv7k/CodeEditSymbols_const_extract_protocols.json -Xcc -I/Users/admin/builder/spi-builder-workspace/.derivedData/Build/Products/Debug-watchos/include -Xcc -I/Users/admin/builder/spi-builder-workspace/.derivedData/Build/Intermediates.noindex/CodeEditSymbols.build/Debug-watchos/CodeEditSymbols.build/DerivedSources-normal/armv7k -Xcc -I/Users/admin/builder/spi-builder-workspace/.derivedData/Build/Intermediates.noindex/CodeEditSymbols.build/Debug-watchos/CodeEditSymbols.build/DerivedSources/armv7k -Xcc -I/Users/admin/builder/spi-builder-workspace/.derivedData/Build/Intermediates.noindex/CodeEditSymbols.build/Debug-watchos/CodeEditSymbols.build/DerivedSources -Xcc -DSWIFT_PACKAGE -Xcc -DDEBUG\=1 -emit-objc-header -emit-objc-header-path /Users/admin/builder/spi-builder-workspace/.derivedData/Build/Intermediates.noindex/CodeEditSymbols.build/Debug-watchos/CodeEditSymbols.build/Objects-normal/armv7k/CodeEditSymbols-Swift.h -working-directory /Users/admin/builder/spi-builder-workspace/.swiftpm/xcode -experimental-emit-module-separately -disable-cmo
SwiftDriver CodeEditSymbols normal arm64_32 com.apple.xcode.tools.swift.compiler (in target 'CodeEditSymbols' from project 'CodeEditSymbols')
cd /Users/admin/builder/spi-builder-workspace/.swiftpm/xcode
builtin-SwiftDriver -- /Applications/Xcode-16.3.0.app/Contents/Developer/Toolchains/XcodeDefault.xctoolchain/usr/bin/swiftc -module-name CodeEditSymbols -Onone -enforce-exclusivity\=checked @/Users/admin/builder/spi-builder-workspace/.derivedData/Build/Intermediates.noindex/CodeEditSymbols.build/Debug-watchos/CodeEditSymbols.build/Objects-normal/arm64_32/CodeEditSymbols.SwiftFileList -DSWIFT_PACKAGE -DDEBUG -stats-output-dir .stats -strict-concurrency\=complete -enable-upcoming-feature StrictConcurrency -enable-upcoming-feature DisableOutwardActorInference -enable-upcoming-feature GlobalActorIsolatedTypesUsability -enable-upcoming-feature InferSendableFromCaptures -plugin-path /Applications/Xcode-16.3.0.app/Contents/Developer/Toolchains/XcodeDefault.xctoolchain/usr/lib/swift/host/plugins/testing -enable-experimental-feature DebugDescriptionMacro -sdk /Applications/Xcode-16.3.0.app/Contents/Developer/Platforms/WatchOS.platform/Developer/SDKs/WatchOS11.4.sdk -target arm64_32-apple-watchos5.0 -g -module-cache-path /Users/admin/builder/spi-builder-workspace/.derivedData/ModuleCache.noindex -Xfrontend -serialize-debugging-options -profile-coverage-mapping -profile-generate -enable-testing -index-store-path /Users/admin/builder/spi-builder-workspace/.derivedData/Index.noindex/DataStore -swift-version 5 -I /Users/admin/builder/spi-builder-workspace/.derivedData/Build/Products/Debug-watchos -I /Applications/Xcode-16.3.0.app/Contents/Developer/Platforms/WatchOS.platform/Developer/usr/lib -F /Users/admin/builder/spi-builder-workspace/.derivedData/Build/Products/Debug-watchos -F /Applications/Xcode-16.3.0.app/Contents/Developer/Platforms/WatchOS.platform/Developer/Library/Frameworks -F /Applications/Xcode-16.3.0.app/Contents/Developer/Platforms/WatchOS.platform/Developer/SDKs/WatchOS11.4.sdk/Developer/Library/Frameworks -c -j10 -enable-batch-mode -incremental -Xcc -ivfsstatcache -Xcc /Users/admin/builder/spi-builder-workspace/.derivedData/SDKStatCaches.noindex/watchos11.4-22T246-43efb940ff07ba2497b70ec94253f576.sdkstatcache -output-file-map /Users/admin/builder/spi-builder-workspace/.derivedData/Build/Intermediates.noindex/CodeEditSymbols.build/Debug-watchos/CodeEditSymbols.build/Objects-normal/arm64_32/CodeEditSymbols-OutputFileMap.json -use-frontend-parseable-output -save-temps -no-color-diagnostics -serialize-diagnostics -emit-dependencies -emit-module -emit-module-path /Users/admin/builder/spi-builder-workspace/.derivedData/Build/Intermediates.noindex/CodeEditSymbols.build/Debug-watchos/CodeEditSymbols.build/Objects-normal/arm64_32/CodeEditSymbols.swiftmodule -validate-clang-modules-once -clang-build-session-file /Users/admin/builder/spi-builder-workspace/.derivedData/ModuleCache.noindex/Session.modulevalidation -Xcc -I/Users/admin/builder/spi-builder-workspace/.derivedData/Build/Intermediates.noindex/CodeEditSymbols.build/Debug-watchos/CodeEditSymbols.build/swift-overrides.hmap -emit-const-values -Xfrontend -const-gather-protocols-file -Xfrontend /Users/admin/builder/spi-builder-workspace/.derivedData/Build/Intermediates.noindex/CodeEditSymbols.build/Debug-watchos/CodeEditSymbols.build/Objects-normal/arm64_32/CodeEditSymbols_const_extract_protocols.json -Xcc -I/Users/admin/builder/spi-builder-workspace/.derivedData/Build/Products/Debug-watchos/include -Xcc -I/Users/admin/builder/spi-builder-workspace/.derivedData/Build/Intermediates.noindex/CodeEditSymbols.build/Debug-watchos/CodeEditSymbols.build/DerivedSources-normal/arm64_32 -Xcc -I/Users/admin/builder/spi-builder-workspace/.derivedData/Build/Intermediates.noindex/CodeEditSymbols.build/Debug-watchos/CodeEditSymbols.build/DerivedSources/arm64_32 -Xcc -I/Users/admin/builder/spi-builder-workspace/.derivedData/Build/Intermediates.noindex/CodeEditSymbols.build/Debug-watchos/CodeEditSymbols.build/DerivedSources -Xcc -DSWIFT_PACKAGE -Xcc -DDEBUG\=1 -emit-objc-header -emit-objc-header-path /Users/admin/builder/spi-builder-workspace/.derivedData/Build/Intermediates.noindex/CodeEditSymbols.build/Debug-watchos/CodeEditSymbols.build/Objects-normal/arm64_32/CodeEditSymbols-Swift.h -working-directory /Users/admin/builder/spi-builder-workspace/.swiftpm/xcode -experimental-emit-module-separately -disable-cmo
SwiftDriver CodeEditSymbols normal arm64 com.apple.xcode.tools.swift.compiler (in target 'CodeEditSymbols' from project 'CodeEditSymbols')
cd /Users/admin/builder/spi-builder-workspace/.swiftpm/xcode
builtin-SwiftDriver -- /Applications/Xcode-16.3.0.app/Contents/Developer/Toolchains/XcodeDefault.xctoolchain/usr/bin/swiftc -module-name CodeEditSymbols -Onone -enforce-exclusivity\=checked @/Users/admin/builder/spi-builder-workspace/.derivedData/Build/Intermediates.noindex/CodeEditSymbols.build/Debug-watchos/CodeEditSymbols.build/Objects-normal/arm64/CodeEditSymbols.SwiftFileList -DSWIFT_PACKAGE -DDEBUG -stats-output-dir .stats -strict-concurrency\=complete -enable-upcoming-feature StrictConcurrency -enable-upcoming-feature DisableOutwardActorInference -enable-upcoming-feature GlobalActorIsolatedTypesUsability -enable-upcoming-feature InferSendableFromCaptures -plugin-path /Applications/Xcode-16.3.0.app/Contents/Developer/Toolchains/XcodeDefault.xctoolchain/usr/lib/swift/host/plugins/testing -enable-experimental-feature DebugDescriptionMacro -sdk /Applications/Xcode-16.3.0.app/Contents/Developer/Platforms/WatchOS.platform/Developer/SDKs/WatchOS11.4.sdk -target arm64-apple-watchos5.0 -g -module-cache-path /Users/admin/builder/spi-builder-workspace/.derivedData/ModuleCache.noindex -Xfrontend -serialize-debugging-options -profile-coverage-mapping -profile-generate -enable-testing -index-store-path /Users/admin/builder/spi-builder-workspace/.derivedData/Index.noindex/DataStore -swift-version 5 -I /Users/admin/builder/spi-builder-workspace/.derivedData/Build/Products/Debug-watchos -I /Applications/Xcode-16.3.0.app/Contents/Developer/Platforms/WatchOS.platform/Developer/usr/lib -F /Users/admin/builder/spi-builder-workspace/.derivedData/Build/Products/Debug-watchos -F /Applications/Xcode-16.3.0.app/Contents/Developer/Platforms/WatchOS.platform/Developer/Library/Frameworks -F /Applications/Xcode-16.3.0.app/Contents/Developer/Platforms/WatchOS.platform/Developer/SDKs/WatchOS11.4.sdk/Developer/Library/Frameworks -c -j10 -enable-batch-mode -incremental -Xcc -ivfsstatcache -Xcc /Users/admin/builder/spi-builder-workspace/.derivedData/SDKStatCaches.noindex/watchos11.4-22T246-43efb940ff07ba2497b70ec94253f576.sdkstatcache -output-file-map /Users/admin/builder/spi-builder-workspace/.derivedData/Build/Intermediates.noindex/CodeEditSymbols.build/Debug-watchos/CodeEditSymbols.build/Objects-normal/arm64/CodeEditSymbols-OutputFileMap.json -use-frontend-parseable-output -save-temps -no-color-diagnostics -serialize-diagnostics -emit-dependencies -emit-module -emit-module-path /Users/admin/builder/spi-builder-workspace/.derivedData/Build/Intermediates.noindex/CodeEditSymbols.build/Debug-watchos/CodeEditSymbols.build/Objects-normal/arm64/CodeEditSymbols.swiftmodule -validate-clang-modules-once -clang-build-session-file /Users/admin/builder/spi-builder-workspace/.derivedData/ModuleCache.noindex/Session.modulevalidation -Xcc -I/Users/admin/builder/spi-builder-workspace/.derivedData/Build/Intermediates.noindex/CodeEditSymbols.build/Debug-watchos/CodeEditSymbols.build/swift-overrides.hmap -emit-const-values -Xfrontend -const-gather-protocols-file -Xfrontend /Users/admin/builder/spi-builder-workspace/.derivedData/Build/Intermediates.noindex/CodeEditSymbols.build/Debug-watchos/CodeEditSymbols.build/Objects-normal/arm64/CodeEditSymbols_const_extract_protocols.json -Xcc -I/Users/admin/builder/spi-builder-workspace/.derivedData/Build/Products/Debug-watchos/include -Xcc -I/Users/admin/builder/spi-builder-workspace/.derivedData/Build/Intermediates.noindex/CodeEditSymbols.build/Debug-watchos/CodeEditSymbols.build/DerivedSources-normal/arm64 -Xcc -I/Users/admin/builder/spi-builder-workspace/.derivedData/Build/Intermediates.noindex/CodeEditSymbols.build/Debug-watchos/CodeEditSymbols.build/DerivedSources/arm64 -Xcc -I/Users/admin/builder/spi-builder-workspace/.derivedData/Build/Intermediates.noindex/CodeEditSymbols.build/Debug-watchos/CodeEditSymbols.build/DerivedSources -Xcc -DSWIFT_PACKAGE -Xcc -DDEBUG\=1 -emit-objc-header -emit-objc-header-path /Users/admin/builder/spi-builder-workspace/.derivedData/Build/Intermediates.noindex/CodeEditSymbols.build/Debug-watchos/CodeEditSymbols.build/Objects-normal/arm64/CodeEditSymbols-Swift.h -working-directory /Users/admin/builder/spi-builder-workspace/.swiftpm/xcode -experimental-emit-module-separately -disable-cmo
SwiftCompile normal arm64 Compiling\ GeneratedAssetSymbols.swift /Users/admin/builder/spi-builder-workspace/.derivedData/Build/Intermediates.noindex/CodeEditSymbols.build/Debug-watchos/CodeEditSymbols.build/DerivedSources/GeneratedAssetSymbols.swift (in target 'CodeEditSymbols' from project 'CodeEditSymbols')
SwiftCompile normal arm64 /Users/admin/builder/spi-builder-workspace/.derivedData/Build/Intermediates.noindex/CodeEditSymbols.build/Debug-watchos/CodeEditSymbols.build/DerivedSources/GeneratedAssetSymbols.swift (in target 'CodeEditSymbols' from project 'CodeEditSymbols')
cd /Users/admin/builder/spi-builder-workspace/.swiftpm/xcode
SwiftEmitModule normal arm64 Emitting\ module\ for\ CodeEditSymbols (in target 'CodeEditSymbols' from project 'CodeEditSymbols')
Failed frontend command:
/Applications/Xcode-16.3.0.app/Contents/Developer/Toolchains/XcodeDefault.xctoolchain/usr/bin/swift-frontend -frontend -emit-module -experimental-skip-non-inlinable-function-bodies-without-types /Users/admin/builder/spi-builder-workspace/.derivedData/Build/Intermediates.noindex/CodeEditSymbols.build/Debug-watchos/CodeEditSymbols.build/DerivedSources/resource_bundle_accessor.swift /Users/admin/builder/spi-builder-workspace/Sources/CodeEditSymbols/CodeEditSymbols.swift /Users/admin/builder/spi-builder-workspace/.derivedData/Build/Intermediates.noindex/CodeEditSymbols.build/Debug-watchos/CodeEditSymbols.build/DerivedSources/GeneratedAssetSymbols.swift -target arm64-apple-watchos5.0 -Xllvm -aarch64-use-tbi -enable-objc-interop -sdk /Applications/Xcode-16.3.0.app/Contents/Developer/Platforms/WatchOS.platform/Developer/SDKs/WatchOS11.4.sdk -I /Users/admin/builder/spi-builder-workspace/.derivedData/Build/Products/Debug-watchos -I /Applications/Xcode-16.3.0.app/Contents/Developer/Platforms/WatchOS.platform/Developer/usr/lib -F /Users/admin/builder/spi-builder-workspace/.derivedData/Build/Products/Debug-watchos -F /Applications/Xcode-16.3.0.app/Contents/Developer/Platforms/WatchOS.platform/Developer/Library/Frameworks -F /Applications/Xcode-16.3.0.app/Contents/Developer/Platforms/WatchOS.platform/Developer/SDKs/WatchOS11.4.sdk/Developer/Library/Frameworks -no-color-diagnostics -enable-testing -g -debug-info-format\=dwarf -dwarf-version\=4 -module-cache-path /Users/admin/builder/spi-builder-workspace/.derivedData/ModuleCache.noindex -profile-generate -profile-coverage-mapping -swift-version 5 -enforce-exclusivity\=checked -stats-output-dir /Users/admin/builder/spi-builder-workspace/.swiftpm/xcode/.stats -Onone -D SWIFT_PACKAGE -D DEBUG -serialize-debugging-options -const-gather-protocols-file /Users/admin/builder/spi-builder-workspace/.derivedData/Build/Intermediates.noindex/CodeEditSymbols.build/Debug-watchos/CodeEditSymbols.build/Objects-normal/arm64/CodeEditSymbols_const_extract_protocols.json -enable-upcoming-feature StrictConcurrency -enable-upcoming-feature DisableOutwardActorInference -enable-upcoming-feature GlobalActorIsolatedTypesUsability -enable-upcoming-feature InferSendableFromCaptures -enable-experimental-feature DebugDescriptionMacro -strict-concurrency\=complete -empty-abi-descriptor -plugin-path /Applications/Xcode-16.3.0.app/Contents/Developer/Toolchains/XcodeDefault.xctoolchain/usr/lib/swift/host/plugins/testing -validate-clang-modules-once -clang-build-session-file /Users/admin/builder/spi-builder-workspace/.derivedData/ModuleCache.noindex/Session.modulevalidation -Xcc -working-directory -Xcc /Users/admin/builder/spi-builder-workspace/.swiftpm/xcode -resource-dir /Applications/Xcode-16.3.0.app/Contents/Developer/Toolchains/XcodeDefault.xctoolchain/usr/lib/swift -enable-anonymous-context-mangled-names -file-compilation-dir /Users/admin/builder/spi-builder-workspace/.swiftpm/xcode -Xcc -ivfsstatcache -Xcc /Users/admin/builder/spi-builder-workspace/.derivedData/SDKStatCaches.noindex/watchos11.4-22T246-43efb940ff07ba2497b70ec94253f576.sdkstatcache -Xcc -I/Users/admin/builder/spi-builder-workspace/.derivedData/Build/Intermediates.noindex/CodeEditSymbols.build/Debug-watchos/CodeEditSymbols.build/swift-overrides.hmap -Xcc -I/Users/admin/builder/spi-builder-workspace/.derivedData/Build/Products/Debug-watchos/include -Xcc -I/Users/admin/builder/spi-builder-workspace/.derivedData/Build/Intermediates.noindex/CodeEditSymbols.build/Debug-watchos/CodeEditSymbols.build/DerivedSources-normal/arm64 -Xcc -I/Users/admin/builder/spi-builder-workspace/.derivedData/Build/Intermediates.noindex/CodeEditSymbols.build/Debug-watchos/CodeEditSymbols.build/DerivedSources/arm64 -Xcc -I/Users/admin/builder/spi-builder-workspace/.derivedData/Build/Intermediates.noindex/CodeEditSymbols.build/Debug-watchos/CodeEditSymbols.build/DerivedSources -Xcc -DSWIFT_PACKAGE -Xcc -DDEBUG\=1 -module-name CodeEditSymbols -frontend-parseable-output -disable-clang-spi -target-sdk-version 11.4 -target-sdk-name watchos11.4 -external-plugin-path /Applications/Xcode-16.3.0.app/Contents/Developer/Platforms/WatchOS.platform/Developer/usr/lib/swift/host/plugins\#/Applications/Xcode-16.3.0.app/Contents/Developer/Platforms/WatchOS.platform/Developer/usr/bin/swift-plugin-server -external-plugin-path /Applications/Xcode-16.3.0.app/Contents/Developer/Platforms/WatchOS.platform/Developer/usr/local/lib/swift/host/plugins\#/Applications/Xcode-16.3.0.app/Contents/Developer/Platforms/WatchOS.platform/Developer/usr/bin/swift-plugin-server -in-process-plugin-server-path /Applications/Xcode-16.3.0.app/Contents/Developer/Toolchains/XcodeDefault.xctoolchain/usr/lib/swift/host/libSwiftInProcPluginServer.dylib -plugin-path /Applications/Xcode-16.3.0.app/Contents/Developer/Toolchains/XcodeDefault.xctoolchain/usr/lib/swift/host/plugins -plugin-path /Applications/Xcode-16.3.0.app/Contents/Developer/Toolchains/XcodeDefault.xctoolchain/usr/local/lib/swift/host/plugins -emit-module-doc-path /Users/admin/builder/spi-builder-workspace/.derivedData/Build/Intermediates.noindex/CodeEditSymbols.build/Debug-watchos/CodeEditSymbols.build/Objects-normal/arm64/CodeEditSymbols.swiftdoc -emit-module-source-info-path /Users/admin/builder/spi-builder-workspace/.derivedData/Build/Intermediates.noindex/CodeEditSymbols.build/Debug-watchos/CodeEditSymbols.build/Objects-normal/arm64/CodeEditSymbols.swiftsourceinfo -emit-objc-header-path /Users/admin/builder/spi-builder-workspace/.derivedData/Build/Intermediates.noindex/CodeEditSymbols.build/Debug-watchos/CodeEditSymbols.build/Objects-normal/arm64/CodeEditSymbols-Swift.h -serialize-diagnostics-path /Users/admin/builder/spi-builder-workspace/.derivedData/Build/Intermediates.noindex/CodeEditSymbols.build/Debug-watchos/CodeEditSymbols.build/Objects-normal/arm64/CodeEditSymbols-master-emit-module.dia -emit-dependencies-path /Users/admin/builder/spi-builder-workspace/.derivedData/Build/Intermediates.noindex/CodeEditSymbols.build/Debug-watchos/CodeEditSymbols.build/Objects-normal/arm64/CodeEditSymbols-master-emit-module.d -o /Users/admin/builder/spi-builder-workspace/.derivedData/Build/Intermediates.noindex/CodeEditSymbols.build/Debug-watchos/CodeEditSymbols.build/Objects-normal/arm64/CodeEditSymbols.swiftmodule -emit-abi-descriptor-path /Users/admin/builder/spi-builder-workspace/.derivedData/Build/Intermediates.noindex/CodeEditSymbols.build/Debug-watchos/CodeEditSymbols.build/Objects-normal/arm64/CodeEditSymbols.abi.json
EmitSwiftModule normal arm64 (in target 'CodeEditSymbols' from project 'CodeEditSymbols')
cd /Users/admin/builder/spi-builder-workspace/.swiftpm/xcode
/Users/admin/builder/spi-builder-workspace/Sources/CodeEditSymbols/CodeEditSymbols.swift:8:8: error: no such module 'AppKit'
import AppKit
^
SwiftEmitModule normal arm64_32 Emitting\ module\ for\ CodeEditSymbols (in target 'CodeEditSymbols' from project 'CodeEditSymbols')
EmitSwiftModule normal arm64_32 (in target 'CodeEditSymbols' from project 'CodeEditSymbols')
cd /Users/admin/builder/spi-builder-workspace/.swiftpm/xcode
SwiftCompile normal arm64_32 Compiling\ GeneratedAssetSymbols.swift /Users/admin/builder/spi-builder-workspace/.derivedData/Build/Intermediates.noindex/CodeEditSymbols.build/Debug-watchos/CodeEditSymbols.build/DerivedSources/GeneratedAssetSymbols.swift (in target 'CodeEditSymbols' from project 'CodeEditSymbols')
SwiftCompile normal arm64_32 /Users/admin/builder/spi-builder-workspace/.derivedData/Build/Intermediates.noindex/CodeEditSymbols.build/Debug-watchos/CodeEditSymbols.build/DerivedSources/GeneratedAssetSymbols.swift (in target 'CodeEditSymbols' from project 'CodeEditSymbols')
cd /Users/admin/builder/spi-builder-workspace/.swiftpm/xcode
SwiftCompile normal arm64_32 Compiling\ CodeEditSymbols.swift /Users/admin/builder/spi-builder-workspace/Sources/CodeEditSymbols/CodeEditSymbols.swift (in target 'CodeEditSymbols' from project 'CodeEditSymbols')
SwiftCompile normal arm64_32 /Users/admin/builder/spi-builder-workspace/Sources/CodeEditSymbols/CodeEditSymbols.swift (in target 'CodeEditSymbols' from project 'CodeEditSymbols')
cd /Users/admin/builder/spi-builder-workspace/.swiftpm/xcode
SwiftCompile normal armv7k Compiling\ resource_bundle_accessor.swift /Users/admin/builder/spi-builder-workspace/.derivedData/Build/Intermediates.noindex/CodeEditSymbols.build/Debug-watchos/CodeEditSymbols.build/DerivedSources/resource_bundle_accessor.swift (in target 'CodeEditSymbols' from project 'CodeEditSymbols')
SwiftCompile normal armv7k /Users/admin/builder/spi-builder-workspace/.derivedData/Build/Intermediates.noindex/CodeEditSymbols.build/Debug-watchos/CodeEditSymbols.build/DerivedSources/resource_bundle_accessor.swift (in target 'CodeEditSymbols' from project 'CodeEditSymbols')
cd /Users/admin/builder/spi-builder-workspace/.swiftpm/xcode
SwiftEmitModule normal armv7k Emitting\ module\ for\ CodeEditSymbols (in target 'CodeEditSymbols' from project 'CodeEditSymbols')
EmitSwiftModule normal armv7k (in target 'CodeEditSymbols' from project 'CodeEditSymbols')
cd /Users/admin/builder/spi-builder-workspace/.swiftpm/xcode
SwiftCompile normal armv7k Compiling\ CodeEditSymbols.swift /Users/admin/builder/spi-builder-workspace/Sources/CodeEditSymbols/CodeEditSymbols.swift (in target 'CodeEditSymbols' from project 'CodeEditSymbols')
SwiftCompile normal armv7k /Users/admin/builder/spi-builder-workspace/Sources/CodeEditSymbols/CodeEditSymbols.swift (in target 'CodeEditSymbols' from project 'CodeEditSymbols')
cd /Users/admin/builder/spi-builder-workspace/.swiftpm/xcode
SwiftCompile normal arm64_32 Compiling\ resource_bundle_accessor.swift /Users/admin/builder/spi-builder-workspace/.derivedData/Build/Intermediates.noindex/CodeEditSymbols.build/Debug-watchos/CodeEditSymbols.build/DerivedSources/resource_bundle_accessor.swift (in target 'CodeEditSymbols' from project 'CodeEditSymbols')
SwiftCompile normal arm64_32 /Users/admin/builder/spi-builder-workspace/.derivedData/Build/Intermediates.noindex/CodeEditSymbols.build/Debug-watchos/CodeEditSymbols.build/DerivedSources/resource_bundle_accessor.swift (in target 'CodeEditSymbols' from project 'CodeEditSymbols')
cd /Users/admin/builder/spi-builder-workspace/.swiftpm/xcode
SwiftCompile normal arm64 Compiling\ resource_bundle_accessor.swift /Users/admin/builder/spi-builder-workspace/.derivedData/Build/Intermediates.noindex/CodeEditSymbols.build/Debug-watchos/CodeEditSymbols.build/DerivedSources/resource_bundle_accessor.swift (in target 'CodeEditSymbols' from project 'CodeEditSymbols')
Command SwiftCompile failed with a nonzero exit code
** BUILD FAILED **
The following build commands failed:
SwiftEmitModule normal arm64 Emitting\ module\ for\ CodeEditSymbols (in target 'CodeEditSymbols' from project 'CodeEditSymbols')
EmitSwiftModule normal arm64 (in target 'CodeEditSymbols' from project 'CodeEditSymbols')
SwiftCompile normal arm64 Compiling\ resource_bundle_accessor.swift /Users/admin/builder/spi-builder-workspace/.derivedData/Build/Intermediates.noindex/CodeEditSymbols.build/Debug-watchos/CodeEditSymbols.build/DerivedSources/resource_bundle_accessor.swift (in target 'CodeEditSymbols' from project 'CodeEditSymbols')
Building workspace spi-builder-workspace with scheme CodeEditSymbols
(4 failures)
Command line invocation:
/Applications/Xcode-16.3.0.app/Contents/Developer/usr/bin/xcodebuild -IDEClonedSourcePackagesDirPathOverride=/Users/admin/builder/spi-builder-workspace/.dependencies -resolvePackageDependencies
Resolve Package Graph
Resolved source packages:
CodeEditSymbols: /Users/admin/builder/spi-builder-workspace
resolved source packages: CodeEditSymbols
{
"dependencies" : [
],
"manifest_display_name" : "CodeEditSymbols",
"name" : "CodeEditSymbols",
"path" : "/Users/admin/builder/spi-builder-workspace",
"platforms" : [
{
"name" : "macos",
"version" : "12.0"
}
],
"products" : [
{
"name" : "CodeEditSymbols",
"targets" : [
"CodeEditSymbols"
],
"type" : {
"library" : [
"automatic"
]
}
}
],
"targets" : [
{
"c99name" : "CodeEditSymbolsTests",
"module_type" : "SwiftTarget",
"name" : "CodeEditSymbolsTests",
"path" : "Tests/CodeEditSymbolsTests",
"sources" : [
"CodeEditSymbolsTests.swift"
],
"target_dependencies" : [
"CodeEditSymbols"
],
"type" : "test"
},
{
"c99name" : "CodeEditSymbols",
"module_type" : "SwiftTarget",
"name" : "CodeEditSymbols",
"path" : "Sources/CodeEditSymbols",
"product_memberships" : [
"CodeEditSymbols"
],
"resources" : [
{
"path" : "/Users/admin/builder/spi-builder-workspace/Sources/CodeEditSymbols/Symbols.xcassets",
"rule" : {
"process" : {
}
}
}
],
"sources" : [
"CodeEditSymbols.swift"
],
"type" : "library"
}
],
"tools_version" : "5.5"
}
{
"workspace" : {
"name" : "spi-builder-workspace",
"schemes" : [
"CodeEditSymbols"
]
}
}
Running build ...
env DEVELOPER_DIR=/Applications/Xcode-16.3.0.app xcrun xcodebuild -IDEClonedSourcePackagesDirPathOverride=$PWD/.dependencies -skipMacroValidation -skipPackagePluginValidation -derivedDataPath $PWD/.derivedData build -scheme CodeEditSymbols -destination generic/platform=watchOS
Command line invocation:
/Applications/Xcode-16.3.0.app/Contents/Developer/usr/bin/xcodebuild -IDEClonedSourcePackagesDirPathOverride=/Users/admin/builder/spi-builder-workspace/.dependencies -skipMacroValidation -skipPackagePluginValidation -derivedDataPath /Users/admin/builder/spi-builder-workspace/.derivedData build -scheme CodeEditSymbols -destination generic/platform=watchOS
Resolve Package Graph
Resolved source packages:
CodeEditSymbols: /Users/admin/builder/spi-builder-workspace
ComputePackagePrebuildTargetDependencyGraph
Prepare packages
CreateBuildRequest
SendProjectDescription
CreateBuildOperation
ComputeTargetDependencyGraph
note: Building targets in dependency order
note: Target dependency graph (3 targets)
Target 'CodeEditSymbols' in project 'CodeEditSymbols'
➜ Explicit dependency on target 'CodeEditSymbols' in project 'CodeEditSymbols'
➜ Explicit dependency on target 'CodeEditSymbols_CodeEditSymbols' in project 'CodeEditSymbols'
Target 'CodeEditSymbols' in project 'CodeEditSymbols'
➜ Explicit dependency on target 'CodeEditSymbols_CodeEditSymbols' in project 'CodeEditSymbols'
Target 'CodeEditSymbols_CodeEditSymbols' in project 'CodeEditSymbols' (no dependencies)
GatherProvisioningInputs
CreateBuildDescription
ExecuteExternalTool /Applications/Xcode-16.3.0.app/Contents/Developer/usr/bin/actool --version --output-format xml1
ExecuteExternalTool /Applications/Xcode-16.3.0.app/Contents/Developer/Toolchains/XcodeDefault.xctoolchain/usr/bin/clang -v -E -dM -isysroot /Applications/Xcode-16.3.0.app/Contents/Developer/Platforms/WatchOS.platform/Developer/SDKs/WatchOS11.4.sdk -x c -c /dev/null
ExecuteExternalTool /Applications/Xcode-16.3.0.app/Contents/Developer/Toolchains/XcodeDefault.xctoolchain/usr/bin/swiftc --version
ExecuteExternalTool /Applications/Xcode-16.3.0.app/Contents/Developer/Toolchains/XcodeDefault.xctoolchain/usr/bin/ld -version_details
ReadFileContents /Applications/Xcode-16.3.0.app/Contents/Developer/Toolchains/XcodeDefault.xctoolchain/usr/share/docc/features.json
Build description signature: 702e8b231cc2932429c6a9487919f1df
Build description path: /Users/admin/builder/spi-builder-workspace/.derivedData/Build/Intermediates.noindex/XCBuildData/702e8b231cc2932429c6a9487919f1df.xcbuilddata
ClangStatCache /Applications/Xcode-16.3.0.app/Contents/Developer/Toolchains/XcodeDefault.xctoolchain/usr/bin/clang-stat-cache /Applications/Xcode-16.3.0.app/Contents/Developer/Platforms/WatchOS.platform/Developer/SDKs/WatchOS11.4.sdk /Users/admin/builder/spi-builder-workspace/.derivedData/SDKStatCaches.noindex/watchos11.4-22T246-43efb940ff07ba2497b70ec94253f576.sdkstatcache
cd /Users/admin/builder/spi-builder-workspace/.swiftpm/xcode
/Applications/Xcode-16.3.0.app/Contents/Developer/Toolchains/XcodeDefault.xctoolchain/usr/bin/clang-stat-cache /Applications/Xcode-16.3.0.app/Contents/Developer/Platforms/WatchOS.platform/Developer/SDKs/WatchOS11.4.sdk -o /Users/admin/builder/spi-builder-workspace/.derivedData/SDKStatCaches.noindex/watchos11.4-22T246-43efb940ff07ba2497b70ec94253f576.sdkstatcache
CompileAssetCatalogVariant thinned /Users/admin/builder/spi-builder-workspace/.derivedData/Build/Products/Debug-watchos/CodeEditSymbols_CodeEditSymbols.bundle /Users/admin/builder/spi-builder-workspace/Sources/CodeEditSymbols/Symbols.xcassets (in target 'CodeEditSymbols_CodeEditSymbols' from project 'CodeEditSymbols')
cd /Users/admin/builder/spi-builder-workspace
/Applications/Xcode-16.3.0.app/Contents/Developer/usr/bin/actool /Users/admin/builder/spi-builder-workspace/Sources/CodeEditSymbols/Symbols.xcassets --compile /Users/admin/builder/spi-builder-workspace/.derivedData/Build/Intermediates.noindex/CodeEditSymbols.build/Debug-watchos/CodeEditSymbols_CodeEditSymbols.build/assetcatalog_output/thinned --output-format human-readable-text --notices --warnings --export-dependency-info /Users/admin/builder/spi-builder-workspace/.derivedData/Build/Intermediates.noindex/CodeEditSymbols.build/Debug-watchos/CodeEditSymbols_CodeEditSymbols.build/assetcatalog_dependencies_thinned --output-partial-info-plist /Users/admin/builder/spi-builder-workspace/.derivedData/Build/Intermediates.noindex/CodeEditSymbols.build/Debug-watchos/CodeEditSymbols_CodeEditSymbols.build/assetcatalog_generated_info.plist_thinned --compress-pngs --enable-on-demand-resources NO --development-region en --target-device watch --minimum-deployment-target 5.0 --platform watchos
SwiftDriver CodeEditSymbols normal arm64 com.apple.xcode.tools.swift.compiler (in target 'CodeEditSymbols' from project 'CodeEditSymbols')
cd /Users/admin/builder/spi-builder-workspace/.swiftpm/xcode
builtin-SwiftDriver -- /Applications/Xcode-16.3.0.app/Contents/Developer/Toolchains/XcodeDefault.xctoolchain/usr/bin/swiftc -module-name CodeEditSymbols -Onone -enforce-exclusivity\=checked @/Users/admin/builder/spi-builder-workspace/.derivedData/Build/Intermediates.noindex/CodeEditSymbols.build/Debug-watchos/CodeEditSymbols.build/Objects-normal/arm64/CodeEditSymbols.SwiftFileList -DSWIFT_PACKAGE -DDEBUG -DXcode -plugin-path /Applications/Xcode-16.3.0.app/Contents/Developer/Toolchains/XcodeDefault.xctoolchain/usr/lib/swift/host/plugins/testing -enable-experimental-feature DebugDescriptionMacro -sdk /Applications/Xcode-16.3.0.app/Contents/Developer/Platforms/WatchOS.platform/Developer/SDKs/WatchOS11.4.sdk -target arm64-apple-watchos5.0 -g -module-cache-path /Users/admin/builder/spi-builder-workspace/.derivedData/ModuleCache.noindex -Xfrontend -serialize-debugging-options -profile-coverage-mapping -profile-generate -enable-testing -index-store-path /Users/admin/builder/spi-builder-workspace/.derivedData/Index.noindex/DataStore -swift-version 5 -I /Users/admin/builder/spi-builder-workspace/.derivedData/Build/Products/Debug-watchos -I /Applications/Xcode-16.3.0.app/Contents/Developer/Platforms/WatchOS.platform/Developer/usr/lib -F /Users/admin/builder/spi-builder-workspace/.derivedData/Build/Products/Debug-watchos -F /Applications/Xcode-16.3.0.app/Contents/Developer/Platforms/WatchOS.platform/Developer/Library/Frameworks -F /Applications/Xcode-16.3.0.app/Contents/Developer/Platforms/WatchOS.platform/Developer/SDKs/WatchOS11.4.sdk/Developer/Library/Frameworks -c -j10 -enable-batch-mode -incremental -Xcc -ivfsstatcache -Xcc /Users/admin/builder/spi-builder-workspace/.derivedData/SDKStatCaches.noindex/watchos11.4-22T246-43efb940ff07ba2497b70ec94253f576.sdkstatcache -output-file-map /Users/admin/builder/spi-builder-workspace/.derivedData/Build/Intermediates.noindex/CodeEditSymbols.build/Debug-watchos/CodeEditSymbols.build/Objects-normal/arm64/CodeEditSymbols-OutputFileMap.json -use-frontend-parseable-output -save-temps -no-color-diagnostics -serialize-diagnostics -emit-dependencies -emit-module -emit-module-path /Users/admin/builder/spi-builder-workspace/.derivedData/Build/Intermediates.noindex/CodeEditSymbols.build/Debug-watchos/CodeEditSymbols.build/Objects-normal/arm64/CodeEditSymbols.swiftmodule -validate-clang-modules-once -clang-build-session-file /Users/admin/builder/spi-builder-workspace/.derivedData/ModuleCache.noindex/Session.modulevalidation -Xcc -I/Users/admin/builder/spi-builder-workspace/.derivedData/Build/Intermediates.noindex/CodeEditSymbols.build/Debug-watchos/CodeEditSymbols.build/swift-overrides.hmap -emit-const-values -Xfrontend -const-gather-protocols-file -Xfrontend /Users/admin/builder/spi-builder-workspace/.derivedData/Build/Intermediates.noindex/CodeEditSymbols.build/Debug-watchos/CodeEditSymbols.build/Objects-normal/arm64/CodeEditSymbols_const_extract_protocols.json -Xcc -I/Users/admin/builder/spi-builder-workspace/.derivedData/Build/Products/Debug-watchos/include -Xcc -I/Users/admin/builder/spi-builder-workspace/.derivedData/Build/Intermediates.noindex/CodeEditSymbols.build/Debug-watchos/CodeEditSymbols.build/DerivedSources-normal/arm64 -Xcc -I/Users/admin/builder/spi-builder-workspace/.derivedData/Build/Intermediates.noindex/CodeEditSymbols.build/Debug-watchos/CodeEditSymbols.build/DerivedSources/arm64 -Xcc -I/Users/admin/builder/spi-builder-workspace/.derivedData/Build/Intermediates.noindex/CodeEditSymbols.build/Debug-watchos/CodeEditSymbols.build/DerivedSources -Xcc -DSWIFT_PACKAGE -Xcc -DDEBUG\=1 -emit-objc-header -emit-objc-header-path /Users/admin/builder/spi-builder-workspace/.derivedData/Build/Intermediates.noindex/CodeEditSymbols.build/Debug-watchos/CodeEditSymbols.build/Objects-normal/arm64/CodeEditSymbols-Swift.h -working-directory /Users/admin/builder/spi-builder-workspace/.swiftpm/xcode -experimental-emit-module-separately -disable-cmo
SwiftDriver CodeEditSymbols normal armv7k com.apple.xcode.tools.swift.compiler (in target 'CodeEditSymbols' from project 'CodeEditSymbols')
cd /Users/admin/builder/spi-builder-workspace/.swiftpm/xcode
builtin-SwiftDriver -- /Applications/Xcode-16.3.0.app/Contents/Developer/Toolchains/XcodeDefault.xctoolchain/usr/bin/swiftc -module-name CodeEditSymbols -Onone -enforce-exclusivity\=checked @/Users/admin/builder/spi-builder-workspace/.derivedData/Build/Intermediates.noindex/CodeEditSymbols.build/Debug-watchos/CodeEditSymbols.build/Objects-normal/armv7k/CodeEditSymbols.SwiftFileList -DSWIFT_PACKAGE -DDEBUG -DXcode -plugin-path /Applications/Xcode-16.3.0.app/Contents/Developer/Toolchains/XcodeDefault.xctoolchain/usr/lib/swift/host/plugins/testing -enable-experimental-feature DebugDescriptionMacro -sdk /Applications/Xcode-16.3.0.app/Contents/Developer/Platforms/WatchOS.platform/Developer/SDKs/WatchOS11.4.sdk -target armv7k-apple-watchos5.0 -g -module-cache-path /Users/admin/builder/spi-builder-workspace/.derivedData/ModuleCache.noindex -Xfrontend -serialize-debugging-options -profile-coverage-mapping -profile-generate -enable-testing -index-store-path /Users/admin/builder/spi-builder-workspace/.derivedData/Index.noindex/DataStore -swift-version 5 -I /Users/admin/builder/spi-builder-workspace/.derivedData/Build/Products/Debug-watchos -I /Applications/Xcode-16.3.0.app/Contents/Developer/Platforms/WatchOS.platform/Developer/usr/lib -F /Users/admin/builder/spi-builder-workspace/.derivedData/Build/Products/Debug-watchos -F /Applications/Xcode-16.3.0.app/Contents/Developer/Platforms/WatchOS.platform/Developer/Library/Frameworks -F /Applications/Xcode-16.3.0.app/Contents/Developer/Platforms/WatchOS.platform/Developer/SDKs/WatchOS11.4.sdk/Developer/Library/Frameworks -c -j10 -enable-batch-mode -incremental -Xcc -ivfsstatcache -Xcc /Users/admin/builder/spi-builder-workspace/.derivedData/SDKStatCaches.noindex/watchos11.4-22T246-43efb940ff07ba2497b70ec94253f576.sdkstatcache -output-file-map /Users/admin/builder/spi-builder-workspace/.derivedData/Build/Intermediates.noindex/CodeEditSymbols.build/Debug-watchos/CodeEditSymbols.build/Objects-normal/armv7k/CodeEditSymbols-OutputFileMap.json -use-frontend-parseable-output -save-temps -no-color-diagnostics -serialize-diagnostics -emit-dependencies -emit-module -emit-module-path /Users/admin/builder/spi-builder-workspace/.derivedData/Build/Intermediates.noindex/CodeEditSymbols.build/Debug-watchos/CodeEditSymbols.build/Objects-normal/armv7k/CodeEditSymbols.swiftmodule -validate-clang-modules-once -clang-build-session-file /Users/admin/builder/spi-builder-workspace/.derivedData/ModuleCache.noindex/Session.modulevalidation -Xcc -I/Users/admin/builder/spi-builder-workspace/.derivedData/Build/Intermediates.noindex/CodeEditSymbols.build/Debug-watchos/CodeEditSymbols.build/swift-overrides.hmap -emit-const-values -Xfrontend -const-gather-protocols-file -Xfrontend /Users/admin/builder/spi-builder-workspace/.derivedData/Build/Intermediates.noindex/CodeEditSymbols.build/Debug-watchos/CodeEditSymbols.build/Objects-normal/armv7k/CodeEditSymbols_const_extract_protocols.json -Xcc -I/Users/admin/builder/spi-builder-workspace/.derivedData/Build/Products/Debug-watchos/include -Xcc -I/Users/admin/builder/spi-builder-workspace/.derivedData/Build/Intermediates.noindex/CodeEditSymbols.build/Debug-watchos/CodeEditSymbols.build/DerivedSources-normal/armv7k -Xcc -I/Users/admin/builder/spi-builder-workspace/.derivedData/Build/Intermediates.noindex/CodeEditSymbols.build/Debug-watchos/CodeEditSymbols.build/DerivedSources/armv7k -Xcc -I/Users/admin/builder/spi-builder-workspace/.derivedData/Build/Intermediates.noindex/CodeEditSymbols.build/Debug-watchos/CodeEditSymbols.build/DerivedSources -Xcc -DSWIFT_PACKAGE -Xcc -DDEBUG\=1 -emit-objc-header -emit-objc-header-path /Users/admin/builder/spi-builder-workspace/.derivedData/Build/Intermediates.noindex/CodeEditSymbols.build/Debug-watchos/CodeEditSymbols.build/Objects-normal/armv7k/CodeEditSymbols-Swift.h -working-directory /Users/admin/builder/spi-builder-workspace/.swiftpm/xcode -experimental-emit-module-separately -disable-cmo
SwiftDriver CodeEditSymbols normal arm64_32 com.apple.xcode.tools.swift.compiler (in target 'CodeEditSymbols' from project 'CodeEditSymbols')
cd /Users/admin/builder/spi-builder-workspace/.swiftpm/xcode
builtin-SwiftDriver -- /Applications/Xcode-16.3.0.app/Contents/Developer/Toolchains/XcodeDefault.xctoolchain/usr/bin/swiftc -module-name CodeEditSymbols -Onone -enforce-exclusivity\=checked @/Users/admin/builder/spi-builder-workspace/.derivedData/Build/Intermediates.noindex/CodeEditSymbols.build/Debug-watchos/CodeEditSymbols.build/Objects-normal/arm64_32/CodeEditSymbols.SwiftFileList -DSWIFT_PACKAGE -DDEBUG -DXcode -plugin-path /Applications/Xcode-16.3.0.app/Contents/Developer/Toolchains/XcodeDefault.xctoolchain/usr/lib/swift/host/plugins/testing -enable-experimental-feature DebugDescriptionMacro -sdk /Applications/Xcode-16.3.0.app/Contents/Developer/Platforms/WatchOS.platform/Developer/SDKs/WatchOS11.4.sdk -target arm64_32-apple-watchos5.0 -g -module-cache-path /Users/admin/builder/spi-builder-workspace/.derivedData/ModuleCache.noindex -Xfrontend -serialize-debugging-options -profile-coverage-mapping -profile-generate -enable-testing -index-store-path /Users/admin/builder/spi-builder-workspace/.derivedData/Index.noindex/DataStore -swift-version 5 -I /Users/admin/builder/spi-builder-workspace/.derivedData/Build/Products/Debug-watchos -I /Applications/Xcode-16.3.0.app/Contents/Developer/Platforms/WatchOS.platform/Developer/usr/lib -F /Users/admin/builder/spi-builder-workspace/.derivedData/Build/Products/Debug-watchos -F /Applications/Xcode-16.3.0.app/Contents/Developer/Platforms/WatchOS.platform/Developer/Library/Frameworks -F /Applications/Xcode-16.3.0.app/Contents/Developer/Platforms/WatchOS.platform/Developer/SDKs/WatchOS11.4.sdk/Developer/Library/Frameworks -c -j10 -enable-batch-mode -incremental -Xcc -ivfsstatcache -Xcc /Users/admin/builder/spi-builder-workspace/.derivedData/SDKStatCaches.noindex/watchos11.4-22T246-43efb940ff07ba2497b70ec94253f576.sdkstatcache -output-file-map /Users/admin/builder/spi-builder-workspace/.derivedData/Build/Intermediates.noindex/CodeEditSymbols.build/Debug-watchos/CodeEditSymbols.build/Objects-normal/arm64_32/CodeEditSymbols-OutputFileMap.json -use-frontend-parseable-output -save-temps -no-color-diagnostics -serialize-diagnostics -emit-dependencies -emit-module -emit-module-path /Users/admin/builder/spi-builder-workspace/.derivedData/Build/Intermediates.noindex/CodeEditSymbols.build/Debug-watchos/CodeEditSymbols.build/Objects-normal/arm64_32/CodeEditSymbols.swiftmodule -validate-clang-modules-once -clang-build-session-file /Users/admin/builder/spi-builder-workspace/.derivedData/ModuleCache.noindex/Session.modulevalidation -Xcc -I/Users/admin/builder/spi-builder-workspace/.derivedData/Build/Intermediates.noindex/CodeEditSymbols.build/Debug-watchos/CodeEditSymbols.build/swift-overrides.hmap -emit-const-values -Xfrontend -const-gather-protocols-file -Xfrontend /Users/admin/builder/spi-builder-workspace/.derivedData/Build/Intermediates.noindex/CodeEditSymbols.build/Debug-watchos/CodeEditSymbols.build/Objects-normal/arm64_32/CodeEditSymbols_const_extract_protocols.json -Xcc -I/Users/admin/builder/spi-builder-workspace/.derivedData/Build/Products/Debug-watchos/include -Xcc -I/Users/admin/builder/spi-builder-workspace/.derivedData/Build/Intermediates.noindex/CodeEditSymbols.build/Debug-watchos/CodeEditSymbols.build/DerivedSources-normal/arm64_32 -Xcc -I/Users/admin/builder/spi-builder-workspace/.derivedData/Build/Intermediates.noindex/CodeEditSymbols.build/Debug-watchos/CodeEditSymbols.build/DerivedSources/arm64_32 -Xcc -I/Users/admin/builder/spi-builder-workspace/.derivedData/Build/Intermediates.noindex/CodeEditSymbols.build/Debug-watchos/CodeEditSymbols.build/DerivedSources -Xcc -DSWIFT_PACKAGE -Xcc -DDEBUG\=1 -emit-objc-header -emit-objc-header-path /Users/admin/builder/spi-builder-workspace/.derivedData/Build/Intermediates.noindex/CodeEditSymbols.build/Debug-watchos/CodeEditSymbols.build/Objects-normal/arm64_32/CodeEditSymbols-Swift.h -working-directory /Users/admin/builder/spi-builder-workspace/.swiftpm/xcode -experimental-emit-module-separately -disable-cmo
SwiftEmitModule normal armv7k Emitting\ module\ for\ CodeEditSymbols (in target 'CodeEditSymbols' from project 'CodeEditSymbols')
Failed frontend command:
/Applications/Xcode-16.3.0.app/Contents/Developer/Toolchains/XcodeDefault.xctoolchain/usr/bin/swift-frontend -frontend -emit-module -experimental-skip-non-inlinable-function-bodies-without-types /Users/admin/builder/spi-builder-workspace/.derivedData/Build/Intermediates.noindex/CodeEditSymbols.build/Debug-watchos/CodeEditSymbols.build/DerivedSources/resource_bundle_accessor.swift /Users/admin/builder/spi-builder-workspace/Sources/CodeEditSymbols/CodeEditSymbols.swift /Users/admin/builder/spi-builder-workspace/.derivedData/Build/Intermediates.noindex/CodeEditSymbols.build/Debug-watchos/CodeEditSymbols.build/DerivedSources/GeneratedAssetSymbols.swift -target armv7k-apple-watchos5.0 -enable-objc-interop -sdk /Applications/Xcode-16.3.0.app/Contents/Developer/Platforms/WatchOS.platform/Developer/SDKs/WatchOS11.4.sdk -I /Users/admin/builder/spi-builder-workspace/.derivedData/Build/Products/Debug-watchos -I /Applications/Xcode-16.3.0.app/Contents/Developer/Platforms/WatchOS.platform/Developer/usr/lib -F /Users/admin/builder/spi-builder-workspace/.derivedData/Build/Products/Debug-watchos -F /Applications/Xcode-16.3.0.app/Contents/Developer/Platforms/WatchOS.platform/Developer/Library/Frameworks -F /Applications/Xcode-16.3.0.app/Contents/Developer/Platforms/WatchOS.platform/Developer/SDKs/WatchOS11.4.sdk/Developer/Library/Frameworks -no-color-diagnostics -enable-testing -g -debug-info-format\=dwarf -dwarf-version\=4 -module-cache-path /Users/admin/builder/spi-builder-workspace/.derivedData/ModuleCache.noindex -profile-generate -profile-coverage-mapping -swift-version 5 -enforce-exclusivity\=checked -Onone -D SWIFT_PACKAGE -D DEBUG -D Xcode -serialize-debugging-options -const-gather-protocols-file /Users/admin/builder/spi-builder-workspace/.derivedData/Build/Intermediates.noindex/CodeEditSymbols.build/Debug-watchos/CodeEditSymbols.build/Objects-normal/armv7k/CodeEditSymbols_const_extract_protocols.json -enable-experimental-feature DebugDescriptionMacro -empty-abi-descriptor -plugin-path /Applications/Xcode-16.3.0.app/Contents/Developer/Toolchains/XcodeDefault.xctoolchain/usr/lib/swift/host/plugins/testing -validate-clang-modules-once -clang-build-session-file /Users/admin/builder/spi-builder-workspace/.derivedData/ModuleCache.noindex/Session.modulevalidation -Xcc -working-directory -Xcc /Users/admin/builder/spi-builder-workspace/.swiftpm/xcode -resource-dir /Applications/Xcode-16.3.0.app/Contents/Developer/Toolchains/XcodeDefault.xctoolchain/usr/lib/swift -enable-anonymous-context-mangled-names -file-compilation-dir /Users/admin/builder/spi-builder-workspace/.swiftpm/xcode -Xcc -ivfsstatcache -Xcc /Users/admin/builder/spi-builder-workspace/.derivedData/SDKStatCaches.noindex/watchos11.4-22T246-43efb940ff07ba2497b70ec94253f576.sdkstatcache -Xcc -I/Users/admin/builder/spi-builder-workspace/.derivedData/Build/Intermediates.noindex/CodeEditSymbols.build/Debug-watchos/CodeEditSymbols.build/swift-overrides.hmap -Xcc -I/Users/admin/builder/spi-builder-workspace/.derivedData/Build/Products/Debug-watchos/include -Xcc -I/Users/admin/builder/spi-builder-workspace/.derivedData/Build/Intermediates.noindex/CodeEditSymbols.build/Debug-watchos/CodeEditSymbols.build/DerivedSources-normal/armv7k -Xcc -I/Users/admin/builder/spi-builder-workspace/.derivedData/Build/Intermediates.noindex/CodeEditSymbols.build/Debug-watchos/CodeEditSymbols.build/DerivedSources/armv7k -Xcc -I/Users/admin/builder/spi-builder-workspace/.derivedData/Build/Intermediates.noindex/CodeEditSymbols.build/Debug-watchos/CodeEditSymbols.build/DerivedSources -Xcc -DSWIFT_PACKAGE -Xcc -DDEBUG\=1 -module-name CodeEditSymbols -frontend-parseable-output -disable-clang-spi -target-sdk-version 11.4 -target-sdk-name watchos11.4 -external-plugin-path /Applications/Xcode-16.3.0.app/Contents/Developer/Platforms/WatchOS.platform/Developer/usr/lib/swift/host/plugins\#/Applications/Xcode-16.3.0.app/Contents/Developer/Platforms/WatchOS.platform/Developer/usr/bin/swift-plugin-server -external-plugin-path /Applications/Xcode-16.3.0.app/Contents/Developer/Platforms/WatchOS.platform/Developer/usr/local/lib/swift/host/plugins\#/Applications/Xcode-16.3.0.app/Contents/Developer/Platforms/WatchOS.platform/Developer/usr/bin/swift-plugin-server -in-process-plugin-server-path /Applications/Xcode-16.3.0.app/Contents/Developer/Toolchains/XcodeDefault.xctoolchain/usr/lib/swift/host/libSwiftInProcPluginServer.dylib -plugin-path /Applications/Xcode-16.3.0.app/Contents/Developer/Toolchains/XcodeDefault.xctoolchain/usr/lib/swift/host/plugins -plugin-path /Applications/Xcode-16.3.0.app/Contents/Developer/Toolchains/XcodeDefault.xctoolchain/usr/local/lib/swift/host/plugins -emit-module-doc-path /Users/admin/builder/spi-builder-workspace/.derivedData/Build/Intermediates.noindex/CodeEditSymbols.build/Debug-watchos/CodeEditSymbols.build/Objects-normal/armv7k/CodeEditSymbols.swiftdoc -emit-module-source-info-path /Users/admin/builder/spi-builder-workspace/.derivedData/Build/Intermediates.noindex/CodeEditSymbols.build/Debug-watchos/CodeEditSymbols.build/Objects-normal/armv7k/CodeEditSymbols.swiftsourceinfo -emit-objc-header-path /Users/admin/builder/spi-builder-workspace/.derivedData/Build/Intermediates.noindex/CodeEditSymbols.build/Debug-watchos/CodeEditSymbols.build/Objects-normal/armv7k/CodeEditSymbols-Swift.h -serialize-diagnostics-path /Users/admin/builder/spi-builder-workspace/.derivedData/Build/Intermediates.noindex/CodeEditSymbols.build/Debug-watchos/CodeEditSymbols.build/Objects-normal/armv7k/CodeEditSymbols-master-emit-module.dia -emit-dependencies-path /Users/admin/builder/spi-builder-workspace/.derivedData/Build/Intermediates.noindex/CodeEditSymbols.build/Debug-watchos/CodeEditSymbols.build/Objects-normal/armv7k/CodeEditSymbols-master-emit-module.d -o /Users/admin/builder/spi-builder-workspace/.derivedData/Build/Intermediates.noindex/CodeEditSymbols.build/Debug-watchos/CodeEditSymbols.build/Objects-normal/armv7k/CodeEditSymbols.swiftmodule -emit-abi-descriptor-path /Users/admin/builder/spi-builder-workspace/.derivedData/Build/Intermediates.noindex/CodeEditSymbols.build/Debug-watchos/CodeEditSymbols.build/Objects-normal/armv7k/CodeEditSymbols.abi.json
EmitSwiftModule normal armv7k (in target 'CodeEditSymbols' from project 'CodeEditSymbols')
cd /Users/admin/builder/spi-builder-workspace/.swiftpm/xcode
/Users/admin/builder/spi-builder-workspace/Sources/CodeEditSymbols/CodeEditSymbols.swift:8:8: error: no such module 'AppKit'
import AppKit
^
SwiftEmitModule normal arm64_32 Emitting\ module\ for\ CodeEditSymbols (in target 'CodeEditSymbols' from project 'CodeEditSymbols')
EmitSwiftModule normal arm64_32 (in target 'CodeEditSymbols' from project 'CodeEditSymbols')
cd /Users/admin/builder/spi-builder-workspace/.swiftpm/xcode
SwiftCompile normal armv7k Compiling\ CodeEditSymbols.swift /Users/admin/builder/spi-builder-workspace/Sources/CodeEditSymbols/CodeEditSymbols.swift (in target 'CodeEditSymbols' from project 'CodeEditSymbols')
SwiftCompile normal armv7k /Users/admin/builder/spi-builder-workspace/Sources/CodeEditSymbols/CodeEditSymbols.swift (in target 'CodeEditSymbols' from project 'CodeEditSymbols')
cd /Users/admin/builder/spi-builder-workspace/.swiftpm/xcode
SwiftCompile normal armv7k Compiling\ GeneratedAssetSymbols.swift /Users/admin/builder/spi-builder-workspace/.derivedData/Build/Intermediates.noindex/CodeEditSymbols.build/Debug-watchos/CodeEditSymbols.build/DerivedSources/GeneratedAssetSymbols.swift (in target 'CodeEditSymbols' from project 'CodeEditSymbols')
SwiftCompile normal armv7k /Users/admin/builder/spi-builder-workspace/.derivedData/Build/Intermediates.noindex/CodeEditSymbols.build/Debug-watchos/CodeEditSymbols.build/DerivedSources/GeneratedAssetSymbols.swift (in target 'CodeEditSymbols' from project 'CodeEditSymbols')
cd /Users/admin/builder/spi-builder-workspace/.swiftpm/xcode
SwiftCompile normal armv7k Compiling\ resource_bundle_accessor.swift /Users/admin/builder/spi-builder-workspace/.derivedData/Build/Intermediates.noindex/CodeEditSymbols.build/Debug-watchos/CodeEditSymbols.build/DerivedSources/resource_bundle_accessor.swift (in target 'CodeEditSymbols' from project 'CodeEditSymbols')
SwiftCompile normal armv7k /Users/admin/builder/spi-builder-workspace/.derivedData/Build/Intermediates.noindex/CodeEditSymbols.build/Debug-watchos/CodeEditSymbols.build/DerivedSources/resource_bundle_accessor.swift (in target 'CodeEditSymbols' from project 'CodeEditSymbols')
cd /Users/admin/builder/spi-builder-workspace/.swiftpm/xcode
SwiftCompile normal arm64_32 Compiling\ resource_bundle_accessor.swift /Users/admin/builder/spi-builder-workspace/.derivedData/Build/Intermediates.noindex/CodeEditSymbols.build/Debug-watchos/CodeEditSymbols.build/DerivedSources/resource_bundle_accessor.swift (in target 'CodeEditSymbols' from project 'CodeEditSymbols')
SwiftCompile normal arm64_32 /Users/admin/builder/spi-builder-workspace/.derivedData/Build/Intermediates.noindex/CodeEditSymbols.build/Debug-watchos/CodeEditSymbols.build/DerivedSources/resource_bundle_accessor.swift (in target 'CodeEditSymbols' from project 'CodeEditSymbols')
cd /Users/admin/builder/spi-builder-workspace/.swiftpm/xcode
SwiftCompile normal arm64_32 Compiling\ CodeEditSymbols.swift /Users/admin/builder/spi-builder-workspace/Sources/CodeEditSymbols/CodeEditSymbols.swift (in target 'CodeEditSymbols' from project 'CodeEditSymbols')
SwiftCompile normal arm64_32 /Users/admin/builder/spi-builder-workspace/Sources/CodeEditSymbols/CodeEditSymbols.swift (in target 'CodeEditSymbols' from project 'CodeEditSymbols')
cd /Users/admin/builder/spi-builder-workspace/.swiftpm/xcode
SwiftEmitModule normal arm64 Emitting\ module\ for\ CodeEditSymbols (in target 'CodeEditSymbols' from project 'CodeEditSymbols')
EmitSwiftModule normal arm64 (in target 'CodeEditSymbols' from project 'CodeEditSymbols')
cd /Users/admin/builder/spi-builder-workspace/.swiftpm/xcode
SwiftCompile normal arm64_32 Compiling\ GeneratedAssetSymbols.swift /Users/admin/builder/spi-builder-workspace/.derivedData/Build/Intermediates.noindex/CodeEditSymbols.build/Debug-watchos/CodeEditSymbols.build/DerivedSources/GeneratedAssetSymbols.swift (in target 'CodeEditSymbols' from project 'CodeEditSymbols')
SwiftCompile normal arm64_32 /Users/admin/builder/spi-builder-workspace/.derivedData/Build/Intermediates.noindex/CodeEditSymbols.build/Debug-watchos/CodeEditSymbols.build/DerivedSources/GeneratedAssetSymbols.swift (in target 'CodeEditSymbols' from project 'CodeEditSymbols')
cd /Users/admin/builder/spi-builder-workspace/.swiftpm/xcode
SwiftCompile normal arm64 Compiling\ resource_bundle_accessor.swift /Users/admin/builder/spi-builder-workspace/.derivedData/Build/Intermediates.noindex/CodeEditSymbols.build/Debug-watchos/CodeEditSymbols.build/DerivedSources/resource_bundle_accessor.swift (in target 'CodeEditSymbols' from project 'CodeEditSymbols')
Command SwiftCompile failed with a nonzero exit code
** BUILD FAILED **
The following build commands failed:
SwiftEmitModule normal armv7k Emitting\ module\ for\ CodeEditSymbols (in target 'CodeEditSymbols' from project 'CodeEditSymbols')
EmitSwiftModule normal armv7k (in target 'CodeEditSymbols' from project 'CodeEditSymbols')
SwiftCompile normal arm64 Compiling\ resource_bundle_accessor.swift /Users/admin/builder/spi-builder-workspace/.derivedData/Build/Intermediates.noindex/CodeEditSymbols.build/Debug-watchos/CodeEditSymbols.build/DerivedSources/resource_bundle_accessor.swift (in target 'CodeEditSymbols' from project 'CodeEditSymbols')
Building workspace spi-builder-workspace with scheme CodeEditSymbols
(4 failures)
BUILD FAILURE 6.1 watchOS