The Swift Package Index logo.Swift Package Index

Build Information

Failed to build Formic, reference 0.3.0 (ff3048), with Swift 6.4 for watchOS using Xcode 27.0 on 21 Sep 2026 22:51:15 UTC.

Build Command

env DEVELOPER_DIR=/Applications/Xcode-27.0.0-Release.Candidate.app xcrun xcodebuild -IDEClonedSourcePackagesDirPathOverride=$PWD/.dependencies -skipMacroValidation -skipPackagePluginValidation -derivedDataPath $PWD/.derivedData build -scheme Formic -destination generic/platform=watchOS

Build Log

SwiftCompile normal arm64 Compiling\ CompactMap.swift,\ FlatMap.swift,\ Parsers.swift,\ Stream.swift,\ ParsingError.swift,\ PrependableCollection.swift,\ PrintingError.swift /Users/admin/builder/spi-builder-workspace/.dependencies/checkouts/swift-parsing/Sources/Parsing/Parsers/CompactMap.swift /Users/admin/builder/spi-builder-workspace/.dependencies/checkouts/swift-parsing/Sources/Parsing/Parsers/FlatMap.swift /Users/admin/builder/spi-builder-workspace/.dependencies/checkouts/swift-parsing/Sources/Parsing/Parsers/Parsers.swift /Users/admin/builder/spi-builder-workspace/.dependencies/checkouts/swift-parsing/Sources/Parsing/Parsers/Stream.swift /Users/admin/builder/spi-builder-workspace/.dependencies/checkouts/swift-parsing/Sources/Parsing/ParsingError.swift /Users/admin/builder/spi-builder-workspace/.dependencies/checkouts/swift-parsing/Sources/Parsing/PrependableCollection.swift /Users/admin/builder/spi-builder-workspace/.dependencies/checkouts/swift-parsing/Sources/Parsing/PrintingError.swift (in target 'Parsing' from project 'swift-parsing')
SwiftCompile normal arm64 /Users/admin/builder/spi-builder-workspace/.dependencies/checkouts/swift-parsing/Sources/Parsing/Parsers/CompactMap.swift (in target 'Parsing' from project 'swift-parsing')
    cd /Users/admin/builder/spi-builder-workspace/.swiftpm/xcode
    builtin-SwiftPerFileCompile CompactMap.swift
SwiftCompile normal arm64 /Users/admin/builder/spi-builder-workspace/.dependencies/checkouts/swift-parsing/Sources/Parsing/Parsers/FlatMap.swift (in target 'Parsing' from project 'swift-parsing')
    cd /Users/admin/builder/spi-builder-workspace/.swiftpm/xcode
    builtin-SwiftPerFileCompile FlatMap.swift
SwiftCompile normal arm64 /Users/admin/builder/spi-builder-workspace/.dependencies/checkouts/swift-parsing/Sources/Parsing/Parsers/Parsers.swift (in target 'Parsing' from project 'swift-parsing')
    cd /Users/admin/builder/spi-builder-workspace/.swiftpm/xcode
    builtin-SwiftPerFileCompile Parsers.swift
SwiftCompile normal arm64 /Users/admin/builder/spi-builder-workspace/.dependencies/checkouts/swift-parsing/Sources/Parsing/Parsers/Stream.swift (in target 'Parsing' from project 'swift-parsing')
    cd /Users/admin/builder/spi-builder-workspace/.swiftpm/xcode
    builtin-SwiftPerFileCompile Stream.swift
SwiftCompile normal arm64 /Users/admin/builder/spi-builder-workspace/.dependencies/checkouts/swift-parsing/Sources/Parsing/ParsingError.swift (in target 'Parsing' from project 'swift-parsing')
    cd /Users/admin/builder/spi-builder-workspace/.swiftpm/xcode
    builtin-SwiftPerFileCompile ParsingError.swift
SwiftCompile normal arm64 /Users/admin/builder/spi-builder-workspace/.dependencies/checkouts/swift-parsing/Sources/Parsing/PrependableCollection.swift (in target 'Parsing' from project 'swift-parsing')
    cd /Users/admin/builder/spi-builder-workspace/.swiftpm/xcode
    builtin-SwiftPerFileCompile PrependableCollection.swift
SwiftCompile normal arm64 /Users/admin/builder/spi-builder-workspace/.dependencies/checkouts/swift-parsing/Sources/Parsing/PrintingError.swift (in target 'Parsing' from project 'swift-parsing')
    cd /Users/admin/builder/spi-builder-workspace/.swiftpm/xcode
    builtin-SwiftPerFileCompile PrintingError.swift
SwiftDriverJobDiscovery normal arm64_32 Compiling ReplaceError.swift, Rest.swift, Skip.swift, StartsWith.swift, UUID.swift, Whitespace.swift, AnyParser.swift (in target 'Parsing' from project 'swift-parsing')
SwiftCompile normal arm64 Compiling\ Enum.swift,\ FixedWidthInteger.swift,\ Identity.swift,\ JSON.swift,\ LosslessStringConvertible.swift,\ Memberwise.swift,\ ParseableFormatStyleConversion.swift,\ RawRepresentable.swift /Users/admin/builder/spi-builder-workspace/.dependencies/checkouts/swift-parsing/Sources/Parsing/Conversions/Enum.swift /Users/admin/builder/spi-builder-workspace/.dependencies/checkouts/swift-parsing/Sources/Parsing/Conversions/FixedWidthInteger.swift /Users/admin/builder/spi-builder-workspace/.dependencies/checkouts/swift-parsing/Sources/Parsing/Conversions/Identity.swift /Users/admin/builder/spi-builder-workspace/.dependencies/checkouts/swift-parsing/Sources/Parsing/Conversions/JSON.swift /Users/admin/builder/spi-builder-workspace/.dependencies/checkouts/swift-parsing/Sources/Parsing/Conversions/LosslessStringConvertible.swift /Users/admin/builder/spi-builder-workspace/.dependencies/checkouts/swift-parsing/Sources/Parsing/Conversions/Memberwise.swift /Users/admin/builder/spi-builder-workspace/.dependencies/checkouts/swift-parsing/Sources/Parsing/Conversions/ParseableFormatStyleConversion.swift /Users/admin/builder/spi-builder-workspace/.dependencies/checkouts/swift-parsing/Sources/Parsing/Conversions/RawRepresentable.swift (in target 'Parsing' from project 'swift-parsing')
SwiftCompile normal arm64 /Users/admin/builder/spi-builder-workspace/.dependencies/checkouts/swift-parsing/Sources/Parsing/Conversions/Enum.swift (in target 'Parsing' from project 'swift-parsing')
    cd /Users/admin/builder/spi-builder-workspace/.swiftpm/xcode
    builtin-SwiftPerFileCompile Enum.swift
SwiftCompile normal arm64 /Users/admin/builder/spi-builder-workspace/.dependencies/checkouts/swift-parsing/Sources/Parsing/Conversions/FixedWidthInteger.swift (in target 'Parsing' from project 'swift-parsing')
    cd /Users/admin/builder/spi-builder-workspace/.swiftpm/xcode
    builtin-SwiftPerFileCompile FixedWidthInteger.swift
SwiftCompile normal arm64 /Users/admin/builder/spi-builder-workspace/.dependencies/checkouts/swift-parsing/Sources/Parsing/Conversions/Identity.swift (in target 'Parsing' from project 'swift-parsing')
    cd /Users/admin/builder/spi-builder-workspace/.swiftpm/xcode
    builtin-SwiftPerFileCompile Identity.swift
SwiftCompile normal arm64 /Users/admin/builder/spi-builder-workspace/.dependencies/checkouts/swift-parsing/Sources/Parsing/Conversions/JSON.swift (in target 'Parsing' from project 'swift-parsing')
    cd /Users/admin/builder/spi-builder-workspace/.swiftpm/xcode
    builtin-SwiftPerFileCompile JSON.swift
SwiftCompile normal arm64 /Users/admin/builder/spi-builder-workspace/.dependencies/checkouts/swift-parsing/Sources/Parsing/Conversions/LosslessStringConvertible.swift (in target 'Parsing' from project 'swift-parsing')
    cd /Users/admin/builder/spi-builder-workspace/.swiftpm/xcode
    builtin-SwiftPerFileCompile LosslessStringConvertible.swift
SwiftCompile normal arm64 /Users/admin/builder/spi-builder-workspace/.dependencies/checkouts/swift-parsing/Sources/Parsing/Conversions/Memberwise.swift (in target 'Parsing' from project 'swift-parsing')
    cd /Users/admin/builder/spi-builder-workspace/.swiftpm/xcode
    builtin-SwiftPerFileCompile Memberwise.swift
SwiftCompile normal arm64 /Users/admin/builder/spi-builder-workspace/.dependencies/checkouts/swift-parsing/Sources/Parsing/Conversions/ParseableFormatStyleConversion.swift (in target 'Parsing' from project 'swift-parsing')
    cd /Users/admin/builder/spi-builder-workspace/.swiftpm/xcode
    builtin-SwiftPerFileCompile ParseableFormatStyleConversion.swift
SwiftCompile normal arm64 /Users/admin/builder/spi-builder-workspace/.dependencies/checkouts/swift-parsing/Sources/Parsing/Conversions/RawRepresentable.swift (in target 'Parsing' from project 'swift-parsing')
    cd /Users/admin/builder/spi-builder-workspace/.swiftpm/xcode
    builtin-SwiftPerFileCompile RawRepresentable.swift
SwiftDriverJobDiscovery normal arm64_32 Compiling Peek.swift, Pipe.swift, Prefix.swift, PrefixThrough.swift, PrefixUpTo.swift, Printing.swift, Pullback.swift (in target 'Parsing' from project 'swift-parsing')
SwiftCompile normal arm64 Compiling\ From.swift,\ Int.swift,\ Lazy.swift,\ Literal.swift,\ Many.swift,\ Map.swift,\ Newline.swift /Users/admin/builder/spi-builder-workspace/.dependencies/checkouts/swift-parsing/Sources/Parsing/ParserPrinters/From.swift /Users/admin/builder/spi-builder-workspace/.dependencies/checkouts/swift-parsing/Sources/Parsing/ParserPrinters/Int.swift /Users/admin/builder/spi-builder-workspace/.dependencies/checkouts/swift-parsing/Sources/Parsing/ParserPrinters/Lazy.swift /Users/admin/builder/spi-builder-workspace/.dependencies/checkouts/swift-parsing/Sources/Parsing/ParserPrinters/Literal.swift /Users/admin/builder/spi-builder-workspace/.dependencies/checkouts/swift-parsing/Sources/Parsing/ParserPrinters/Many.swift /Users/admin/builder/spi-builder-workspace/.dependencies/checkouts/swift-parsing/Sources/Parsing/ParserPrinters/Map.swift /Users/admin/builder/spi-builder-workspace/.dependencies/checkouts/swift-parsing/Sources/Parsing/ParserPrinters/Newline.swift (in target 'Parsing' from project 'swift-parsing')
SwiftCompile normal arm64 /Users/admin/builder/spi-builder-workspace/.dependencies/checkouts/swift-parsing/Sources/Parsing/ParserPrinters/From.swift (in target 'Parsing' from project 'swift-parsing')
    cd /Users/admin/builder/spi-builder-workspace/.swiftpm/xcode
    builtin-SwiftPerFileCompile From.swift
SwiftCompile normal arm64 /Users/admin/builder/spi-builder-workspace/.dependencies/checkouts/swift-parsing/Sources/Parsing/ParserPrinters/Int.swift (in target 'Parsing' from project 'swift-parsing')
    cd /Users/admin/builder/spi-builder-workspace/.swiftpm/xcode
    builtin-SwiftPerFileCompile Int.swift
SwiftCompile normal arm64 /Users/admin/builder/spi-builder-workspace/.dependencies/checkouts/swift-parsing/Sources/Parsing/ParserPrinters/Lazy.swift (in target 'Parsing' from project 'swift-parsing')
    cd /Users/admin/builder/spi-builder-workspace/.swiftpm/xcode
    builtin-SwiftPerFileCompile Lazy.swift
SwiftCompile normal arm64 /Users/admin/builder/spi-builder-workspace/.dependencies/checkouts/swift-parsing/Sources/Parsing/ParserPrinters/Literal.swift (in target 'Parsing' from project 'swift-parsing')
    cd /Users/admin/builder/spi-builder-workspace/.swiftpm/xcode
    builtin-SwiftPerFileCompile Literal.swift
SwiftCompile normal arm64 /Users/admin/builder/spi-builder-workspace/.dependencies/checkouts/swift-parsing/Sources/Parsing/ParserPrinters/Many.swift (in target 'Parsing' from project 'swift-parsing')
    cd /Users/admin/builder/spi-builder-workspace/.swiftpm/xcode
    builtin-SwiftPerFileCompile Many.swift
SwiftCompile normal arm64 /Users/admin/builder/spi-builder-workspace/.dependencies/checkouts/swift-parsing/Sources/Parsing/ParserPrinters/Map.swift (in target 'Parsing' from project 'swift-parsing')
    cd /Users/admin/builder/spi-builder-workspace/.swiftpm/xcode
    builtin-SwiftPerFileCompile Map.swift
SwiftCompile normal arm64 /Users/admin/builder/spi-builder-workspace/.dependencies/checkouts/swift-parsing/Sources/Parsing/ParserPrinters/Newline.swift (in target 'Parsing' from project 'swift-parsing')
    cd /Users/admin/builder/spi-builder-workspace/.swiftpm/xcode
    builtin-SwiftPerFileCompile Newline.swift
SwiftDriverJobDiscovery normal arm64_32 Compiling String.swift, Substring.swift, UTF8View.swift, ConvertingError.swift, CountingRange.swift, EmptyInitializable.swift, AnyEquatable.swift, Deprecations.swift (in target 'Parsing' from project 'swift-parsing')
SwiftCompile normal arm64 Compiling\ String.swift,\ Substring.swift,\ UTF8View.swift,\ ConvertingError.swift,\ CountingRange.swift,\ EmptyInitializable.swift,\ AnyEquatable.swift,\ Deprecations.swift /Users/admin/builder/spi-builder-workspace/.dependencies/checkouts/swift-parsing/Sources/Parsing/Conversions/String.swift /Users/admin/builder/spi-builder-workspace/.dependencies/checkouts/swift-parsing/Sources/Parsing/Conversions/Substring.swift /Users/admin/builder/spi-builder-workspace/.dependencies/checkouts/swift-parsing/Sources/Parsing/Conversions/UTF8View.swift /Users/admin/builder/spi-builder-workspace/.dependencies/checkouts/swift-parsing/Sources/Parsing/ConvertingError.swift /Users/admin/builder/spi-builder-workspace/.dependencies/checkouts/swift-parsing/Sources/Parsing/CountingRange.swift /Users/admin/builder/spi-builder-workspace/.dependencies/checkouts/swift-parsing/Sources/Parsing/EmptyInitializable.swift /Users/admin/builder/spi-builder-workspace/.dependencies/checkouts/swift-parsing/Sources/Parsing/Internal/AnyEquatable.swift /Users/admin/builder/spi-builder-workspace/.dependencies/checkouts/swift-parsing/Sources/Parsing/Internal/Deprecations.swift (in target 'Parsing' from project 'swift-parsing')
SwiftCompile normal arm64 /Users/admin/builder/spi-builder-workspace/.dependencies/checkouts/swift-parsing/Sources/Parsing/Conversions/String.swift (in target 'Parsing' from project 'swift-parsing')
    cd /Users/admin/builder/spi-builder-workspace/.swiftpm/xcode
    builtin-SwiftPerFileCompile String.swift
SwiftCompile normal arm64 /Users/admin/builder/spi-builder-workspace/.dependencies/checkouts/swift-parsing/Sources/Parsing/Conversions/Substring.swift (in target 'Parsing' from project 'swift-parsing')
    cd /Users/admin/builder/spi-builder-workspace/.swiftpm/xcode
    builtin-SwiftPerFileCompile Substring.swift
SwiftCompile normal arm64 /Users/admin/builder/spi-builder-workspace/.dependencies/checkouts/swift-parsing/Sources/Parsing/Conversions/UTF8View.swift (in target 'Parsing' from project 'swift-parsing')
    cd /Users/admin/builder/spi-builder-workspace/.swiftpm/xcode
    builtin-SwiftPerFileCompile UTF8View.swift
SwiftCompile normal arm64 /Users/admin/builder/spi-builder-workspace/.dependencies/checkouts/swift-parsing/Sources/Parsing/ConvertingError.swift (in target 'Parsing' from project 'swift-parsing')
    cd /Users/admin/builder/spi-builder-workspace/.swiftpm/xcode
    builtin-SwiftPerFileCompile ConvertingError.swift
SwiftCompile normal arm64 /Users/admin/builder/spi-builder-workspace/.dependencies/checkouts/swift-parsing/Sources/Parsing/CountingRange.swift (in target 'Parsing' from project 'swift-parsing')
    cd /Users/admin/builder/spi-builder-workspace/.swiftpm/xcode
    builtin-SwiftPerFileCompile CountingRange.swift
SwiftCompile normal arm64 /Users/admin/builder/spi-builder-workspace/.dependencies/checkouts/swift-parsing/Sources/Parsing/EmptyInitializable.swift (in target 'Parsing' from project 'swift-parsing')
    cd /Users/admin/builder/spi-builder-workspace/.swiftpm/xcode
    builtin-SwiftPerFileCompile EmptyInitializable.swift
SwiftCompile normal arm64 /Users/admin/builder/spi-builder-workspace/.dependencies/checkouts/swift-parsing/Sources/Parsing/Internal/AnyEquatable.swift (in target 'Parsing' from project 'swift-parsing')
    cd /Users/admin/builder/spi-builder-workspace/.swiftpm/xcode
    builtin-SwiftPerFileCompile AnyEquatable.swift
SwiftCompile normal arm64 /Users/admin/builder/spi-builder-workspace/.dependencies/checkouts/swift-parsing/Sources/Parsing/Internal/Deprecations.swift (in target 'Parsing' from project 'swift-parsing')
    cd /Users/admin/builder/spi-builder-workspace/.swiftpm/xcode
    builtin-SwiftPerFileCompile Deprecations.swift
SwiftDriverJobDiscovery normal arm64_32 Compiling CompactMap.swift, FlatMap.swift, Parsers.swift, Stream.swift, ParsingError.swift, PrependableCollection.swift, PrintingError.swift (in target 'Parsing' from project 'swift-parsing')
SwiftCompile normal arm64 Compiling\ Conditional.swift,\ Consumed.swift,\ Digits.swift,\ End.swift,\ Fail.swift,\ Filter.swift,\ First.swift,\ Float.swift /Users/admin/builder/spi-builder-workspace/.dependencies/checkouts/swift-parsing/Sources/Parsing/ParserPrinters/Conditional.swift /Users/admin/builder/spi-builder-workspace/.dependencies/checkouts/swift-parsing/Sources/Parsing/ParserPrinters/Consumed.swift /Users/admin/builder/spi-builder-workspace/.dependencies/checkouts/swift-parsing/Sources/Parsing/ParserPrinters/Digits.swift /Users/admin/builder/spi-builder-workspace/.dependencies/checkouts/swift-parsing/Sources/Parsing/ParserPrinters/End.swift /Users/admin/builder/spi-builder-workspace/.dependencies/checkouts/swift-parsing/Sources/Parsing/ParserPrinters/Fail.swift /Users/admin/builder/spi-builder-workspace/.dependencies/checkouts/swift-parsing/Sources/Parsing/ParserPrinters/Filter.swift /Users/admin/builder/spi-builder-workspace/.dependencies/checkouts/swift-parsing/Sources/Parsing/ParserPrinters/First.swift /Users/admin/builder/spi-builder-workspace/.dependencies/checkouts/swift-parsing/Sources/Parsing/ParserPrinters/Float.swift (in target 'Parsing' from project 'swift-parsing')
SwiftCompile normal arm64 /Users/admin/builder/spi-builder-workspace/.dependencies/checkouts/swift-parsing/Sources/Parsing/ParserPrinters/Conditional.swift (in target 'Parsing' from project 'swift-parsing')
    cd /Users/admin/builder/spi-builder-workspace/.swiftpm/xcode
    builtin-SwiftPerFileCompile Conditional.swift
SwiftCompile normal arm64 /Users/admin/builder/spi-builder-workspace/.dependencies/checkouts/swift-parsing/Sources/Parsing/ParserPrinters/Consumed.swift (in target 'Parsing' from project 'swift-parsing')
    cd /Users/admin/builder/spi-builder-workspace/.swiftpm/xcode
    builtin-SwiftPerFileCompile Consumed.swift
SwiftCompile normal arm64 /Users/admin/builder/spi-builder-workspace/.dependencies/checkouts/swift-parsing/Sources/Parsing/ParserPrinters/Digits.swift (in target 'Parsing' from project 'swift-parsing')
    cd /Users/admin/builder/spi-builder-workspace/.swiftpm/xcode
    builtin-SwiftPerFileCompile Digits.swift
SwiftCompile normal arm64 /Users/admin/builder/spi-builder-workspace/.dependencies/checkouts/swift-parsing/Sources/Parsing/ParserPrinters/End.swift (in target 'Parsing' from project 'swift-parsing')
    cd /Users/admin/builder/spi-builder-workspace/.swiftpm/xcode
    builtin-SwiftPerFileCompile End.swift
SwiftCompile normal arm64 /Users/admin/builder/spi-builder-workspace/.dependencies/checkouts/swift-parsing/Sources/Parsing/ParserPrinters/Fail.swift (in target 'Parsing' from project 'swift-parsing')
    cd /Users/admin/builder/spi-builder-workspace/.swiftpm/xcode
    builtin-SwiftPerFileCompile Fail.swift
SwiftCompile normal arm64 /Users/admin/builder/spi-builder-workspace/.dependencies/checkouts/swift-parsing/Sources/Parsing/ParserPrinters/Filter.swift (in target 'Parsing' from project 'swift-parsing')
    cd /Users/admin/builder/spi-builder-workspace/.swiftpm/xcode
    builtin-SwiftPerFileCompile Filter.swift
SwiftCompile normal arm64 /Users/admin/builder/spi-builder-workspace/.dependencies/checkouts/swift-parsing/Sources/Parsing/ParserPrinters/First.swift (in target 'Parsing' from project 'swift-parsing')
    cd /Users/admin/builder/spi-builder-workspace/.swiftpm/xcode
    builtin-SwiftPerFileCompile First.swift
SwiftCompile normal arm64 /Users/admin/builder/spi-builder-workspace/.dependencies/checkouts/swift-parsing/Sources/Parsing/ParserPrinters/Float.swift (in target 'Parsing' from project 'swift-parsing')
    cd /Users/admin/builder/spi-builder-workspace/.swiftpm/xcode
    builtin-SwiftPerFileCompile Float.swift
SwiftDriverJobDiscovery normal arm64_32 Compiling From.swift, Int.swift, Lazy.swift, Literal.swift, Many.swift, Map.swift, Newline.swift (in target 'Parsing' from project 'swift-parsing')
SwiftCompile normal arm64_32 Compiling\ Conditional.swift,\ Consumed.swift,\ Digits.swift,\ End.swift,\ Fail.swift,\ Filter.swift,\ First.swift,\ Float.swift /Users/admin/builder/spi-builder-workspace/.dependencies/checkouts/swift-parsing/Sources/Parsing/ParserPrinters/Conditional.swift /Users/admin/builder/spi-builder-workspace/.dependencies/checkouts/swift-parsing/Sources/Parsing/ParserPrinters/Consumed.swift /Users/admin/builder/spi-builder-workspace/.dependencies/checkouts/swift-parsing/Sources/Parsing/ParserPrinters/Digits.swift /Users/admin/builder/spi-builder-workspace/.dependencies/checkouts/swift-parsing/Sources/Parsing/ParserPrinters/End.swift /Users/admin/builder/spi-builder-workspace/.dependencies/checkouts/swift-parsing/Sources/Parsing/ParserPrinters/Fail.swift /Users/admin/builder/spi-builder-workspace/.dependencies/checkouts/swift-parsing/Sources/Parsing/ParserPrinters/Filter.swift /Users/admin/builder/spi-builder-workspace/.dependencies/checkouts/swift-parsing/Sources/Parsing/ParserPrinters/First.swift /Users/admin/builder/spi-builder-workspace/.dependencies/checkouts/swift-parsing/Sources/Parsing/ParserPrinters/Float.swift (in target 'Parsing' from project 'swift-parsing')
SwiftCompile normal arm64_32 /Users/admin/builder/spi-builder-workspace/.dependencies/checkouts/swift-parsing/Sources/Parsing/ParserPrinters/Conditional.swift (in target 'Parsing' from project 'swift-parsing')
    cd /Users/admin/builder/spi-builder-workspace/.swiftpm/xcode
    builtin-SwiftPerFileCompile Conditional.swift
SwiftCompile normal arm64_32 /Users/admin/builder/spi-builder-workspace/.dependencies/checkouts/swift-parsing/Sources/Parsing/ParserPrinters/Consumed.swift (in target 'Parsing' from project 'swift-parsing')
    cd /Users/admin/builder/spi-builder-workspace/.swiftpm/xcode
    builtin-SwiftPerFileCompile Consumed.swift
SwiftCompile normal arm64_32 /Users/admin/builder/spi-builder-workspace/.dependencies/checkouts/swift-parsing/Sources/Parsing/ParserPrinters/Digits.swift (in target 'Parsing' from project 'swift-parsing')
    cd /Users/admin/builder/spi-builder-workspace/.swiftpm/xcode
    builtin-SwiftPerFileCompile Digits.swift
SwiftCompile normal arm64_32 /Users/admin/builder/spi-builder-workspace/.dependencies/checkouts/swift-parsing/Sources/Parsing/ParserPrinters/End.swift (in target 'Parsing' from project 'swift-parsing')
    cd /Users/admin/builder/spi-builder-workspace/.swiftpm/xcode
    builtin-SwiftPerFileCompile End.swift
SwiftCompile normal arm64_32 /Users/admin/builder/spi-builder-workspace/.dependencies/checkouts/swift-parsing/Sources/Parsing/ParserPrinters/Fail.swift (in target 'Parsing' from project 'swift-parsing')
    cd /Users/admin/builder/spi-builder-workspace/.swiftpm/xcode
    builtin-SwiftPerFileCompile Fail.swift
SwiftCompile normal arm64_32 /Users/admin/builder/spi-builder-workspace/.dependencies/checkouts/swift-parsing/Sources/Parsing/ParserPrinters/Filter.swift (in target 'Parsing' from project 'swift-parsing')
    cd /Users/admin/builder/spi-builder-workspace/.swiftpm/xcode
    builtin-SwiftPerFileCompile Filter.swift
SwiftCompile normal arm64_32 /Users/admin/builder/spi-builder-workspace/.dependencies/checkouts/swift-parsing/Sources/Parsing/ParserPrinters/First.swift (in target 'Parsing' from project 'swift-parsing')
    cd /Users/admin/builder/spi-builder-workspace/.swiftpm/xcode
    builtin-SwiftPerFileCompile First.swift
SwiftCompile normal arm64_32 /Users/admin/builder/spi-builder-workspace/.dependencies/checkouts/swift-parsing/Sources/Parsing/ParserPrinters/Float.swift (in target 'Parsing' from project 'swift-parsing')
    cd /Users/admin/builder/spi-builder-workspace/.swiftpm/xcode
    builtin-SwiftPerFileCompile Float.swift
SwiftDriverJobDiscovery normal arm64 Compiling Not.swift, OneOf.swift, OneOfMany.swift, Optional.swift, Optionally.swift, Parse.swift, ParseableFormatStyle.swift (in target 'Parsing' from project 'swift-parsing')
SwiftCompile normal arm64 Compiling\ Parser.swift,\ ParserPrinter.swift,\ Always.swift,\ AnyParserPrinter.swift,\ Backtracking.swift,\ Bool.swift,\ CaseIterableRawRepresentable.swift,\ CharacterSet.swift /Users/admin/builder/spi-builder-workspace/.dependencies/checkouts/swift-parsing/Sources/Parsing/Parser.swift /Users/admin/builder/spi-builder-workspace/.dependencies/checkouts/swift-parsing/Sources/Parsing/ParserPrinter.swift /Users/admin/builder/spi-builder-workspace/.dependencies/checkouts/swift-parsing/Sources/Parsing/ParserPrinters/Always.swift /Users/admin/builder/spi-builder-workspace/.dependencies/checkouts/swift-parsing/Sources/Parsing/ParserPrinters/AnyParserPrinter.swift /Users/admin/builder/spi-builder-workspace/.dependencies/checkouts/swift-parsing/Sources/Parsing/ParserPrinters/Backtracking.swift /Users/admin/builder/spi-builder-workspace/.dependencies/checkouts/swift-parsing/Sources/Parsing/ParserPrinters/Bool.swift /Users/admin/builder/spi-builder-workspace/.dependencies/checkouts/swift-parsing/Sources/Parsing/ParserPrinters/CaseIterableRawRepresentable.swift /Users/admin/builder/spi-builder-workspace/.dependencies/checkouts/swift-parsing/Sources/Parsing/ParserPrinters/CharacterSet.swift (in target 'Parsing' from project 'swift-parsing')
SwiftCompile normal arm64 /Users/admin/builder/spi-builder-workspace/.dependencies/checkouts/swift-parsing/Sources/Parsing/Parser.swift (in target 'Parsing' from project 'swift-parsing')
    cd /Users/admin/builder/spi-builder-workspace/.swiftpm/xcode
    builtin-SwiftPerFileCompile Parser.swift
SwiftCompile normal arm64 /Users/admin/builder/spi-builder-workspace/.dependencies/checkouts/swift-parsing/Sources/Parsing/ParserPrinter.swift (in target 'Parsing' from project 'swift-parsing')
    cd /Users/admin/builder/spi-builder-workspace/.swiftpm/xcode
    builtin-SwiftPerFileCompile ParserPrinter.swift
SwiftCompile normal arm64 /Users/admin/builder/spi-builder-workspace/.dependencies/checkouts/swift-parsing/Sources/Parsing/ParserPrinters/Always.swift (in target 'Parsing' from project 'swift-parsing')
    cd /Users/admin/builder/spi-builder-workspace/.swiftpm/xcode
    builtin-SwiftPerFileCompile Always.swift
SwiftCompile normal arm64 /Users/admin/builder/spi-builder-workspace/.dependencies/checkouts/swift-parsing/Sources/Parsing/ParserPrinters/AnyParserPrinter.swift (in target 'Parsing' from project 'swift-parsing')
    cd /Users/admin/builder/spi-builder-workspace/.swiftpm/xcode
    builtin-SwiftPerFileCompile AnyParserPrinter.swift
SwiftCompile normal arm64 /Users/admin/builder/spi-builder-workspace/.dependencies/checkouts/swift-parsing/Sources/Parsing/ParserPrinters/Backtracking.swift (in target 'Parsing' from project 'swift-parsing')
    cd /Users/admin/builder/spi-builder-workspace/.swiftpm/xcode
    builtin-SwiftPerFileCompile Backtracking.swift
SwiftCompile normal arm64 /Users/admin/builder/spi-builder-workspace/.dependencies/checkouts/swift-parsing/Sources/Parsing/ParserPrinters/Bool.swift (in target 'Parsing' from project 'swift-parsing')
    cd /Users/admin/builder/spi-builder-workspace/.swiftpm/xcode
    builtin-SwiftPerFileCompile Bool.swift
SwiftCompile normal arm64 /Users/admin/builder/spi-builder-workspace/.dependencies/checkouts/swift-parsing/Sources/Parsing/ParserPrinters/CaseIterableRawRepresentable.swift (in target 'Parsing' from project 'swift-parsing')
    cd /Users/admin/builder/spi-builder-workspace/.swiftpm/xcode
    builtin-SwiftPerFileCompile CaseIterableRawRepresentable.swift
SwiftCompile normal arm64 /Users/admin/builder/spi-builder-workspace/.dependencies/checkouts/swift-parsing/Sources/Parsing/ParserPrinters/CharacterSet.swift (in target 'Parsing' from project 'swift-parsing')
    cd /Users/admin/builder/spi-builder-workspace/.swiftpm/xcode
    builtin-SwiftPerFileCompile CharacterSet.swift
SwiftDriverJobDiscovery normal arm64 Compiling Enum.swift, FixedWidthInteger.swift, Identity.swift, JSON.swift, LosslessStringConvertible.swift, Memberwise.swift, ParseableFormatStyleConversion.swift, RawRepresentable.swift (in target 'Parsing' from project 'swift-parsing')
SwiftCompile normal arm64 Compiling\ OneOfBuilder.swift,\ ParserBuilder.swift,\ Conversion.swift,\ AnyConversion.swift,\ BinaryFloatingPoint.swift,\ ConversionMap.swift,\ Conversions.swift,\ Data.swift /Users/admin/builder/spi-builder-workspace/.dependencies/checkouts/swift-parsing/Sources/Parsing/Builders/OneOfBuilder.swift /Users/admin/builder/spi-builder-workspace/.dependencies/checkouts/swift-parsing/Sources/Parsing/Builders/ParserBuilder.swift /Users/admin/builder/spi-builder-workspace/.dependencies/checkouts/swift-parsing/Sources/Parsing/Conversion.swift /Users/admin/builder/spi-builder-workspace/.dependencies/checkouts/swift-parsing/Sources/Parsing/Conversions/AnyConversion.swift /Users/admin/builder/spi-builder-workspace/.dependencies/checkouts/swift-parsing/Sources/Parsing/Conversions/BinaryFloatingPoint.swift /Users/admin/builder/spi-builder-workspace/.dependencies/checkouts/swift-parsing/Sources/Parsing/Conversions/ConversionMap.swift /Users/admin/builder/spi-builder-workspace/.dependencies/checkouts/swift-parsing/Sources/Parsing/Conversions/Conversions.swift /Users/admin/builder/spi-builder-workspace/.dependencies/checkouts/swift-parsing/Sources/Parsing/Conversions/Data.swift (in target 'Parsing' from project 'swift-parsing')
SwiftCompile normal arm64 /Users/admin/builder/spi-builder-workspace/.dependencies/checkouts/swift-parsing/Sources/Parsing/Builders/OneOfBuilder.swift (in target 'Parsing' from project 'swift-parsing')
    cd /Users/admin/builder/spi-builder-workspace/.swiftpm/xcode
    builtin-SwiftPerFileCompile OneOfBuilder.swift
SwiftCompile normal arm64 /Users/admin/builder/spi-builder-workspace/.dependencies/checkouts/swift-parsing/Sources/Parsing/Builders/ParserBuilder.swift (in target 'Parsing' from project 'swift-parsing')
    cd /Users/admin/builder/spi-builder-workspace/.swiftpm/xcode
    builtin-SwiftPerFileCompile ParserBuilder.swift
SwiftCompile normal arm64 /Users/admin/builder/spi-builder-workspace/.dependencies/checkouts/swift-parsing/Sources/Parsing/Conversion.swift (in target 'Parsing' from project 'swift-parsing')
    cd /Users/admin/builder/spi-builder-workspace/.swiftpm/xcode
    builtin-SwiftPerFileCompile Conversion.swift
SwiftCompile normal arm64 /Users/admin/builder/spi-builder-workspace/.dependencies/checkouts/swift-parsing/Sources/Parsing/Conversions/AnyConversion.swift (in target 'Parsing' from project 'swift-parsing')
    cd /Users/admin/builder/spi-builder-workspace/.swiftpm/xcode
    builtin-SwiftPerFileCompile AnyConversion.swift
SwiftCompile normal arm64 /Users/admin/builder/spi-builder-workspace/.dependencies/checkouts/swift-parsing/Sources/Parsing/Conversions/BinaryFloatingPoint.swift (in target 'Parsing' from project 'swift-parsing')
    cd /Users/admin/builder/spi-builder-workspace/.swiftpm/xcode
    builtin-SwiftPerFileCompile BinaryFloatingPoint.swift
SwiftCompile normal arm64 /Users/admin/builder/spi-builder-workspace/.dependencies/checkouts/swift-parsing/Sources/Parsing/Conversions/ConversionMap.swift (in target 'Parsing' from project 'swift-parsing')
    cd /Users/admin/builder/spi-builder-workspace/.swiftpm/xcode
    builtin-SwiftPerFileCompile ConversionMap.swift
SwiftCompile normal arm64 /Users/admin/builder/spi-builder-workspace/.dependencies/checkouts/swift-parsing/Sources/Parsing/Conversions/Conversions.swift (in target 'Parsing' from project 'swift-parsing')
    cd /Users/admin/builder/spi-builder-workspace/.swiftpm/xcode
    builtin-SwiftPerFileCompile Conversions.swift
SwiftCompile normal arm64 /Users/admin/builder/spi-builder-workspace/.dependencies/checkouts/swift-parsing/Sources/Parsing/Conversions/Data.swift (in target 'Parsing' from project 'swift-parsing')
    cd /Users/admin/builder/spi-builder-workspace/.swiftpm/xcode
    builtin-SwiftPerFileCompile Data.swift
SwiftDriverJobDiscovery normal arm64 Compiling Peek.swift, Pipe.swift, Prefix.swift, PrefixThrough.swift, PrefixUpTo.swift, Printing.swift, Pullback.swift (in target 'Parsing' from project 'swift-parsing')
SwiftDriverJobDiscovery normal arm64 Compiling ReplaceError.swift, Rest.swift, Skip.swift, StartsWith.swift, UUID.swift, Whitespace.swift, AnyParser.swift (in target 'Parsing' from project 'swift-parsing')
SwiftDriverJobDiscovery normal arm64_32 Emitting module for Parsing (in target 'Parsing' from project 'swift-parsing')
SwiftDriver\ Compilation\ Requirements Parsing normal arm64_32 com.apple.xcode.tools.swift.compiler (in target 'Parsing' from project 'swift-parsing')
    cd /Users/admin/builder/spi-builder-workspace/.swiftpm/xcode
    builtin-Swift-Compilation-Requirements -- /Applications/Xcode-27.0.0-Release.Candidate.app/Contents/Developer/Toolchains/XcodeDefault.xctoolchain/usr/bin/swiftc -parse-as-library -module-name Parsing -Onone @/Users/admin/builder/spi-builder-workspace/.derivedData/Build/Intermediates.noindex/swift-parsing.build/Debug-watchos/Parsing-t.build/Objects-normal/arm64_32/Parsing.SwiftFileList -DSWIFT_PACKAGE -DDEBUG -DSWIFT_MODULE_RESOURCE_BUNDLE_UNAVAILABLE -DCasePaths -DXcode -enable-upcoming-feature ExistentialAny -enable-upcoming-feature ImmutableWeakCaptures -enable-upcoming-feature InferIsolatedConformances -enable-upcoming-feature InternalImportsByDefault -enable-upcoming-feature MemberImportVisibility -enable-upcoming-feature NonisolatedNonsendingByDefault -plugin-path /Applications/Xcode-27.0.0-Release.Candidate.app/Contents/Developer/Toolchains/XcodeDefault.xctoolchain/usr/lib/swift/host/plugins/testing -enable-experimental-feature DebugDescriptionMacro -sdk /Applications/Xcode-27.0.0-Release.Candidate.app/Contents/Developer/Platforms/WatchOS.platform/Developer/SDKs/WatchOS27.0.sdk -target arm64_32-apple-watchos9.0 -g -module-cache-path /Users/admin/builder/spi-builder-workspace/.derivedData/ModuleCache.noindex -Xfrontend -serialize-debugging-options -profile-coverage-mapping -profile-generate -enable-testing -suppress-warnings -index-store-path /Users/admin/builder/spi-builder-workspace/.derivedData/Index.noindex/DataStore -Xcc -D_LIBCPP_HARDENING_MODE\=_LIBCPP_HARDENING_MODE_DEBUG -swift-version 5 -I /Users/admin/builder/spi-builder-workspace/.derivedData/Build/Products/Debug-watchos -Isystem /Applications/Xcode-27.0.0-Release.Candidate.app/Contents/Developer/Platforms/WatchOS.platform/Developer/usr/lib -F /Users/admin/builder/spi-builder-workspace/.derivedData/Build/Products/Debug-watchos/PackageFrameworks -F /Users/admin/builder/spi-builder-workspace/.derivedData/Build/Products/Debug-watchos -F /Applications/Xcode-27.0.0-Release.Candidate.app/Contents/Developer/Platforms/WatchOS.platform/Developer/Library/Frameworks -F /Applications/Xcode-27.0.0-Release.Candidate.app/Contents/Developer/Platforms/WatchOS.platform/Developer/SDKs/WatchOS27.0.sdk/Developer/Library/Frameworks -Xfrontend -load-plugin-executable -Xfrontend /Users/admin/builder/spi-builder-workspace/.derivedData/Build/Products/Debug/CasePathsMacros\#CasePathsMacros -c -j10 -enable-batch-mode -incremental -Xcc -ivfsstatcache -Xcc /Users/admin/builder/spi-builder-workspace/.derivedData/SDKStatCaches.noindex/watchos27.0-24R360-e829b21a6f8c9b70876ba0858053c04477534ef55a1706bf4c1112bbb242f0a2.sdkstatcache -output-file-map /Users/admin/builder/spi-builder-workspace/.derivedData/Build/Intermediates.noindex/swift-parsing.build/Debug-watchos/Parsing-t.build/Objects-normal/arm64_32/Parsing-OutputFileMap.json -save-temps -no-color-diagnostics -explicit-module-build -module-cache-path /Users/admin/builder/spi-builder-workspace/.derivedData/Build/Intermediates.noindex/SwiftExplicitPrecompiledModules -clang-scanner-module-cache-path /Users/admin/builder/spi-builder-workspace/.derivedData/ModuleCache.noindex -sdk-module-cache-path /Users/admin/builder/spi-builder-workspace/.derivedData/SDKExplicitPrecompiledModules -emit-dependencies -emit-module -emit-module-path /Users/admin/builder/spi-builder-workspace/.derivedData/Build/Intermediates.noindex/swift-parsing.build/Debug-watchos/Parsing-t.build/Objects-normal/arm64_32/Parsing.swiftmodule -serialize-diagnostics -dependency-scan-serialize-diagnostics-path /Users/admin/builder/spi-builder-workspace/.derivedData/Build/Intermediates.noindex/swift-parsing.build/Debug-watchos/Parsing-t.build/Objects-normal/arm64_32/Parsing-dependency-scan.dia -user-module-version 0.15.2 -validate-clang-modules-once -clang-build-session-file /Users/admin/builder/spi-builder-workspace/.derivedData/ModuleCache.noindex/Session.modulevalidation -Xcc -fmodules-prune-interval\=86400 -Xcc -fmodules-prune-after\=345600 -package-name swift_parsing -emit-const-values -const-gather-protocols-list /Users/admin/builder/spi-builder-workspace/.derivedData/Build/Intermediates.noindex/swift-parsing.build/Debug-watchos/Parsing-t.build/Objects-normal/arm64_32/Parsing_const_extract_protocols.json -Xcc -I/Users/admin/builder/spi-builder-workspace/.derivedData/Build/Products/Debug-watchos/include -Xcc -I/Users/admin/builder/spi-builder-workspace/.derivedData/Build/Intermediates.noindex/swift-parsing.build/Debug-watchos/Parsing-t.build/DerivedSources-normal/arm64_32 -Xcc -I/Users/admin/builder/spi-builder-workspace/.derivedData/Build/Intermediates.noindex/swift-parsing.build/Debug-watchos/Parsing-t.build/DerivedSources/arm64_32 -Xcc -I/Users/admin/builder/spi-builder-workspace/.derivedData/Build/Intermediates.noindex/swift-parsing.build/Debug-watchos/Parsing-t.build/DerivedSources -Xcc -DSWIFT_PACKAGE -Xcc -DDEBUG\=1 -emit-objc-header -emit-objc-header-path /Users/admin/builder/spi-builder-workspace/.derivedData/Build/Intermediates.noindex/swift-parsing.build/Debug-watchos/Parsing-t.build/Objects-normal/arm64_32/Parsing-Swift.h -working-directory /Users/admin/builder/spi-builder-workspace/.swiftpm/xcode -experimental-emit-module-separately -disable-cmo
Copy /Users/admin/builder/spi-builder-workspace/.derivedData/Build/Products/Debug-watchos/Parsing.swiftmodule/arm64_32-apple-watchos.swiftdoc /Users/admin/builder/spi-builder-workspace/.derivedData/Build/Intermediates.noindex/swift-parsing.build/Debug-watchos/Parsing-t.build/Objects-normal/arm64_32/Parsing.swiftdoc (in target 'Parsing' from project 'swift-parsing')
    cd /Users/admin/builder/spi-builder-workspace/.dependencies/checkouts/swift-parsing
    builtin-copy -exclude .DS_Store -exclude CVS -exclude .svn -exclude .git -exclude .hg -resolve-src-symlinks -rename /Users/admin/builder/spi-builder-workspace/.derivedData/Build/Intermediates.noindex/swift-parsing.build/Debug-watchos/Parsing-t.build/Objects-normal/arm64_32/Parsing.swiftdoc /Users/admin/builder/spi-builder-workspace/.derivedData/Build/Products/Debug-watchos/Parsing.swiftmodule/arm64_32-apple-watchos.swiftdoc
Copy /Users/admin/builder/spi-builder-workspace/.derivedData/Build/Products/Debug-watchos/Parsing.swiftmodule/arm64_32-apple-watchos.swiftmodule /Users/admin/builder/spi-builder-workspace/.derivedData/Build/Intermediates.noindex/swift-parsing.build/Debug-watchos/Parsing-t.build/Objects-normal/arm64_32/Parsing.swiftmodule (in target 'Parsing' from project 'swift-parsing')
    cd /Users/admin/builder/spi-builder-workspace/.dependencies/checkouts/swift-parsing
    builtin-copy -exclude .DS_Store -exclude CVS -exclude .svn -exclude .git -exclude .hg -resolve-src-symlinks -rename /Users/admin/builder/spi-builder-workspace/.derivedData/Build/Intermediates.noindex/swift-parsing.build/Debug-watchos/Parsing-t.build/Objects-normal/arm64_32/Parsing.swiftmodule /Users/admin/builder/spi-builder-workspace/.derivedData/Build/Products/Debug-watchos/Parsing.swiftmodule/arm64_32-apple-watchos.swiftmodule
Copy /Users/admin/builder/spi-builder-workspace/.derivedData/Build/Products/Debug-watchos/Parsing.swiftmodule/arm64_32-apple-watchos.abi.json /Users/admin/builder/spi-builder-workspace/.derivedData/Build/Intermediates.noindex/swift-parsing.build/Debug-watchos/Parsing-t.build/Objects-normal/arm64_32/Parsing.abi.json (in target 'Parsing' from project 'swift-parsing')
    cd /Users/admin/builder/spi-builder-workspace/.dependencies/checkouts/swift-parsing
    builtin-copy -exclude .DS_Store -exclude CVS -exclude .svn -exclude .git -exclude .hg -resolve-src-symlinks -rename /Users/admin/builder/spi-builder-workspace/.derivedData/Build/Intermediates.noindex/swift-parsing.build/Debug-watchos/Parsing-t.build/Objects-normal/arm64_32/Parsing.abi.json /Users/admin/builder/spi-builder-workspace/.derivedData/Build/Products/Debug-watchos/Parsing.swiftmodule/arm64_32-apple-watchos.abi.json
Copy /Users/admin/builder/spi-builder-workspace/.derivedData/Build/Products/Debug-watchos/Parsing.swiftmodule/Project/arm64_32-apple-watchos.swiftsourceinfo /Users/admin/builder/spi-builder-workspace/.derivedData/Build/Intermediates.noindex/swift-parsing.build/Debug-watchos/Parsing-t.build/Objects-normal/arm64_32/Parsing.swiftsourceinfo (in target 'Parsing' from project 'swift-parsing')
    cd /Users/admin/builder/spi-builder-workspace/.dependencies/checkouts/swift-parsing
    builtin-copy -exclude .DS_Store -exclude CVS -exclude .svn -exclude .git -exclude .hg -resolve-src-symlinks -rename /Users/admin/builder/spi-builder-workspace/.derivedData/Build/Intermediates.noindex/swift-parsing.build/Debug-watchos/Parsing-t.build/Objects-normal/arm64_32/Parsing.swiftsourceinfo /Users/admin/builder/spi-builder-workspace/.derivedData/Build/Products/Debug-watchos/Parsing.swiftmodule/Project/arm64_32-apple-watchos.swiftsourceinfo
SwiftDriverJobDiscovery normal arm64 Compiling CompactMap.swift, FlatMap.swift, Parsers.swift, Stream.swift, ParsingError.swift, PrependableCollection.swift, PrintingError.swift (in target 'Parsing' from project 'swift-parsing')
SwiftDriverJobDiscovery normal arm64 Compiling From.swift, Int.swift, Lazy.swift, Literal.swift, Many.swift, Map.swift, Newline.swift (in target 'Parsing' from project 'swift-parsing')
SwiftDriverJobDiscovery normal arm64 Compiling Parser.swift, ParserPrinter.swift, Always.swift, AnyParserPrinter.swift, Backtracking.swift, Bool.swift, CaseIterableRawRepresentable.swift, CharacterSet.swift (in target 'Parsing' from project 'swift-parsing')
SwiftDriverJobDiscovery normal arm64 Compiling Conditional.swift, Consumed.swift, Digits.swift, End.swift, Fail.swift, Filter.swift, First.swift, Float.swift (in target 'Parsing' from project 'swift-parsing')
SwiftDriverJobDiscovery normal arm64 Compiling OneOfBuilder.swift, ParserBuilder.swift, Conversion.swift, AnyConversion.swift, BinaryFloatingPoint.swift, ConversionMap.swift, Conversions.swift, Data.swift (in target 'Parsing' from project 'swift-parsing')
SwiftDriverJobDiscovery normal arm64 Compiling String.swift, Substring.swift, UTF8View.swift, ConvertingError.swift, CountingRange.swift, EmptyInitializable.swift, AnyEquatable.swift, Deprecations.swift (in target 'Parsing' from project 'swift-parsing')
SwiftDriverJobDiscovery normal arm64_32 Compiling Conditional.swift, Consumed.swift, Digits.swift, End.swift, Fail.swift, Filter.swift, First.swift, Float.swift (in target 'Parsing' from project 'swift-parsing')
SwiftDriver\ Compilation Parsing normal arm64_32 com.apple.xcode.tools.swift.compiler (in target 'Parsing' from project 'swift-parsing')
    cd /Users/admin/builder/spi-builder-workspace/.swiftpm/xcode
    builtin-Swift-Compilation -- /Applications/Xcode-27.0.0-Release.Candidate.app/Contents/Developer/Toolchains/XcodeDefault.xctoolchain/usr/bin/swiftc -parse-as-library -module-name Parsing -Onone @/Users/admin/builder/spi-builder-workspace/.derivedData/Build/Intermediates.noindex/swift-parsing.build/Debug-watchos/Parsing-t.build/Objects-normal/arm64_32/Parsing.SwiftFileList -DSWIFT_PACKAGE -DDEBUG -DSWIFT_MODULE_RESOURCE_BUNDLE_UNAVAILABLE -DCasePaths -DXcode -enable-upcoming-feature ExistentialAny -enable-upcoming-feature ImmutableWeakCaptures -enable-upcoming-feature InferIsolatedConformances -enable-upcoming-feature InternalImportsByDefault -enable-upcoming-feature MemberImportVisibility -enable-upcoming-feature NonisolatedNonsendingByDefault -plugin-path /Applications/Xcode-27.0.0-Release.Candidate.app/Contents/Developer/Toolchains/XcodeDefault.xctoolchain/usr/lib/swift/host/plugins/testing -enable-experimental-feature DebugDescriptionMacro -sdk /Applications/Xcode-27.0.0-Release.Candidate.app/Contents/Developer/Platforms/WatchOS.platform/Developer/SDKs/WatchOS27.0.sdk -target arm64_32-apple-watchos9.0 -g -module-cache-path /Users/admin/builder/spi-builder-workspace/.derivedData/ModuleCache.noindex -Xfrontend -serialize-debugging-options -profile-coverage-mapping -profile-generate -enable-testing -suppress-warnings -index-store-path /Users/admin/builder/spi-builder-workspace/.derivedData/Index.noindex/DataStore -Xcc -D_LIBCPP_HARDENING_MODE\=_LIBCPP_HARDENING_MODE_DEBUG -swift-version 5 -I /Users/admin/builder/spi-builder-workspace/.derivedData/Build/Products/Debug-watchos -Isystem /Applications/Xcode-27.0.0-Release.Candidate.app/Contents/Developer/Platforms/WatchOS.platform/Developer/usr/lib -F /Users/admin/builder/spi-builder-workspace/.derivedData/Build/Products/Debug-watchos/PackageFrameworks -F /Users/admin/builder/spi-builder-workspace/.derivedData/Build/Products/Debug-watchos -F /Applications/Xcode-27.0.0-Release.Candidate.app/Contents/Developer/Platforms/WatchOS.platform/Developer/Library/Frameworks -F /Applications/Xcode-27.0.0-Release.Candidate.app/Contents/Developer/Platforms/WatchOS.platform/Developer/SDKs/WatchOS27.0.sdk/Developer/Library/Frameworks -Xfrontend -load-plugin-executable -Xfrontend /Users/admin/builder/spi-builder-workspace/.derivedData/Build/Products/Debug/CasePathsMacros\#CasePathsMacros -c -j10 -enable-batch-mode -incremental -Xcc -ivfsstatcache -Xcc /Users/admin/builder/spi-builder-workspace/.derivedData/SDKStatCaches.noindex/watchos27.0-24R360-e829b21a6f8c9b70876ba0858053c04477534ef55a1706bf4c1112bbb242f0a2.sdkstatcache -output-file-map /Users/admin/builder/spi-builder-workspace/.derivedData/Build/Intermediates.noindex/swift-parsing.build/Debug-watchos/Parsing-t.build/Objects-normal/arm64_32/Parsing-OutputFileMap.json -save-temps -no-color-diagnostics -explicit-module-build -module-cache-path /Users/admin/builder/spi-builder-workspace/.derivedData/Build/Intermediates.noindex/SwiftExplicitPrecompiledModules -clang-scanner-module-cache-path /Users/admin/builder/spi-builder-workspace/.derivedData/ModuleCache.noindex -sdk-module-cache-path /Users/admin/builder/spi-builder-workspace/.derivedData/SDKExplicitPrecompiledModules -emit-dependencies -emit-module -emit-module-path /Users/admin/builder/spi-builder-workspace/.derivedData/Build/Intermediates.noindex/swift-parsing.build/Debug-watchos/Parsing-t.build/Objects-normal/arm64_32/Parsing.swiftmodule -serialize-diagnostics -dependency-scan-serialize-diagnostics-path /Users/admin/builder/spi-builder-workspace/.derivedData/Build/Intermediates.noindex/swift-parsing.build/Debug-watchos/Parsing-t.build/Objects-normal/arm64_32/Parsing-dependency-scan.dia -user-module-version 0.15.2 -validate-clang-modules-once -clang-build-session-file /Users/admin/builder/spi-builder-workspace/.derivedData/ModuleCache.noindex/Session.modulevalidation -Xcc -fmodules-prune-interval\=86400 -Xcc -fmodules-prune-after\=345600 -package-name swift_parsing -emit-const-values -const-gather-protocols-list /Users/admin/builder/spi-builder-workspace/.derivedData/Build/Intermediates.noindex/swift-parsing.build/Debug-watchos/Parsing-t.build/Objects-normal/arm64_32/Parsing_const_extract_protocols.json -Xcc -I/Users/admin/builder/spi-builder-workspace/.derivedData/Build/Products/Debug-watchos/include -Xcc -I/Users/admin/builder/spi-builder-workspace/.derivedData/Build/Intermediates.noindex/swift-parsing.build/Debug-watchos/Parsing-t.build/DerivedSources-normal/arm64_32 -Xcc -I/Users/admin/builder/spi-builder-workspace/.derivedData/Build/Intermediates.noindex/swift-parsing.build/Debug-watchos/Parsing-t.build/DerivedSources/arm64_32 -Xcc -I/Users/admin/builder/spi-builder-workspace/.derivedData/Build/Intermediates.noindex/swift-parsing.build/Debug-watchos/Parsing-t.build/DerivedSources -Xcc -DSWIFT_PACKAGE -Xcc -DDEBUG\=1 -emit-objc-header -emit-objc-header-path /Users/admin/builder/spi-builder-workspace/.derivedData/Build/Intermediates.noindex/swift-parsing.build/Debug-watchos/Parsing-t.build/Objects-normal/arm64_32/Parsing-Swift.h -working-directory /Users/admin/builder/spi-builder-workspace/.swiftpm/xcode -experimental-emit-module-separately -disable-cmo
SwiftDriverJobDiscovery normal arm64 Emitting module for Parsing (in target 'Parsing' from project 'swift-parsing')
SwiftDriver\ Compilation\ Requirements Parsing normal arm64 com.apple.xcode.tools.swift.compiler (in target 'Parsing' from project 'swift-parsing')
    cd /Users/admin/builder/spi-builder-workspace/.swiftpm/xcode
    builtin-Swift-Compilation-Requirements -- /Applications/Xcode-27.0.0-Release.Candidate.app/Contents/Developer/Toolchains/XcodeDefault.xctoolchain/usr/bin/swiftc -parse-as-library -module-name Parsing -Onone @/Users/admin/builder/spi-builder-workspace/.derivedData/Build/Intermediates.noindex/swift-parsing.build/Debug-watchos/Parsing-t.build/Objects-normal/arm64/Parsing.SwiftFileList -DSWIFT_PACKAGE -DDEBUG -DSWIFT_MODULE_RESOURCE_BUNDLE_UNAVAILABLE -DCasePaths -DXcode -enable-upcoming-feature ExistentialAny -enable-upcoming-feature ImmutableWeakCaptures -enable-upcoming-feature InferIsolatedConformances -enable-upcoming-feature InternalImportsByDefault -enable-upcoming-feature MemberImportVisibility -enable-upcoming-feature NonisolatedNonsendingByDefault -plugin-path /Applications/Xcode-27.0.0-Release.Candidate.app/Contents/Developer/Toolchains/XcodeDefault.xctoolchain/usr/lib/swift/host/plugins/testing -enable-experimental-feature DebugDescriptionMacro -sdk /Applications/Xcode-27.0.0-Release.Candidate.app/Contents/Developer/Platforms/WatchOS.platform/Developer/SDKs/WatchOS27.0.sdk -target arm64-apple-watchos9.0 -g -module-cache-path /Users/admin/builder/spi-builder-workspace/.derivedData/ModuleCache.noindex -Xfrontend -serialize-debugging-options -profile-coverage-mapping -profile-generate -enable-testing -suppress-warnings -index-store-path /Users/admin/builder/spi-builder-workspace/.derivedData/Index.noindex/DataStore -Xcc -D_LIBCPP_HARDENING_MODE\=_LIBCPP_HARDENING_MODE_DEBUG -swift-version 5 -I /Users/admin/builder/spi-builder-workspace/.derivedData/Build/Products/Debug-watchos -Isystem /Applications/Xcode-27.0.0-Release.Candidate.app/Contents/Developer/Platforms/WatchOS.platform/Developer/usr/lib -F /Users/admin/builder/spi-builder-workspace/.derivedData/Build/Products/Debug-watchos/PackageFrameworks -F /Users/admin/builder/spi-builder-workspace/.derivedData/Build/Products/Debug-watchos -F /Applications/Xcode-27.0.0-Release.Candidate.app/Contents/Developer/Platforms/WatchOS.platform/Developer/Library/Frameworks -F /Applications/Xcode-27.0.0-Release.Candidate.app/Contents/Developer/Platforms/WatchOS.platform/Developer/SDKs/WatchOS27.0.sdk/Developer/Library/Frameworks -Xfrontend -load-plugin-executable -Xfrontend /Users/admin/builder/spi-builder-workspace/.derivedData/Build/Products/Debug/CasePathsMacros\#CasePathsMacros -c -j10 -enable-batch-mode -incremental -Xcc -ivfsstatcache -Xcc /Users/admin/builder/spi-builder-workspace/.derivedData/SDKStatCaches.noindex/watchos27.0-24R360-e829b21a6f8c9b70876ba0858053c04477534ef55a1706bf4c1112bbb242f0a2.sdkstatcache -output-file-map /Users/admin/builder/spi-builder-workspace/.derivedData/Build/Intermediates.noindex/swift-parsing.build/Debug-watchos/Parsing-t.build/Objects-normal/arm64/Parsing-OutputFileMap.json -save-temps -no-color-diagnostics -explicit-module-build -module-cache-path /Users/admin/builder/spi-builder-workspace/.derivedData/Build/Intermediates.noindex/SwiftExplicitPrecompiledModules -clang-scanner-module-cache-path /Users/admin/builder/spi-builder-workspace/.derivedData/ModuleCache.noindex -sdk-module-cache-path /Users/admin/builder/spi-builder-workspace/.derivedData/SDKExplicitPrecompiledModules -emit-dependencies -emit-module -emit-module-path /Users/admin/builder/spi-builder-workspace/.derivedData/Build/Intermediates.noindex/swift-parsing.build/Debug-watchos/Parsing-t.build/Objects-normal/arm64/Parsing.swiftmodule -serialize-diagnostics -dependency-scan-serialize-diagnostics-path /Users/admin/builder/spi-builder-workspace/.derivedData/Build/Intermediates.noindex/swift-parsing.build/Debug-watchos/Parsing-t.build/Objects-normal/arm64/Parsing-dependency-scan.dia -user-module-version 0.15.2 -validate-clang-modules-once -clang-build-session-file /Users/admin/builder/spi-builder-workspace/.derivedData/ModuleCache.noindex/Session.modulevalidation -Xcc -fmodules-prune-interval\=86400 -Xcc -fmodules-prune-after\=345600 -package-name swift_parsing -emit-const-values -const-gather-protocols-list /Users/admin/builder/spi-builder-workspace/.derivedData/Build/Intermediates.noindex/swift-parsing.build/Debug-watchos/Parsing-t.build/Objects-normal/arm64/Parsing_const_extract_protocols.json -Xcc -I/Users/admin/builder/spi-builder-workspace/.derivedData/Build/Products/Debug-watchos/include -Xcc -I/Users/admin/builder/spi-builder-workspace/.derivedData/Build/Intermediates.noindex/swift-parsing.build/Debug-watchos/Parsing-t.build/DerivedSources-normal/arm64 -Xcc -I/Users/admin/builder/spi-builder-workspace/.derivedData/Build/Intermediates.noindex/swift-parsing.build/Debug-watchos/Parsing-t.build/DerivedSources/arm64 -Xcc -I/Users/admin/builder/spi-builder-workspace/.derivedData/Build/Intermediates.noindex/swift-parsing.build/Debug-watchos/Parsing-t.build/DerivedSources -Xcc -DSWIFT_PACKAGE -Xcc -DDEBUG\=1 -emit-objc-header -emit-objc-header-path /Users/admin/builder/spi-builder-workspace/.derivedData/Build/Intermediates.noindex/swift-parsing.build/Debug-watchos/Parsing-t.build/Objects-normal/arm64/Parsing-Swift.h -working-directory /Users/admin/builder/spi-builder-workspace/.swiftpm/xcode -experimental-emit-module-separately -disable-cmo
SwiftDriver\ Compilation Parsing normal arm64 com.apple.xcode.tools.swift.compiler (in target 'Parsing' from project 'swift-parsing')
    cd /Users/admin/builder/spi-builder-workspace/.swiftpm/xcode
    builtin-Swift-Compilation -- /Applications/Xcode-27.0.0-Release.Candidate.app/Contents/Developer/Toolchains/XcodeDefault.xctoolchain/usr/bin/swiftc -parse-as-library -module-name Parsing -Onone @/Users/admin/builder/spi-builder-workspace/.derivedData/Build/Intermediates.noindex/swift-parsing.build/Debug-watchos/Parsing-t.build/Objects-normal/arm64/Parsing.SwiftFileList -DSWIFT_PACKAGE -DDEBUG -DSWIFT_MODULE_RESOURCE_BUNDLE_UNAVAILABLE -DCasePaths -DXcode -enable-upcoming-feature ExistentialAny -enable-upcoming-feature ImmutableWeakCaptures -enable-upcoming-feature InferIsolatedConformances -enable-upcoming-feature InternalImportsByDefault -enable-upcoming-feature MemberImportVisibility -enable-upcoming-feature NonisolatedNonsendingByDefault -plugin-path /Applications/Xcode-27.0.0-Release.Candidate.app/Contents/Developer/Toolchains/XcodeDefault.xctoolchain/usr/lib/swift/host/plugins/testing -enable-experimental-feature DebugDescriptionMacro -sdk /Applications/Xcode-27.0.0-Release.Candidate.app/Contents/Developer/Platforms/WatchOS.platform/Developer/SDKs/WatchOS27.0.sdk -target arm64-apple-watchos9.0 -g -module-cache-path /Users/admin/builder/spi-builder-workspace/.derivedData/ModuleCache.noindex -Xfrontend -serialize-debugging-options -profile-coverage-mapping -profile-generate -enable-testing -suppress-warnings -index-store-path /Users/admin/builder/spi-builder-workspace/.derivedData/Index.noindex/DataStore -Xcc -D_LIBCPP_HARDENING_MODE\=_LIBCPP_HARDENING_MODE_DEBUG -swift-version 5 -I /Users/admin/builder/spi-builder-workspace/.derivedData/Build/Products/Debug-watchos -Isystem /Applications/Xcode-27.0.0-Release.Candidate.app/Contents/Developer/Platforms/WatchOS.platform/Developer/usr/lib -F /Users/admin/builder/spi-builder-workspace/.derivedData/Build/Products/Debug-watchos/PackageFrameworks -F /Users/admin/builder/spi-builder-workspace/.derivedData/Build/Products/Debug-watchos -F /Applications/Xcode-27.0.0-Release.Candidate.app/Contents/Developer/Platforms/WatchOS.platform/Developer/Library/Frameworks -F /Applications/Xcode-27.0.0-Release.Candidate.app/Contents/Developer/Platforms/WatchOS.platform/Developer/SDKs/WatchOS27.0.sdk/Developer/Library/Frameworks -Xfrontend -load-plugin-executable -Xfrontend /Users/admin/builder/spi-builder-workspace/.derivedData/Build/Products/Debug/CasePathsMacros\#CasePathsMacros -c -j10 -enable-batch-mode -incremental -Xcc -ivfsstatcache -Xcc /Users/admin/builder/spi-builder-workspace/.derivedData/SDKStatCaches.noindex/watchos27.0-24R360-e829b21a6f8c9b70876ba0858053c04477534ef55a1706bf4c1112bbb242f0a2.sdkstatcache -output-file-map /Users/admin/builder/spi-builder-workspace/.derivedData/Build/Intermediates.noindex/swift-parsing.build/Debug-watchos/Parsing-t.build/Objects-normal/arm64/Parsing-OutputFileMap.json -save-temps -no-color-diagnostics -explicit-module-build -module-cache-path /Users/admin/builder/spi-builder-workspace/.derivedData/Build/Intermediates.noindex/SwiftExplicitPrecompiledModules -clang-scanner-module-cache-path /Users/admin/builder/spi-builder-workspace/.derivedData/ModuleCache.noindex -sdk-module-cache-path /Users/admin/builder/spi-builder-workspace/.derivedData/SDKExplicitPrecompiledModules -emit-dependencies -emit-module -emit-module-path /Users/admin/builder/spi-builder-workspace/.derivedData/Build/Intermediates.noindex/swift-parsing.build/Debug-watchos/Parsing-t.build/Objects-normal/arm64/Parsing.swiftmodule -serialize-diagnostics -dependency-scan-serialize-diagnostics-path /Users/admin/builder/spi-builder-workspace/.derivedData/Build/Intermediates.noindex/swift-parsing.build/Debug-watchos/Parsing-t.build/Objects-normal/arm64/Parsing-dependency-scan.dia -user-module-version 0.15.2 -validate-clang-modules-once -clang-build-session-file /Users/admin/builder/spi-builder-workspace/.derivedData/ModuleCache.noindex/Session.modulevalidation -Xcc -fmodules-prune-interval\=86400 -Xcc -fmodules-prune-after\=345600 -package-name swift_parsing -emit-const-values -const-gather-protocols-list /Users/admin/builder/spi-builder-workspace/.derivedData/Build/Intermediates.noindex/swift-parsing.build/Debug-watchos/Parsing-t.build/Objects-normal/arm64/Parsing_const_extract_protocols.json -Xcc -I/Users/admin/builder/spi-builder-workspace/.derivedData/Build/Products/Debug-watchos/include -Xcc -I/Users/admin/builder/spi-builder-workspace/.derivedData/Build/Intermediates.noindex/swift-parsing.build/Debug-watchos/Parsing-t.build/DerivedSources-normal/arm64 -Xcc -I/Users/admin/builder/spi-builder-workspace/.derivedData/Build/Intermediates.noindex/swift-parsing.build/Debug-watchos/Parsing-t.build/DerivedSources/arm64 -Xcc -I/Users/admin/builder/spi-builder-workspace/.derivedData/Build/Intermediates.noindex/swift-parsing.build/Debug-watchos/Parsing-t.build/DerivedSources -Xcc -DSWIFT_PACKAGE -Xcc -DDEBUG\=1 -emit-objc-header -emit-objc-header-path /Users/admin/builder/spi-builder-workspace/.derivedData/Build/Intermediates.noindex/swift-parsing.build/Debug-watchos/Parsing-t.build/Objects-normal/arm64/Parsing-Swift.h -working-directory /Users/admin/builder/spi-builder-workspace/.swiftpm/xcode -experimental-emit-module-separately -disable-cmo
SwiftMergeGeneratedHeaders /Users/admin/builder/spi-builder-workspace/.derivedData/Build/Intermediates.noindex/GeneratedModuleMaps-watchos/Parsing-Swift.h /Users/admin/builder/spi-builder-workspace/.derivedData/Build/Intermediates.noindex/swift-parsing.build/Debug-watchos/Parsing-t.build/Objects-normal/arm64/Parsing-Swift.h /Users/admin/builder/spi-builder-workspace/.derivedData/Build/Intermediates.noindex/swift-parsing.build/Debug-watchos/Parsing-t.build/Objects-normal/arm64_32/Parsing-Swift.h (in target 'Parsing' from project 'swift-parsing')
    cd /Users/admin/builder/spi-builder-workspace/.dependencies/checkouts/swift-parsing
    builtin-swiftHeaderTool -arch arm64 /Users/admin/builder/spi-builder-workspace/.derivedData/Build/Intermediates.noindex/swift-parsing.build/Debug-watchos/Parsing-t.build/Objects-normal/arm64/Parsing-Swift.h -arch arm64_32 /Users/admin/builder/spi-builder-workspace/.derivedData/Build/Intermediates.noindex/swift-parsing.build/Debug-watchos/Parsing-t.build/Objects-normal/arm64_32/Parsing-Swift.h -o /Users/admin/builder/spi-builder-workspace/.derivedData/Build/Intermediates.noindex/GeneratedModuleMaps-watchos/Parsing-Swift.h
Copy /Users/admin/builder/spi-builder-workspace/.derivedData/Build/Products/Debug-watchos/Parsing.swiftmodule/arm64-apple-watchos.swiftdoc /Users/admin/builder/spi-builder-workspace/.derivedData/Build/Intermediates.noindex/swift-parsing.build/Debug-watchos/Parsing-t.build/Objects-normal/arm64/Parsing.swiftdoc (in target 'Parsing' from project 'swift-parsing')
    cd /Users/admin/builder/spi-builder-workspace/.dependencies/checkouts/swift-parsing
    builtin-copy -exclude .DS_Store -exclude CVS -exclude .svn -exclude .git -exclude .hg -resolve-src-symlinks -rename /Users/admin/builder/spi-builder-workspace/.derivedData/Build/Intermediates.noindex/swift-parsing.build/Debug-watchos/Parsing-t.build/Objects-normal/arm64/Parsing.swiftdoc /Users/admin/builder/spi-builder-workspace/.derivedData/Build/Products/Debug-watchos/Parsing.swiftmodule/arm64-apple-watchos.swiftdoc
Copy /Users/admin/builder/spi-builder-workspace/.derivedData/Build/Products/Debug-watchos/Parsing.swiftmodule/arm64-apple-watchos.abi.json /Users/admin/builder/spi-builder-workspace/.derivedData/Build/Intermediates.noindex/swift-parsing.build/Debug-watchos/Parsing-t.build/Objects-normal/arm64/Parsing.abi.json (in target 'Parsing' from project 'swift-parsing')
    cd /Users/admin/builder/spi-builder-workspace/.dependencies/checkouts/swift-parsing
    builtin-copy -exclude .DS_Store -exclude CVS -exclude .svn -exclude .git -exclude .hg -resolve-src-symlinks -rename /Users/admin/builder/spi-builder-workspace/.derivedData/Build/Intermediates.noindex/swift-parsing.build/Debug-watchos/Parsing-t.build/Objects-normal/arm64/Parsing.abi.json /Users/admin/builder/spi-builder-workspace/.derivedData/Build/Products/Debug-watchos/Parsing.swiftmodule/arm64-apple-watchos.abi.json
Copy /Users/admin/builder/spi-builder-workspace/.derivedData/Build/Products/Debug-watchos/Parsing.swiftmodule/arm64-apple-watchos.swiftmodule /Users/admin/builder/spi-builder-workspace/.derivedData/Build/Intermediates.noindex/swift-parsing.build/Debug-watchos/Parsing-t.build/Objects-normal/arm64/Parsing.swiftmodule (in target 'Parsing' from project 'swift-parsing')
    cd /Users/admin/builder/spi-builder-workspace/.dependencies/checkouts/swift-parsing
    builtin-copy -exclude .DS_Store -exclude CVS -exclude .svn -exclude .git -exclude .hg -resolve-src-symlinks -rename /Users/admin/builder/spi-builder-workspace/.derivedData/Build/Intermediates.noindex/swift-parsing.build/Debug-watchos/Parsing-t.build/Objects-normal/arm64/Parsing.swiftmodule /Users/admin/builder/spi-builder-workspace/.derivedData/Build/Products/Debug-watchos/Parsing.swiftmodule/arm64-apple-watchos.swiftmodule
Copy /Users/admin/builder/spi-builder-workspace/.derivedData/Build/Products/Debug-watchos/Parsing.swiftmodule/Project/arm64-apple-watchos.swiftsourceinfo /Users/admin/builder/spi-builder-workspace/.derivedData/Build/Intermediates.noindex/swift-parsing.build/Debug-watchos/Parsing-t.build/Objects-normal/arm64/Parsing.swiftsourceinfo (in target 'Parsing' from project 'swift-parsing')
    cd /Users/admin/builder/spi-builder-workspace/.dependencies/checkouts/swift-parsing
    builtin-copy -exclude .DS_Store -exclude CVS -exclude .svn -exclude .git -exclude .hg -resolve-src-symlinks -rename /Users/admin/builder/spi-builder-workspace/.derivedData/Build/Intermediates.noindex/swift-parsing.build/Debug-watchos/Parsing-t.build/Objects-normal/arm64/Parsing.swiftsourceinfo /Users/admin/builder/spi-builder-workspace/.derivedData/Build/Products/Debug-watchos/Parsing.swiftmodule/Project/arm64-apple-watchos.swiftsourceinfo
Ld /Users/admin/builder/spi-builder-workspace/.derivedData/Build/Intermediates.noindex/swift-parsing.build/Debug-watchos/Parsing-t.build/Objects-normal/arm64_32/Binary/Parsing.o normal arm64_32 (in target 'Parsing' from project 'swift-parsing')
    cd /Users/admin/builder/spi-builder-workspace/.dependencies/checkouts/swift-parsing
    /Applications/Xcode-27.0.0-Release.Candidate.app/Contents/Developer/Toolchains/XcodeDefault.xctoolchain/usr/bin/clang -Xlinker -reproducible -target arm64_32-apple-watchos9.0 -r -isysroot /Applications/Xcode-27.0.0-Release.Candidate.app/Contents/Developer/Platforms/WatchOS.platform/Developer/SDKs/WatchOS27.0.sdk -O0 -w -Xlinker -no_warn_duplicate_libraries -F/Users/admin/builder/spi-builder-workspace/.derivedData/Build/Intermediates.noindex/EagerLinkingTBDs/Debug-watchos -F/Users/admin/builder/spi-builder-workspace/.derivedData/Build/Products/Debug-watchos/PackageFrameworks -F/Users/admin/builder/spi-builder-workspace/.derivedData/Build/Products/Debug-watchos -iframework /Applications/Xcode-27.0.0-Release.Candidate.app/Contents/Developer/Platforms/WatchOS.platform/Developer/Library/Frameworks -iframework /Applications/Xcode-27.0.0-Release.Candidate.app/Contents/Developer/Platforms/WatchOS.platform/Developer/SDKs/WatchOS27.0.sdk/Developer/Library/Frameworks -filelist /Users/admin/builder/spi-builder-workspace/.derivedData/Build/Intermediates.noindex/swift-parsing.build/Debug-watchos/Parsing-t.build/Objects-normal/arm64_32/Parsing.LinkFileList -nostdlib -Xlinker -object_path_lto -Xlinker /Users/admin/builder/spi-builder-workspace/.derivedData/Build/Intermediates.noindex/swift-parsing.build/Debug-watchos/Parsing-t.build/Objects-normal/arm64_32/Parsing_lto.o -Xlinker -no_deduplicate -Xlinker -debug_variant -Xlinker -dependency_info -Xlinker /Users/admin/builder/spi-builder-workspace/.derivedData/Build/Intermediates.noindex/swift-parsing.build/Debug-watchos/Parsing-t.build/Objects-normal/arm64_32/Parsing_dependency_info.dat -fobjc-link-runtime -L/Applications/Xcode-27.0.0-Release.Candidate.app/Contents/Developer/Toolchains/XcodeDefault.xctoolchain/usr/lib/swift/watchos -L/usr/lib/swift -Xlinker -add_ast_path -Xlinker /Users/admin/builder/spi-builder-workspace/.derivedData/Build/Intermediates.noindex/swift-parsing.build/Debug-watchos/Parsing-t.build/Objects-normal/arm64_32/Parsing.swiftmodule -o /Users/admin/builder/spi-builder-workspace/.derivedData/Build/Intermediates.noindex/swift-parsing.build/Debug-watchos/Parsing-t.build/Objects-normal/arm64_32/Binary/Parsing.o
Ld /Users/admin/builder/spi-builder-workspace/.derivedData/Build/Intermediates.noindex/swift-parsing.build/Debug-watchos/Parsing-t.build/Objects-normal/arm64/Binary/Parsing.o normal arm64 (in target 'Parsing' from project 'swift-parsing')
    cd /Users/admin/builder/spi-builder-workspace/.dependencies/checkouts/swift-parsing
    /Applications/Xcode-27.0.0-Release.Candidate.app/Contents/Developer/Toolchains/XcodeDefault.xctoolchain/usr/bin/clang -Xlinker -reproducible -target arm64-apple-watchos9.0 -r -isysroot /Applications/Xcode-27.0.0-Release.Candidate.app/Contents/Developer/Platforms/WatchOS.platform/Developer/SDKs/WatchOS27.0.sdk -O0 -w -Xlinker -no_warn_duplicate_libraries -F/Users/admin/builder/spi-builder-workspace/.derivedData/Build/Intermediates.noindex/EagerLinkingTBDs/Debug-watchos -F/Users/admin/builder/spi-builder-workspace/.derivedData/Build/Products/Debug-watchos/PackageFrameworks -F/Users/admin/builder/spi-builder-workspace/.derivedData/Build/Products/Debug-watchos -iframework /Applications/Xcode-27.0.0-Release.Candidate.app/Contents/Developer/Platforms/WatchOS.platform/Developer/Library/Frameworks -iframework /Applications/Xcode-27.0.0-Release.Candidate.app/Contents/Developer/Platforms/WatchOS.platform/Developer/SDKs/WatchOS27.0.sdk/Developer/Library/Frameworks -filelist /Users/admin/builder/spi-builder-workspace/.derivedData/Build/Intermediates.noindex/swift-parsing.build/Debug-watchos/Parsing-t.build/Objects-normal/arm64/Parsing.LinkFileList -nostdlib -Xlinker -object_path_lto -Xlinker /Users/admin/builder/spi-builder-workspace/.derivedData/Build/Intermediates.noindex/swift-parsing.build/Debug-watchos/Parsing-t.build/Objects-normal/arm64/Parsing_lto.o -Xlinker -no_deduplicate -Xlinker -debug_variant -Xlinker -dependency_info -Xlinker /Users/admin/builder/spi-builder-workspace/.derivedData/Build/Intermediates.noindex/swift-parsing.build/Debug-watchos/Parsing-t.build/Objects-normal/arm64/Parsing_dependency_info.dat -fobjc-link-runtime -L/Applications/Xcode-27.0.0-Release.Candidate.app/Contents/Developer/Toolchains/XcodeDefault.xctoolchain/usr/lib/swift/watchos -L/usr/lib/swift -Xlinker -add_ast_path -Xlinker /Users/admin/builder/spi-builder-workspace/.derivedData/Build/Intermediates.noindex/swift-parsing.build/Debug-watchos/Parsing-t.build/Objects-normal/arm64/Parsing.swiftmodule -o /Users/admin/builder/spi-builder-workspace/.derivedData/Build/Intermediates.noindex/swift-parsing.build/Debug-watchos/Parsing-t.build/Objects-normal/arm64/Binary/Parsing.o
SwiftDriver Formic normal arm64 com.apple.xcode.tools.swift.compiler (in target 'Formic' from project 'Formic')
    cd /Users/admin/builder/spi-builder-workspace/.swiftpm/xcode
    builtin-SwiftDriver -- /Applications/Xcode-27.0.0-Release.Candidate.app/Contents/Developer/Toolchains/XcodeDefault.xctoolchain/usr/bin/swiftc -parse-as-library -module-name Formic -Onone @/Users/admin/builder/spi-builder-workspace/.derivedData/Build/Intermediates.noindex/Formic.build/Debug-watchos/Formic-t.build/Objects-normal/arm64/Formic.SwiftFileList -DSWIFT_PACKAGE -DDEBUG -DSWIFT_MODULE_RESOURCE_BUNDLE_UNAVAILABLE -Xcc -fmodule-map-file\=/Users/admin/builder/spi-builder-workspace/.derivedData/Build/Intermediates.noindex/GeneratedModuleMaps-watchos/CAsyncDNSResolver.modulemap -DXcode -plugin-path /Applications/Xcode-27.0.0-Release.Candidate.app/Contents/Developer/Toolchains/XcodeDefault.xctoolchain/usr/lib/swift/host/plugins/testing -enable-experimental-feature DebugDescriptionMacro -sdk /Applications/Xcode-27.0.0-Release.Candidate.app/Contents/Developer/Platforms/WatchOS.platform/Developer/SDKs/WatchOS27.0.sdk -target arm64-apple-watchos9.0 -g -module-cache-path /Users/admin/builder/spi-builder-workspace/.derivedData/ModuleCache.noindex -Xfrontend -serialize-debugging-options -profile-coverage-mapping -profile-generate -enable-testing -index-store-path /Users/admin/builder/spi-builder-workspace/.derivedData/Index.noindex/DataStore -Xcc -D_LIBCPP_HARDENING_MODE\=_LIBCPP_HARDENING_MODE_DEBUG -swift-version 6 -I /Users/admin/builder/spi-builder-workspace/.derivedData/Build/Products/Debug-watchos -Isystem /Applications/Xcode-27.0.0-Release.Candidate.app/Contents/Developer/Platforms/WatchOS.platform/Developer/usr/lib -F /Users/admin/builder/spi-builder-workspace/.derivedData/Build/Products/Debug-watchos/PackageFrameworks -F /Users/admin/builder/spi-builder-workspace/.derivedData/Build/Products/Debug-watchos -F /Applications/Xcode-27.0.0-Release.Candidate.app/Contents/Developer/Platforms/WatchOS.platform/Developer/Library/Frameworks -F /Applications/Xcode-27.0.0-Release.Candidate.app/Contents/Developer/Platforms/WatchOS.platform/Developer/SDKs/WatchOS27.0.sdk/Developer/Library/Frameworks -Xfrontend -load-plugin-executable -Xfrontend /Users/admin/builder/spi-builder-workspace/.derivedData/Build/Products/Debug/CasePathsMacros\#CasePathsMacros -c -j10 -enable-batch-mode -incremental -Xcc -ivfsstatcache -Xcc /Users/admin/builder/spi-builder-workspace/.derivedData/SDKStatCaches.noindex/watchos27.0-24R360-e829b21a6f8c9b70876ba0858053c04477534ef55a1706bf4c1112bbb242f0a2.sdkstatcache -output-file-map /Users/admin/builder/spi-builder-workspace/.derivedData/Build/Intermediates.noindex/Formic.build/Debug-watchos/Formic-t.build/Objects-normal/arm64/Formic-OutputFileMap.json -save-temps -no-color-diagnostics -explicit-module-build -module-cache-path /Users/admin/builder/spi-builder-workspace/.derivedData/Build/Intermediates.noindex/SwiftExplicitPrecompiledModules -clang-scanner-module-cache-path /Users/admin/builder/spi-builder-workspace/.derivedData/ModuleCache.noindex -sdk-module-cache-path /Users/admin/builder/spi-builder-workspace/.derivedData/SDKExplicitPrecompiledModules -emit-dependencies -emit-module -emit-module-path /Users/admin/builder/spi-builder-workspace/.derivedData/Build/Intermediates.noindex/Formic.build/Debug-watchos/Formic-t.build/Objects-normal/arm64/Formic.swiftmodule -serialize-diagnostics -dependency-scan-serialize-diagnostics-path /Users/admin/builder/spi-builder-workspace/.derivedData/Build/Intermediates.noindex/Formic.build/Debug-watchos/Formic-t.build/Objects-normal/arm64/Formic-dependency-scan.dia -validate-clang-modules-once -clang-build-session-file /Users/admin/builder/spi-builder-workspace/.derivedData/ModuleCache.noindex/Session.modulevalidation -Xcc -fmodules-prune-interval\=86400 -Xcc -fmodules-prune-after\=345600 -package-name spi_builder_workspace -emit-const-values -const-gather-protocols-list /Users/admin/builder/spi-builder-workspace/.derivedData/Build/Intermediates.noindex/Formic.build/Debug-watchos/Formic-t.build/Objects-normal/arm64/Formic_const_extract_protocols.json -Xcc -I/Users/admin/builder/spi-builder-workspace/.dependencies/checkouts/swift-async-dns-resolver/Sources/CAsyncDNSResolver/include -Xcc -I/Users/admin/builder/spi-builder-workspace/.derivedData/Build/Products/Debug-watchos/include -Xcc -I/Users/admin/builder/spi-builder-workspace/.derivedData/Build/Intermediates.noindex/Formic.build/Debug-watchos/Formic-t.build/DerivedSources-normal/arm64 -Xcc -I/Users/admin/builder/spi-builder-workspace/.derivedData/Build/Intermediates.noindex/Formic.build/Debug-watchos/Formic-t.build/DerivedSources/arm64 -Xcc -I/Users/admin/builder/spi-builder-workspace/.derivedData/Build/Intermediates.noindex/Formic.build/Debug-watchos/Formic-t.build/DerivedSources -Xcc -DSWIFT_PACKAGE -Xcc -DDEBUG\=1 -emit-objc-header -emit-objc-header-path /Users/admin/builder/spi-builder-workspace/.derivedData/Build/Intermediates.noindex/Formic.build/Debug-watchos/Formic-t.build/Objects-normal/arm64/Formic-Swift.h -working-directory /Users/admin/builder/spi-builder-workspace/.swiftpm/xcode -experimental-emit-module-separately -disable-cmo
SwiftDriver Formic normal arm64_32 com.apple.xcode.tools.swift.compiler (in target 'Formic' from project 'Formic')
    cd /Users/admin/builder/spi-builder-workspace/.swiftpm/xcode
    builtin-SwiftDriver -- /Applications/Xcode-27.0.0-Release.Candidate.app/Contents/Developer/Toolchains/XcodeDefault.xctoolchain/usr/bin/swiftc -parse-as-library -module-name Formic -Onone @/Users/admin/builder/spi-builder-workspace/.derivedData/Build/Intermediates.noindex/Formic.build/Debug-watchos/Formic-t.build/Objects-normal/arm64_32/Formic.SwiftFileList -DSWIFT_PACKAGE -DDEBUG -DSWIFT_MODULE_RESOURCE_BUNDLE_UNAVAILABLE -Xcc -fmodule-map-file\=/Users/admin/builder/spi-builder-workspace/.derivedData/Build/Intermediates.noindex/GeneratedModuleMaps-watchos/CAsyncDNSResolver.modulemap -DXcode -plugin-path /Applications/Xcode-27.0.0-Release.Candidate.app/Contents/Developer/Toolchains/XcodeDefault.xctoolchain/usr/lib/swift/host/plugins/testing -enable-experimental-feature DebugDescriptionMacro -sdk /Applications/Xcode-27.0.0-Release.Candidate.app/Contents/Developer/Platforms/WatchOS.platform/Developer/SDKs/WatchOS27.0.sdk -target arm64_32-apple-watchos9.0 -g -module-cache-path /Users/admin/builder/spi-builder-workspace/.derivedData/ModuleCache.noindex -Xfrontend -serialize-debugging-options -profile-coverage-mapping -profile-generate -enable-testing -index-store-path /Users/admin/builder/spi-builder-workspace/.derivedData/Index.noindex/DataStore -Xcc -D_LIBCPP_HARDENING_MODE\=_LIBCPP_HARDENING_MODE_DEBUG -swift-version 6 -I /Users/admin/builder/spi-builder-workspace/.derivedData/Build/Products/Debug-watchos -Isystem /Applications/Xcode-27.0.0-Release.Candidate.app/Contents/Developer/Platforms/WatchOS.platform/Developer/usr/lib -F /Users/admin/builder/spi-builder-workspace/.derivedData/Build/Products/Debug-watchos/PackageFrameworks -F /Users/admin/builder/spi-builder-workspace/.derivedData/Build/Products/Debug-watchos -F /Applications/Xcode-27.0.0-Release.Candidate.app/Contents/Developer/Platforms/WatchOS.platform/Developer/Library/Frameworks -F /Applications/Xcode-27.0.0-Release.Candidate.app/Contents/Developer/Platforms/WatchOS.platform/Developer/SDKs/WatchOS27.0.sdk/Developer/Library/Frameworks -Xfrontend -load-plugin-executable -Xfrontend /Users/admin/builder/spi-builder-workspace/.derivedData/Build/Products/Debug/CasePathsMacros\#CasePathsMacros -c -j10 -enable-batch-mode -incremental -Xcc -ivfsstatcache -Xcc /Users/admin/builder/spi-builder-workspace/.derivedData/SDKStatCaches.noindex/watchos27.0-24R360-e829b21a6f8c9b70876ba0858053c04477534ef55a1706bf4c1112bbb242f0a2.sdkstatcache -output-file-map /Users/admin/builder/spi-builder-workspace/.derivedData/Build/Intermediates.noindex/Formic.build/Debug-watchos/Formic-t.build/Objects-normal/arm64_32/Formic-OutputFileMap.json -save-temps -no-color-diagnostics -explicit-module-build -module-cache-path /Users/admin/builder/spi-builder-workspace/.derivedData/Build/Intermediates.noindex/SwiftExplicitPrecompiledModules -clang-scanner-module-cache-path /Users/admin/builder/spi-builder-workspace/.derivedData/ModuleCache.noindex -sdk-module-cache-path /Users/admin/builder/spi-builder-workspace/.derivedData/SDKExplicitPrecompiledModules -emit-dependencies -emit-module -emit-module-path /Users/admin/builder/spi-builder-workspace/.derivedData/Build/Intermediates.noindex/Formic.build/Debug-watchos/Formic-t.build/Objects-normal/arm64_32/Formic.swiftmodule -serialize-diagnostics -dependency-scan-serialize-diagnostics-path /Users/admin/builder/spi-builder-workspace/.derivedData/Build/Intermediates.noindex/Formic.build/Debug-watchos/Formic-t.build/Objects-normal/arm64_32/Formic-dependency-scan.dia -validate-clang-modules-once -clang-build-session-file /Users/admin/builder/spi-builder-workspace/.derivedData/ModuleCache.noindex/Session.modulevalidation -Xcc -fmodules-prune-interval\=86400 -Xcc -fmodules-prune-after\=345600 -package-name spi_builder_workspace -emit-const-values -const-gather-protocols-list /Users/admin/builder/spi-builder-workspace/.derivedData/Build/Intermediates.noindex/Formic.build/Debug-watchos/Formic-t.build/Objects-normal/arm64_32/Formic_const_extract_protocols.json -Xcc -I/Users/admin/builder/spi-builder-workspace/.dependencies/checkouts/swift-async-dns-resolver/Sources/CAsyncDNSResolver/include -Xcc -I/Users/admin/builder/spi-builder-workspace/.derivedData/Build/Products/Debug-watchos/include -Xcc -I/Users/admin/builder/spi-builder-workspace/.derivedData/Build/Intermediates.noindex/Formic.build/Debug-watchos/Formic-t.build/DerivedSources-normal/arm64_32 -Xcc -I/Users/admin/builder/spi-builder-workspace/.derivedData/Build/Intermediates.noindex/Formic.build/Debug-watchos/Formic-t.build/DerivedSources/arm64_32 -Xcc -I/Users/admin/builder/spi-builder-workspace/.derivedData/Build/Intermediates.noindex/Formic.build/Debug-watchos/Formic-t.build/DerivedSources -Xcc -DSWIFT_PACKAGE -Xcc -DDEBUG\=1 -emit-objc-header -emit-objc-header-path /Users/admin/builder/spi-builder-workspace/.derivedData/Build/Intermediates.noindex/Formic.build/Debug-watchos/Formic-t.build/Objects-normal/arm64_32/Formic-Swift.h -working-directory /Users/admin/builder/spi-builder-workspace/.swiftpm/xcode -experimental-emit-module-separately -disable-cmo
CreateUniversalBinary /Users/admin/builder/spi-builder-workspace/.derivedData/Build/Products/Debug-watchos/Parsing.o normal arm64\ arm64_32 (in target 'Parsing' from project 'swift-parsing')
    cd /Users/admin/builder/spi-builder-workspace/.dependencies/checkouts/swift-parsing
    /Applications/Xcode-27.0.0-Release.Candidate.app/Contents/Developer/Toolchains/XcodeDefault.xctoolchain/usr/bin/lipo -create /Users/admin/builder/spi-builder-workspace/.derivedData/Build/Intermediates.noindex/swift-parsing.build/Debug-watchos/Parsing-t.build/Objects-normal/arm64/Binary/Parsing.o /Users/admin/builder/spi-builder-workspace/.derivedData/Build/Intermediates.noindex/swift-parsing.build/Debug-watchos/Parsing-t.build/Objects-normal/arm64_32/Binary/Parsing.o -output /Users/admin/builder/spi-builder-workspace/.derivedData/Build/Products/Debug-watchos/Parsing.o
ExtractAppIntentsMetadata (in target 'Parsing' from project 'swift-parsing')
    cd /Users/admin/builder/spi-builder-workspace/.dependencies/checkouts/swift-parsing
    /Applications/Xcode-27.0.0-Release.Candidate.app/Contents/Developer/Toolchains/XcodeDefault.xctoolchain/usr/bin/appintentsmetadataprocessor --toolchain-dir /var/run/com.apple.security.cryptexd/mnt/com.apple.MobileAsset.MetalToolchain-v27.1.266.1.CoWl6v/Metal.xctoolchain --module-name Parsing --sdk-root /Applications/Xcode-27.0.0-Release.Candidate.app/Contents/Developer/Platforms/WatchOS.platform/Developer/SDKs/WatchOS27.0.sdk --xcode-version 27A266a --platform-family watchOS --deployment-target 9.0 --bundle-identifier swift-parsing.Parsing --output /Users/admin/builder/spi-builder-workspace/.derivedData/Build/Products/Debug-watchos/Parsing.appintents --target-triple arm64-apple-watchos9.0 --target-triple arm64_32-apple-watchos9.0 --binary-file /Users/admin/builder/spi-builder-workspace/.derivedData/Build/Products/Debug-watchos/Parsing.o --dependency-file /Users/admin/builder/spi-builder-workspace/.derivedData/Build/Intermediates.noindex/swift-parsing.build/Debug-watchos/Parsing-t.build/Objects-normal/arm64/Parsing_dependency_info.dat --dependency-file /Users/admin/builder/spi-builder-workspace/.derivedData/Build/Intermediates.noindex/swift-parsing.build/Debug-watchos/Parsing-t.build/Objects-normal/arm64_32/Parsing_dependency_info.dat --stringsdata-file /Users/admin/builder/spi-builder-workspace/.derivedData/Build/Intermediates.noindex/swift-parsing.build/Debug-watchos/Parsing-t.build/Objects-normal/arm64/ExtractedAppShortcutsMetadata.stringsdata --stringsdata-file /Users/admin/builder/spi-builder-workspace/.derivedData/Build/Intermediates.noindex/swift-parsing.build/Debug-watchos/Parsing-t.build/Objects-normal/arm64_32/ExtractedAppShortcutsMetadata.stringsdata --source-file-list /Users/admin/builder/spi-builder-workspace/.derivedData/Build/Intermediates.noindex/swift-parsing.build/Debug-watchos/Parsing-t.build/Objects-normal/arm64/Parsing.SwiftFileList --source-file-list /Users/admin/builder/spi-builder-workspace/.derivedData/Build/Intermediates.noindex/swift-parsing.build/Debug-watchos/Parsing-t.build/Objects-normal/arm64_32/Parsing.SwiftFileList --metadata-file-list /Users/admin/builder/spi-builder-workspace/.derivedData/Build/Intermediates.noindex/swift-parsing.build/Debug-watchos/Parsing-t.build/Parsing.DependencyMetadataFileList --static-metadata-file-list /Users/admin/builder/spi-builder-workspace/.derivedData/Build/Intermediates.noindex/swift-parsing.build/Debug-watchos/Parsing-t.build/Parsing.DependencyStaticMetadataFileList --swift-const-vals-list /Users/admin/builder/spi-builder-workspace/.derivedData/Build/Intermediates.noindex/swift-parsing.build/Debug-watchos/Parsing-t.build/Objects-normal/arm64/Parsing.SwiftConstValuesFileList --swift-const-vals-list /Users/admin/builder/spi-builder-workspace/.derivedData/Build/Intermediates.noindex/swift-parsing.build/Debug-watchos/Parsing-t.build/Objects-normal/arm64_32/Parsing.SwiftConstValuesFileList --force --compile-time-extraction --deployment-aware-processing --no-app-shortcuts-localization
2026-09-21 18:51:02.805 appintentsmetadataprocessor[2633:13473] Starting appintentsmetadataprocessor export
2026-09-21 18:51:02.880 appintentsmetadataprocessor[2633:13473] Extracted no relevant App Intents symbols, skipping writing output
SwiftCompile normal arm64 Compiling\ ProcessCommandInvoker.swift,\ CommandExecutionResult.swift,\ CommandOutputDetail.swift /Users/admin/builder/spi-builder-workspace/Sources/Formic/DependencyProxies/ProcessCommandInvoker.swift /Users/admin/builder/spi-builder-workspace/Sources/Formic/Engine/CommandExecutionResult.swift /Users/admin/builder/spi-builder-workspace/Sources/Formic/Engine/CommandOutputDetail.swift (in target 'Formic' from project 'Formic')
/Users/admin/builder/spi-builder-workspace/Sources/Formic/DependencyProxies/ProcessCommandInvoker.swift:34:20: error: cannot find 'Process' in scope
 32 |         cmd: [String], stdIn: Pipe? = nil, env: [String: String]? = nil, logger: Logger? = nil
 33 |     ) async throws -> CommandOutput {
 34 |         let task = Process()
    |                    `- error: cannot find 'Process' in scope
 35 |         task.executableURL = URL(fileURLWithPath: "/bin/sh")
 36 |
/Users/admin/builder/spi-builder-workspace/Sources/Formic/DependencyProxies/ProcessCommandInvoker.swift:94:20: error: cannot find 'Process' in scope
 92 |     ) async throws -> CommandOutput {
 93 |
 94 |         let task = Process()
    |                    `- error: cannot find 'Process' in scope
 95 |         task.executableURL = URL(fileURLWithPath: "/bin/sh")
 96 |
/Users/admin/builder/spi-builder-workspace/Sources/Formic/DependencyProxies/ProcessCommandInvoker.swift:158:20: error: cannot find 'Process' in scope
156 |     ) async throws -> CommandOutput {
157 |
158 |         let task = Process()
    |                    `- error: cannot find 'Process' in scope
159 |         task.executableURL = URL(fileURLWithPath: "/bin/sh")
160 |
Failed frontend command:
SwiftCompile normal arm64 /Users/admin/builder/spi-builder-workspace/Sources/Formic/DependencyProxies/ProcessCommandInvoker.swift (in target 'Formic' from project 'Formic')
    cd /Users/admin/builder/spi-builder-workspace/.swiftpm/xcode
    builtin-SwiftPerFileCompile ProcessCommandInvoker.swift
SwiftCompile normal arm64 /Users/admin/builder/spi-builder-workspace/Sources/Formic/Engine/CommandExecutionResult.swift (in target 'Formic' from project 'Formic')
    cd /Users/admin/builder/spi-builder-workspace/.swiftpm/xcode
    builtin-SwiftPerFileCompile CommandExecutionResult.swift
SwiftCompile normal arm64 /Users/admin/builder/spi-builder-workspace/Sources/Formic/Engine/CommandOutputDetail.swift (in target 'Formic' from project 'Formic')
    cd /Users/admin/builder/spi-builder-workspace/.swiftpm/xcode
    builtin-SwiftPerFileCompile CommandOutputDetail.swift
/Applications/Xcode-27.0.0-Release.Candidate.app/Contents/Developer/Toolchains/XcodeDefault.xctoolchain/usr/bin/swift-frontend -frontend -c /Users/admin/builder/spi-builder-workspace/Sources/Formic/Backoff.swift /Users/admin/builder/spi-builder-workspace/Sources/Formic/Command.swift /Users/admin/builder/spi-builder-workspace/Sources/Formic/CommandError.swift /Users/admin/builder/spi-builder-workspace/Sources/Formic/CommandOutput.swift /Users/admin/builder/spi-builder-workspace/Sources/Formic/Commands/AnyCommand.swift /Users/admin/builder/spi-builder-workspace/Sources/Formic/Commands/CopyFrom.swift /Users/admin/builder/spi-builder-workspace/Sources/Formic/Commands/CopyInto.swift /Users/admin/builder/spi-builder-workspace/Sources/Formic/Commands/SSHCommand.swift /Users/admin/builder/spi-builder-workspace/Sources/Formic/Commands/ShellCommand.swift /Users/admin/builder/spi-builder-workspace/Sources/Formic/Commands/VerifyAccess.swift /Users/admin/builder/spi-builder-workspace/Sources/Formic/DependencyProxies/CommandInvoker.swift /Users/admin/builder/spi-builder-workspace/Sources/Formic/DependencyProxies/LocalSystemAccess.swift -primary-file /Users/admin/builder/spi-builder-workspace/Sources/Formic/DependencyProxies/ProcessCommandInvoker.swift -primary-file /Users/admin/builder/spi-builder-workspace/Sources/Formic/Engine/CommandExecutionResult.swift -primary-file /Users/admin/builder/spi-builder-workspace/Sources/Formic/Engine/CommandOutputDetail.swift /Users/admin/builder/spi-builder-workspace/Sources/Formic/Engine/Engine.swift /Users/admin/builder/spi-builder-workspace/Sources/Formic/IPv4Address.swift /Users/admin/builder/spi-builder-workspace/Sources/Formic/NetworkAddress.swift /Users/admin/builder/spi-builder-workspace/Sources/Formic/RemoteHost.swift /Users/admin/builder/spi-builder-workspace/Sources/Formic/ResourceTypes/Dpkg+Parsers.swift /Users/admin/builder/spi-builder-workspace/Sources/Formic/ResourceTypes/Dpkg.swift /Users/admin/builder/spi-builder-workspace/Sources/Formic/ResourceTypes/OperatingSystem.swift /Users/admin/builder/spi-builder-workspace/Sources/Formic/ResourceTypes/Swarm+Parsers.swift /Users/admin/builder/spi-builder-workspace/Sources/Formic/Resources/CollectionResource.swift /Users/admin/builder/spi-builder-workspace/Sources/Formic/Resources/Resource.swift /Users/admin/builder/spi-builder-workspace/Sources/Formic/Resources/ResourceError.swift /Users/admin/builder/spi-builder-workspace/Sources/Formic/Resources/SingularResource.swift /Users/admin/builder/spi-builder-workspace/Sources/Formic/Resources/StatefulResource.swift /Users/admin/builder/spi-builder-workspace/Sources/Formic/SSHAccessCredentials.swift -supplementary-output-file-map /Users/admin/builder/spi-builder-workspace/.derivedData/Build/Intermediates.noindex/Formic.build/Debug-watchos/Formic-t.build/Objects-normal/arm64/supplementaryOutputs-111 -target arm64-apple-watchos9.0 -disable-cross-import-overlay-search -load-resolved-plugin \#/Users/admin/builder/spi-builder-workspace/.derivedData/Build/Products/Debug/CasePathsMacros\#CasePathsMacros -load-resolved-plugin /Applications/Xcode-27.0.0-Release.Candidate.app/Contents/Developer/Platforms/WatchOS.platform/Developer/usr/lib/swift/host/plugins/libFoundationMacros.dylib\#/Applications/Xcode-27.0.0-Release.Candidate.app/Contents/Developer/Platforms/WatchOS.platform/Developer/usr/bin/swift-plugin-server\#FoundationMacros -load-resolved-plugin /Applications/Xcode-27.0.0-Release.Candidate.app/Contents/Developer/Platforms/WatchOS.platform/Developer/usr/lib/swift/host/plugins/libObservationMacros.dylib\#/Applications/Xcode-27.0.0-Release.Candidate.app/Contents/Developer/Platforms/WatchOS.platform/Developer/usr/bin/swift-plugin-server\#ObservationMacros -load-resolved-plugin /Applications/Xcode-27.0.0-Release.Candidate.app/Contents/Developer/Platforms/WatchOS.platform/Developer/usr/lib/swift/host/plugins/libPreviewsMacros.dylib\#/Applications/Xcode-27.0.0-Release.Candidate.app/Contents/Developer/Platforms/WatchOS.platform/Developer/usr/bin/swift-plugin-server\#PreviewsMacros -load-resolved-plugin /Applications/Xcode-27.0.0-Release.Candidate.app/Contents/Developer/Platforms/WatchOS.platform/Developer/usr/lib/swift/host/plugins/libSwiftMacros.dylib\#/Applications/Xcode-27.0.0-Release.Candidate.app/Contents/Developer/Platforms/WatchOS.platform/Developer/usr/bin/swift-plugin-server\#SwiftMacros -load-resolved-plugin /Applications/Xcode-27.0.0-Release.Candidate.app/Contents/Developer/Platforms/WatchOS.platform/Developer/usr/lib/swift/host/plugins/libSwiftUIMacros.dylib\#/Applications/Xcode-27.0.0-Release.Candidate.app/Contents/Developer/Platforms/WatchOS.platform/Developer/usr/bin/swift-plugin-server\#SwiftUIMacros -disable-implicit-swift-modules -Xcc -fno-implicit-modules -Xcc -fno-implicit-module-maps -explicit-swift-module-map-file /Users/admin/builder/spi-builder-workspace/.derivedData/Build/Intermediates.noindex/Formic.build/Debug-watchos/Formic-t.build/Objects-normal/arm64/Formic-dependencies-1.json -Xllvm -aarch64-use-tbi -enable-objc-interop -stack-check -sdk /Applications/Xcode-27.0.0-Release.Candidate.app/Contents/Developer/Platforms/WatchOS.platform/Developer/SDKs/WatchOS27.0.sdk -I /Users/admin/builder/spi-builder-workspace/.derivedData/Build/Products/Debug-watchos -Isystem /Applications/Xcode-27.0.0-Release.Candidate.app/Contents/Developer/Platforms/WatchOS.platform/Developer/usr/lib -F /Users/admin/builder/spi-builder-workspace/.derivedData/Build/Products/Debug-watchos/PackageFrameworks -F /Users/admin/builder/spi-builder-workspace/.derivedData/Build/Products/Debug-watchos -F /Applications/Xcode-27.0.0-Release.Candidate.app/Contents/Developer/Platforms/WatchOS.platform/Developer/Library/Frameworks -F /Applications/Xcode-27.0.0-Release.Candidate.app/Contents/Developer/Platforms/WatchOS.platform/Developer/SDKs/WatchOS27.0.sdk/Developer/Library/Frameworks -module-cache-path /Users/admin/builder/spi-builder-workspace/.derivedData/Build/Intermediates.noindex/SwiftExplicitPrecompiledModules -no-color-diagnostics -Xcc -fno-color-diagnostics -enable-testing -g -debug-info-format\=dwarf -dwarf-version\=4 -profile-generate -profile-coverage-mapping -swift-version 6 -Onone -D SWIFT_PACKAGE -D DEBUG -D SWIFT_MODULE_RESOURCE_BUNDLE_UNAVAILABLE -D Xcode -serialize-debugging-options -load-plugin-executable /Users/admin/builder/spi-builder-workspace/.derivedData/Build/Products/Debug/CasePathsMacros\#CasePathsMacros -enable-experimental-feature DebugDescriptionMacro -empty-abi-descriptor -validate-clang-modules-once -clang-build-session-file /Users/admin/builder/spi-builder-workspace/.derivedData/ModuleCache.noindex/Session.modulevalidation -Xcc -working-directory -Xcc /Users/admin/builder/spi-builder-workspace/.swiftpm/xcode -enable-anonymous-context-mangled-names -file-compilation-dir /Users/admin/builder/spi-builder-workspace/.swiftpm/xcode -Xcc -fmodule-map-file\=/Users/admin/builder/spi-builder-workspace/.derivedData/Build/Intermediates.noindex/GeneratedModuleMaps-watchos/CAsyncDNSResolver.modulemap -Xcc -D_LIBCPP_HARDENING_MODE\=_LIBCPP_HARDENING_MODE_DEBUG -Xcc -ivfsstatcache -Xcc /Users/admin/builder/spi-builder-workspace/.derivedData/SDKStatCaches.noindex/watchos27.0-24R360-e829b21a6f8c9b70876ba0858053c04477534ef55a1706bf4c1112bbb242f0a2.sdkstatcache -Xcc -fmodules-prune-interval\=86400 -Xcc -fmodules-prune-after\=345600 -Xcc -I/Users/admin/builder/spi-builder-workspace/.dependencies/checkouts/swift-async-dns-resolver/Sources/CAsyncDNSResolver/include -Xcc -I/Users/admin/builder/spi-builder-workspace/.derivedData/Build/Products/Debug-watchos/include -Xcc -I/Users/admin/builder/spi-builder-workspace/.derivedData/Build/Intermediates.noindex/Formic.build/Debug-watchos/Formic-t.build/DerivedSources-normal/arm64 -Xcc -I/Users/admin/builder/spi-builder-workspace/.derivedData/Build/Intermediates.noindex/Formic.build/Debug-watchos/Formic-t.build/DerivedSources/arm64 -Xcc -I/Users/admin/builder/spi-builder-workspace/.derivedData/Build/Intermediates.noindex/Formic.build/Debug-watchos/Formic-t.build/DerivedSources -Xcc -DSWIFT_PACKAGE -Xcc -DDEBUG\=1 -no-auto-bridging-header-chaining -module-name Formic -package-name spi_builder_workspace -const-gather-protocols-file /Users/admin/builder/spi-builder-workspace/.derivedData/Build/Intermediates.noindex/Formic.build/Debug-watchos/Formic-t.build/Objects-normal/arm64/Formic_const_extract_protocols.json -disable-clang-spi -clang-target arm64-apple-watchos27.0 -target-sdk-version 27.0 -target-sdk-name watchos27.0 -in-process-plugin-server-path /Applications/Xcode-27.0.0-Release.Candidate.app/Contents/Developer/Toolchains/XcodeDefault.xctoolchain/usr/lib/swift/host/libSwiftInProcPluginServer.dylib -parse-as-library -o /Users/admin/builder/spi-builder-workspace/.derivedData/Build/Intermediates.noindex/Formic.build/Debug-watchos/Formic-t.build/Objects-normal/arm64/ProcessCommandInvoker.o -o /Users/admin/builder/spi-builder-workspace/.derivedData/Build/Intermediates.noindex/Formic.build/Debug-watchos/Formic-t.build/Objects-normal/arm64/CommandExecutionResult.o -o /Users/admin/builder/spi-builder-workspace/.derivedData/Build/Intermediates.noindex/Formic.build/Debug-watchos/Formic-t.build/Objects-normal/arm64/CommandOutputDetail.o -debug-module-path /Users/admin/builder/spi-builder-workspace/.derivedData/Build/Intermediates.noindex/Formic.build/Debug-watchos/Formic-t.build/Objects-normal/arm64/Formic.swiftmodule -index-unit-output-path /Formic.build/Debug-watchos/Formic-t.build/Objects-normal/arm64/ProcessCommandInvoker.o -index-unit-output-path /Formic.build/Debug-watchos/Formic-t.build/Objects-normal/arm64/CommandExecutionResult.o -index-unit-output-path /Formic.build/Debug-watchos/Formic-t.build/Objects-normal/arm64/CommandOutputDetail.o -index-store-path /Users/admin/builder/spi-builder-workspace/.derivedData/Index.noindex/DataStore -index-system-modules
SwiftCompile normal arm64 Compiling\ VerifyAccess.swift,\ CommandInvoker.swift,\ LocalSystemAccess.swift /Users/admin/builder/spi-builder-workspace/Sources/Formic/Commands/VerifyAccess.swift /Users/admin/builder/spi-builder-workspace/Sources/Formic/DependencyProxies/CommandInvoker.swift /Users/admin/builder/spi-builder-workspace/Sources/Formic/DependencyProxies/LocalSystemAccess.swift (in target 'Formic' from project 'Formic')
/Users/admin/builder/spi-builder-workspace/Sources/Formic/DependencyProxies/LocalSystemAccess.swift:23:50: error: 'homeDirectoryForCurrentUser' is unavailable in watchOS
21 | struct LiveLocalSystemAccess: LocalSystemAccess {
22 |     let username = ProcessInfo.processInfo.environment["USER"]
23 |     let homeDirectory: URL = FileManager.default.homeDirectoryForCurrentUser
   |                                                  `- error: 'homeDirectoryForCurrentUser' is unavailable in watchOS
24 |     func fileExists(atPath: String) -> Bool {
25 |         FileManager.default.fileExists(atPath: atPath)
/Applications/Xcode-27.0.0-Release.Candidate.app/Contents/Developer/Platforms/WatchOS.platform/Developer/SDKs/WatchOS27.0.sdk/System/Library/Frameworks/Foundation.framework/Headers/NSFileManager.h:1004:35: note: 'homeDirectoryForCurrentUser' has been explicitly marked unavailable here
1002 |
1003 | /// The home directory for the current user.
1004 | @property (readonly, copy) NSURL *homeDirectoryForCurrentUser API_AVAILABLE(macosx(10.12)) API_UNAVAILABLE(ios, watchos, tvos);
     |                                   `- note: 'homeDirectoryForCurrentUser' has been explicitly marked unavailable here
1005 | /// The temporary directory for the current user.
1006 | @property (readonly, copy) NSURL *temporaryDirectory API_AVAILABLE(macosx(10.12), ios(10.0), watchos(3.0), tvos(10.0));
Failed frontend command:
SwiftCompile normal arm64 /Users/admin/builder/spi-builder-workspace/Sources/Formic/Commands/VerifyAccess.swift (in target 'Formic' from project 'Formic')
    cd /Users/admin/builder/spi-builder-workspace/.swiftpm/xcode
    builtin-SwiftPerFileCompile VerifyAccess.swift
SwiftCompile normal arm64 /Users/admin/builder/spi-builder-workspace/Sources/Formic/DependencyProxies/CommandInvoker.swift (in target 'Formic' from project 'Formic')
    cd /Users/admin/builder/spi-builder-workspace/.swiftpm/xcode
    builtin-SwiftPerFileCompile CommandInvoker.swift
SwiftCompile normal arm64 /Users/admin/builder/spi-builder-workspace/Sources/Formic/DependencyProxies/LocalSystemAccess.swift (in target 'Formic' from project 'Formic')
    cd /Users/admin/builder/spi-builder-workspace/.swiftpm/xcode
    builtin-SwiftPerFileCompile LocalSystemAccess.swift
/Applications/Xcode-27.0.0-Release.Candidate.app/Contents/Developer/Toolchains/XcodeDefault.xctoolchain/usr/bin/swift-frontend -frontend -c /Users/admin/builder/spi-builder-workspace/Sources/Formic/Backoff.swift /Users/admin/builder/spi-builder-workspace/Sources/Formic/Command.swift /Users/admin/builder/spi-builder-workspace/Sources/Formic/CommandError.swift /Users/admin/builder/spi-builder-workspace/Sources/Formic/CommandOutput.swift /Users/admin/builder/spi-builder-workspace/Sources/Formic/Commands/AnyCommand.swift /Users/admin/builder/spi-builder-workspace/Sources/Formic/Commands/CopyFrom.swift /Users/admin/builder/spi-builder-workspace/Sources/Formic/Commands/CopyInto.swift /Users/admin/builder/spi-builder-workspace/Sources/Formic/Commands/SSHCommand.swift /Users/admin/builder/spi-builder-workspace/Sources/Formic/Commands/ShellCommand.swift -primary-file /Users/admin/builder/spi-builder-workspace/Sources/Formic/Commands/VerifyAccess.swift -primary-file /Users/admin/builder/spi-builder-workspace/Sources/Formic/DependencyProxies/CommandInvoker.swift -primary-file /Users/admin/builder/spi-builder-workspace/Sources/Formic/DependencyProxies/LocalSystemAccess.swift /Users/admin/builder/spi-builder-workspace/Sources/Formic/DependencyProxies/ProcessCommandInvoker.swift /Users/admin/builder/spi-builder-workspace/Sources/Formic/Engine/CommandExecutionResult.swift /Users/admin/builder/spi-builder-workspace/Sources/Formic/Engine/CommandOutputDetail.swift /Users/admin/builder/spi-builder-workspace/Sources/Formic/Engine/Engine.swift /Users/admin/builder/spi-builder-workspace/Sources/Formic/IPv4Address.swift /Users/admin/builder/spi-builder-workspace/Sources/Formic/NetworkAddress.swift /Users/admin/builder/spi-builder-workspace/Sources/Formic/RemoteHost.swift /Users/admin/builder/spi-builder-workspace/Sources/Formic/ResourceTypes/Dpkg+Parsers.swift /Users/admin/builder/spi-builder-workspace/Sources/Formic/ResourceTypes/Dpkg.swift /Users/admin/builder/spi-builder-workspace/Sources/Formic/ResourceTypes/OperatingSystem.swift /Users/admin/builder/spi-builder-workspace/Sources/Formic/ResourceTypes/Swarm+Parsers.swift /Users/admin/builder/spi-builder-workspace/Sources/Formic/Resources/CollectionResource.swift /Users/admin/builder/spi-builder-workspace/Sources/Formic/Resources/Resource.swift /Users/admin/builder/spi-builder-workspace/Sources/Formic/Resources/ResourceError.swift /Users/admin/builder/spi-builder-workspace/Sources/Formic/Resources/SingularResource.swift /Users/admin/builder/spi-builder-workspace/Sources/Formic/Resources/StatefulResource.swift /Users/admin/builder/spi-builder-workspace/Sources/Formic/SSHAccessCredentials.swift -supplementary-output-file-map /Users/admin/builder/spi-builder-workspace/.derivedData/Build/Intermediates.noindex/Formic.build/Debug-watchos/Formic-t.build/Objects-normal/arm64/supplementaryOutputs-109 -target arm64-apple-watchos9.0 -disable-cross-import-overlay-search -load-resolved-plugin \#/Users/admin/builder/spi-builder-workspace/.derivedData/Build/Products/Debug/CasePathsMacros\#CasePathsMacros -load-resolved-plugin /Applications/Xcode-27.0.0-Release.Candidate.app/Contents/Developer/Platforms/WatchOS.platform/Developer/usr/lib/swift/host/plugins/libFoundationMacros.dylib\#/Applications/Xcode-27.0.0-Release.Candidate.app/Contents/Developer/Platforms/WatchOS.platform/Developer/usr/bin/swift-plugin-server\#FoundationMacros -load-resolved-plugin /Applications/Xcode-27.0.0-Release.Candidate.app/Contents/Developer/Platforms/WatchOS.platform/Developer/usr/lib/swift/host/plugins/libObservationMacros.dylib\#/Applications/Xcode-27.0.0-Release.Candidate.app/Contents/Developer/Platforms/WatchOS.platform/Developer/usr/bin/swift-plugin-server\#ObservationMacros -load-resolved-plugin /Applications/Xcode-27.0.0-Release.Candidate.app/Contents/Developer/Platforms/WatchOS.platform/Developer/usr/lib/swift/host/plugins/libPreviewsMacros.dylib\#/Applications/Xcode-27.0.0-Release.Candidate.app/Contents/Developer/Platforms/WatchOS.platform/Developer/usr/bin/swift-plugin-server\#PreviewsMacros -load-resolved-plugin /Applications/Xcode-27.0.0-Release.Candidate.app/Contents/Developer/Platforms/WatchOS.platform/Developer/usr/lib/swift/host/plugins/libSwiftMacros.dylib\#/Applications/Xcode-27.0.0-Release.Candidate.app/Contents/Developer/Platforms/WatchOS.platform/Developer/usr/bin/swift-plugin-server\#SwiftMacros -load-resolved-plugin /Applications/Xcode-27.0.0-Release.Candidate.app/Contents/Developer/Platforms/WatchOS.platform/Developer/usr/lib/swift/host/plugins/libSwiftUIMacros.dylib\#/Applications/Xcode-27.0.0-Release.Candidate.app/Contents/Developer/Platforms/WatchOS.platform/Developer/usr/bin/swift-plugin-server\#SwiftUIMacros -disable-implicit-swift-modules -Xcc -fno-implicit-modules -Xcc -fno-implicit-module-maps -explicit-swift-module-map-file /Users/admin/builder/spi-builder-workspace/.derivedData/Build/Intermediates.noindex/Formic.build/Debug-watchos/Formic-t.build/Objects-normal/arm64/Formic-dependencies-1.json -Xllvm -aarch64-use-tbi -enable-objc-interop -stack-check -sdk /Applications/Xcode-27.0.0-Release.Candidate.app/Contents/Developer/Platforms/WatchOS.platform/Developer/SDKs/WatchOS27.0.sdk -I /Users/admin/builder/spi-builder-workspace/.derivedData/Build/Products/Debug-watchos -Isystem /Applications/Xcode-27.0.0-Release.Candidate.app/Contents/Developer/Platforms/WatchOS.platform/Developer/usr/lib -F /Users/admin/builder/spi-builder-workspace/.derivedData/Build/Products/Debug-watchos/PackageFrameworks -F /Users/admin/builder/spi-builder-workspace/.derivedData/Build/Products/Debug-watchos -F /Applications/Xcode-27.0.0-Release.Candidate.app/Contents/Developer/Platforms/WatchOS.platform/Developer/Library/Frameworks -F /Applications/Xcode-27.0.0-Release.Candidate.app/Contents/Developer/Platforms/WatchOS.platform/Developer/SDKs/WatchOS27.0.sdk/Developer/Library/Frameworks -module-cache-path /Users/admin/builder/spi-builder-workspace/.derivedData/Build/Intermediates.noindex/SwiftExplicitPrecompiledModules -no-color-diagnostics -Xcc -fno-color-diagnostics -enable-testing -g -debug-info-format\=dwarf -dwarf-version\=4 -profile-generate -profile-coverage-mapping -swift-version 6 -Onone -D SWIFT_PACKAGE -D DEBUG -D SWIFT_MODULE_RESOURCE_BUNDLE_UNAVAILABLE -D Xcode -serialize-debugging-options -load-plugin-executable /Users/admin/builder/spi-builder-workspace/.derivedData/Build/Products/Debug/CasePathsMacros\#CasePathsMacros -enable-experimental-feature DebugDescriptionMacro -empty-abi-descriptor -validate-clang-modules-once -clang-build-session-file /Users/admin/builder/spi-builder-workspace/.derivedData/ModuleCache.noindex/Session.modulevalidation -Xcc -working-directory -Xcc /Users/admin/builder/spi-builder-workspace/.swiftpm/xcode -enable-anonymous-context-mangled-names -file-compilation-dir /Users/admin/builder/spi-builder-workspace/.swiftpm/xcode -Xcc -fmodule-map-file\=/Users/admin/builder/spi-builder-workspace/.derivedData/Build/Intermediates.noindex/GeneratedModuleMaps-watchos/CAsyncDNSResolver.modulemap -Xcc -D_LIBCPP_HARDENING_MODE\=_LIBCPP_HARDENING_MODE_DEBUG -Xcc -ivfsstatcache -Xcc /Users/admin/builder/spi-builder-workspace/.derivedData/SDKStatCaches.noindex/watchos27.0-24R360-e829b21a6f8c9b70876ba0858053c04477534ef55a1706bf4c1112bbb242f0a2.sdkstatcache -Xcc -fmodules-prune-interval\=86400 -Xcc -fmodules-prune-after\=345600 -Xcc -I/Users/admin/builder/spi-builder-workspace/.dependencies/checkouts/swift-async-dns-resolver/Sources/CAsyncDNSResolver/include -Xcc -I/Users/admin/builder/spi-builder-workspace/.derivedData/Build/Products/Debug-watchos/include -Xcc -I/Users/admin/builder/spi-builder-workspace/.derivedData/Build/Intermediates.noindex/Formic.build/Debug-watchos/Formic-t.build/DerivedSources-normal/arm64 -Xcc -I/Users/admin/builder/spi-builder-workspace/.derivedData/Build/Intermediates.noindex/Formic.build/Debug-watchos/Formic-t.build/DerivedSources/arm64 -Xcc -I/Users/admin/builder/spi-builder-workspace/.derivedData/Build/Intermediates.noindex/Formic.build/Debug-watchos/Formic-t.build/DerivedSources -Xcc -DSWIFT_PACKAGE -Xcc -DDEBUG\=1 -no-auto-bridging-header-chaining -module-name Formic -package-name spi_builder_workspace -const-gather-protocols-file /Users/admin/builder/spi-builder-workspace/.derivedData/Build/Intermediates.noindex/Formic.build/Debug-watchos/Formic-t.build/Objects-normal/arm64/Formic_const_extract_protocols.json -disable-clang-spi -clang-target arm64-apple-watchos27.0 -target-sdk-version 27.0 -target-sdk-name watchos27.0 -in-process-plugin-server-path /Applications/Xcode-27.0.0-Release.Candidate.app/Contents/Developer/Toolchains/XcodeDefault.xctoolchain/usr/lib/swift/host/libSwiftInProcPluginServer.dylib -parse-as-library -o /Users/admin/builder/spi-builder-workspace/.derivedData/Build/Intermediates.noindex/Formic.build/Debug-watchos/Formic-t.build/Objects-normal/arm64/VerifyAccess.o -o /Users/admin/builder/spi-builder-workspace/.derivedData/Build/Intermediates.noindex/Formic.build/Debug-watchos/Formic-t.build/Objects-normal/arm64/CommandInvoker.o -o /Users/admin/builder/spi-builder-workspace/.derivedData/Build/Intermediates.noindex/Formic.build/Debug-watchos/Formic-t.build/Objects-normal/arm64/LocalSystemAccess.o -debug-module-path /Users/admin/builder/spi-builder-workspace/.derivedData/Build/Intermediates.noindex/Formic.build/Debug-watchos/Formic-t.build/Objects-normal/arm64/Formic.swiftmodule -index-unit-output-path /Formic.build/Debug-watchos/Formic-t.build/Objects-normal/arm64/VerifyAccess.o -index-unit-output-path /Formic.build/Debug-watchos/Formic-t.build/Objects-normal/arm64/CommandInvoker.o -index-unit-output-path /Formic.build/Debug-watchos/Formic-t.build/Objects-normal/arm64/LocalSystemAccess.o -index-store-path /Users/admin/builder/spi-builder-workspace/.derivedData/Index.noindex/DataStore -index-system-modules
SwiftCompile normal arm64 Compiling\ CommandOutput.swift,\ AnyCommand.swift,\ CopyFrom.swift /Users/admin/builder/spi-builder-workspace/Sources/Formic/CommandOutput.swift /Users/admin/builder/spi-builder-workspace/Sources/Formic/Commands/AnyCommand.swift /Users/admin/builder/spi-builder-workspace/Sources/Formic/Commands/CopyFrom.swift (in target 'Formic' from project 'Formic')
SwiftCompile normal arm64 /Users/admin/builder/spi-builder-workspace/Sources/Formic/CommandOutput.swift (in target 'Formic' from project 'Formic')
    cd /Users/admin/builder/spi-builder-workspace/.swiftpm/xcode
    builtin-SwiftPerFileCompile CommandOutput.swift
SwiftCompile normal arm64 /Users/admin/builder/spi-builder-workspace/Sources/Formic/Commands/AnyCommand.swift (in target 'Formic' from project 'Formic')
    cd /Users/admin/builder/spi-builder-workspace/.swiftpm/xcode
    builtin-SwiftPerFileCompile AnyCommand.swift
SwiftCompile normal arm64 /Users/admin/builder/spi-builder-workspace/Sources/Formic/Commands/CopyFrom.swift (in target 'Formic' from project 'Formic')
    cd /Users/admin/builder/spi-builder-workspace/.swiftpm/xcode
    builtin-SwiftPerFileCompile CopyFrom.swift
SwiftCompile normal arm64 Compiling\ Backoff.swift,\ Command.swift,\ CommandError.swift /Users/admin/builder/spi-builder-workspace/Sources/Formic/Backoff.swift /Users/admin/builder/spi-builder-workspace/Sources/Formic/Command.swift /Users/admin/builder/spi-builder-workspace/Sources/Formic/CommandError.swift (in target 'Formic' from project 'Formic')
SwiftCompile normal arm64 /Users/admin/builder/spi-builder-workspace/Sources/Formic/Backoff.swift (in target 'Formic' from project 'Formic')
    cd /Users/admin/builder/spi-builder-workspace/.swiftpm/xcode
    builtin-SwiftPerFileCompile Backoff.swift
SwiftCompile normal arm64 /Users/admin/builder/spi-builder-workspace/Sources/Formic/Command.swift (in target 'Formic' from project 'Formic')
    cd /Users/admin/builder/spi-builder-workspace/.swiftpm/xcode
    builtin-SwiftPerFileCompile Command.swift
SwiftCompile normal arm64 /Users/admin/builder/spi-builder-workspace/Sources/Formic/CommandError.swift (in target 'Formic' from project 'Formic')
    cd /Users/admin/builder/spi-builder-workspace/.swiftpm/xcode
    builtin-SwiftPerFileCompile CommandError.swift
SwiftCompile normal arm64 Compiling\ Engine.swift,\ IPv4Address.swift,\ NetworkAddress.swift /Users/admin/builder/spi-builder-workspace/Sources/Formic/Engine/Engine.swift /Users/admin/builder/spi-builder-workspace/Sources/Formic/IPv4Address.swift /Users/admin/builder/spi-builder-workspace/Sources/Formic/NetworkAddress.swift (in target 'Formic' from project 'Formic')
SwiftCompile normal arm64 /Users/admin/builder/spi-builder-workspace/Sources/Formic/Engine/Engine.swift (in target 'Formic' from project 'Formic')
    cd /Users/admin/builder/spi-builder-workspace/.swiftpm/xcode
    builtin-SwiftPerFileCompile Engine.swift
SwiftCompile normal arm64 /Users/admin/builder/spi-builder-workspace/Sources/Formic/IPv4Address.swift (in target 'Formic' from project 'Formic')
    cd /Users/admin/builder/spi-builder-workspace/.swiftpm/xcode
    builtin-SwiftPerFileCompile IPv4Address.swift
SwiftCompile normal arm64 /Users/admin/builder/spi-builder-workspace/Sources/Formic/NetworkAddress.swift (in target 'Formic' from project 'Formic')
    cd /Users/admin/builder/spi-builder-workspace/.swiftpm/xcode
    builtin-SwiftPerFileCompile NetworkAddress.swift
SwiftCompile normal arm64 Compiling\ CopyInto.swift,\ SSHCommand.swift,\ ShellCommand.swift /Users/admin/builder/spi-builder-workspace/Sources/Formic/Commands/CopyInto.swift /Users/admin/builder/spi-builder-workspace/Sources/Formic/Commands/SSHCommand.swift /Users/admin/builder/spi-builder-workspace/Sources/Formic/Commands/ShellCommand.swift (in target 'Formic' from project 'Formic')
SwiftCompile normal arm64 /Users/admin/builder/spi-builder-workspace/Sources/Formic/Commands/CopyInto.swift (in target 'Formic' from project 'Formic')
    cd /Users/admin/builder/spi-builder-workspace/.swiftpm/xcode
    builtin-SwiftPerFileCompile CopyInto.swift
SwiftCompile normal arm64 /Users/admin/builder/spi-builder-workspace/Sources/Formic/Commands/SSHCommand.swift (in target 'Formic' from project 'Formic')
    cd /Users/admin/builder/spi-builder-workspace/.swiftpm/xcode
    builtin-SwiftPerFileCompile SSHCommand.swift
SwiftCompile normal arm64 /Users/admin/builder/spi-builder-workspace/Sources/Formic/Commands/ShellCommand.swift (in target 'Formic' from project 'Formic')
    cd /Users/admin/builder/spi-builder-workspace/.swiftpm/xcode
    builtin-SwiftPerFileCompile ShellCommand.swift
SwiftEmitModule normal arm64 Emitting\ module\ for\ Formic (in target 'Formic' from project 'Formic')
SwiftCompile normal arm64 (in target 'Formic' from project 'Formic')
    cd /Users/admin/builder/spi-builder-workspace/.swiftpm/xcode

SwiftCompile normal arm64 Compiling\ StatefulResource.swift,\ SSHAccessCredentials.swift /Users/admin/builder/spi-builder-workspace/Sources/Formic/Resources/StatefulResource.swift /Users/admin/builder/spi-builder-workspace/Sources/Formic/SSHAccessCredentials.swift (in target 'Formic' from project 'Formic')
SwiftCompile normal arm64 /Users/admin/builder/spi-builder-workspace/Sources/Formic/Resources/StatefulResource.swift (in target 'Formic' from project 'Formic')
    cd /Users/admin/builder/spi-builder-workspace/.swiftpm/xcode
    builtin-SwiftPerFileCompile StatefulResource.swift
SwiftCompile normal arm64 /Users/admin/builder/spi-builder-workspace/Sources/Formic/SSHAccessCredentials.swift (in target 'Formic' from project 'Formic')
    cd /Users/admin/builder/spi-builder-workspace/.swiftpm/xcode
    builtin-SwiftPerFileCompile SSHAccessCredentials.swift
SwiftCompile normal arm64 Compiling\ Resource.swift,\ ResourceError.swift,\ SingularResource.swift /Users/admin/builder/spi-builder-workspace/Sources/Formic/Resources/Resource.swift /Users/admin/builder/spi-builder-workspace/Sources/Formic/Resources/ResourceError.swift /Users/admin/builder/spi-builder-workspace/Sources/Formic/Resources/SingularResource.swift (in target 'Formic' from project 'Formic')
SwiftCompile normal arm64 /Users/admin/builder/spi-builder-workspace/Sources/Formic/Resources/Resource.swift (in target 'Formic' from project 'Formic')
    cd /Users/admin/builder/spi-builder-workspace/.swiftpm/xcode
    builtin-SwiftPerFileCompile Resource.swift
SwiftCompile normal arm64 /Users/admin/builder/spi-builder-workspace/Sources/Formic/Resources/ResourceError.swift (in target 'Formic' from project 'Formic')
    cd /Users/admin/builder/spi-builder-workspace/.swiftpm/xcode
    builtin-SwiftPerFileCompile ResourceError.swift
SwiftCompile normal arm64 /Users/admin/builder/spi-builder-workspace/Sources/Formic/Resources/SingularResource.swift (in target 'Formic' from project 'Formic')
    cd /Users/admin/builder/spi-builder-workspace/.swiftpm/xcode
    builtin-SwiftPerFileCompile SingularResource.swift
SwiftCompile normal arm64 Compiling\ RemoteHost.swift,\ Dpkg+Parsers.swift,\ Dpkg.swift /Users/admin/builder/spi-builder-workspace/Sources/Formic/RemoteHost.swift /Users/admin/builder/spi-builder-workspace/Sources/Formic/ResourceTypes/Dpkg+Parsers.swift /Users/admin/builder/spi-builder-workspace/Sources/Formic/ResourceTypes/Dpkg.swift (in target 'Formic' from project 'Formic')
SwiftCompile normal arm64 /Users/admin/builder/spi-builder-workspace/Sources/Formic/RemoteHost.swift (in target 'Formic' from project 'Formic')
    cd /Users/admin/builder/spi-builder-workspace/.swiftpm/xcode
    builtin-SwiftPerFileCompile RemoteHost.swift
SwiftCompile normal arm64 /Users/admin/builder/spi-builder-workspace/Sources/Formic/ResourceTypes/Dpkg+Parsers.swift (in target 'Formic' from project 'Formic')
    cd /Users/admin/builder/spi-builder-workspace/.swiftpm/xcode
    builtin-SwiftPerFileCompile Dpkg+Parsers.swift
SwiftCompile normal arm64 /Users/admin/builder/spi-builder-workspace/Sources/Formic/ResourceTypes/Dpkg.swift (in target 'Formic' from project 'Formic')
    cd /Users/admin/builder/spi-builder-workspace/.swiftpm/xcode
    builtin-SwiftPerFileCompile Dpkg.swift
SwiftEmitModule normal arm64_32 Emitting\ module\ for\ Formic (in target 'Formic' from project 'Formic')
SwiftCompile normal arm64_32 (in target 'Formic' from project 'Formic')
    cd /Users/admin/builder/spi-builder-workspace/.swiftpm/xcode

PruneExplicitPrecompiledModules /Users/admin/builder/spi-builder-workspace/.derivedData/SDKExplicitPrecompiledModules
PruneExplicitPrecompiledModules /Users/admin/builder/spi-builder-workspace/.derivedData/Build/Intermediates.noindex/SwiftExplicitPrecompiledModules
PruneExplicitPrecompiledModules /Users/admin/builder/spi-builder-workspace/.derivedData/Build/Intermediates.noindex/ExplicitPrecompiledModules
2026-09-21 18:50:16.696 xcodebuild[1294:6799] [MT] IDERunDestination: Supported platforms for the buildables in the current scheme is empty.
** BUILD FAILED **
The following build commands failed:
	SwiftCompile normal arm64 /Users/admin/builder/spi-builder-workspace/Sources/Formic/DependencyProxies/ProcessCommandInvoker.swift (in target 'Formic' from project 'Formic')
	SwiftCompile normal arm64 Compiling\ ProcessCommandInvoker.swift,\ CommandExecutionResult.swift,\ CommandOutputDetail.swift /Users/admin/builder/spi-builder-workspace/Sources/Formic/DependencyProxies/ProcessCommandInvoker.swift /Users/admin/builder/spi-builder-workspace/Sources/Formic/Engine/CommandExecutionResult.swift /Users/admin/builder/spi-builder-workspace/Sources/Formic/Engine/CommandOutputDetail.swift (in target 'Formic' from project 'Formic')
	SwiftCompile normal arm64 /Users/admin/builder/spi-builder-workspace/Sources/Formic/DependencyProxies/LocalSystemAccess.swift (in target 'Formic' from project 'Formic')
	SwiftCompile normal arm64 Compiling\ VerifyAccess.swift,\ CommandInvoker.swift,\ LocalSystemAccess.swift /Users/admin/builder/spi-builder-workspace/Sources/Formic/Commands/VerifyAccess.swift /Users/admin/builder/spi-builder-workspace/Sources/Formic/DependencyProxies/CommandInvoker.swift /Users/admin/builder/spi-builder-workspace/Sources/Formic/DependencyProxies/LocalSystemAccess.swift (in target 'Formic' from project 'Formic')
	Building workspace Formic with scheme Formic
(5 failures)
Command line invocation:
    /Applications/Xcode-27.0.0-Release.Candidate.app/Contents/Developer/usr/bin/xcodebuild -IDEClonedSourcePackagesDirPathOverride=/Users/admin/builder/spi-builder-workspace/.dependencies -resolvePackageDependencies
Resolve Package Graph
Resolved source packages:
  swift-format: https://github.com/swiftlang/swift-format.git @ 600.0.0
  combine-schedulers: https://github.com/pointfreeco/combine-schedulers @ 1.2.2
  cmark-gfm: https://github.com/swiftlang/swift-cmark.git @ 0.9.0
  swift-log-testing: https://github.com/neallester/swift-log-testing.git @ 0.0.1
  swift-log: https://github.com/apple/swift-log.git @ 1.15.1
  swift-syntax: https://github.com/swiftlang/swift-syntax.git @ 600.0.1
  swift-async-dns-resolver: https://github.com/apple/swift-async-dns-resolver @ 0.8.0
  swift-parsing: https://github.com/pointfreeco/swift-parsing @ 0.15.2
  swift-issue-reporting: https://github.com/pointfreeco/swift-issue-reporting @ 2.1.0
  swift-case-paths: https://github.com/pointfreeco/swift-case-paths @ 1.10.0
  swift-concurrency-extras: https://github.com/pointfreeco/swift-concurrency-extras @ 1.4.1
  swift-markdown: https://github.com/apple/swift-markdown.git @ 0.9.0
  Formic: /Users/admin/builder/spi-builder-workspace
  swift-dependencies: https://github.com/pointfreeco/swift-dependencies @ 1.17.1
  swift-argument-parser: https://github.com/apple/swift-argument-parser.git @ 1.8.2
  swift-clocks: https://github.com/pointfreeco/swift-clocks @ 1.1.1
resolved source packages: swift-format, combine-schedulers, cmark-gfm, swift-log-testing, swift-log, swift-syntax, swift-async-dns-resolver, swift-parsing, swift-issue-reporting, swift-case-paths, swift-concurrency-extras, swift-markdown, Formic, swift-dependencies, swift-argument-parser, swift-clocks
2026-09-21 18:51:06.677 xcodebuild[2644:13681] [MT] IDERunDestination: Supported platforms for the buildables in the current scheme is empty.
{
  "dependencies" : [
    {
      "identity" : "swift-argument-parser",
      "requirement" : {
        "range" : [
          {
            "lower_bound" : "1.5.0",
            "upper_bound" : "2.0.0"
          }
        ]
      },
      "type" : "sourceControl",
      "url" : "https://github.com/apple/swift-argument-parser.git"
    },
    {
      "identity" : "swift-async-dns-resolver",
      "requirement" : {
        "range" : [
          {
            "lower_bound" : "0.1.0",
            "upper_bound" : "1.0.0"
          }
        ]
      },
      "type" : "sourceControl",
      "url" : "https://github.com/apple/swift-async-dns-resolver"
    },
    {
      "identity" : "swift-log",
      "requirement" : {
        "range" : [
          {
            "lower_bound" : "1.0.0",
            "upper_bound" : "2.0.0"
          }
        ]
      },
      "type" : "sourceControl",
      "url" : "https://github.com/apple/swift-log.git"
    },
    {
      "identity" : "swift-parsing",
      "requirement" : {
        "range" : [
          {
            "lower_bound" : "0.13.0",
            "upper_bound" : "1.0.0"
          }
        ]
      },
      "type" : "sourceControl",
      "url" : "https://github.com/pointfreeco/swift-parsing"
    },
    {
      "identity" : "swift-dependencies",
      "requirement" : {
        "range" : [
          {
            "lower_bound" : "1.0.0",
            "upper_bound" : "2.0.0"
          }
        ]
      },
      "type" : "sourceControl",
      "url" : "https://github.com/pointfreeco/swift-dependencies"
    },
    {
      "identity" : "swift-format",
      "requirement" : {
        "range" : [
          {
            "lower_bound" : "600.0.0",
            "upper_bound" : "601.0.0"
          }
        ]
      },
      "type" : "sourceControl",
      "url" : "https://github.com/swiftlang/swift-format.git"
    },
    {
      "identity" : "swift-log-testing",
      "requirement" : {
        "range" : [
          {
            "lower_bound" : "0.0.1",
            "upper_bound" : "1.0.0"
          }
        ]
      },
      "type" : "sourceControl",
      "url" : "https://github.com/neallester/swift-log-testing.git"
    }
  ],
  "manifest_display_name" : "Formic",
  "name" : "Formic",
  "path" : "/Users/admin/builder/spi-builder-workspace",
  "platforms" : [
    {
      "name" : "macos",
      "version" : "13.0"
    },
    {
      "name" : "ios",
      "version" : "16.0"
    }
  ],
  "products" : [
    {
      "name" : "Formic",
      "targets" : [
        "Formic"
      ],
      "type" : {
        "library" : [
          "automatic"
        ]
      }
    }
  ],
  "swift_languages_versions" : [
    "6"
  ],
  "targets" : [
    {
      "c99name" : "FormicTests",
      "module_type" : "SwiftTarget",
      "name" : "FormicTests",
      "path" : "Tests",
      "product_dependencies" : [
        "SwiftLogTesting"
      ],
      "resources" : [
        {
          "path" : "/Users/admin/builder/spi-builder-workspace/Tests/formicTests/Fixtures/id_ed25519",
          "rule" : {
            "copy" : {
            }
          }
        },
        {
          "path" : "/Users/admin/builder/spi-builder-workspace/Tests/formicTests/Fixtures/id_ed25519.pub",
          "rule" : {
            "copy" : {
            }
          }
        }
      ],
      "sources" : [
        "formicTests/BackoffTests.swift",
        "formicTests/CommandExecutionOutputTests.swift",
        "formicTests/CommandInvokerTests.swift",
        "formicTests/CommandOutputTests.swift",
        "formicTests/Commands/AnyCommandTests.swift",
        "formicTests/Commands/CopyFromTests.swift",
        "formicTests/Commands/CopyIntoTests.swift",
        "formicTests/Commands/ShellCommandTests.swift",
        "formicTests/Commands/VerifyAccessCommandTests.swift",
        "formicTests/EngineTests.swift",
        "formicTests/HostTests.swift",
        "formicTests/IPv4AddressTests.swift",
        "formicTests/IntegrationTests/CIIntegrationTests.swift",
        "formicTests/NetworkAddressTests.swift",
        "formicTests/Resources/OperatingSystemTests.swift",
        "formicTests/Resources/PackagesTests.swift",
        "formicTests/Resources/SwarmInitTests.swift",
        "formicTests/SSHAccessCredentialsTests.swift",
        "formicTests/TestDependencies.swift",
        "formicTests/TestError.swift",
        "formicTests/TestTags.swift"
      ],
      "target_dependencies" : [
        "Formic"
      ],
      "type" : "test"
    },
    {
      "c99name" : "Formic",
      "module_type" : "SwiftTarget",
      "name" : "Formic",
      "path" : "Sources/Formic",
      "product_dependencies" : [
        "ArgumentParser",
        "AsyncDNSResolver",
        "Parsing",
        "Dependencies",
        "Logging"
      ],
      "product_memberships" : [
        "Formic"
      ],
      "sources" : [
        "Backoff.swift",
        "Command.swift",
        "CommandError.swift",
        "CommandOutput.swift",
        "Commands/AnyCommand.swift",
        "Commands/CopyFrom.swift",
        "Commands/CopyInto.swift",
        "Commands/SSHCommand.swift",
        "Commands/ShellCommand.swift",
        "Commands/VerifyAccess.swift",
        "DependencyProxies/CommandInvoker.swift",
        "DependencyProxies/LocalSystemAccess.swift",
        "DependencyProxies/ProcessCommandInvoker.swift",
        "Engine/CommandExecutionResult.swift",
        "Engine/CommandOutputDetail.swift",
        "Engine/Engine.swift",
        "IPv4Address.swift",
        "NetworkAddress.swift",
        "RemoteHost.swift",
        "ResourceTypes/Dpkg+Parsers.swift",
        "ResourceTypes/Dpkg.swift",
        "ResourceTypes/OperatingSystem.swift",
        "ResourceTypes/Swarm+Parsers.swift",
        "Resources/CollectionResource.swift",
        "Resources/Resource.swift",
        "Resources/ResourceError.swift",
        "Resources/SingularResource.swift",
        "Resources/StatefulResource.swift",
        "SSHAccessCredentials.swift"
      ],
      "type" : "library"
    }
  ],
  "tools_version" : "6.0"
}
{
  "workspace" : {
    "name" : "Formic",
    "schemes" : [
      "Formic"
    ]
  }
}
2026-09-21 18:51:09.637 xcodebuild[2663:13814] [MT] IDERunDestination: Supported platforms for the buildables in the current scheme is empty.
Running build ...
env DEVELOPER_DIR=/Applications/Xcode-27.0.0-Release.Candidate.app xcrun xcodebuild -IDEClonedSourcePackagesDirPathOverride=$PWD/.dependencies -skipMacroValidation -skipPackagePluginValidation -derivedDataPath $PWD/.derivedData build -scheme Formic -destination generic/platform=watchOS
Command line invocation:
    /Applications/Xcode-27.0.0-Release.Candidate.app/Contents/Developer/usr/bin/xcodebuild -IDEClonedSourcePackagesDirPathOverride=/Users/admin/builder/spi-builder-workspace/.dependencies -skipMacroValidation -skipPackagePluginValidation -derivedDataPath /Users/admin/builder/spi-builder-workspace/.derivedData build -scheme Formic -destination generic/platform=watchOS
Resolve Package Graph
Resolved source packages:
  combine-schedulers: https://github.com/pointfreeco/combine-schedulers @ 1.2.2
  swift-argument-parser: https://github.com/apple/swift-argument-parser.git @ 1.8.2
  swift-log: https://github.com/apple/swift-log.git @ 1.15.1
  swift-log-testing: https://github.com/neallester/swift-log-testing.git @ 0.0.1
  swift-format: https://github.com/swiftlang/swift-format.git @ 600.0.0
  swift-case-paths: https://github.com/pointfreeco/swift-case-paths @ 1.10.0
  swift-async-dns-resolver: https://github.com/apple/swift-async-dns-resolver @ 0.8.0
  cmark-gfm: https://github.com/swiftlang/swift-cmark.git @ 0.9.0
  swift-issue-reporting: https://github.com/pointfreeco/swift-issue-reporting @ 2.1.0
  swift-markdown: https://github.com/apple/swift-markdown.git @ 0.9.0
  swift-concurrency-extras: https://github.com/pointfreeco/swift-concurrency-extras @ 1.4.1
  swift-parsing: https://github.com/pointfreeco/swift-parsing @ 0.15.2
  Formic: /Users/admin/builder/spi-builder-workspace
  swift-dependencies: https://github.com/pointfreeco/swift-dependencies @ 1.17.1
  swift-syntax: https://github.com/swiftlang/swift-syntax.git @ 600.0.1
  swift-clocks: https://github.com/pointfreeco/swift-clocks @ 1.1.1
ComputePackagePrebuildTargetDependencyGraph
Prepare packages
CreateBuildRequest
SendProjectDescription
CreateBuildOperation
ComputeTargetDependencyGraph
note: Building targets in dependency order
note: Target dependency graph (47 targets)
    Target 'Formic-product' in project 'Formic'
        ➜ Explicit dependency on target 'Formic' in project 'Formic'
        ➜ Explicit dependency on target 'ArgumentParser-product' in project 'swift-argument-parser'
        ➜ Explicit dependency on target 'AsyncDNSResolver-product' in project 'swift-async-dns-resolver'
        ➜ Explicit dependency on target 'Parsing-product' in project 'swift-parsing'
        ➜ Explicit dependency on target 'Dependencies-product' in project 'swift-dependencies'
        ➜ Explicit dependency on target 'Logging-product' in project 'swift-log'
    Target 'Formic' in project 'Formic'
        ➜ Explicit dependency on target 'ArgumentParser-product' in project 'swift-argument-parser'
        ➜ Explicit dependency on target 'AsyncDNSResolver-product' in project 'swift-async-dns-resolver'
        ➜ Explicit dependency on target 'Parsing-product' in project 'swift-parsing'
        ➜ Explicit dependency on target 'Dependencies-product' in project 'swift-dependencies'
        ➜ Explicit dependency on target 'Logging-product' in project 'swift-log'
    Target 'Logging-product' in project 'swift-log'
        ➜ Explicit dependency on target 'Logging' in project 'swift-log'
    Target 'Logging' in project 'swift-log' (no dependencies)
    Target 'Dependencies-product' in project 'swift-dependencies'
        ➜ Explicit dependency on target 'Dependencies' in project 'swift-dependencies'
        ➜ Explicit dependency on target 'Clocks-product' in project 'swift-clocks'
        ➜ Explicit dependency on target 'CombineSchedulers-product' in project 'combine-schedulers'
        ➜ Explicit dependency on target 'ConcurrencyExtras-product' in project 'swift-concurrency-extras'
        ➜ Explicit dependency on target 'IssueReporting-product' in project 'swift-issue-reporting'
    Target 'Dependencies' in project 'swift-dependencies'
        ➜ Explicit dependency on target 'Clocks-product' in project 'swift-clocks'
        ➜ Explicit dependency on target 'CombineSchedulers-product' in project 'combine-schedulers'
        ➜ Explicit dependency on target 'ConcurrencyExtras-product' in project 'swift-concurrency-extras'
        ➜ Explicit dependency on target 'IssueReporting-product' in project 'swift-issue-reporting'
    Target 'CombineSchedulers-product' in project 'combine-schedulers'
        ➜ Explicit dependency on target 'CombineSchedulers' in project 'combine-schedulers'
        ➜ Explicit dependency on target 'ConcurrencyExtras-product' in project 'swift-concurrency-extras'
        ➜ Explicit dependency on target 'IssueReporting-product' in project 'swift-issue-reporting'
    Target 'CombineSchedulers' in project 'combine-schedulers'
        ➜ Explicit dependency on target 'ConcurrencyExtras-product' in project 'swift-concurrency-extras'
        ➜ Explicit dependency on target 'IssueReporting-product' in project 'swift-issue-reporting'
    Target 'Clocks-product' in project 'swift-clocks'
        ➜ Explicit dependency on target 'Clocks' in project 'swift-clocks'
        ➜ Explicit dependency on target 'ConcurrencyExtras-product' in project 'swift-concurrency-extras'
        ➜ Explicit dependency on target 'IssueReporting-product' in project 'swift-issue-reporting'
    Target 'Clocks' in project 'swift-clocks'
        ➜ Explicit dependency on target 'ConcurrencyExtras-product' in project 'swift-concurrency-extras'
        ➜ Explicit dependency on target 'IssueReporting-product' in project 'swift-issue-reporting'
    Target 'ConcurrencyExtras-product' in project 'swift-concurrency-extras'
        ➜ Explicit dependency on target 'ConcurrencyExtras' in project 'swift-concurrency-extras'
    Target 'ConcurrencyExtras' in project 'swift-concurrency-extras' (no dependencies)
    Target 'Parsing-product' in project 'swift-parsing'
        ➜ Explicit dependency on target 'Parsing' in project 'swift-parsing'
        ➜ Explicit dependency on target 'CasePaths-product' in project 'swift-case-paths'
    Target 'Parsing' in project 'swift-parsing'
        ➜ Explicit dependency on target 'CasePaths-product' in project 'swift-case-paths'
    Target 'CasePaths-product' in project 'swift-case-paths'
        ➜ Explicit dependency on target 'CasePaths' in project 'swift-case-paths'
        ➜ Explicit dependency on target 'CasePathsCore' in project 'swift-case-paths'
        ➜ Explicit dependency on target 'CasePathsMacros' in project 'swift-case-paths'
        ➜ Explicit dependency on target 'IssueReporting-product' in project 'swift-issue-reporting'
    Target 'CasePaths' in project 'swift-case-paths'
        ➜ Explicit dependency on target 'CasePathsCore' in project 'swift-case-paths'
        ➜ Explicit dependency on target 'CasePathsMacros' in project 'swift-case-paths'
        ➜ Explicit dependency on target 'IssueReporting-product' in project 'swift-issue-reporting'
    Target 'CasePathsMacros' in project 'swift-case-paths'
        ➜ Explicit dependency on target 'CasePathsMacrosSupport' in project 'swift-case-paths'
        ➜ Explicit dependency on target 'SwiftSyntaxMacros-product' in project 'swift-syntax'
        ➜ Explicit dependency on target 'SwiftCompilerPlugin-product' in project 'swift-syntax'
        ➜ Explicit dependency on target 'SwiftDiagnostics-product' in project 'swift-syntax'
        ➜ Explicit dependency on target 'SwiftSyntax-product' in project 'swift-syntax'
        ➜ Explicit dependency on target 'SwiftSyntaxBuilder-product' in project 'swift-syntax'
    Target 'CasePathsMacrosSupport' in project 'swift-case-paths'
        ➜ Explicit dependency on target 'SwiftSyntaxMacros-product' in project 'swift-syntax'
        ➜ Explicit dependency on target 'SwiftCompilerPlugin-product' in project 'swift-syntax'
        ➜ Explicit dependency on target 'SwiftDiagnostics-product' in project 'swift-syntax'
        ➜ Explicit dependency on target 'SwiftSyntax-product' in project 'swift-syntax'
        ➜ Explicit dependency on target 'SwiftSyntaxBuilder-product' in project 'swift-syntax'
    Target 'SwiftSyntaxBuilder-product' in project 'swift-syntax'
        ➜ Explicit dependency on target 'SwiftSyntaxBuilder' in project 'swift-syntax'
        ➜ Explicit dependency on target '_SwiftSyntaxCShims' in project 'swift-syntax'
        ➜ Explicit dependency on target 'SwiftSyntax509' in project 'swift-syntax'
        ➜ Explicit dependency on target 'SwiftSyntax510' in project 'swift-syntax'
        ➜ Explicit dependency on target 'SwiftSyntax600' in project 'swift-syntax'
        ➜ Explicit dependency on target 'SwiftSyntax' in project 'swift-syntax'
        ➜ Explicit dependency on target 'SwiftBasicFormat' in project 'swift-syntax'
        ➜ Explicit dependency on target 'SwiftParser' in project 'swift-syntax'
        ➜ Explicit dependency on target 'SwiftDiagnostics' in project 'swift-syntax'
        ➜ Explicit dependency on target 'SwiftParserDiagnostics' in project 'swift-syntax'
    Target 'SwiftSyntax-product' in project 'swift-syntax'
        ➜ Explicit dependency on target 'SwiftSyntax' in project 'swift-syntax'
        ➜ Explicit dependency on target '_SwiftSyntaxCShims' in project 'swift-syntax'
        ➜ Explicit dependency on target 'SwiftSyntax509' in project 'swift-syntax'
        ➜ Explicit dependency on target 'SwiftSyntax510' in project 'swift-syntax'
        ➜ Explicit dependency on target 'SwiftSyntax600' in project 'swift-syntax'
    Target 'SwiftDiagnostics-product' in project 'swift-syntax'
        ➜ Explicit dependency on target 'SwiftDiagnostics' in project 'swift-syntax'
        ➜ Explicit dependency on target '_SwiftSyntaxCShims' in project 'swift-syntax'
        ➜ Explicit dependency on target 'SwiftSyntax509' in project 'swift-syntax'
        ➜ Explicit dependency on target 'SwiftSyntax510' in project 'swift-syntax'
        ➜ Explicit dependency on target 'SwiftSyntax600' in project 'swift-syntax'
        ➜ Explicit dependency on target 'SwiftSyntax' in project 'swift-syntax'
    Target 'SwiftCompilerPlugin-product' in project 'swift-syntax'
        ➜ Explicit dependency on target 'SwiftCompilerPlugin' in project 'swift-syntax'
        ➜ Explicit dependency on target '_SwiftSyntaxCShims' in project 'swift-syntax'
        ➜ Explicit dependency on target 'SwiftSyntax509' in project 'swift-syntax'
        ➜ Explicit dependency on target 'SwiftSyntax510' in project 'swift-syntax'
        ➜ Explicit dependency on target 'SwiftSyntax600' in project 'swift-syntax'
        ➜ Explicit dependency on target 'SwiftSyntax' in project 'swift-syntax'
        ➜ Explicit dependency on target 'SwiftDiagnostics' in project 'swift-syntax'
        ➜ Explicit dependency on target 'SwiftParser' in project 'swift-syntax'
        ➜ Explicit dependency on target 'SwiftOperators' in project 'swift-syntax'
        ➜ Explicit dependency on target 'SwiftBasicFormat' in project 'swift-syntax'
        ➜ Explicit dependency on target 'SwiftParserDiagnostics' in project 'swift-syntax'
        ➜ Explicit dependency on target 'SwiftSyntaxBuilder' in project 'swift-syntax'
        ➜ Explicit dependency on target 'SwiftSyntaxMacros' in project 'swift-syntax'
        ➜ Explicit dependency on target 'SwiftSyntaxMacroExpansion' in project 'swift-syntax'
        ➜ Explicit dependency on target 'SwiftCompilerPluginMessageHandling' in project 'swift-syntax'
    Target 'SwiftCompilerPlugin' in project 'swift-syntax'
        ➜ Explicit dependency on target '_SwiftSyntaxCShims' in project 'swift-syntax'
        ➜ Explicit dependency on target 'SwiftSyntax509' in project 'swift-syntax'
        ➜ Explicit dependency on target 'SwiftSyntax510' in project 'swift-syntax'
        ➜ Explicit dependency on target 'SwiftSyntax600' in project 'swift-syntax'
        ➜ Explicit dependency on target 'SwiftSyntax' in project 'swift-syntax'
        ➜ Explicit dependency on target 'SwiftDiagnostics' in project 'swift-syntax'
        ➜ Explicit dependency on target 'SwiftParser' in project 'swift-syntax'
        ➜ Explicit dependency on target 'SwiftOperators' in project 'swift-syntax'
        ➜ Explicit dependency on target 'SwiftBasicFormat' in project 'swift-syntax'
        ➜ Explicit dependency on target 'SwiftParserDiagnostics' in project 'swift-syntax'
        ➜ Explicit dependency on target 'SwiftSyntaxBuilder' in project 'swift-syntax'
        ➜ Explicit dependency on target 'SwiftSyntaxMacros' in project 'swift-syntax'
        ➜ Explicit dependency on target 'SwiftSyntaxMacroExpansion' in project 'swift-syntax'
        ➜ Explicit dependency on target 'SwiftCompilerPluginMessageHandling' in project 'swift-syntax'
    Target 'SwiftCompilerPluginMessageHandling' in project 'swift-syntax'
        ➜ Explicit dependency on target '_SwiftSyntaxCShims' in project 'swift-syntax'
        ➜ Explicit dependency on target 'SwiftSyntax509' in project 'swift-syntax'
        ➜ Explicit dependency on target 'SwiftSyntax510' in project 'swift-syntax'
        ➜ Explicit dependency on target 'SwiftSyntax600' in project 'swift-syntax'
        ➜ Explicit dependency on target 'SwiftSyntax' in project 'swift-syntax'
        ➜ Explicit dependency on target 'SwiftDiagnostics' in project 'swift-syntax'
        ➜ Explicit dependency on target 'SwiftParser' in project 'swift-syntax'
        ➜ Explicit dependency on target 'SwiftOperators' in project 'swift-syntax'
        ➜ Explicit dependency on target 'SwiftBasicFormat' in project 'swift-syntax'
        ➜ Explicit dependency on target 'SwiftParserDiagnostics' in project 'swift-syntax'
        ➜ Explicit dependency on target 'SwiftSyntaxBuilder' in project 'swift-syntax'
        ➜ Explicit dependency on target 'SwiftSyntaxMacros' in project 'swift-syntax'
        ➜ Explicit dependency on target 'SwiftSyntaxMacroExpansion' in project 'swift-syntax'
    Target 'SwiftSyntaxMacroExpansion' in project 'swift-syntax'
        ➜ Explicit dependency on target '_SwiftSyntaxCShims' in project 'swift-syntax'
        ➜ Explicit dependency on target 'SwiftSyntax509' in project 'swift-syntax'
        ➜ Explicit dependency on target 'SwiftSyntax510' in project 'swift-syntax'
        ➜ Explicit dependency on target 'SwiftSyntax600' in project 'swift-syntax'
        ➜ Explicit dependency on target 'SwiftSyntax' in project 'swift-syntax'
        ➜ Explicit dependency on target 'SwiftBasicFormat' in project 'swift-syntax'
        ➜ Explicit dependency on target 'SwiftParser' in project 'swift-syntax'
        ➜ Explicit dependency on target 'SwiftDiagnostics' in project 'swift-syntax'
        ➜ Explicit dependency on target 'SwiftParserDiagnostics' in project 'swift-syntax'
        ➜ Explicit dependency on target 'SwiftSyntaxBuilder' in project 'swift-syntax'
        ➜ Explicit dependency on target 'SwiftSyntaxMacros' in project 'swift-syntax'
        ➜ Explicit dependency on target 'SwiftOperators' in project 'swift-syntax'
    Target 'SwiftOperators' in project 'swift-syntax'
        ➜ Explicit dependency on target '_SwiftSyntaxCShims' in project 'swift-syntax'
        ➜ Explicit dependency on target 'SwiftSyntax509' in project 'swift-syntax'
        ➜ Explicit dependency on target 'SwiftSyntax510' in project 'swift-syntax'
        ➜ Explicit dependency on target 'SwiftSyntax600' in project 'swift-syntax'
        ➜ Explicit dependency on target 'SwiftSyntax' in project 'swift-syntax'
        ➜ Explicit dependency on target 'SwiftDiagnostics' in project 'swift-syntax'
        ➜ Explicit dependency on target 'SwiftParser' in project 'swift-syntax'
    Target 'SwiftSyntaxMacros-product' in project 'swift-syntax'
        ➜ Explicit dependency on target 'SwiftSyntaxMacros' in project 'swift-syntax'
        ➜ Explicit dependency on target '_SwiftSyntaxCShims' in project 'swift-syntax'
        ➜ Explicit dependency on target 'SwiftSyntax509' in project 'swift-syntax'
        ➜ Explicit dependency on target 'SwiftSyntax510' in project 'swift-syntax'
        ➜ Explicit dependency on target 'SwiftSyntax600' in project 'swift-syntax'
        ➜ Explicit dependency on target 'SwiftSyntax' in project 'swift-syntax'
        ➜ Explicit dependency on target 'SwiftDiagnostics' in project 'swift-syntax'
        ➜ Explicit dependency on target 'SwiftParser' in project 'swift-syntax'
        ➜ Explicit dependency on target 'SwiftBasicFormat' in project 'swift-syntax'
        ➜ Explicit dependency on target 'SwiftParserDiagnostics' in project 'swift-syntax'
        ➜ Explicit dependency on target 'SwiftSyntaxBuilder' in project 'swift-syntax'
    Target 'SwiftSyntaxMacros' in project 'swift-syntax'
        ➜ Explicit dependency on target '_SwiftSyntaxCShims' in project 'swift-syntax'
        ➜ Explicit dependency on target 'SwiftSyntax509' in project 'swift-syntax'
        ➜ Explicit dependency on target 'SwiftSyntax510' in project 'swift-syntax'
        ➜ Explicit dependency on target 'SwiftSyntax600' in project 'swift-syntax'
        ➜ Explicit dependency on target 'SwiftSyntax' in project 'swift-syntax'
        ➜ Explicit dependency on target 'SwiftDiagnostics' in project 'swift-syntax'
        ➜ Explicit dependency on target 'SwiftParser' in project 'swift-syntax'
        ➜ Explicit dependency on target 'SwiftBasicFormat' in project 'swift-syntax'
        ➜ Explicit dependency on target 'SwiftParserDiagnostics' in project 'swift-syntax'
        ➜ Explicit dependency on target 'SwiftSyntaxBuilder' in project 'swift-syntax'
    Target 'SwiftSyntaxBuilder' in project 'swift-syntax'
        ➜ Explicit dependency on target '_SwiftSyntaxCShims' in project 'swift-syntax'
        ➜ Explicit dependency on target 'SwiftSyntax509' in project 'swift-syntax'
        ➜ Explicit dependency on target 'SwiftSyntax510' in project 'swift-syntax'
        ➜ Explicit dependency on target 'SwiftSyntax600' in project 'swift-syntax'
        ➜ Explicit dependency on target 'SwiftSyntax' in project 'swift-syntax'
        ➜ Explicit dependency on target 'SwiftBasicFormat' in project 'swift-syntax'
        ➜ Explicit dependency on target 'SwiftParser' in project 'swift-syntax'
        ➜ Explicit dependency on target 'SwiftDiagnostics' in project 'swift-syntax'
        ➜ Explicit dependency on target 'SwiftParserDiagnostics' in project 'swift-syntax'
    Target 'SwiftParserDiagnostics' in project 'swift-syntax'
        ➜ Explicit dependency on target '_SwiftSyntaxCShims' in project 'swift-syntax'
        ➜ Explicit dependency on target 'SwiftSyntax509' in project 'swift-syntax'
        ➜ Explicit dependency on target 'SwiftSyntax510' in project 'swift-syntax'
        ➜ Explicit dependency on target 'SwiftSyntax600' in project 'swift-syntax'
        ➜ Explicit dependency on target 'SwiftSyntax' in project 'swift-syntax'
        ➜ Explicit dependency on target 'SwiftBasicFormat' in project 'swift-syntax'
        ➜ Explicit dependency on target 'SwiftDiagnostics' in project 'swift-syntax'
        ➜ Explicit dependency on target 'SwiftParser' in project 'swift-syntax'
    Target 'SwiftBasicFormat' in project 'swift-syntax'
        ➜ Explicit dependency on target '_SwiftSyntaxCShims' in project 'swift-syntax'
        ➜ Explicit dependency on target 'SwiftSyntax509' in project 'swift-syntax'
        ➜ Explicit dependency on target 'SwiftSyntax510' in project 'swift-syntax'
        ➜ Explicit dependency on target 'SwiftSyntax600' in project 'swift-syntax'
        ➜ Explicit dependency on target 'SwiftSyntax' in project 'swift-syntax'
    Target 'SwiftParser' in project 'swift-syntax'
        ➜ Explicit dependency on target '_SwiftSyntaxCShims' in project 'swift-syntax'
        ➜ Explicit dependency on target 'SwiftSyntax509' in project 'swift-syntax'
        ➜ Explicit dependency on target 'SwiftSyntax510' in project 'swift-syntax'
        ➜ Explicit dependency on target 'SwiftSyntax600' in project 'swift-syntax'
        ➜ Explicit dependency on target 'SwiftSyntax' in project 'swift-syntax'
    Target 'SwiftDiagnostics' in project 'swift-syntax'
        ➜ Explicit dependency on target '_SwiftSyntaxCShims' in project 'swift-syntax'
        ➜ Explicit dependency on target 'SwiftSyntax509' in project 'swift-syntax'
        ➜ Explicit dependency on target 'SwiftSyntax510' in project 'swift-syntax'
        ➜ Explicit dependency on target 'SwiftSyntax600' in project 'swift-syntax'
        ➜ Explicit dependency on target 'SwiftSyntax' in project 'swift-syntax'
    Target 'SwiftSyntax' in project 'swift-syntax'
        ➜ Explicit dependency on target '_SwiftSyntaxCShims' in project 'swift-syntax'
        ➜ Explicit dependency on target 'SwiftSyntax509' in project 'swift-syntax'
        ➜ Explicit dependency on target 'SwiftSyntax510' in project 'swift-syntax'
        ➜ Explicit dependency on target 'SwiftSyntax600' in project 'swift-syntax'
    Target 'SwiftSyntax600' in project 'swift-syntax' (no dependencies)
    Target 'SwiftSyntax510' in project 'swift-syntax' (no dependencies)
    Target 'SwiftSyntax509' in project 'swift-syntax' (no dependencies)
    Target '_SwiftSyntaxCShims' in project 'swift-syntax' (no dependencies)
    Target 'CasePathsCore' in project 'swift-case-paths'
        ➜ Explicit dependency on target 'IssueReporting-product' in project 'swift-issue-reporting'
    Target 'IssueReporting-product' in project 'swift-issue-reporting'
        ➜ Explicit dependency on target 'IssueReporting' in project 'swift-issue-reporting'
    Target 'IssueReporting' in project 'swift-issue-reporting' (no dependencies)
    Target 'AsyncDNSResolver-product' in project 'swift-async-dns-resolver'
        ➜ Explicit dependency on target 'AsyncDNSResolver' in project 'swift-async-dns-resolver'
        ➜ Explicit dependency on target 'CAsyncDNSResolver' in project 'swift-async-dns-resolver'
    Target 'AsyncDNSResolver' in project 'swift-async-dns-resolver'
        ➜ Explicit dependency on target 'CAsyncDNSResolver' in project 'swift-async-dns-resolver'
    Target 'CAsyncDNSResolver' in project 'swift-async-dns-resolver' (no dependencies)
    Target 'ArgumentParser-product' in project 'swift-argument-parser'
        ➜ Explicit dependency on target 'ArgumentParser' in project 'swift-argument-parser'
        ➜ Explicit dependency on target 'ArgumentParserToolInfo' in project 'swift-argument-parser'
    Target 'ArgumentParser' in project 'swift-argument-parser'
        ➜ Explicit dependency on target 'ArgumentParserToolInfo' in project 'swift-argument-parser'
    Target 'ArgumentParserToolInfo' in project 'swift-argument-parser' (no dependencies)
GatherProvisioningInputs
CreateBuildDescription
ClangStatCache /Applications/Xcode-27.0.0-Release.Candidate.app/Contents/Developer/Toolchains/XcodeDefault.xctoolchain/usr/bin/clang-stat-cache /Applications/Xcode-27.0.0-Release.Candidate.app/Contents/Developer/Platforms/WatchOS.platform/Developer/SDKs/WatchOS27.0.sdk /Users/admin/builder/spi-builder-workspace/.derivedData/SDKStatCaches.noindex/watchos27.0-24R360-e829b21a6f8c9b70876ba0858053c04477534ef55a1706bf4c1112bbb242f0a2.sdkstatcache
    cd /Users/admin/builder/spi-builder-workspace/.swiftpm/xcode
    /Applications/Xcode-27.0.0-Release.Candidate.app/Contents/Developer/Toolchains/XcodeDefault.xctoolchain/usr/bin/clang-stat-cache /Applications/Xcode-27.0.0-Release.Candidate.app/Contents/Developer/Platforms/WatchOS.platform/Developer/SDKs/WatchOS27.0.sdk -o /Users/admin/builder/spi-builder-workspace/.derivedData/SDKStatCaches.noindex/watchos27.0-24R360-e829b21a6f8c9b70876ba0858053c04477534ef55a1706bf4c1112bbb242f0a2.sdkstatcache
ClangStatCache /Applications/Xcode-27.0.0-Release.Candidate.app/Contents/Developer/Toolchains/XcodeDefault.xctoolchain/usr/bin/clang-stat-cache /Applications/Xcode-27.0.0-Release.Candidate.app/Contents/Developer/Platforms/MacOSX.platform/Developer/SDKs/MacOSX27.0.sdk /Users/admin/builder/spi-builder-workspace/.derivedData/SDKStatCaches.noindex/macosx27.0-26A425-e829b21a6f8c9b70876ba0858053c0446a22442a12e9d48fe1a705f55a1adfc4.sdkstatcache
    cd /Users/admin/builder/spi-builder-workspace/.swiftpm/xcode
    /Applications/Xcode-27.0.0-Release.Candidate.app/Contents/Developer/Toolchains/XcodeDefault.xctoolchain/usr/bin/clang-stat-cache /Applications/Xcode-27.0.0-Release.Candidate.app/Contents/Developer/Platforms/MacOSX.platform/Developer/SDKs/MacOSX27.0.sdk -o /Users/admin/builder/spi-builder-workspace/.derivedData/SDKStatCaches.noindex/macosx27.0-26A425-e829b21a6f8c9b70876ba0858053c0446a22442a12e9d48fe1a705f55a1adfc4.sdkstatcache
SwiftDriver Formic normal arm64 com.apple.xcode.tools.swift.compiler (in target 'Formic' from project 'Formic')
    cd /Users/admin/builder/spi-builder-workspace/.swiftpm/xcode
    builtin-SwiftDriver -- /Applications/Xcode-27.0.0-Release.Candidate.app/Contents/Developer/Toolchains/XcodeDefault.xctoolchain/usr/bin/swiftc -parse-as-library -module-name Formic -Onone @/Users/admin/builder/spi-builder-workspace/.derivedData/Build/Intermediates.noindex/Formic.build/Debug-watchos/Formic-t.build/Objects-normal/arm64/Formic.SwiftFileList -DSWIFT_PACKAGE -DDEBUG -DSWIFT_MODULE_RESOURCE_BUNDLE_UNAVAILABLE -Xcc -fmodule-map-file\=/Users/admin/builder/spi-builder-workspace/.derivedData/Build/Intermediates.noindex/GeneratedModuleMaps-watchos/CAsyncDNSResolver.modulemap -DXcode -plugin-path /Applications/Xcode-27.0.0-Release.Candidate.app/Contents/Developer/Toolchains/XcodeDefault.xctoolchain/usr/lib/swift/host/plugins/testing -enable-experimental-feature DebugDescriptionMacro -sdk /Applications/Xcode-27.0.0-Release.Candidate.app/Contents/Developer/Platforms/WatchOS.platform/Developer/SDKs/WatchOS27.0.sdk -target arm64-apple-watchos9.0 -g -module-cache-path /Users/admin/builder/spi-builder-workspace/.derivedData/ModuleCache.noindex -Xfrontend -serialize-debugging-options -profile-coverage-mapping -profile-generate -enable-testing -index-store-path /Users/admin/builder/spi-builder-workspace/.derivedData/Index.noindex/DataStore -Xcc -D_LIBCPP_HARDENING_MODE\=_LIBCPP_HARDENING_MODE_DEBUG -swift-version 6 -I /Users/admin/builder/spi-builder-workspace/.derivedData/Build/Products/Debug-watchos -Isystem /Applications/Xcode-27.0.0-Release.Candidate.app/Contents/Developer/Platforms/WatchOS.platform/Developer/usr/lib -F /Users/admin/builder/spi-builder-workspace/.derivedData/Build/Products/Debug-watchos/PackageFrameworks -F /Users/admin/builder/spi-builder-workspace/.derivedData/Build/Products/Debug-watchos -F /Applications/Xcode-27.0.0-Release.Candidate.app/Contents/Developer/Platforms/WatchOS.platform/Developer/Library/Frameworks -F /Applications/Xcode-27.0.0-Release.Candidate.app/Contents/Developer/Platforms/WatchOS.platform/Developer/SDKs/WatchOS27.0.sdk/Developer/Library/Frameworks -Xfrontend -load-plugin-executable -Xfrontend /Users/admin/builder/spi-builder-workspace/.derivedData/Build/Products/Debug/CasePathsMacros\#CasePathsMacros -c -j10 -enable-batch-mode -incremental -Xcc -ivfsstatcache -Xcc /Users/admin/builder/spi-builder-workspace/.derivedData/SDKStatCaches.noindex/watchos27.0-24R360-e829b21a6f8c9b70876ba0858053c04477534ef55a1706bf4c1112bbb242f0a2.sdkstatcache -output-file-map /Users/admin/builder/spi-builder-workspace/.derivedData/Build/Intermediates.noindex/Formic.build/Debug-watchos/Formic-t.build/Objects-normal/arm64/Formic-OutputFileMap.json -save-temps -no-color-diagnostics -explicit-module-build -module-cache-path /Users/admin/builder/spi-builder-workspace/.derivedData/Build/Intermediates.noindex/SwiftExplicitPrecompiledModules -clang-scanner-module-cache-path /Users/admin/builder/spi-builder-workspace/.derivedData/ModuleCache.noindex -sdk-module-cache-path /Users/admin/builder/spi-builder-workspace/.derivedData/SDKExplicitPrecompiledModules -emit-dependencies -emit-module -emit-module-path /Users/admin/builder/spi-builder-workspace/.derivedData/Build/Intermediates.noindex/Formic.build/Debug-watchos/Formic-t.build/Objects-normal/arm64/Formic.swiftmodule -serialize-diagnostics -dependency-scan-serialize-diagnostics-path /Users/admin/builder/spi-builder-workspace/.derivedData/Build/Intermediates.noindex/Formic.build/Debug-watchos/Formic-t.build/Objects-normal/arm64/Formic-dependency-scan.dia -validate-clang-modules-once -clang-build-session-file /Users/admin/builder/spi-builder-workspace/.derivedData/ModuleCache.noindex/Session.modulevalidation -Xcc -fmodules-prune-interval\=86400 -Xcc -fmodules-prune-after\=345600 -package-name spi_builder_workspace -emit-const-values -const-gather-protocols-list /Users/admin/builder/spi-builder-workspace/.derivedData/Build/Intermediates.noindex/Formic.build/Debug-watchos/Formic-t.build/Objects-normal/arm64/Formic_const_extract_protocols.json -Xcc -I/Users/admin/builder/spi-builder-workspace/.dependencies/checkouts/swift-async-dns-resolver/Sources/CAsyncDNSResolver/include -Xcc -I/Users/admin/builder/spi-builder-workspace/.derivedData/Build/Products/Debug-watchos/include -Xcc -I/Users/admin/builder/spi-builder-workspace/.derivedData/Build/Intermediates.noindex/Formic.build/Debug-watchos/Formic-t.build/DerivedSources-normal/arm64 -Xcc -I/Users/admin/builder/spi-builder-workspace/.derivedData/Build/Intermediates.noindex/Formic.build/Debug-watchos/Formic-t.build/DerivedSources/arm64 -Xcc -I/Users/admin/builder/spi-builder-workspace/.derivedData/Build/Intermediates.noindex/Formic.build/Debug-watchos/Formic-t.build/DerivedSources -Xcc -DSWIFT_PACKAGE -Xcc -DDEBUG\=1 -emit-objc-header -emit-objc-header-path /Users/admin/builder/spi-builder-workspace/.derivedData/Build/Intermediates.noindex/Formic.build/Debug-watchos/Formic-t.build/Objects-normal/arm64/Formic-Swift.h -working-directory /Users/admin/builder/spi-builder-workspace/.swiftpm/xcode -experimental-emit-module-separately -disable-cmo
SwiftDriver Formic normal arm64_32 com.apple.xcode.tools.swift.compiler (in target 'Formic' from project 'Formic')
    cd /Users/admin/builder/spi-builder-workspace/.swiftpm/xcode
    builtin-SwiftDriver -- /Applications/Xcode-27.0.0-Release.Candidate.app/Contents/Developer/Toolchains/XcodeDefault.xctoolchain/usr/bin/swiftc -parse-as-library -module-name Formic -Onone @/Users/admin/builder/spi-builder-workspace/.derivedData/Build/Intermediates.noindex/Formic.build/Debug-watchos/Formic-t.build/Objects-normal/arm64_32/Formic.SwiftFileList -DSWIFT_PACKAGE -DDEBUG -DSWIFT_MODULE_RESOURCE_BUNDLE_UNAVAILABLE -Xcc -fmodule-map-file\=/Users/admin/builder/spi-builder-workspace/.derivedData/Build/Intermediates.noindex/GeneratedModuleMaps-watchos/CAsyncDNSResolver.modulemap -DXcode -plugin-path /Applications/Xcode-27.0.0-Release.Candidate.app/Contents/Developer/Toolchains/XcodeDefault.xctoolchain/usr/lib/swift/host/plugins/testing -enable-experimental-feature DebugDescriptionMacro -sdk /Applications/Xcode-27.0.0-Release.Candidate.app/Contents/Developer/Platforms/WatchOS.platform/Developer/SDKs/WatchOS27.0.sdk -target arm64_32-apple-watchos9.0 -g -module-cache-path /Users/admin/builder/spi-builder-workspace/.derivedData/ModuleCache.noindex -Xfrontend -serialize-debugging-options -profile-coverage-mapping -profile-generate -enable-testing -index-store-path /Users/admin/builder/spi-builder-workspace/.derivedData/Index.noindex/DataStore -Xcc -D_LIBCPP_HARDENING_MODE\=_LIBCPP_HARDENING_MODE_DEBUG -swift-version 6 -I /Users/admin/builder/spi-builder-workspace/.derivedData/Build/Products/Debug-watchos -Isystem /Applications/Xcode-27.0.0-Release.Candidate.app/Contents/Developer/Platforms/WatchOS.platform/Developer/usr/lib -F /Users/admin/builder/spi-builder-workspace/.derivedData/Build/Products/Debug-watchos/PackageFrameworks -F /Users/admin/builder/spi-builder-workspace/.derivedData/Build/Products/Debug-watchos -F /Applications/Xcode-27.0.0-Release.Candidate.app/Contents/Developer/Platforms/WatchOS.platform/Developer/Library/Frameworks -F /Applications/Xcode-27.0.0-Release.Candidate.app/Contents/Developer/Platforms/WatchOS.platform/Developer/SDKs/WatchOS27.0.sdk/Developer/Library/Frameworks -Xfrontend -load-plugin-executable -Xfrontend /Users/admin/builder/spi-builder-workspace/.derivedData/Build/Products/Debug/CasePathsMacros\#CasePathsMacros -c -j10 -enable-batch-mode -incremental -Xcc -ivfsstatcache -Xcc /Users/admin/builder/spi-builder-workspace/.derivedData/SDKStatCaches.noindex/watchos27.0-24R360-e829b21a6f8c9b70876ba0858053c04477534ef55a1706bf4c1112bbb242f0a2.sdkstatcache -output-file-map /Users/admin/builder/spi-builder-workspace/.derivedData/Build/Intermediates.noindex/Formic.build/Debug-watchos/Formic-t.build/Objects-normal/arm64_32/Formic-OutputFileMap.json -save-temps -no-color-diagnostics -explicit-module-build -module-cache-path /Users/admin/builder/spi-builder-workspace/.derivedData/Build/Intermediates.noindex/SwiftExplicitPrecompiledModules -clang-scanner-module-cache-path /Users/admin/builder/spi-builder-workspace/.derivedData/ModuleCache.noindex -sdk-module-cache-path /Users/admin/builder/spi-builder-workspace/.derivedData/SDKExplicitPrecompiledModules -emit-dependencies -emit-module -emit-module-path /Users/admin/builder/spi-builder-workspace/.derivedData/Build/Intermediates.noindex/Formic.build/Debug-watchos/Formic-t.build/Objects-normal/arm64_32/Formic.swiftmodule -serialize-diagnostics -dependency-scan-serialize-diagnostics-path /Users/admin/builder/spi-builder-workspace/.derivedData/Build/Intermediates.noindex/Formic.build/Debug-watchos/Formic-t.build/Objects-normal/arm64_32/Formic-dependency-scan.dia -validate-clang-modules-once -clang-build-session-file /Users/admin/builder/spi-builder-workspace/.derivedData/ModuleCache.noindex/Session.modulevalidation -Xcc -fmodules-prune-interval\=86400 -Xcc -fmodules-prune-after\=345600 -package-name spi_builder_workspace -emit-const-values -const-gather-protocols-list /Users/admin/builder/spi-builder-workspace/.derivedData/Build/Intermediates.noindex/Formic.build/Debug-watchos/Formic-t.build/Objects-normal/arm64_32/Formic_const_extract_protocols.json -Xcc -I/Users/admin/builder/spi-builder-workspace/.dependencies/checkouts/swift-async-dns-resolver/Sources/CAsyncDNSResolver/include -Xcc -I/Users/admin/builder/spi-builder-workspace/.derivedData/Build/Products/Debug-watchos/include -Xcc -I/Users/admin/builder/spi-builder-workspace/.derivedData/Build/Intermediates.noindex/Formic.build/Debug-watchos/Formic-t.build/DerivedSources-normal/arm64_32 -Xcc -I/Users/admin/builder/spi-builder-workspace/.derivedData/Build/Intermediates.noindex/Formic.build/Debug-watchos/Formic-t.build/DerivedSources/arm64_32 -Xcc -I/Users/admin/builder/spi-builder-workspace/.derivedData/Build/Intermediates.noindex/Formic.build/Debug-watchos/Formic-t.build/DerivedSources -Xcc -DSWIFT_PACKAGE -Xcc -DDEBUG\=1 -emit-objc-header -emit-objc-header-path /Users/admin/builder/spi-builder-workspace/.derivedData/Build/Intermediates.noindex/Formic.build/Debug-watchos/Formic-t.build/Objects-normal/arm64_32/Formic-Swift.h -working-directory /Users/admin/builder/spi-builder-workspace/.swiftpm/xcode -experimental-emit-module-separately -disable-cmo
SwiftCompile normal arm64 Compiling\ CommandOutput.swift,\ AnyCommand.swift,\ CopyFrom.swift /Users/admin/builder/spi-builder-workspace/Sources/Formic/CommandOutput.swift /Users/admin/builder/spi-builder-workspace/Sources/Formic/Commands/AnyCommand.swift /Users/admin/builder/spi-builder-workspace/Sources/Formic/Commands/CopyFrom.swift (in target 'Formic' from project 'Formic')
SwiftCompile normal arm64 /Users/admin/builder/spi-builder-workspace/Sources/Formic/CommandOutput.swift (in target 'Formic' from project 'Formic')
    cd /Users/admin/builder/spi-builder-workspace/.swiftpm/xcode
    builtin-SwiftPerFileCompile CommandOutput.swift
SwiftCompile normal arm64 /Users/admin/builder/spi-builder-workspace/Sources/Formic/Commands/AnyCommand.swift (in target 'Formic' from project 'Formic')
    cd /Users/admin/builder/spi-builder-workspace/.swiftpm/xcode
    builtin-SwiftPerFileCompile AnyCommand.swift
SwiftCompile normal arm64 /Users/admin/builder/spi-builder-workspace/Sources/Formic/Commands/CopyFrom.swift (in target 'Formic' from project 'Formic')
    cd /Users/admin/builder/spi-builder-workspace/.swiftpm/xcode
    builtin-SwiftPerFileCompile CopyFrom.swift
SwiftCompile normal arm64 Compiling\ CopyInto.swift,\ SSHCommand.swift,\ ShellCommand.swift /Users/admin/builder/spi-builder-workspace/Sources/Formic/Commands/CopyInto.swift /Users/admin/builder/spi-builder-workspace/Sources/Formic/Commands/SSHCommand.swift /Users/admin/builder/spi-builder-workspace/Sources/Formic/Commands/ShellCommand.swift (in target 'Formic' from project 'Formic')
SwiftCompile normal arm64 /Users/admin/builder/spi-builder-workspace/Sources/Formic/Commands/CopyInto.swift (in target 'Formic' from project 'Formic')
    cd /Users/admin/builder/spi-builder-workspace/.swiftpm/xcode
    builtin-SwiftPerFileCompile CopyInto.swift
SwiftCompile normal arm64 /Users/admin/builder/spi-builder-workspace/Sources/Formic/Commands/SSHCommand.swift (in target 'Formic' from project 'Formic')
    cd /Users/admin/builder/spi-builder-workspace/.swiftpm/xcode
    builtin-SwiftPerFileCompile SSHCommand.swift
SwiftCompile normal arm64 /Users/admin/builder/spi-builder-workspace/Sources/Formic/Commands/ShellCommand.swift (in target 'Formic' from project 'Formic')
    cd /Users/admin/builder/spi-builder-workspace/.swiftpm/xcode
    builtin-SwiftPerFileCompile ShellCommand.swift
SwiftCompile normal arm64 Compiling\ Backoff.swift,\ Command.swift,\ CommandError.swift /Users/admin/builder/spi-builder-workspace/Sources/Formic/Backoff.swift /Users/admin/builder/spi-builder-workspace/Sources/Formic/Command.swift /Users/admin/builder/spi-builder-workspace/Sources/Formic/CommandError.swift (in target 'Formic' from project 'Formic')
SwiftCompile normal arm64 /Users/admin/builder/spi-builder-workspace/Sources/Formic/Backoff.swift (in target 'Formic' from project 'Formic')
    cd /Users/admin/builder/spi-builder-workspace/.swiftpm/xcode
    builtin-SwiftPerFileCompile Backoff.swift
SwiftCompile normal arm64 /Users/admin/builder/spi-builder-workspace/Sources/Formic/Command.swift (in target 'Formic' from project 'Formic')
    cd /Users/admin/builder/spi-builder-workspace/.swiftpm/xcode
    builtin-SwiftPerFileCompile Command.swift
SwiftCompile normal arm64 /Users/admin/builder/spi-builder-workspace/Sources/Formic/CommandError.swift (in target 'Formic' from project 'Formic')
    cd /Users/admin/builder/spi-builder-workspace/.swiftpm/xcode
    builtin-SwiftPerFileCompile CommandError.swift
SwiftCompile normal arm64 Compiling\ Engine.swift,\ IPv4Address.swift,\ NetworkAddress.swift /Users/admin/builder/spi-builder-workspace/Sources/Formic/Engine/Engine.swift /Users/admin/builder/spi-builder-workspace/Sources/Formic/IPv4Address.swift /Users/admin/builder/spi-builder-workspace/Sources/Formic/NetworkAddress.swift (in target 'Formic' from project 'Formic')
SwiftCompile normal arm64 /Users/admin/builder/spi-builder-workspace/Sources/Formic/Engine/Engine.swift (in target 'Formic' from project 'Formic')
    cd /Users/admin/builder/spi-builder-workspace/.swiftpm/xcode
    builtin-SwiftPerFileCompile Engine.swift
SwiftCompile normal arm64 /Users/admin/builder/spi-builder-workspace/Sources/Formic/IPv4Address.swift (in target 'Formic' from project 'Formic')
    cd /Users/admin/builder/spi-builder-workspace/.swiftpm/xcode
    builtin-SwiftPerFileCompile IPv4Address.swift
SwiftCompile normal arm64 /Users/admin/builder/spi-builder-workspace/Sources/Formic/NetworkAddress.swift (in target 'Formic' from project 'Formic')
    cd /Users/admin/builder/spi-builder-workspace/.swiftpm/xcode
    builtin-SwiftPerFileCompile NetworkAddress.swift
SwiftCompile normal arm64 Compiling\ StatefulResource.swift,\ SSHAccessCredentials.swift /Users/admin/builder/spi-builder-workspace/Sources/Formic/Resources/StatefulResource.swift /Users/admin/builder/spi-builder-workspace/Sources/Formic/SSHAccessCredentials.swift (in target 'Formic' from project 'Formic')
SwiftCompile normal arm64 /Users/admin/builder/spi-builder-workspace/Sources/Formic/Resources/StatefulResource.swift (in target 'Formic' from project 'Formic')
    cd /Users/admin/builder/spi-builder-workspace/.swiftpm/xcode
    builtin-SwiftPerFileCompile StatefulResource.swift
SwiftCompile normal arm64 /Users/admin/builder/spi-builder-workspace/Sources/Formic/SSHAccessCredentials.swift (in target 'Formic' from project 'Formic')
    cd /Users/admin/builder/spi-builder-workspace/.swiftpm/xcode
    builtin-SwiftPerFileCompile SSHAccessCredentials.swift
SwiftEmitModule normal arm64 Emitting\ module\ for\ Formic (in target 'Formic' from project 'Formic')
/Users/admin/builder/spi-builder-workspace/Sources/Formic/DependencyProxies/LocalSystemAccess.swift:23:50: error: 'homeDirectoryForCurrentUser' is unavailable in watchOS
21 | struct LiveLocalSystemAccess: LocalSystemAccess {
22 |     let username = ProcessInfo.processInfo.environment["USER"]
23 |     let homeDirectory: URL = FileManager.default.homeDirectoryForCurrentUser
   |                                                  `- error: 'homeDirectoryForCurrentUser' is unavailable in watchOS
24 |     func fileExists(atPath: String) -> Bool {
25 |         FileManager.default.fileExists(atPath: atPath)
/Applications/Xcode-27.0.0-Release.Candidate.app/Contents/Developer/Platforms/WatchOS.platform/Developer/SDKs/WatchOS27.0.sdk/System/Library/Frameworks/Foundation.framework/Headers/NSFileManager.h:1004:35: note: 'homeDirectoryForCurrentUser' has been explicitly marked unavailable here
1002 |
1003 | /// The home directory for the current user.
1004 | @property (readonly, copy) NSURL *homeDirectoryForCurrentUser API_AVAILABLE(macosx(10.12)) API_UNAVAILABLE(ios, watchos, tvos);
     |                                   `- note: 'homeDirectoryForCurrentUser' has been explicitly marked unavailable here
1005 | /// The temporary directory for the current user.
1006 | @property (readonly, copy) NSURL *temporaryDirectory API_AVAILABLE(macosx(10.12), ios(10.0), watchos(3.0), tvos(10.0));
Failed frontend command:
/Applications/Xcode-27.0.0-Release.Candidate.app/Contents/Developer/Toolchains/XcodeDefault.xctoolchain/usr/bin/swift-frontend -frontend -emit-module -experimental-skip-non-inlinable-function-bodies-without-types /Users/admin/builder/spi-builder-workspace/Sources/Formic/Backoff.swift /Users/admin/builder/spi-builder-workspace/Sources/Formic/Command.swift /Users/admin/builder/spi-builder-workspace/Sources/Formic/CommandError.swift /Users/admin/builder/spi-builder-workspace/Sources/Formic/CommandOutput.swift /Users/admin/builder/spi-builder-workspace/Sources/Formic/Commands/AnyCommand.swift /Users/admin/builder/spi-builder-workspace/Sources/Formic/Commands/CopyFrom.swift /Users/admin/builder/spi-builder-workspace/Sources/Formic/Commands/CopyInto.swift /Users/admin/builder/spi-builder-workspace/Sources/Formic/Commands/SSHCommand.swift /Users/admin/builder/spi-builder-workspace/Sources/Formic/Commands/ShellCommand.swift /Users/admin/builder/spi-builder-workspace/Sources/Formic/Commands/VerifyAccess.swift /Users/admin/builder/spi-builder-workspace/Sources/Formic/DependencyProxies/CommandInvoker.swift /Users/admin/builder/spi-builder-workspace/Sources/Formic/DependencyProxies/LocalSystemAccess.swift /Users/admin/builder/spi-builder-workspace/Sources/Formic/DependencyProxies/ProcessCommandInvoker.swift /Users/admin/builder/spi-builder-workspace/Sources/Formic/Engine/CommandExecutionResult.swift /Users/admin/builder/spi-builder-workspace/Sources/Formic/Engine/CommandOutputDetail.swift /Users/admin/builder/spi-builder-workspace/Sources/Formic/Engine/Engine.swift /Users/admin/builder/spi-builder-workspace/Sources/Formic/IPv4Address.swift /Users/admin/builder/spi-builder-workspace/Sources/Formic/NetworkAddress.swift /Users/admin/builder/spi-builder-workspace/Sources/Formic/RemoteHost.swift /Users/admin/builder/spi-builder-workspace/Sources/Formic/ResourceTypes/Dpkg+Parsers.swift /Users/admin/builder/spi-builder-workspace/Sources/Formic/ResourceTypes/Dpkg.swift /Users/admin/builder/spi-builder-workspace/Sources/Formic/ResourceTypes/OperatingSystem.swift /Users/admin/builder/spi-builder-workspace/Sources/Formic/ResourceTypes/Swarm+Parsers.swift /Users/admin/builder/spi-builder-workspace/Sources/Formic/Resources/CollectionResource.swift /Users/admin/builder/spi-builder-workspace/Sources/Formic/Resources/Resource.swift /Users/admin/builder/spi-builder-workspace/Sources/Formic/Resources/ResourceError.swift /Users/admin/builder/spi-builder-workspace/Sources/Formic/Resources/SingularResource.swift /Users/admin/builder/spi-builder-workspace/Sources/Formic/Resources/StatefulResource.swift /Users/admin/builder/spi-builder-workspace/Sources/Formic/SSHAccessCredentials.swift -target arm64-apple-watchos9.0 -disable-cross-import-overlay-search -load-resolved-plugin \#/Users/admin/builder/spi-builder-workspace/.derivedData/Build/Products/Debug/CasePathsMacros\#CasePathsMacros -load-resolved-plugin /Applications/Xcode-27.0.0-Release.Candidate.app/Contents/Developer/Platforms/WatchOS.platform/Developer/usr/lib/swift/host/plugins/libFoundationMacros.dylib\#/Applications/Xcode-27.0.0-Release.Candidate.app/Contents/Developer/Platforms/WatchOS.platform/Developer/usr/bin/swift-plugin-server\#FoundationMacros -load-resolved-plugin /Applications/Xcode-27.0.0-Release.Candidate.app/Contents/Developer/Platforms/WatchOS.platform/Developer/usr/lib/swift/host/plugins/libObservationMacros.dylib\#/Applications/Xcode-27.0.0-Release.Candidate.app/Contents/Developer/Platforms/WatchOS.platform/Developer/usr/bin/swift-plugin-server\#ObservationMacros -load-resolved-plugin /Applications/Xcode-27.0.0-Release.Candidate.app/Contents/Developer/Platforms/WatchOS.platform/Developer/usr/lib/swift/host/plugins/libPreviewsMacros.dylib\#/Applications/Xcode-27.0.0-Release.Candidate.app/Contents/Developer/Platforms/WatchOS.platform/Developer/usr/bin/swift-plugin-server\#PreviewsMacros -load-resolved-plugin /Applications/Xcode-27.0.0-Release.Candidate.app/Contents/Developer/Platforms/WatchOS.platform/Developer/usr/lib/swift/host/plugins/libSwiftMacros.dylib\#/Applications/Xcode-27.0.0-Release.Candidate.app/Contents/Developer/Platforms/WatchOS.platform/Developer/usr/bin/swift-plugin-server\#SwiftMacros -load-resolved-plugin /Applications/Xcode-27.0.0-Release.Candidate.app/Contents/Developer/Platforms/WatchOS.platform/Developer/usr/lib/swift/host/plugins/libSwiftUIMacros.dylib\#/Applications/Xcode-27.0.0-Release.Candidate.app/Contents/Developer/Platforms/WatchOS.platform/Developer/usr/bin/swift-plugin-server\#SwiftUIMacros -disable-implicit-swift-modules -Xcc -fno-implicit-modules -Xcc -fno-implicit-module-maps -explicit-swift-module-map-file /Users/admin/builder/spi-builder-workspace/.derivedData/Build/Intermediates.noindex/Formic.build/Debug-watchos/Formic-t.build/Objects-normal/arm64/Formic-dependencies-1.json -Xllvm -aarch64-use-tbi -enable-objc-interop -stack-check -sdk /Applications/Xcode-27.0.0-Release.Candidate.app/Contents/Developer/Platforms/WatchOS.platform/Developer/SDKs/WatchOS27.0.sdk -I /Users/admin/builder/spi-builder-workspace/.derivedData/Build/Products/Debug-watchos -Isystem /Applications/Xcode-27.0.0-Release.Candidate.app/Contents/Developer/Platforms/WatchOS.platform/Developer/usr/lib -F /Users/admin/builder/spi-builder-workspace/.derivedData/Build/Products/Debug-watchos/PackageFrameworks -F /Users/admin/builder/spi-builder-workspace/.derivedData/Build/Products/Debug-watchos -F /Applications/Xcode-27.0.0-Release.Candidate.app/Contents/Developer/Platforms/WatchOS.platform/Developer/Library/Frameworks -F /Applications/Xcode-27.0.0-Release.Candidate.app/Contents/Developer/Platforms/WatchOS.platform/Developer/SDKs/WatchOS27.0.sdk/Developer/Library/Frameworks -module-cache-path /Users/admin/builder/spi-builder-workspace/.derivedData/Build/Intermediates.noindex/SwiftExplicitPrecompiledModules -no-color-diagnostics -Xcc -fno-color-diagnostics -enable-testing -g -debug-info-format\=dwarf -dwarf-version\=4 -profile-generate -profile-coverage-mapping -swift-version 6 -Onone -D SWIFT_PACKAGE -D DEBUG -D SWIFT_MODULE_RESOURCE_BUNDLE_UNAVAILABLE -D Xcode -serialize-debugging-options -load-plugin-executable /Users/admin/builder/spi-builder-workspace/.derivedData/Build/Products/Debug/CasePathsMacros\#CasePathsMacros -enable-experimental-feature DebugDescriptionMacro -empty-abi-descriptor -validate-clang-modules-once -clang-build-session-file /Users/admin/builder/spi-builder-workspace/.derivedData/ModuleCache.noindex/Session.modulevalidation -Xcc -working-directory -Xcc /Users/admin/builder/spi-builder-workspace/.swiftpm/xcode -enable-anonymous-context-mangled-names -file-compilation-dir /Users/admin/builder/spi-builder-workspace/.swiftpm/xcode -Xcc -fmodule-map-file\=/Users/admin/builder/spi-builder-workspace/.derivedData/Build/Intermediates.noindex/GeneratedModuleMaps-watchos/CAsyncDNSResolver.modulemap -Xcc -D_LIBCPP_HARDENING_MODE\=_LIBCPP_HARDENING_MODE_DEBUG -Xcc -ivfsstatcache -Xcc /Users/admin/builder/spi-builder-workspace/.derivedData/SDKStatCaches.noindex/watchos27.0-24R360-e829b21a6f8c9b70876ba0858053c04477534ef55a1706bf4c1112bbb242f0a2.sdkstatcache -Xcc -fmodules-prune-interval\=86400 -Xcc -fmodules-prune-after\=345600 -Xcc -I/Users/admin/builder/spi-builder-workspace/.dependencies/checkouts/swift-async-dns-resolver/Sources/CAsyncDNSResolver/include -Xcc -I/Users/admin/builder/spi-builder-workspace/.derivedData/Build/Products/Debug-watchos/include -Xcc -I/Users/admin/builder/spi-builder-workspace/.derivedData/Build/Intermediates.noindex/Formic.build/Debug-watchos/Formic-t.build/DerivedSources-normal/arm64 -Xcc -I/Users/admin/builder/spi-builder-workspace/.derivedData/Build/Intermediates.noindex/Formic.build/Debug-watchos/Formic-t.build/DerivedSources/arm64 -Xcc -I/Users/admin/builder/spi-builder-workspace/.derivedData/Build/Intermediates.noindex/Formic.build/Debug-watchos/Formic-t.build/DerivedSources -Xcc -DSWIFT_PACKAGE -Xcc -DDEBUG\=1 -no-auto-bridging-header-chaining -module-name Formic -package-name spi_builder_workspace -const-gather-protocols-file /Users/admin/builder/spi-builder-workspace/.derivedData/Build/Intermediates.noindex/Formic.build/Debug-watchos/Formic-t.build/Objects-normal/arm64/Formic_const_extract_protocols.json -disable-clang-spi -clang-target arm64-apple-watchos27.0 -target-sdk-version 27.0 -target-sdk-name watchos27.0 -in-process-plugin-server-path /Applications/Xcode-27.0.0-Release.Candidate.app/Contents/Developer/Toolchains/XcodeDefault.xctoolchain/usr/lib/swift/host/libSwiftInProcPluginServer.dylib -emit-module-doc-path /Users/admin/builder/spi-builder-workspace/.derivedData/Build/Intermediates.noindex/Formic.build/Debug-watchos/Formic-t.build/Objects-normal/arm64/Formic.swiftdoc -emit-module-source-info-path /Users/admin/builder/spi-builder-workspace/.derivedData/Build/Intermediates.noindex/Formic.build/Debug-watchos/Formic-t.build/Objects-normal/arm64/Formic.swiftsourceinfo -emit-objc-header-path /Users/admin/builder/spi-builder-workspace/.derivedData/Build/Intermediates.noindex/Formic.build/Debug-watchos/Formic-t.build/Objects-normal/arm64/Formic-Swift.h -serialize-diagnostics-path /Users/admin/builder/spi-builder-workspace/.derivedData/Build/Intermediates.noindex/Formic.build/Debug-watchos/Formic-t.build/Objects-normal/arm64/Formic-primary-emit-module.dia -emit-dependencies-path /Users/admin/builder/spi-builder-workspace/.derivedData/Build/Intermediates.noindex/Formic.build/Debug-watchos/Formic-t.build/Objects-normal/arm64/Formic-primary-emit-module.d -parse-as-library -o /Users/admin/builder/spi-builder-workspace/.derivedData/Build/Intermediates.noindex/Formic.build/Debug-watchos/Formic-t.build/Objects-normal/arm64/Formic.swiftmodule -emit-abi-descriptor-path /Users/admin/builder/spi-builder-workspace/.derivedData/Build/Intermediates.noindex/Formic.build/Debug-watchos/Formic-t.build/Objects-normal/arm64/Formic.abi.json
SwiftCompile normal arm64 (in target 'Formic' from project 'Formic')
    cd /Users/admin/builder/spi-builder-workspace/.swiftpm/xcode

SwiftCompile normal arm64 Compiling\ RemoteHost.swift,\ Dpkg+Parsers.swift,\ Dpkg.swift /Users/admin/builder/spi-builder-workspace/Sources/Formic/RemoteHost.swift /Users/admin/builder/spi-builder-workspace/Sources/Formic/ResourceTypes/Dpkg+Parsers.swift /Users/admin/builder/spi-builder-workspace/Sources/Formic/ResourceTypes/Dpkg.swift (in target 'Formic' from project 'Formic')
SwiftCompile normal arm64 /Users/admin/builder/spi-builder-workspace/Sources/Formic/RemoteHost.swift (in target 'Formic' from project 'Formic')
    cd /Users/admin/builder/spi-builder-workspace/.swiftpm/xcode
    builtin-SwiftPerFileCompile RemoteHost.swift
SwiftCompile normal arm64 /Users/admin/builder/spi-builder-workspace/Sources/Formic/ResourceTypes/Dpkg+Parsers.swift (in target 'Formic' from project 'Formic')
    cd /Users/admin/builder/spi-builder-workspace/.swiftpm/xcode
    builtin-SwiftPerFileCompile Dpkg+Parsers.swift
SwiftCompile normal arm64 /Users/admin/builder/spi-builder-workspace/Sources/Formic/ResourceTypes/Dpkg.swift (in target 'Formic' from project 'Formic')
    cd /Users/admin/builder/spi-builder-workspace/.swiftpm/xcode
    builtin-SwiftPerFileCompile Dpkg.swift
SwiftCompile normal arm64_32 Compiling\ Resource.swift,\ ResourceError.swift,\ SingularResource.swift /Users/admin/builder/spi-builder-workspace/Sources/Formic/Resources/Resource.swift /Users/admin/builder/spi-builder-workspace/Sources/Formic/Resources/ResourceError.swift /Users/admin/builder/spi-builder-workspace/Sources/Formic/Resources/SingularResource.swift (in target 'Formic' from project 'Formic')
SwiftCompile normal arm64_32 /Users/admin/builder/spi-builder-workspace/Sources/Formic/Resources/Resource.swift (in target 'Formic' from project 'Formic')
    cd /Users/admin/builder/spi-builder-workspace/.swiftpm/xcode
    builtin-SwiftPerFileCompile Resource.swift
SwiftCompile normal arm64_32 /Users/admin/builder/spi-builder-workspace/Sources/Formic/Resources/ResourceError.swift (in target 'Formic' from project 'Formic')
    cd /Users/admin/builder/spi-builder-workspace/.swiftpm/xcode
    builtin-SwiftPerFileCompile ResourceError.swift
SwiftCompile normal arm64_32 /Users/admin/builder/spi-builder-workspace/Sources/Formic/Resources/SingularResource.swift (in target 'Formic' from project 'Formic')
    cd /Users/admin/builder/spi-builder-workspace/.swiftpm/xcode
    builtin-SwiftPerFileCompile SingularResource.swift
SwiftEmitModule normal arm64_32 Emitting\ module\ for\ Formic (in target 'Formic' from project 'Formic')
/Users/admin/builder/spi-builder-workspace/Sources/Formic/DependencyProxies/LocalSystemAccess.swift:23:50: error: 'homeDirectoryForCurrentUser' is unavailable in watchOS
21 | struct LiveLocalSystemAccess: LocalSystemAccess {
22 |     let username = ProcessInfo.processInfo.environment["USER"]
23 |     let homeDirectory: URL = FileManager.default.homeDirectoryForCurrentUser
   |                                                  `- error: 'homeDirectoryForCurrentUser' is unavailable in watchOS
24 |     func fileExists(atPath: String) -> Bool {
25 |         FileManager.default.fileExists(atPath: atPath)
/Applications/Xcode-27.0.0-Release.Candidate.app/Contents/Developer/Platforms/WatchOS.platform/Developer/SDKs/WatchOS27.0.sdk/System/Library/Frameworks/Foundation.framework/Headers/NSFileManager.h:1004:35: note: 'homeDirectoryForCurrentUser' has been explicitly marked unavailable here
1002 |
1003 | /// The home directory for the current user.
1004 | @property (readonly, copy) NSURL *homeDirectoryForCurrentUser API_AVAILABLE(macosx(10.12)) API_UNAVAILABLE(ios, watchos, tvos);
     |                                   `- note: 'homeDirectoryForCurrentUser' has been explicitly marked unavailable here
1005 | /// The temporary directory for the current user.
1006 | @property (readonly, copy) NSURL *temporaryDirectory API_AVAILABLE(macosx(10.12), ios(10.0), watchos(3.0), tvos(10.0));
Failed frontend command:
/Applications/Xcode-27.0.0-Release.Candidate.app/Contents/Developer/Toolchains/XcodeDefault.xctoolchain/usr/bin/swift-frontend -frontend -emit-module -experimental-skip-non-inlinable-function-bodies-without-types /Users/admin/builder/spi-builder-workspace/Sources/Formic/Backoff.swift /Users/admin/builder/spi-builder-workspace/Sources/Formic/Command.swift /Users/admin/builder/spi-builder-workspace/Sources/Formic/CommandError.swift /Users/admin/builder/spi-builder-workspace/Sources/Formic/CommandOutput.swift /Users/admin/builder/spi-builder-workspace/Sources/Formic/Commands/AnyCommand.swift /Users/admin/builder/spi-builder-workspace/Sources/Formic/Commands/CopyFrom.swift /Users/admin/builder/spi-builder-workspace/Sources/Formic/Commands/CopyInto.swift /Users/admin/builder/spi-builder-workspace/Sources/Formic/Commands/SSHCommand.swift /Users/admin/builder/spi-builder-workspace/Sources/Formic/Commands/ShellCommand.swift /Users/admin/builder/spi-builder-workspace/Sources/Formic/Commands/VerifyAccess.swift /Users/admin/builder/spi-builder-workspace/Sources/Formic/DependencyProxies/CommandInvoker.swift /Users/admin/builder/spi-builder-workspace/Sources/Formic/DependencyProxies/LocalSystemAccess.swift /Users/admin/builder/spi-builder-workspace/Sources/Formic/DependencyProxies/ProcessCommandInvoker.swift /Users/admin/builder/spi-builder-workspace/Sources/Formic/Engine/CommandExecutionResult.swift /Users/admin/builder/spi-builder-workspace/Sources/Formic/Engine/CommandOutputDetail.swift /Users/admin/builder/spi-builder-workspace/Sources/Formic/Engine/Engine.swift /Users/admin/builder/spi-builder-workspace/Sources/Formic/IPv4Address.swift /Users/admin/builder/spi-builder-workspace/Sources/Formic/NetworkAddress.swift /Users/admin/builder/spi-builder-workspace/Sources/Formic/RemoteHost.swift /Users/admin/builder/spi-builder-workspace/Sources/Formic/ResourceTypes/Dpkg+Parsers.swift /Users/admin/builder/spi-builder-workspace/Sources/Formic/ResourceTypes/Dpkg.swift /Users/admin/builder/spi-builder-workspace/Sources/Formic/ResourceTypes/OperatingSystem.swift /Users/admin/builder/spi-builder-workspace/Sources/Formic/ResourceTypes/Swarm+Parsers.swift /Users/admin/builder/spi-builder-workspace/Sources/Formic/Resources/CollectionResource.swift /Users/admin/builder/spi-builder-workspace/Sources/Formic/Resources/Resource.swift /Users/admin/builder/spi-builder-workspace/Sources/Formic/Resources/ResourceError.swift /Users/admin/builder/spi-builder-workspace/Sources/Formic/Resources/SingularResource.swift /Users/admin/builder/spi-builder-workspace/Sources/Formic/Resources/StatefulResource.swift /Users/admin/builder/spi-builder-workspace/Sources/Formic/SSHAccessCredentials.swift -target arm64_32-apple-watchos9.0 -disable-cross-import-overlay-search -load-resolved-plugin \#/Users/admin/builder/spi-builder-workspace/.derivedData/Build/Products/Debug/CasePathsMacros\#CasePathsMacros -load-resolved-plugin /Applications/Xcode-27.0.0-Release.Candidate.app/Contents/Developer/Platforms/WatchOS.platform/Developer/usr/lib/swift/host/plugins/libFoundationMacros.dylib\#/Applications/Xcode-27.0.0-Release.Candidate.app/Contents/Developer/Platforms/WatchOS.platform/Developer/usr/bin/swift-plugin-server\#FoundationMacros -load-resolved-plugin /Applications/Xcode-27.0.0-Release.Candidate.app/Contents/Developer/Platforms/WatchOS.platform/Developer/usr/lib/swift/host/plugins/libObservationMacros.dylib\#/Applications/Xcode-27.0.0-Release.Candidate.app/Contents/Developer/Platforms/WatchOS.platform/Developer/usr/bin/swift-plugin-server\#ObservationMacros -load-resolved-plugin /Applications/Xcode-27.0.0-Release.Candidate.app/Contents/Developer/Platforms/WatchOS.platform/Developer/usr/lib/swift/host/plugins/libPreviewsMacros.dylib\#/Applications/Xcode-27.0.0-Release.Candidate.app/Contents/Developer/Platforms/WatchOS.platform/Developer/usr/bin/swift-plugin-server\#PreviewsMacros -load-resolved-plugin /Applications/Xcode-27.0.0-Release.Candidate.app/Contents/Developer/Platforms/WatchOS.platform/Developer/usr/lib/swift/host/plugins/libSwiftMacros.dylib\#/Applications/Xcode-27.0.0-Release.Candidate.app/Contents/Developer/Platforms/WatchOS.platform/Developer/usr/bin/swift-plugin-server\#SwiftMacros -load-resolved-plugin /Applications/Xcode-27.0.0-Release.Candidate.app/Contents/Developer/Platforms/WatchOS.platform/Developer/usr/lib/swift/host/plugins/libSwiftUIMacros.dylib\#/Applications/Xcode-27.0.0-Release.Candidate.app/Contents/Developer/Platforms/WatchOS.platform/Developer/usr/bin/swift-plugin-server\#SwiftUIMacros -disable-implicit-swift-modules -Xcc -fno-implicit-modules -Xcc -fno-implicit-module-maps -explicit-swift-module-map-file /Users/admin/builder/spi-builder-workspace/.derivedData/Build/Intermediates.noindex/Formic.build/Debug-watchos/Formic-t.build/Objects-normal/arm64_32/Formic-dependencies-2.json -enable-objc-interop -sdk /Applications/Xcode-27.0.0-Release.Candidate.app/Contents/Developer/Platforms/WatchOS.platform/Developer/SDKs/WatchOS27.0.sdk -I /Users/admin/builder/spi-builder-workspace/.derivedData/Build/Products/Debug-watchos -Isystem /Applications/Xcode-27.0.0-Release.Candidate.app/Contents/Developer/Platforms/WatchOS.platform/Developer/usr/lib -F /Users/admin/builder/spi-builder-workspace/.derivedData/Build/Products/Debug-watchos/PackageFrameworks -F /Users/admin/builder/spi-builder-workspace/.derivedData/Build/Products/Debug-watchos -F /Applications/Xcode-27.0.0-Release.Candidate.app/Contents/Developer/Platforms/WatchOS.platform/Developer/Library/Frameworks -F /Applications/Xcode-27.0.0-Release.Candidate.app/Contents/Developer/Platforms/WatchOS.platform/Developer/SDKs/WatchOS27.0.sdk/Developer/Library/Frameworks -module-cache-path /Users/admin/builder/spi-builder-workspace/.derivedData/Build/Intermediates.noindex/SwiftExplicitPrecompiledModules -no-color-diagnostics -Xcc -fno-color-diagnostics -enable-testing -g -debug-info-format\=dwarf -dwarf-version\=4 -profile-generate -profile-coverage-mapping -swift-version 6 -Onone -D SWIFT_PACKAGE -D DEBUG -D SWIFT_MODULE_RESOURCE_BUNDLE_UNAVAILABLE -D Xcode -serialize-debugging-options -load-plugin-executable /Users/admin/builder/spi-builder-workspace/.derivedData/Build/Products/Debug/CasePathsMacros\#CasePathsMacros -enable-experimental-feature DebugDescriptionMacro -empty-abi-descriptor -validate-clang-modules-once -clang-build-session-file /Users/admin/builder/spi-builder-workspace/.derivedData/ModuleCache.noindex/Session.modulevalidation -Xcc -working-directory -Xcc /Users/admin/builder/spi-builder-workspace/.swiftpm/xcode -enable-anonymous-context-mangled-names -file-compilation-dir /Users/admin/builder/spi-builder-workspace/.swiftpm/xcode -Xcc -fmodule-map-file\=/Users/admin/builder/spi-builder-workspace/.derivedData/Build/Intermediates.noindex/GeneratedModuleMaps-watchos/CAsyncDNSResolver.modulemap -Xcc -D_LIBCPP_HARDENING_MODE\=_LIBCPP_HARDENING_MODE_DEBUG -Xcc -ivfsstatcache -Xcc /Users/admin/builder/spi-builder-workspace/.derivedData/SDKStatCaches.noindex/watchos27.0-24R360-e829b21a6f8c9b70876ba0858053c04477534ef55a1706bf4c1112bbb242f0a2.sdkstatcache -Xcc -fmodules-prune-interval\=86400 -Xcc -fmodules-prune-after\=345600 -Xcc -I/Users/admin/builder/spi-builder-workspace/.dependencies/checkouts/swift-async-dns-resolver/Sources/CAsyncDNSResolver/include -Xcc -I/Users/admin/builder/spi-builder-workspace/.derivedData/Build/Products/Debug-watchos/include -Xcc -I/Users/admin/builder/spi-builder-workspace/.derivedData/Build/Intermediates.noindex/Formic.build/Debug-watchos/Formic-t.build/DerivedSources-normal/arm64_32 -Xcc -I/Users/admin/builder/spi-builder-workspace/.derivedData/Build/Intermediates.noindex/Formic.build/Debug-watchos/Formic-t.build/DerivedSources/arm64_32 -Xcc -I/Users/admin/builder/spi-builder-workspace/.derivedData/Build/Intermediates.noindex/Formic.build/Debug-watchos/Formic-t.build/DerivedSources -Xcc -DSWIFT_PACKAGE -Xcc -DDEBUG\=1 -no-auto-bridging-header-chaining -module-name Formic -package-name spi_builder_workspace -const-gather-protocols-file /Users/admin/builder/spi-builder-workspace/.derivedData/Build/Intermediates.noindex/Formic.build/Debug-watchos/Formic-t.build/Objects-normal/arm64_32/Formic_const_extract_protocols.json -disable-clang-spi -clang-target arm64_32-apple-watchos27.0 -target-sdk-version 27.0 -target-sdk-name watchos27.0 -in-process-plugin-server-path /Applications/Xcode-27.0.0-Release.Candidate.app/Contents/Developer/Toolchains/XcodeDefault.xctoolchain/usr/lib/swift/host/libSwiftInProcPluginServer.dylib -emit-module-doc-path /Users/admin/builder/spi-builder-workspace/.derivedData/Build/Intermediates.noindex/Formic.build/Debug-watchos/Formic-t.build/Objects-normal/arm64_32/Formic.swiftdoc -emit-module-source-info-path /Users/admin/builder/spi-builder-workspace/.derivedData/Build/Intermediates.noindex/Formic.build/Debug-watchos/Formic-t.build/Objects-normal/arm64_32/Formic.swiftsourceinfo -emit-objc-header-path /Users/admin/builder/spi-builder-workspace/.derivedData/Build/Intermediates.noindex/Formic.build/Debug-watchos/Formic-t.build/Objects-normal/arm64_32/Formic-Swift.h -serialize-diagnostics-path /Users/admin/builder/spi-builder-workspace/.derivedData/Build/Intermediates.noindex/Formic.build/Debug-watchos/Formic-t.build/Objects-normal/arm64_32/Formic-primary-emit-module.dia -emit-dependencies-path /Users/admin/builder/spi-builder-workspace/.derivedData/Build/Intermediates.noindex/Formic.build/Debug-watchos/Formic-t.build/Objects-normal/arm64_32/Formic-primary-emit-module.d -parse-as-library -o /Users/admin/builder/spi-builder-workspace/.derivedData/Build/Intermediates.noindex/Formic.build/Debug-watchos/Formic-t.build/Objects-normal/arm64_32/Formic.swiftmodule -emit-abi-descriptor-path /Users/admin/builder/spi-builder-workspace/.derivedData/Build/Intermediates.noindex/Formic.build/Debug-watchos/Formic-t.build/Objects-normal/arm64_32/Formic.abi.json
SwiftCompile normal arm64_32 (in target 'Formic' from project 'Formic')
    cd /Users/admin/builder/spi-builder-workspace/.swiftpm/xcode

SwiftCompile normal arm64_32 Compiling\ OperatingSystem.swift,\ Swarm+Parsers.swift,\ CollectionResource.swift /Users/admin/builder/spi-builder-workspace/Sources/Formic/ResourceTypes/OperatingSystem.swift /Users/admin/builder/spi-builder-workspace/Sources/Formic/ResourceTypes/Swarm+Parsers.swift /Users/admin/builder/spi-builder-workspace/Sources/Formic/Resources/CollectionResource.swift (in target 'Formic' from project 'Formic')
SwiftCompile normal arm64_32 /Users/admin/builder/spi-builder-workspace/Sources/Formic/ResourceTypes/OperatingSystem.swift (in target 'Formic' from project 'Formic')
    cd /Users/admin/builder/spi-builder-workspace/.swiftpm/xcode
    builtin-SwiftPerFileCompile OperatingSystem.swift
SwiftCompile normal arm64_32 /Users/admin/builder/spi-builder-workspace/Sources/Formic/ResourceTypes/Swarm+Parsers.swift (in target 'Formic' from project 'Formic')
    cd /Users/admin/builder/spi-builder-workspace/.swiftpm/xcode
    builtin-SwiftPerFileCompile Swarm+Parsers.swift
SwiftCompile normal arm64_32 /Users/admin/builder/spi-builder-workspace/Sources/Formic/Resources/CollectionResource.swift (in target 'Formic' from project 'Formic')
    cd /Users/admin/builder/spi-builder-workspace/.swiftpm/xcode
    builtin-SwiftPerFileCompile CollectionResource.swift
SwiftCompile normal arm64_32 Compiling\ VerifyAccess.swift,\ CommandInvoker.swift,\ LocalSystemAccess.swift /Users/admin/builder/spi-builder-workspace/Sources/Formic/Commands/VerifyAccess.swift /Users/admin/builder/spi-builder-workspace/Sources/Formic/DependencyProxies/CommandInvoker.swift /Users/admin/builder/spi-builder-workspace/Sources/Formic/DependencyProxies/LocalSystemAccess.swift (in target 'Formic' from project 'Formic')
SwiftCompile normal arm64_32 /Users/admin/builder/spi-builder-workspace/Sources/Formic/Commands/VerifyAccess.swift (in target 'Formic' from project 'Formic')
    cd /Users/admin/builder/spi-builder-workspace/.swiftpm/xcode
    builtin-SwiftPerFileCompile VerifyAccess.swift
SwiftCompile normal arm64_32 /Users/admin/builder/spi-builder-workspace/Sources/Formic/DependencyProxies/CommandInvoker.swift (in target 'Formic' from project 'Formic')
    cd /Users/admin/builder/spi-builder-workspace/.swiftpm/xcode
    builtin-SwiftPerFileCompile CommandInvoker.swift
SwiftCompile normal arm64_32 /Users/admin/builder/spi-builder-workspace/Sources/Formic/DependencyProxies/LocalSystemAccess.swift (in target 'Formic' from project 'Formic')
    cd /Users/admin/builder/spi-builder-workspace/.swiftpm/xcode
    builtin-SwiftPerFileCompile LocalSystemAccess.swift
SwiftDriverJobDiscovery normal arm64 Compiling StatefulResource.swift, SSHAccessCredentials.swift (in target 'Formic' from project 'Formic')
SwiftCompile normal arm64_32 Compiling\ CopyInto.swift,\ SSHCommand.swift,\ ShellCommand.swift /Users/admin/builder/spi-builder-workspace/Sources/Formic/Commands/CopyInto.swift /Users/admin/builder/spi-builder-workspace/Sources/Formic/Commands/SSHCommand.swift /Users/admin/builder/spi-builder-workspace/Sources/Formic/Commands/ShellCommand.swift (in target 'Formic' from project 'Formic')
SwiftCompile normal arm64_32 /Users/admin/builder/spi-builder-workspace/Sources/Formic/Commands/CopyInto.swift (in target 'Formic' from project 'Formic')
    cd /Users/admin/builder/spi-builder-workspace/.swiftpm/xcode
    builtin-SwiftPerFileCompile CopyInto.swift
SwiftCompile normal arm64_32 /Users/admin/builder/spi-builder-workspace/Sources/Formic/Commands/SSHCommand.swift (in target 'Formic' from project 'Formic')
    cd /Users/admin/builder/spi-builder-workspace/.swiftpm/xcode
    builtin-SwiftPerFileCompile SSHCommand.swift
SwiftCompile normal arm64_32 /Users/admin/builder/spi-builder-workspace/Sources/Formic/Commands/ShellCommand.swift (in target 'Formic' from project 'Formic')
    cd /Users/admin/builder/spi-builder-workspace/.swiftpm/xcode
    builtin-SwiftPerFileCompile ShellCommand.swift
SwiftDriverJobDiscovery normal arm64_32 Compiling Resource.swift, ResourceError.swift, SingularResource.swift (in target 'Formic' from project 'Formic')
SwiftCompile normal arm64 Compiling\ Resource.swift,\ ResourceError.swift,\ SingularResource.swift /Users/admin/builder/spi-builder-workspace/Sources/Formic/Resources/Resource.swift /Users/admin/builder/spi-builder-workspace/Sources/Formic/Resources/ResourceError.swift /Users/admin/builder/spi-builder-workspace/Sources/Formic/Resources/SingularResource.swift (in target 'Formic' from project 'Formic')
SwiftCompile normal arm64 /Users/admin/builder/spi-builder-workspace/Sources/Formic/Resources/Resource.swift (in target 'Formic' from project 'Formic')
    cd /Users/admin/builder/spi-builder-workspace/.swiftpm/xcode
    builtin-SwiftPerFileCompile Resource.swift
SwiftCompile normal arm64 /Users/admin/builder/spi-builder-workspace/Sources/Formic/Resources/ResourceError.swift (in target 'Formic' from project 'Formic')
    cd /Users/admin/builder/spi-builder-workspace/.swiftpm/xcode
    builtin-SwiftPerFileCompile ResourceError.swift
SwiftCompile normal arm64 /Users/admin/builder/spi-builder-workspace/Sources/Formic/Resources/SingularResource.swift (in target 'Formic' from project 'Formic')
    cd /Users/admin/builder/spi-builder-workspace/.swiftpm/xcode
    builtin-SwiftPerFileCompile SingularResource.swift
SwiftCompile normal arm64_32 Compiling\ Engine.swift,\ IPv4Address.swift,\ NetworkAddress.swift /Users/admin/builder/spi-builder-workspace/Sources/Formic/Engine/Engine.swift /Users/admin/builder/spi-builder-workspace/Sources/Formic/IPv4Address.swift /Users/admin/builder/spi-builder-workspace/Sources/Formic/NetworkAddress.swift (in target 'Formic' from project 'Formic')
SwiftCompile normal arm64_32 /Users/admin/builder/spi-builder-workspace/Sources/Formic/Engine/Engine.swift (in target 'Formic' from project 'Formic')
    cd /Users/admin/builder/spi-builder-workspace/.swiftpm/xcode
    builtin-SwiftPerFileCompile Engine.swift
SwiftCompile normal arm64_32 /Users/admin/builder/spi-builder-workspace/Sources/Formic/IPv4Address.swift (in target 'Formic' from project 'Formic')
    cd /Users/admin/builder/spi-builder-workspace/.swiftpm/xcode
    builtin-SwiftPerFileCompile IPv4Address.swift
SwiftCompile normal arm64_32 /Users/admin/builder/spi-builder-workspace/Sources/Formic/NetworkAddress.swift (in target 'Formic' from project 'Formic')
    cd /Users/admin/builder/spi-builder-workspace/.swiftpm/xcode
    builtin-SwiftPerFileCompile NetworkAddress.swift
PruneExplicitPrecompiledModules /Users/admin/builder/spi-builder-workspace/.derivedData/Build/Intermediates.noindex/SwiftExplicitPrecompiledModules
PruneExplicitPrecompiledModules /Users/admin/builder/spi-builder-workspace/.derivedData/Build/Intermediates.noindex/ExplicitPrecompiledModules
PruneExplicitPrecompiledModules /Users/admin/builder/spi-builder-workspace/.derivedData/SDKExplicitPrecompiledModules
2026-09-21 18:51:12.415 xcodebuild[2675:13905] [MT] IDERunDestination: Supported platforms for the buildables in the current scheme is empty.
** BUILD FAILED **
The following build commands failed:
	SwiftEmitModule normal arm64 Emitting\ module\ for\ Formic (in target 'Formic' from project 'Formic')
	SwiftCompile normal arm64 (in target 'Formic' from project 'Formic')
	SwiftEmitModule normal arm64_32 Emitting\ module\ for\ Formic (in target 'Formic' from project 'Formic')
	SwiftCompile normal arm64_32 (in target 'Formic' from project 'Formic')
	Building workspace Formic with scheme Formic
(5 failures)
BUILD FAILURE 6.4 watchOS